CREATE TABLE `folio_charges` (
  `id` bigint(20) unsigned NOT NULL AUTO_INCREMENT,
  `reservation_id` bigint(20) unsigned NOT NULL,
  `pos_transaction_id` bigint(20) unsigned DEFAULT NULL,
  `description` varchar(255) NOT NULL,
  `amount` decimal(10,2) NOT NULL,
  `quantity` smallint(5) unsigned NOT NULL DEFAULT 1,
  `category` varchar(255) NOT NULL DEFAULT 'other',
  `charge_date` date NOT NULL,
  `created_at` timestamp NULL DEFAULT NULL,
  `updated_at` timestamp NULL DEFAULT NULL,
  `deleted_at` timestamp NULL DEFAULT NULL,
  PRIMARY KEY (`id`),
  KEY `folio_charges_reservation_id_index` (`reservation_id`),
  KEY `folio_charges_pos_transaction_id_foreign` (`pos_transaction_id`),
  CONSTRAINT `folio_charges_pos_transaction_id_foreign` FOREIGN KEY (`pos_transaction_id`) REFERENCES `pos_transactions` (`id`) ON DELETE SET NULL
) ENGINE=InnoDB AUTO_INCREMENT=127 DEFAULT CHARSET=utf8mb4 COLLATE=utf8mb4_unicode_ci;

--
-- Dumping data for table `folio_charges`
--

INSERT INTO `folio_charges` VALUES
(1,1,NULL,'Coffee (Hot)',65.00,2,'food_beverage','2026-06-13','2026-06-17 23:03:36','2026-06-17 23:03:36',NULL),
(2,1,NULL,'Breakfast Set A',250.00,2,'food_beverage','2026-06-13','2026-06-17 23:03:36','2026-06-17 23:03:36',NULL),
(3,1,NULL,'Bottled Water (500ml)',25.00,2,'food_beverage','2026-06-13','2026-06-17 23:03:36','2026-06-17 23:03:36',NULL),
(4,1,NULL,'Beer – San Miguel Pale',85.00,3,'minibar','2026-06-14','2026-06-17 23:03:36','2026-06-17 23:03:36',NULL),
(5,1,NULL,'Pringles Original',120.00,2,'minibar','2026-06-14','2026-06-17 23:03:36','2026-06-17 23:03:36',NULL),
(6,1,NULL,'Nuts & Crackers',75.00,1,'minibar','2026-06-14','2026-06-17 23:03:36','2026-06-17 23:03:36',NULL),
(7,34,NULL,'T-Shirt / Polo',35.00,4,'laundry','2026-06-13','2026-06-17 23:03:36','2026-06-17 23:03:36',NULL),
(8,34,NULL,'Pants / Jeans',50.00,2,'laundry','2026-06-13','2026-06-17 23:03:36','2026-06-17 23:03:36',NULL),
(9,34,NULL,'Dress / Blouse',45.00,2,'laundry','2026-06-13','2026-06-17 23:03:36','2026-06-17 23:03:36',NULL),
(10,34,NULL,'Underwear / Socks',20.00,3,'laundry','2026-06-13','2026-06-17 23:03:36','2026-06-17 23:03:36',NULL),
(11,2,NULL,'Lunch Set',350.00,1,'food_beverage','2026-06-13','2026-06-17 23:03:36','2026-06-17 23:03:36',NULL),
(12,2,NULL,'Rice (per serving)',30.00,2,'food_beverage','2026-06-13','2026-06-17 23:03:36','2026-06-17 23:03:36',NULL),
(13,2,NULL,'Orange Juice',85.00,1,'food_beverage','2026-06-13','2026-06-17 23:03:36','2026-06-17 23:03:36',NULL),
(14,2,NULL,'Softdrinks (Regular)',45.00,2,'food_beverage','2026-06-13','2026-06-17 23:03:36','2026-06-17 23:03:36',NULL),
(15,2,NULL,'Internet Day Pass',100.00,1,'other','2026-06-14','2026-06-17 23:03:36','2026-06-17 23:03:36',NULL),
(16,2,NULL,'Printing (per page)',5.00,8,'other','2026-06-14','2026-06-17 23:03:36','2026-06-17 23:03:36',NULL),
(17,4,NULL,'Dinner Set',450.00,2,'food_beverage','2026-06-12','2026-06-17 23:03:36','2026-06-17 23:03:36',NULL),
(18,4,NULL,'Rice (per serving)',30.00,3,'food_beverage','2026-06-12','2026-06-17 23:03:36','2026-06-17 23:03:36',NULL),
(19,4,NULL,'Hot Chocolate',75.00,2,'food_beverage','2026-06-12','2026-06-17 23:03:36','2026-06-17 23:03:36',NULL),
(20,27,NULL,'Filipino Breakfast Set',280.00,1,'food_beverage','2026-06-14','2026-06-17 23:03:36','2026-06-17 23:03:36',NULL),
(21,27,NULL,'Coffee (Hot)',65.00,2,'food_beverage','2026-06-14','2026-06-17 23:03:36','2026-06-17 23:03:36',NULL),
(22,27,NULL,'Toast & Butter',75.00,1,'food_beverage','2026-06-14','2026-06-17 23:03:36','2026-06-17 23:03:36',NULL),
(23,27,NULL,'Orange Juice',85.00,1,'food_beverage','2026-06-14','2026-06-17 23:03:36','2026-06-17 23:03:36',NULL),
(24,28,NULL,'Bedsheet Set',120.00,1,'laundry','2026-06-13','2026-06-17 23:03:36','2026-06-17 23:03:36',NULL),
(25,28,NULL,'T-Shirt / Polo',35.00,3,'laundry','2026-06-13','2026-06-17 23:03:36','2026-06-17 23:03:36',NULL),
(26,28,NULL,'Pants / Jeans',50.00,2,'laundry','2026-06-13','2026-06-17 23:03:36','2026-06-17 23:03:36',NULL),
(27,29,NULL,'Extra Pillow',100.00,2,'other','2026-06-12','2026-06-17 23:03:36','2026-06-17 23:03:36',NULL),
(28,29,NULL,'Extra Blanket',150.00,1,'other','2026-06-12','2026-06-17 23:03:36','2026-06-17 23:03:36',NULL),
(29,29,NULL,'Baby Cot',300.00,1,'other','2026-06-12','2026-06-17 23:03:36','2026-06-17 23:03:36',NULL),
(30,30,NULL,'Beer – San Miguel Light',90.00,2,'minibar','2026-06-14','2026-06-17 23:03:36','2026-06-17 23:03:36',NULL),
(31,30,NULL,'Pringles Original',120.00,1,'minibar','2026-06-14','2026-06-17 23:03:36','2026-06-17 23:03:36',NULL),
(32,30,NULL,'Snickers Bar',55.00,3,'minibar','2026-06-14','2026-06-17 23:03:36','2026-06-17 23:03:36',NULL),
(33,30,NULL,'Bottled Water (500ml)',25.00,4,'food_beverage','2026-06-14','2026-06-17 23:03:36','2026-06-17 23:03:36',NULL),
(34,47,NULL,'Extra Foam',200.00,1,'other','2026-06-18','2026-06-18 13:43:05','2026-06-18 13:43:45','2026-06-18 13:43:45'),
(35,47,NULL,'Extra Foam',200.00,1,'other','2026-06-19','2026-06-18 13:44:24','2026-06-18 13:44:24',NULL),
(36,47,21,'Bottled Water (500ml)',25.00,1,'food_beverage','2026-06-18','2026-06-18 13:48:47','2026-06-18 13:48:47',NULL),
(37,47,21,'Coffee (Hot)',65.00,1,'food_beverage','2026-06-18','2026-06-18 13:48:47','2026-06-18 13:48:47',NULL),
(38,47,21,'Filipino Breakfast Set',280.00,1,'food_beverage','2026-06-18','2026-06-18 13:48:47','2026-06-18 13:48:47',NULL),
(39,47,21,'Hot Chocolate',75.00,1,'food_beverage','2026-06-18','2026-06-18 13:48:47','2026-06-18 13:48:47',NULL),
(40,47,21,'Rice (per serving)',30.00,1,'food_beverage','2026-06-18','2026-06-18 13:48:47','2026-06-18 13:48:47',NULL),
(41,118,NULL,'Extra Foam',400.00,2,'other','2026-06-30','2026-07-01 01:09:48','2026-07-01 01:09:48',NULL),
(42,136,NULL,'Extra Pillow for 14 Nights',840.00,14,'other','2026-07-01','2026-07-01 20:13:30','2026-07-01 20:13:30',NULL),
(43,154,NULL,'Early Check-in',300.00,1,'other','2026-07-01','2026-07-01 22:55:16','2026-07-02 04:31:32','2026-07-02 04:31:32'),
(44,156,NULL,'Extra Foam',200.00,1,'other','2026-07-01','2026-07-02 00:04:37','2026-07-02 00:04:37',NULL),
(45,154,NULL,'Early Check-In',400.00,1,'other','2026-07-02','2026-07-02 04:32:24','2026-07-02 04:32:24',NULL),
(46,157,NULL,'Room Upgrade',769.80,1,'other','2026-07-02','2026-07-02 18:29:38','2026-07-02 18:30:08','2026-07-02 18:30:08'),
(47,157,NULL,'Room Upgrade',762.25,1,'other','2026-07-02','2026-07-02 18:31:29','2026-07-02 18:31:29',NULL),
(48,159,NULL,'Early Check-in',200.00,1,'other','2026-07-02','2026-07-02 19:28:16','2026-07-02 19:28:16',NULL),
(49,173,NULL,'Room Upgrade',762.25,1,'other','2026-07-02','2026-07-02 22:34:56','2026-07-02 22:34:56',NULL),
(50,174,NULL,'Extra Foam',200.00,1,'other','2026-07-02','2026-07-02 22:41:37','2026-07-02 22:41:37',NULL),
(51,196,NULL,'Exttra Foam',200.00,1,'other','2026-07-03','2026-07-04 00:44:51','2026-07-04 00:44:51',NULL),
(52,212,NULL,'Early Check-in',200.00,1,'other','2026-07-06','2026-07-06 08:24:21','2026-07-06 08:24:21',NULL),
(53,214,NULL,'Early Check-in',150.00,1,'other','2026-07-06','2026-07-06 10:25:14','2026-07-06 10:25:14',NULL),
(54,205,NULL,'EXCESS TIME',400.00,1,'other','2026-07-06','2026-07-06 16:39:29','2026-07-06 16:39:29',NULL),
(55,140,NULL,'EXCESS TIME',300.00,1,'other','2026-07-06','2026-07-06 19:55:28','2026-07-06 19:55:28',NULL),
(56,235,NULL,'Early Check-in',50.00,1,'other','2026-07-07','2026-07-07 11:30:28','2026-07-07 11:30:28',NULL),
(57,263,NULL,'VAT 12%',288.00,1,'other','2026-07-09','2026-07-09 07:45:51','2026-07-09 07:45:51',NULL),
(58,213,NULL,'VAT 12%',432.00,1,'other','2026-07-09','2026-07-09 08:51:02','2026-07-09 08:51:02',NULL),
(59,233,NULL,'Early Check-in',200.00,1,'other','2026-07-09','2026-07-09 08:55:57','2026-07-09 08:55:57',NULL),
(60,281,NULL,'EXTRA PERSON',300.00,2,'other','2026-07-09','2026-07-09 22:42:03','2026-07-09 22:42:03',NULL),
(61,286,NULL,'Early Check-in',100.00,1,'other','2026-07-10','2026-07-10 10:07:53','2026-07-10 10:07:53',NULL),
(62,286,NULL,'Room Upgrade',200.00,1,'other','2026-07-10','2026-07-10 10:13:00','2026-07-10 10:13:00',NULL),
(63,277,NULL,'Excess Time',100.00,1,'other','2026-07-10','2026-07-10 13:01:24','2026-07-10 13:01:24',NULL),
(64,284,NULL,'Excess Time',100.00,1,'other','2026-07-10','2026-07-10 13:02:53','2026-07-10 13:02:53',NULL),
(65,240,NULL,'Balance Payment Extend for July 6-7',699.00,1,'other','2026-07-10','2026-07-10 19:45:01','2026-07-10 19:45:35','2026-07-10 19:45:35'),
(66,240,NULL,'Balance Payment Extend for July 6-7',699.00,1,'other','2026-07-10','2026-07-10 19:46:44','2026-07-10 19:47:09','2026-07-10 19:47:09'),
(67,307,NULL,'EXTRA PERSON',300.00,1,'other','2026-07-11','2026-07-11 20:34:26','2026-07-11 21:30:38','2026-07-11 21:30:38'),
(68,307,NULL,'EXTRA PERSON , EXTRA FOAM',450.00,1,'other','2026-07-11','2026-07-11 21:31:07','2026-07-11 21:31:37','2026-07-11 21:31:37'),
(69,307,NULL,'EXTRA PERSON , EXTRA FOAM',350.00,1,'other','2026-07-11','2026-07-11 21:32:01','2026-07-11 21:32:01',NULL),
(70,309,NULL,'Extra Foam',200.00,1,'other','2026-07-11','2026-07-11 23:44:14','2026-07-11 23:44:14',NULL),
(71,325,NULL,'Early Check-in',50.00,1,'other','2026-07-13','2026-07-13 12:17:43','2026-07-13 12:18:03','2026-07-13 12:18:03'),
(72,325,NULL,'Early Check-in',200.00,1,'other','2026-07-13','2026-07-13 12:18:38','2026-07-13 12:18:38',NULL),
(73,326,NULL,'Early Check-in',50.00,1,'other','2026-07-13','2026-07-13 13:01:42','2026-07-13 13:01:42',NULL),
(74,327,NULL,'Room Upgrade',1199.20,1,'other','2026-07-13','2026-07-13 15:06:42','2026-07-14 06:12:41','2026-07-14 06:12:41'),
(75,333,NULL,'Extra Foam',200.00,1,'other','2026-07-13','2026-07-13 17:25:33','2026-07-13 17:25:33',NULL),
(76,308,NULL,'Balance Payment Extend for July 10-11',699.00,1,'other','2026-07-13','2026-07-13 18:13:51','2026-07-20 15:31:45','2026-07-20 15:31:45'),
(77,327,NULL,'Room Upgrade',1167.48,1,'other','2026-07-14','2026-07-14 06:13:05','2026-07-14 06:16:14','2026-07-14 06:16:14'),
(78,327,NULL,'Room Upgrade',1575.20,1,'other','2026-07-14','2026-07-14 06:16:46','2026-07-18 01:37:18','2026-07-18 01:37:18'),
(79,333,NULL,'Extra Foam',200.00,1,'other','2026-07-14','2026-07-14 19:04:05','2026-07-14 19:04:05',NULL),
(80,347,NULL,'Room Upgrade',337.25,1,'other','2026-07-15','2026-07-15 05:30:10','2026-07-15 05:30:10',NULL),
(81,333,NULL,'Extra Foam',200.00,1,'other','2026-07-15','2026-07-15 18:47:57','2026-07-15 18:47:57',NULL),
(82,360,NULL,'Early Check-in',50.00,1,'other','2026-07-16','2026-07-16 12:49:57','2026-07-16 12:49:57',NULL),
(83,361,NULL,'Early Check-in',50.00,1,'other','2026-07-16','2026-07-16 12:52:41','2026-07-16 12:52:41',NULL),
(84,333,NULL,'Extra Foam',200.00,1,'other','2026-07-16','2026-07-16 13:04:47','2026-07-16 13:04:47',NULL),
(85,355,NULL,'Excess Time',100.00,1,'other','2026-07-16','2026-07-16 15:25:16','2026-07-16 15:25:16',NULL),
(86,363,NULL,'Extra Foam',400.00,1,'other','2026-07-16','2026-07-16 15:29:17','2026-07-16 15:29:17',NULL),
(87,363,NULL,'Extra Foam',400.00,1,'other','2026-07-16','2026-07-16 15:29:20','2026-07-17 12:08:38','2026-07-17 12:08:38'),
(88,356,NULL,'Room Massage Fee',150.00,1,'other','2026-07-16','2026-07-17 04:58:00','2026-07-17 04:58:00',NULL),
(89,386,NULL,'Extra Foam',200.00,1,'other','2026-07-17','2026-07-17 20:03:30','2026-07-17 20:03:30',NULL),
(90,380,NULL,'Iron Charge',100.00,1,'other','2026-07-17','2026-07-17 20:33:57','2026-07-17 20:33:57',NULL),
(91,391,NULL,'Extra Person',150.00,1,'other','2026-07-18','2026-07-18 03:06:38','2026-07-18 03:06:38',NULL),
(92,308,NULL,'BALANCE',699.00,1,'other','2026-07-18','2026-07-18 20:18:35','2026-07-18 20:18:35',NULL),
(93,406,NULL,'Extra Foam',200.00,1,'other','2026-07-18','2026-07-18 21:20:37','2026-07-18 21:20:37',NULL),
(94,410,NULL,'Extra Foam',200.00,1,'other','2026-07-19','2026-07-19 03:12:25','2026-07-19 03:12:25',NULL),
(95,344,NULL,'VAT 12%',1720.00,1,'other','2026-07-20','2026-07-20 06:53:23','2026-07-20 06:54:24','2026-07-20 06:54:24'),
(96,344,NULL,'VAT 12%',1728.00,1,'other','2026-07-20','2026-07-20 06:54:36','2026-07-20 06:54:36',NULL),
(97,402,NULL,'Balance',200.00,1,'other','2026-07-20','2026-07-20 08:35:14','2026-07-20 08:35:14',NULL),
(98,442,NULL,'Early Check-In',200.00,1,'other','2026-07-21','2026-07-21 08:42:32','2026-07-21 08:42:32',NULL),
(99,443,NULL,'Early Check-in',200.00,1,'other','2026-07-21','2026-07-21 08:52:12','2026-07-21 08:52:12',NULL),
(100,449,NULL,'VAT 12%',288.00,1,'other','2026-07-22','2026-07-22 12:58:14','2026-07-22 12:58:14',NULL),
(101,458,NULL,'Early Check-in',150.00,1,'other','2026-07-22','2026-07-22 13:50:50','2026-07-22 13:50:50',NULL),
(102,466,NULL,'Early Check-in',100.00,1,'other','2026-07-23','2026-07-23 12:15:30','2026-07-23 12:15:30',NULL),
(103,475,NULL,'Extra Person',150.00,1,'other','2026-07-23','2026-07-23 23:11:35','2026-07-23 23:11:35',NULL),
(104,477,NULL,'Extra Foam',400.00,2,'other','2026-07-24','2026-07-24 00:28:39','2026-07-24 00:28:39',NULL),
(105,479,NULL,'Early Check-in',150.00,1,'other','2026-07-24','2026-07-24 11:38:32','2026-07-24 11:38:32',NULL),
(106,484,NULL,'Extra Person',150.00,1,'other','2026-07-24','2026-07-24 20:36:02','2026-07-24 20:36:02',NULL),
(107,491,NULL,'Extra Person',150.00,1,'other','2026-07-25','2026-07-25 02:45:33','2026-07-25 02:45:33',NULL),
(108,489,NULL,'Excess Time',300.00,3,'other','2026-07-25','2026-07-25 14:52:17','2026-07-25 14:52:17',NULL),
(109,484,NULL,'Extra Person',150.00,1,'other','2026-07-25','2026-07-25 15:20:47','2026-07-25 15:20:47',NULL),
(110,499,NULL,'VAT 12%',2592.00,1,'other','2026-07-25','2026-07-25 22:25:58','2026-07-25 22:25:58',NULL),
(111,500,NULL,'Room Upgrade',150.00,1,'other','2026-07-25','2026-07-25 22:33:29','2026-07-25 22:33:29',NULL),
(112,502,NULL,'Extra Foam',200.00,1,'other','2026-07-26','2026-07-26 05:35:30','2026-07-26 05:35:30',NULL),
(113,504,NULL,'Early Check-in',150.00,1,'other','2026-07-26','2026-07-26 09:11:16','2026-07-26 09:11:16',NULL),
(114,517,NULL,'Extra Person',150.00,1,'other','2026-07-27','2026-07-27 11:11:06','2026-07-27 11:11:06',NULL),
(115,517,NULL,'Room Upgrade',299.80,1,'other','2026-07-27','2026-07-27 11:11:28','2026-07-27 11:11:28',NULL),
(116,517,NULL,'Flat Iron Charge',100.00,1,'other','2026-07-27','2026-07-27 11:12:46','2026-07-27 11:12:46',NULL),
(117,519,NULL,'Early Check-in',300.00,1,'other','2026-07-27','2026-07-27 11:34:10','2026-07-27 11:34:10',NULL),
(118,485,NULL,'VAT 12%',1152.00,1,'other','2026-07-28','2026-07-28 08:17:53','2026-07-28 08:17:53',NULL),
(119,531,NULL,'Early Check-in',200.00,1,'other','2026-07-28','2026-07-28 09:21:16','2026-07-28 09:21:16',NULL),
(120,532,NULL,'Early Check-in',50.00,1,'other','2026-07-28','2026-07-28 11:09:27','2026-07-28 11:09:27',NULL),
(121,503,NULL,'Early Check-in (July 26, 2026 - Reported by Erika)',300.00,1,'other','2026-07-28','2026-07-28 12:19:38','2026-07-28 12:19:38',NULL),
(122,510,NULL,'Excess Time',200.00,1,'other','2026-07-28','2026-07-28 19:32:58','2026-07-28 19:32:58',NULL),
(123,542,NULL,'VAT 12%',288.00,1,'other','2026-07-28','2026-07-28 20:42:07','2026-07-28 20:42:07',NULL),
(124,549,NULL,'Early Check-in',300.00,1,'other','2026-07-29','2026-07-29 07:21:30','2026-07-29 07:21:30',NULL),
(125,550,NULL,'Early Check-in',300.00,1,'other','2026-07-29','2026-07-29 10:00:18','2026-07-29 10:00:18',NULL),
(126,542,NULL,'VAT 12%',288.00,1,'other','2026-07-29','2026-07-29 11:10:17','2026-07-29 11:10:17',NULL);

--
-- Table structure for table `guest_reminders`
--

CREATE TABLE `guest_reminders` (
  `id` bigint(20) unsigned NOT NULL AUTO_INCREMENT,
  `reservation_id` bigint(20) unsigned NOT NULL,
  `remind_at` datetime NOT NULL,
  `type` varchar(255) NOT NULL,
  `notes` text DEFAULT NULL,
  `status` varchar(255) NOT NULL DEFAULT 'pending',
  `created_by` bigint(20) unsigned DEFAULT NULL,
  `completed_at` datetime DEFAULT NULL,
  `created_at` timestamp NULL DEFAULT NULL,
  `updated_at` timestamp NULL DEFAULT NULL,
  PRIMARY KEY (`id`),
  KEY `guest_reminders_reservation_id_foreign` (`reservation_id`),
  KEY `guest_reminders_created_by_foreign` (`created_by`),
  CONSTRAINT `guest_reminders_created_by_foreign` FOREIGN KEY (`created_by`) REFERENCES `users` (`id`) ON DELETE SET NULL,
  CONSTRAINT `guest_reminders_reservation_id_foreign` FOREIGN KEY (`reservation_id`) REFERENCES `reservations` (`id`) ON DELETE CASCADE
) ENGINE=InnoDB AUTO_INCREMENT=3 DEFAULT CHARSET=utf8mb4 COLLATE=utf8mb4_unicode_ci;

--
-- Dumping data for table `guest_reminders`
--

INSERT INTO `guest_reminders` VALUES
(1,42,'2026-06-18 12:04:00','Wake-up Call','Call Cab','done',1,'2026-06-18 15:43:34','2026-06-18 12:05:10','2026-06-18 15:43:34'),
(2,235,'2026-07-11 06:00:00','Checkout Reminder','Borrow Adapter','done',6,'2026-07-11 13:23:28','2026-07-08 05:54:45','2026-07-11 13:23:28');

--
-- Table structure for table `guests`
--

CREATE TABLE `guests` (
  `id` bigint(20) unsigned NOT NULL AUTO_INCREMENT,
  `first_name` varchar(255) NOT NULL,
  `last_name` varchar(255) NOT NULL,
  `email` varchar(255) DEFAULT NULL,
  `phone` varchar(255) DEFAULT NULL,
  `date_of_birth` date DEFAULT NULL,
  `nationality` varchar(255) NOT NULL DEFAULT 'Filipino',
  `id_type` varchar(255) DEFAULT NULL,
  `id_number` varchar(255) DEFAULT NULL,
  `id_image` varchar(255) DEFAULT NULL,
  `address` varchar(255) DEFAULT NULL,
  `city` varchar(255) DEFAULT NULL,
  `province` varchar(255) DEFAULT NULL,
  `country` varchar(255) NOT NULL DEFAULT 'Philippines',
  `company` varchar(255) DEFAULT NULL,
  `vip` tinyint(1) NOT NULL DEFAULT 0,
  `blacklisted` tinyint(1) NOT NULL DEFAULT 0,
  `notes` text DEFAULT NULL,
  `created_at` timestamp NULL DEFAULT NULL,
  `updated_at` timestamp NULL DEFAULT NULL,
  PRIMARY KEY (`id`)
) ENGINE=InnoDB AUTO_INCREMENT=450 DEFAULT CHARSET=utf8mb4 COLLATE=utf8mb4_unicode_ci;

--
-- Dumping data for table `guests`
--

INSERT INTO `guests` VALUES
(1,'Maria','Santos','maria.santos@gmail.com','+63 917 123 4567',NULL,'Filipino',NULL,NULL,NULL,NULL,NULL,NULL,'Philippines',NULL,0,0,NULL,'2026-06-17 23:03:35','2026-06-17 23:03:35'),
(2,'Juan','dela Cruz','jdelacruz@yahoo.com','+63 918 234 5678',NULL,'Filipino',NULL,NULL,NULL,NULL,NULL,NULL,'Philippines',NULL,0,0,NULL,'2026-06-17 23:03:35','2026-06-17 23:03:35'),
(3,'Anna','Reyes','anna.reyes@email.com','+63 919 345 6789',NULL,'Filipino',NULL,NULL,NULL,NULL,NULL,NULL,'Philippines',NULL,0,0,NULL,'2026-06-17 23:03:35','2026-06-17 23:03:35'),
(4,'Robert','Chen','rchen@business.ph','+63 920 456 7890',NULL,'Filipino',NULL,NULL,NULL,NULL,NULL,NULL,'Philippines',NULL,0,0,NULL,'2026-06-17 23:03:35','2026-06-17 23:03:35'),
(5,'Jennifer','Lim','jlim@corp.com','+63 921 567 8901',NULL,'Filipino',NULL,NULL,NULL,NULL,NULL,NULL,'Philippines',NULL,0,0,NULL,'2026-06-17 23:03:35','2026-06-17 23:03:35'),
(6,'Michael','Tan','mtan@gmail.com','+63 922 678 9012',NULL,'Filipino',NULL,NULL,NULL,NULL,NULL,NULL,'Philippines',NULL,0,0,NULL,'2026-06-17 23:03:35','2026-06-17 23:03:35'),
(7,'Patricia','Aquino','paquino@email.ph','+63 923 789 0123',NULL,'Filipino',NULL,NULL,NULL,NULL,NULL,NULL,'Philippines',NULL,0,0,NULL,'2026-06-17 23:03:35','2026-06-17 23:03:35'),
(8,'David','Wong','dwong@hk.com','+852 9123 4567',NULL,'Filipino',NULL,NULL,NULL,NULL,NULL,NULL,'Philippines',NULL,0,0,NULL,'2026-06-17 23:03:35','2026-06-17 23:03:35'),
(9,'Sarah','Magno','smagno@gmail.com','+63 924 890 1234',NULL,'Filipino',NULL,NULL,NULL,NULL,NULL,NULL,'Philippines',NULL,0,0,NULL,'2026-06-17 23:03:35','2026-06-17 23:03:35'),
(10,'Jose','Mercado','jose.mercado@corp.ph','+63 925 901 2345',NULL,'Filipino',NULL,NULL,NULL,NULL,NULL,NULL,'Philippines',NULL,0,0,NULL,'2026-06-17 23:03:35','2026-06-17 23:03:35'),
(11,'Luz','Bautista','luz.b@email.com','+63 926 012 3456',NULL,'Filipino',NULL,NULL,NULL,NULL,NULL,NULL,'Philippines',NULL,0,0,NULL,'2026-06-17 23:03:35','2026-06-17 23:03:35'),
(12,'Kristopher','Dela Rosa','kdelarosa@gmail.com','+63 917 201 3344',NULL,'Filipino',NULL,NULL,NULL,NULL,NULL,NULL,'Philippines',NULL,0,0,NULL,'2026-06-17 23:03:35','2026-06-17 23:03:35'),
(13,'Maribel','Flores','mflores@yahoo.com','+63 918 302 4455',NULL,'Filipino',NULL,NULL,NULL,NULL,NULL,NULL,'Philippines',NULL,0,0,NULL,'2026-06-17 23:03:35','2026-06-17 23:03:35'),
(14,'Ramon','Soriano','rsoriano@corp.ph','+63 919 403 5566',NULL,'Filipino',NULL,NULL,NULL,NULL,NULL,NULL,'Philippines',NULL,0,0,NULL,'2026-06-17 23:03:35','2026-06-17 23:03:35'),
(15,'Cynthia','Padua','cpadua@email.ph','+63 920 504 6677',NULL,'Filipino',NULL,NULL,NULL,NULL,NULL,NULL,'Philippines',NULL,0,0,NULL,'2026-06-17 23:03:35','2026-06-17 23:03:35'),
(16,'Bonifacio','Manalo','bmanalo@gmail.com','+63 921 605 7788',NULL,'Filipino',NULL,NULL,NULL,NULL,NULL,NULL,'Philippines',NULL,0,0,NULL,'2026-06-17 23:03:35','2026-06-17 23:03:35'),
(17,'Teresita','Buenaventura','tbuenaventura@yahoo.com','+63 922 706 8899',NULL,'Filipino',NULL,NULL,NULL,NULL,NULL,NULL,'Philippines',NULL,0,0,NULL,'2026-06-17 23:03:35','2026-06-17 23:03:35'),
(18,'Gerardo','Mateo','gmateo@email.com','+63 923 807 9900',NULL,'Filipino',NULL,NULL,NULL,NULL,NULL,NULL,'Philippines',NULL,0,0,NULL,'2026-06-17 23:03:35','2026-06-17 23:03:35'),
(19,'Eduardo','Castillo','ecastillo@gmail.com','+63 924 908 1011',NULL,'Filipino',NULL,NULL,NULL,NULL,NULL,NULL,'Philippines',NULL,0,0,NULL,'2026-06-17 23:03:35','2026-06-17 23:03:35'),
(20,'Lourdes','Macasaet','lmacasaet@yahoo.com','+63 925 109 1122',NULL,'Filipino',NULL,NULL,NULL,NULL,NULL,NULL,'Philippines',NULL,0,0,NULL,'2026-06-17 23:03:35','2026-06-17 23:03:35'),
(21,'Rolando','Navarro','rnavarro@corp.ph','+63 926 210 2233',NULL,'Filipino',NULL,NULL,NULL,NULL,NULL,NULL,'Philippines',NULL,0,0,NULL,'2026-06-17 23:03:35','2026-06-17 23:03:35'),
(22,'Yolanda','Alcantara','yalcantara@email.ph','+63 917 311 3344',NULL,'Filipino',NULL,NULL,NULL,NULL,NULL,NULL,'Philippines',NULL,0,0,NULL,'2026-06-17 23:03:35','2026-06-17 23:03:35'),
(23,'Hernando','Pascual','hpascual@gmail.com','+63 918 412 4455',NULL,'Filipino',NULL,NULL,NULL,NULL,NULL,NULL,'Philippines',NULL,0,0,NULL,'2026-06-17 23:03:35','2026-06-17 23:03:35'),
(24,'Florencia','Abad','fabad@email.com','+63 919 513 5566',NULL,'Filipino',NULL,NULL,NULL,NULL,NULL,NULL,'Philippines',NULL,0,0,NULL,'2026-06-17 23:03:35','2026-06-17 23:03:35'),
(25,'Danilo','Enriquez','denriquez@yahoo.com','+63 920 614 6677',NULL,'Filipino',NULL,NULL,NULL,NULL,NULL,NULL,'Philippines',NULL,0,0,NULL,'2026-06-17 23:03:35','2026-06-17 23:03:35'),
(26,'Natividad','Villanueva','nvillanueva@corp.ph','+63 921 715 7788',NULL,'Filipino',NULL,NULL,NULL,NULL,NULL,NULL,'Philippines',NULL,0,0,NULL,'2026-06-17 23:03:35','2026-06-17 23:03:35'),
(27,'Arturo','Sabado','asabado@gmail.com','+63 922 816 8899',NULL,'Filipino',NULL,NULL,NULL,NULL,NULL,NULL,'Philippines',NULL,0,0,NULL,'2026-06-17 23:03:35','2026-06-17 23:03:35'),
(28,'Concepcion','Batangan','cbatangan@yahoo.com','+63 923 917 9900',NULL,'Filipino',NULL,NULL,NULL,NULL,NULL,NULL,'Philippines',NULL,0,0,NULL,'2026-06-17 23:03:35','2026-06-17 23:03:35'),
(29,'Federico','Espiritu','fespiritu@email.ph','+63 924 018 0011',NULL,'Filipino',NULL,NULL,NULL,NULL,NULL,NULL,'Philippines',NULL,0,0,NULL,'2026-06-17 23:03:35','2026-06-17 23:03:35'),
(30,'Gloria','Ocampo','gocampo@gmail.com','+63 925 119 1122',NULL,'Filipino',NULL,NULL,NULL,NULL,NULL,NULL,'Philippines',NULL,0,0,NULL,'2026-06-17 23:03:35','2026-06-17 23:03:35'),
(31,'Honesto','Lacsamana','hlacsamana@corp.ph','+63 926 220 2233',NULL,'Filipino',NULL,NULL,NULL,NULL,NULL,NULL,'Philippines',NULL,0,0,NULL,'2026-06-17 23:03:35','2026-06-17 23:03:35'),
(32,'Imelda','Bernal','ibernal@email.com','+63 917 321 3344',NULL,'Filipino',NULL,NULL,NULL,NULL,NULL,NULL,'Philippines',NULL,0,0,NULL,'2026-06-17 23:03:35','2026-06-17 23:03:35'),
(33,'Jorge','Tiangco','jtiangco@yahoo.com','+63 918 422 4455',NULL,'Filipino',NULL,NULL,NULL,NULL,NULL,NULL,'Philippines',NULL,0,0,NULL,'2026-06-17 23:03:35','2026-06-17 23:03:35'),
(34,'Carmelita','Umali','cumali@gmail.com','+63 919 523 5566',NULL,'Filipino',NULL,NULL,NULL,NULL,NULL,NULL,'Philippines',NULL,0,0,NULL,'2026-06-17 23:03:35','2026-06-17 23:03:35'),
(35,'Nelson','Omamalin','nomamalin@email.ph','+63 920 624 6677',NULL,'Filipino',NULL,NULL,NULL,NULL,NULL,NULL,'Philippines',NULL,0,0,NULL,'2026-06-17 23:03:35','2026-06-17 23:03:35'),
(36,'Perla','Macaraeg','pmacaraeg@corp.ph','+63 921 725 7788',NULL,'Filipino',NULL,NULL,NULL,NULL,NULL,NULL,'Philippines',NULL,0,0,NULL,'2026-06-17 23:03:35','2026-06-17 23:03:35'),
(37,'Ricky','Simbahan','rsimbahan@gmail.com','+63 922 826 8899',NULL,'Filipino',NULL,NULL,NULL,NULL,NULL,NULL,'Philippines',NULL,0,0,NULL,'2026-06-17 23:03:35','2026-06-17 23:03:35'),
(38,'Annaliza','Cruz','acruz@yahoo.com','+63 923 927 9900',NULL,'Filipino',NULL,NULL,NULL,NULL,NULL,NULL,'Philippines',NULL,0,0,NULL,'2026-06-17 23:03:35','2026-06-17 23:03:35'),
(39,'Benito','Domingo','bdomingo@email.ph','+63 924 028 0011',NULL,'Filipino',NULL,NULL,NULL,NULL,NULL,NULL,'Philippines',NULL,0,0,NULL,'2026-06-17 23:03:35','2026-06-17 23:03:35'),
(40,'Carlo','Esteban','cesteban@gmail.com','+63 925 129 1122',NULL,'Filipino',NULL,NULL,NULL,NULL,NULL,NULL,'Philippines',NULL,0,0,NULL,'2026-06-17 23:03:35','2026-06-17 23:03:35'),
(41,'Dolores','Fernandez','dfernandez@corp.ph','+63 926 230 2233',NULL,'Filipino',NULL,NULL,NULL,NULL,NULL,NULL,'Philippines',NULL,0,0,NULL,'2026-06-17 23:03:35','2026-06-17 23:03:35'),
(42,'Ernesto','Garcia','egarcia@yahoo.com','+63 917 331 3344',NULL,'Filipino',NULL,NULL,NULL,NULL,NULL,NULL,'Philippines',NULL,0,0,NULL,'2026-06-17 23:03:35','2026-06-17 23:03:35'),
(43,'Felicitas','Hernandez','fhernandez@gmail.com','+63 918 432 4455',NULL,'Filipino',NULL,NULL,NULL,NULL,NULL,NULL,'Philippines',NULL,0,0,NULL,'2026-06-17 23:03:35','2026-06-17 23:03:35'),
(44,'Gilberto','Ignacio','gignacio@email.com','+63 919 533 5566',NULL,'Filipino',NULL,NULL,NULL,NULL,NULL,NULL,'Philippines',NULL,0,0,NULL,'2026-06-17 23:03:35','2026-06-17 23:03:35'),
(45,'Herminia','Javellana','hjavellana@yahoo.com','+63 920 634 6677',NULL,'Filipino',NULL,NULL,NULL,NULL,NULL,NULL,'Philippines',NULL,0,0,NULL,'2026-06-17 23:03:35','2026-06-17 23:03:35'),
(46,'Ireneo','Kintanar','ikintanar@corp.ph','+63 921 735 7788',NULL,'Filipino',NULL,NULL,NULL,NULL,NULL,NULL,'Philippines',NULL,0,0,NULL,'2026-06-17 23:03:35','2026-06-17 23:03:35'),
(47,'Josephina','Luna','jluna@gmail.com','+63 922 836 8899',NULL,'Filipino',NULL,NULL,NULL,NULL,NULL,NULL,'Philippines',NULL,0,0,NULL,'2026-06-17 23:03:35','2026-06-17 23:03:35'),
(48,'Kristina','Marasigan','kmarasigan@email.ph','+63 923 937 9900',NULL,'Filipino',NULL,NULL,NULL,NULL,NULL,NULL,'Philippines',NULL,0,0,NULL,'2026-06-17 23:03:35','2026-06-17 23:03:35'),
(49,'Lorenzo','Nacpil','lnacpil@yahoo.com','+63 924 038 0011',NULL,'Filipino',NULL,NULL,NULL,NULL,NULL,NULL,'Philippines',NULL,0,0,NULL,'2026-06-17 23:03:35','2026-06-17 23:03:35'),
(50,'Melinda','Ongpin','mongpin@corp.ph','+63 925 139 1122',NULL,'Filipino',NULL,NULL,NULL,NULL,NULL,NULL,'Philippines',NULL,0,0,NULL,'2026-06-17 23:03:35','2026-06-17 23:03:35'),
(51,'Narciso','Palma','npalma@gmail.com','+63 926 240 2233',NULL,'Filipino',NULL,NULL,NULL,NULL,NULL,NULL,'Philippines',NULL,0,0,NULL,'2026-06-17 23:03:35','2026-06-17 23:03:35'),
(52,'Ofelia','Quijano','oquijano@email.ph','+63 917 341 3344',NULL,'Filipino',NULL,NULL,NULL,NULL,NULL,NULL,'Philippines',NULL,0,0,NULL,'2026-06-17 23:03:35','2026-06-17 23:03:35'),
(53,'Perfecto','Reyes','preyes@yahoo.com','+63 918 442 4455',NULL,'Filipino',NULL,NULL,NULL,NULL,NULL,NULL,'Philippines',NULL,0,0,NULL,'2026-06-17 23:03:35','2026-06-17 23:03:35'),
(54,'Quirino','Santiago','qsantiago@corp.ph','+63 919 543 5566',NULL,'Filipino',NULL,NULL,NULL,NULL,NULL,NULL,'Philippines',NULL,0,0,NULL,'2026-06-17 23:03:35','2026-06-17 23:03:35'),
(55,'Rosalinda','Tolentino','rtolentino@gmail.com','+63 920 644 6677',NULL,'Filipino',NULL,NULL,NULL,NULL,NULL,NULL,'Philippines',NULL,0,0,NULL,'2026-06-17 23:03:35','2026-06-17 23:03:35'),
(56,'Serafin','Untalan','suntalan@email.ph','+63 921 745 7788',NULL,'Filipino',NULL,NULL,NULL,NULL,NULL,NULL,'Philippines',NULL,0,0,NULL,'2026-06-17 23:03:35','2026-06-17 23:03:35'),
(57,'Teodora','Velasco','tvelasco@yahoo.com','+63 922 846 8899',NULL,'Filipino',NULL,NULL,NULL,NULL,NULL,NULL,'Philippines',NULL,0,0,NULL,'2026-06-17 23:03:35','2026-06-17 23:03:35'),
(58,'Uldarico','Wenceslao','uwenceslao@gmail.com','+63 923 947 9900',NULL,'Filipino',NULL,NULL,NULL,NULL,NULL,NULL,'Philippines',NULL,0,0,NULL,'2026-06-17 23:03:35','2026-06-17 23:03:35'),
(59,'Virginia','Ybarra','vybarra@corp.ph','+63 924 048 0011',NULL,'Filipino',NULL,NULL,NULL,NULL,NULL,NULL,'Philippines',NULL,0,0,NULL,'2026-06-17 23:03:35','2026-06-17 23:03:35'),
(60,'Wilfredo','Zapanta','wzapanta@email.com','+63 925 149 1122',NULL,'Filipino',NULL,NULL,NULL,NULL,NULL,NULL,'Philippines',NULL,0,0,NULL,'2026-06-17 23:03:35','2026-06-17 23:03:35'),
(61,'Xenia','Aquino','xaquino@yahoo.com','+63 926 250 2233',NULL,'Filipino',NULL,NULL,NULL,NULL,NULL,NULL,'Philippines',NULL,0,0,NULL,'2026-06-17 23:03:35','2026-06-17 23:03:35'),
(62,'Yolanda','Bautista','ybautista@gmail.com','+63 917 351 3344',NULL,'Filipino',NULL,NULL,NULL,NULL,NULL,NULL,'Philippines',NULL,0,0,NULL,'2026-06-17 23:03:35','2026-06-17 23:03:35'),
(63,'Zenaida','Castillo','zcastillo@email.ph','+63 918 452 4455',NULL,'Filipino',NULL,NULL,NULL,NULL,NULL,NULL,'Philippines',NULL,0,0,NULL,'2026-06-17 23:03:35','2026-06-17 23:03:35'),
(64,'Alfredo','Dela Cruz','adelacruz@gmail.com','+63 919 553 5566',NULL,'Filipino',NULL,NULL,NULL,NULL,NULL,NULL,'Philippines',NULL,0,0,NULL,'2026-06-17 23:03:35','2026-06-17 23:03:35'),
(65,'Bernardo','Estrada','bestrada@yahoo.com','+63 920 654 6677',NULL,'Filipino',NULL,NULL,NULL,NULL,NULL,NULL,'Philippines',NULL,0,0,NULL,'2026-06-17 23:03:35','2026-06-17 23:03:35'),
(66,'Catalina','Ferrer','cferrer@corp.ph','+63 921 755 7788',NULL,'Filipino',NULL,NULL,NULL,NULL,NULL,NULL,'Philippines',NULL,0,0,NULL,'2026-06-17 23:03:35','2026-06-17 23:03:35'),
(67,'Domingo','Gonzalez','dgonzalez@gmail.com','+63 922 856 8899',NULL,'Filipino',NULL,NULL,NULL,NULL,NULL,NULL,'Philippines',NULL,0,0,NULL,'2026-06-17 23:03:35','2026-06-17 23:03:35'),
(68,'Esperanza','Herrero','eherrero@email.ph','+63 923 957 9900',NULL,'Filipino',NULL,NULL,NULL,NULL,NULL,NULL,'Philippines',NULL,0,0,NULL,'2026-06-17 23:03:35','2026-06-17 23:03:35'),
(69,'Faustino','Ibarra','fibarra@yahoo.com','+63 924 058 0011',NULL,'Filipino',NULL,NULL,NULL,NULL,NULL,NULL,'Philippines',NULL,0,0,NULL,'2026-06-17 23:03:35','2026-06-17 23:03:35'),
(70,'Gliceria','Jimenez','gjimenez@gmail.com','+63 925 159 1122',NULL,'Filipino',NULL,NULL,NULL,NULL,NULL,NULL,'Philippines',NULL,0,0,NULL,'2026-06-17 23:03:35','2026-06-17 23:03:35'),
(71,'Horacio','Kho','hkho@corp.ph','+63 926 260 2233',NULL,'Filipino',NULL,NULL,NULL,NULL,NULL,NULL,'Philippines',NULL,0,0,NULL,'2026-06-17 23:03:35','2026-06-17 23:03:35'),
(72,'Isidro','Legaspi','ilegaspi@email.com','+63 917 361 3344',NULL,'Filipino',NULL,NULL,NULL,NULL,NULL,NULL,'Philippines',NULL,0,0,NULL,'2026-06-17 23:03:36','2026-06-17 23:03:36'),
(73,'Juan','Santos','juansantos@gmail.com','+63 9170000000',NULL,'Filipino',NULL,NULL,NULL,NULL,NULL,NULL,'Philippines',NULL,0,0,NULL,'2026-06-18 13:37:47','2026-06-18 13:37:47'),
(74,'Jhon','Santos',NULL,NULL,NULL,'Filipino',NULL,NULL,NULL,NULL,NULL,NULL,'Philippines',NULL,0,0,NULL,'2026-06-18 16:56:08','2026-06-18 16:56:08'),
(75,'Maria','Angela',NULL,'+6399970711601',NULL,'Filipino',NULL,NULL,NULL,NULL,NULL,NULL,'Philippines',NULL,0,0,NULL,'2026-06-18 19:16:11','2026-06-18 19:16:11'),
(76,'EDDIED','DALINGAY',NULL,'+63 9472885970',NULL,'Filipino',NULL,NULL,NULL,NULL,NULL,NULL,'Philippines',NULL,0,0,NULL,'2026-06-18 19:24:12','2026-06-18 19:24:12'),
(77,'MIGUELITO','MERCADO',NULL,'+63 9618305679',NULL,'Filipino',NULL,NULL,NULL,NULL,NULL,NULL,'Philippines',NULL,0,0,NULL,'2026-06-30 18:28:55','2026-06-30 18:28:55'),
(78,'MIGUELITO','M',NULL,'9618305679',NULL,'Filipino',NULL,NULL,NULL,NULL,NULL,NULL,'Philippines',NULL,0,0,NULL,'2026-06-30 18:31:04','2026-06-30 18:31:04'),
(79,'Clark','Ty','tyclarkjustine@gmail.com','+63 9278676687',NULL,'Filipino',NULL,NULL,NULL,NULL,NULL,NULL,'Philippines',NULL,0,0,NULL,'2026-06-30 20:14:21','2026-06-30 20:14:21'),
(80,'KESSY','CANADA',NULL,'09761785759',NULL,'Filipino',NULL,NULL,NULL,NULL,NULL,NULL,'Philippines',NULL,0,0,NULL,'2026-06-30 20:46:40','2026-06-30 20:46:40'),
(81,'JECILE','OYAN',NULL,'+63 9067926188',NULL,'Filipino',NULL,NULL,NULL,NULL,NULL,NULL,'Philippines',NULL,0,0,NULL,'2026-06-30 22:20:14','2026-06-30 22:20:14'),
(82,'ANTONIO','GALANG',NULL,'+63 9628446416',NULL,'Filipino',NULL,NULL,NULL,NULL,NULL,NULL,'Philippines',NULL,0,0,NULL,'2026-06-30 23:19:32','2026-06-30 23:19:32'),
(83,'JUNE','REX LEGABOS',NULL,'+63 9672272300',NULL,'Filipino',NULL,NULL,NULL,NULL,NULL,NULL,'Philippines',NULL,0,0,NULL,'2026-06-30 23:29:53','2026-06-30 23:29:53'),
(84,'DANIEL','OBESO',NULL,'+63 9317883437',NULL,'Filipino','Other','2114251','guest-ids/CRC22lXp4WCRW8jWXcCMw4NK2X9HNlFnl3Q6yGg8.jpg',NULL,NULL,NULL,'Philippines',NULL,0,0,NULL,'2026-06-30 23:59:24','2026-07-01 00:32:27'),
(85,'DANELLE','SAGOMIS',NULL,'+63 9751537350',NULL,'Filipino',NULL,NULL,NULL,NULL,NULL,NULL,'Philippines',NULL,0,0,NULL,'2026-07-01 00:03:22','2026-07-01 00:03:22'),
(86,'Henry','Hequilan',NULL,'+63 09487604584',NULL,'Filipino','Driver\'s License (LTO)','K09-19-003242','guest-ids/Fy4hTINoZaXIGUKrEwN6uLPPULRMjgMqEcdiSh0S.jpg',NULL,'Pagadian City','Zamboanga Del Sur','Philippines',NULL,0,0,NULL,'2026-07-01 00:35:30','2026-07-01 00:39:40'),
(87,'Gerry','Cainglet',NULL,'+63 9356190083',NULL,'Filipino',NULL,NULL,NULL,NULL,NULL,NULL,'Philippines',NULL,0,0,NULL,'2026-07-01 00:42:20','2026-07-01 00:42:20'),
(88,'Vince','Clyde Talingting',NULL,'+63 9602602342',NULL,'Filipino','Driver\'s License (LTO)','l02-22-000370','guest-ids/0ieWA9bCNRkMJtRX3TzaqsIdQ0SiWR0ytqCg6NGc.jpg',NULL,'Davao City','Davao del Sur','Philippines',NULL,0,0,NULL,'2026-07-01 00:44:31','2026-07-01 00:59:34'),
(89,'Adrianne','Dalisay',NULL,'+63 9484705563',NULL,'Filipino',NULL,NULL,NULL,NULL,NULL,NULL,'Philippines',NULL,0,0,NULL,'2026-07-01 00:48:11','2026-07-01 00:48:11'),
(90,'Antonio','Galang',NULL,'+63 9638446416',NULL,'Filipino',NULL,NULL,NULL,NULL,NULL,NULL,'Philippines',NULL,0,0,NULL,'2026-07-01 00:53:44','2026-07-01 00:53:44'),
(91,'Michael','Angelo Gorrero',NULL,'+63 9129169538',NULL,'Filipino',NULL,NULL,NULL,NULL,NULL,NULL,'Philippines',NULL,0,0,NULL,'2026-07-01 01:03:33','2026-07-01 01:03:33'),
(92,'Omer','Jr. Martinez',NULL,'+63 9684178960',NULL,'Filipino',NULL,NULL,NULL,NULL,NULL,NULL,'Philippines',NULL,0,0,NULL,'2026-07-01 01:05:51','2026-07-01 01:05:51'),
(93,'Anecita','Hequilan',NULL,'+63 9483889801',NULL,'Filipino',NULL,NULL,NULL,NULL,NULL,NULL,'Philippines',NULL,0,0,NULL,'2026-07-01 01:08:51','2026-07-01 01:08:51'),
(94,'Lito','Santiago',NULL,'+63 9666607499',NULL,'Filipino',NULL,NULL,NULL,NULL,NULL,NULL,'Philippines',NULL,0,0,NULL,'2026-07-01 01:19:04','2026-07-01 01:19:04'),
(95,'Melanie','Jane Luntian',NULL,'+63 9859937879',NULL,'Filipino',NULL,NULL,NULL,NULL,NULL,NULL,'Philippines',NULL,0,0,NULL,'2026-07-01 01:47:53','2026-07-01 01:47:53'),
(96,'Lucky','Edgar Potente',NULL,'+63 9702674817',NULL,'Filipino',NULL,NULL,NULL,NULL,NULL,NULL,'Philippines',NULL,0,0,NULL,'2026-07-01 01:52:20','2026-07-01 01:52:20'),
(97,'Olive','Dumanig',NULL,'+63 9977431179',NULL,'Filipino',NULL,NULL,NULL,NULL,NULL,NULL,'Philippines',NULL,1,0,NULL,'2026-07-01 03:10:12','2026-07-29 11:36:05'),
(98,'Jerson','Orilla',NULL,'+63 95444221391',NULL,'Filipino',NULL,NULL,NULL,NULL,NULL,NULL,'Philippines',NULL,0,0,NULL,'2026-07-01 20:01:51','2026-07-04 19:48:10'),
(99,'Wyndell','Pagnamitan',NULL,'+63 9361425600',NULL,'Filipino',NULL,NULL,NULL,NULL,NULL,NULL,'Philippines',NULL,0,0,NULL,'2026-07-01 20:03:19','2026-07-01 20:03:19'),
(100,'Mark','Palad',NULL,'+63 9',NULL,'Filipino',NULL,NULL,NULL,NULL,NULL,NULL,'Philippines',NULL,0,0,NULL,'2026-07-01 20:05:06','2026-07-29 10:00:00'),
(101,'Regino','Paclibar',NULL,'+63 9776832370',NULL,'Filipino',NULL,NULL,NULL,NULL,NULL,NULL,'Philippines',NULL,0,0,NULL,'2026-07-01 20:06:37','2026-07-01 20:06:37'),
(102,'Clarissa','De Leon',NULL,'+63 9562812687',NULL,'Filipino',NULL,NULL,NULL,NULL,NULL,NULL,'Philippines',NULL,0,0,NULL,'2026-07-01 20:07:46','2026-07-01 20:07:46'),
(103,'Evelyn','Lantayao',NULL,'+63 9561833482',NULL,'Filipino',NULL,NULL,NULL,NULL,NULL,NULL,'Philippines',NULL,0,0,NULL,'2026-07-01 20:08:44','2026-07-01 20:08:44'),
(104,'John','Ramel Lundayan',NULL,'+63 9262908175',NULL,'Filipino',NULL,NULL,NULL,NULL,NULL,NULL,'Philippines',NULL,0,0,NULL,'2026-07-01 20:09:54','2026-07-01 20:09:54'),
(105,'Jul-asin','Nor Wana',NULL,'+63 9657638306',NULL,'Filipino',NULL,NULL,NULL,NULL,NULL,NULL,'Philippines',NULL,0,0,NULL,'2026-07-01 20:12:28','2026-07-01 20:12:28'),
(106,'Lemuel','Natividad',NULL,'09393752920',NULL,'Filipino',NULL,NULL,NULL,NULL,NULL,NULL,'Philippines',NULL,0,0,NULL,'2026-07-01 20:49:14','2026-07-01 20:49:14'),
(107,'Divina','Serrano',NULL,'09455796106',NULL,'Filipino','National ID (PhilSys)','6057-4306-1942-5645','guest-ids/HPxrCTOoADFm1EvBCgI7DiYjMBkHOe0Tu7nlWE3a.png',NULL,NULL,'Agusan del Norte','Philippines',NULL,0,0,NULL,'2026-07-01 20:53:19','2026-07-01 20:54:27'),
(108,'Chas Omer','Madlos',NULL,'09927484694',NULL,'Filipino','Other','202617563','guest-ids/2C0FIctFpZnSzOpJJ0Ygl84TqDwcGdFDfZMog8AV.png',NULL,NULL,NULL,'Philippines',NULL,0,0,NULL,'2026-07-01 20:58:12','2026-07-01 20:58:12'),
(109,'Jocelyn','Lumogdang',NULL,'09270772870',NULL,'Filipino','Driver\'s License (LTO)',NULL,'guest-ids/g3pejBUY96F793F4kKBySS5GakbwxeZaaHKajwl6.png',NULL,NULL,NULL,'Philippines',NULL,0,0,NULL,'2026-07-01 21:02:28','2026-07-01 21:02:28'),
(110,'Chrislit Liza','Dorado',NULL,'09518516972',NULL,'Filipino','Other','02-2526-012713','guest-ids/E39xHwi4iJcSnOMeQ3fnfjFTTaXqGhu7FzjFkSZ2.png',NULL,NULL,NULL,'Philippines',NULL,0,0,NULL,'2026-07-01 21:05:55','2026-07-01 21:05:55'),
(111,'Rio','Ann Saramosing',NULL,'+63 9125024015',NULL,'Filipino',NULL,NULL,NULL,NULL,NULL,NULL,'Philippines',NULL,0,0,NULL,'2026-07-01 21:09:06','2026-07-01 21:09:06'),
(112,'Athony Jhay','Caduyac',NULL,'09091719227',NULL,'Filipino','Other','02-2526-010527','guest-ids/K5sbgzehgDeGt0acqP4jc4f7TIkuJvQDg7h6Zxsj.png',NULL,NULL,NULL,'Philippines',NULL,0,0,NULL,'2026-07-01 21:24:15','2026-07-01 21:24:15'),
(113,'Gyra Marie','Ucab',NULL,'09534380608',NULL,'Filipino','Driver\'s License (LTO)','K05-22-300-237','guest-ids/3o0juO2xoxMtcCG9qVKY9OJwuuiOL8fLRtUW90vN.png',NULL,NULL,NULL,'Philippines',NULL,0,0,NULL,'2026-07-01 21:26:11','2026-07-01 21:26:11'),
(114,'Chabby Ann','Dela Cruz',NULL,'09088851235',NULL,'Filipino','Other','19-0617','guest-ids/zVRdN0h1vBiXighkNNi0dgV05oTvBAYOrN4uBdqQ.png',NULL,NULL,NULL,'Philippines',NULL,0,0,NULL,'2026-07-01 21:28:30','2026-07-01 21:28:30'),
(115,'Rosita','Nopueto',NULL,'+63 9755903978',NULL,'Filipino','Senior Citizen ID','SC-13660','guest-ids/exFaraxwOPIcSPiZucqBYWkLzJEe9pciqvm5HR4w.png',NULL,NULL,NULL,'Philippines',NULL,0,0,NULL,'2026-07-01 22:44:50','2026-07-01 23:09:28'),
(116,'Leah','Mae Pugoy',NULL,'+63 9750561242',NULL,'Filipino','Driver\'s License (LTO)','K03-22-301550','guest-ids/wwcY49HocNdY7xYB84xc3CQWCz2uVVnxr6FYPZmu.png',NULL,NULL,NULL,'Philippines',NULL,0,0,NULL,'2026-07-01 22:46:54','2026-07-01 23:08:27'),
(117,'Jason','Cimena',NULL,'+63 9569269948',NULL,'Filipino',NULL,NULL,'guest-ids/XZAFPNG5Lc5cUhmjaXk3nAFS9Fzp2a5MBypQJTTY.png',NULL,NULL,NULL,'Philippines',NULL,0,0,NULL,'2026-07-01 22:52:37','2026-07-29 02:09:22'),
(118,'Sunny','Sumalpong',NULL,'+63 9381461869',NULL,'Filipino','Driver\'s License (LTO)','L09-09-000633','guest-ids/kvRKH7l6rEAZ7kVGHqXp3EW4U3Gmf9vaqiuyULsQ.png',NULL,NULL,NULL,'Philippines',NULL,0,0,NULL,'2026-07-01 23:05:03','2026-07-29 02:07:02'),
(119,'Joemark','Acas',NULL,'+63 9456435743',NULL,'Filipino','Driver\'s License (LTO)','K-04-23-002592','guest-ids/I4RpfNPsSSVQf7iDo8MOrWFj6i40rRU0QaHP2nhs.png',NULL,NULL,NULL,'Philippines',NULL,0,0,NULL,'2026-07-02 00:04:15','2026-07-02 00:07:24'),
(120,'Quennie','Gulay',NULL,'+63 9976058722',NULL,'Filipino','UMID',NULL,'guest-ids/aswh88Z7zxpqSQfOmMyw6vRGHFuGOr1YJlBqB8qy.png',NULL,NULL,NULL,'Philippines',NULL,0,0,NULL,'2026-07-02 18:27:28','2026-07-29 02:11:15'),
(121,'Risabel','Dayondon',NULL,'+63 9516399280',NULL,'Filipino',NULL,NULL,NULL,NULL,NULL,NULL,'Philippines',NULL,0,0,NULL,'2026-07-02 19:26:47','2026-07-02 19:26:47'),
(122,'Prexedes','Ortiz',NULL,'+63 9694337462',NULL,'Filipino',NULL,NULL,NULL,NULL,NULL,NULL,'Philippines',NULL,0,0,NULL,'2026-07-02 19:29:50','2026-07-02 19:29:50'),
(123,'Aiza','Rodriguez',NULL,'+63 9564473778',NULL,'Filipino',NULL,NULL,NULL,NULL,NULL,NULL,'Philippines',NULL,0,0,NULL,'2026-07-02 20:23:24','2026-07-02 20:23:24'),
(124,'Jaymar','Sabulao',NULL,'+63 970212472',NULL,'Filipino',NULL,NULL,NULL,NULL,NULL,NULL,'Philippines',NULL,0,0,NULL,'2026-07-02 20:40:46','2026-07-02 20:40:46'),
(125,'Lorie','Jane Penaflor',NULL,'+63 9532734428',NULL,'Filipino',NULL,NULL,NULL,NULL,NULL,NULL,'Philippines',NULL,0,0,NULL,'2026-07-02 20:50:52','2026-07-02 20:50:52'),
(126,'Jen','Magsubol',NULL,'+63 911944147',NULL,'Filipino',NULL,NULL,NULL,NULL,NULL,NULL,'Philippines',NULL,0,0,NULL,'2026-07-02 22:02:47','2026-07-02 22:02:47'),
(127,'Rey','Requina',NULL,'+63 956239853',NULL,'Filipino',NULL,NULL,NULL,NULL,NULL,NULL,'Philippines',NULL,0,0,NULL,'2026-07-02 22:05:23','2026-07-02 22:05:23'),
(128,'Peter','Pischke',NULL,'+63 9554350692',NULL,'Filipino',NULL,NULL,NULL,NULL,NULL,NULL,'Philippines',NULL,0,0,NULL,'2026-07-02 22:12:22','2026-07-02 22:12:22'),
(129,'Jesiel','Sugalang',NULL,'+63 9533599633',NULL,'Filipino',NULL,NULL,NULL,NULL,NULL,NULL,'Philippines',NULL,0,0,NULL,'2026-07-02 22:14:40','2026-07-02 22:14:40'),
(130,'Jim','Jim Dumangcal',NULL,'+63 984862145',NULL,'Filipino',NULL,NULL,NULL,NULL,NULL,NULL,'Philippines',NULL,0,0,NULL,'2026-07-02 22:17:34','2026-07-02 22:17:34'),
(131,'Dimple','Joy Suarez',NULL,'+63 9167604496',NULL,'Filipino',NULL,NULL,NULL,NULL,NULL,NULL,'Philippines',NULL,0,0,NULL,'2026-07-02 22:21:38','2026-07-02 22:21:38'),
(132,'Yesha','Cabilla',NULL,'+63 9162025966',NULL,'Filipino',NULL,NULL,NULL,NULL,NULL,NULL,'Philippines',NULL,0,0,NULL,'2026-07-02 22:25:01','2026-07-02 22:25:01'),
(133,'Ma.','Luisa Ganzon',NULL,'+63 9756006637',NULL,'Filipino','Driver\'s License (LTO)',NULL,'guest-ids/b6p0rS6ZXUQZF0EWwyHc8887VYNQv3MuFONCjCrH.png',NULL,NULL,NULL,'Philippines',NULL,0,0,NULL,'2026-07-02 22:40:50','2026-07-29 02:12:21'),
(134,'Dan','Avella',NULL,'+63 935970142',NULL,'Filipino','National ID (PhilSys)',NULL,'guest-ids/wrbdTIuSU8BNZUmf63ZHs3SXJM3kcUe3K3hjsQ6p.png',NULL,NULL,NULL,'Philippines',NULL,0,0,NULL,'2026-07-02 22:43:19','2026-07-29 02:13:20'),
(135,'Alex','Solar',NULL,'09',NULL,'Filipino',NULL,NULL,NULL,NULL,NULL,NULL,'Philippines',NULL,0,0,NULL,'2026-07-02 22:48:47','2026-07-02 22:48:47'),
(136,'Ma.','Fe Timbal',NULL,'+63 9357532091',NULL,'Filipino','Other',NULL,'guest-ids/sSP5EmhptszuRRvJIMIldchlARzlGXv2dcXEN6FH.png',NULL,NULL,NULL,'Philippines',NULL,0,0,NULL,'2026-07-02 22:51:25','2026-07-29 02:14:28'),
(137,'Rainier','Manigsaca',NULL,'+63 9304977147',NULL,'Filipino','Driver\'s License (LTO)','J01-25-004363','guest-ids/ZWry3P7QyEzWrHdQKXiY3UTKnALwUMEPnPsbxOil.png',NULL,NULL,NULL,'Philippines',NULL,0,0,NULL,'2026-07-02 23:08:26','2026-07-03 03:12:04'),
(138,'Genesa','Cedillo',NULL,'+63 9859065214',NULL,'Filipino','UMID','0111-9626334-9','guest-ids/0xRAvTitjNG9zpBueApWOMjywIfRRrpnu8qYkj20.png',NULL,NULL,NULL,'Philippines',NULL,0,0,NULL,'2026-07-02 23:11:04','2026-07-03 03:13:39'),
(139,'Christian','Mark Tanda',NULL,'+63 9356524491',NULL,'Filipino','Other','230003619','guest-ids/kNh4YmYgJ0Hb2sBmcIWrFKBjxbiPcfjyZfXLlBWF.png',NULL,NULL,NULL,'Philippines',NULL,0,0,NULL,'2026-07-03 03:07:17','2026-07-03 03:09:58'),
(140,'Chris','Yu',NULL,'+63 9673772269',NULL,'Filipino',NULL,NULL,NULL,NULL,NULL,NULL,'Philippines',NULL,0,1,NULL,'2026-07-03 03:49:08','2026-07-23 12:08:09'),
(141,'Xanthy','Culot',NULL,'+63 9774541380',NULL,'Filipino','Driver\'s License (LTO)',NULL,'guest-ids/FG6Xd1GbQP2ZpW0ZLeR2mPjU8hvl938NWruue2Xl.png',NULL,NULL,NULL,'Philippines',NULL,0,0,NULL,'2026-07-03 12:36:42','2026-07-29 02:18:51'),
(142,'XIAN','VICTAMIER TACANG',NULL,'+63 9562057981',NULL,'Filipino',NULL,NULL,'guest-ids/5whipvvT904XKWz1JWfwUj1xIPlEbXLkOzbkaES3.png',NULL,NULL,NULL,'Philippines',NULL,0,0,NULL,'2026-07-03 14:09:54','2026-07-29 11:48:34'),
(143,'JASPER','KENT DAGARAGA',NULL,'+63 9658045530',NULL,'Filipino',NULL,NULL,'guest-ids/MFUheOz1NHr392xAtwIAWbLRDGq6aZMB0waPtRGH.png',NULL,NULL,NULL,'Philippines',NULL,0,0,NULL,'2026-07-03 14:22:52','2026-07-03 18:18:27'),
(144,'VIJIE CARL','CODILLA',NULL,'+63 9456083153',NULL,'Filipino',NULL,NULL,'guest-ids/HtRTcQhLC8g6ip7TIiAozg5RYqBZKAelQC8yC9W2.png',NULL,NULL,NULL,'Philippines',NULL,0,0,NULL,'2026-07-03 14:24:25','2026-07-03 18:19:15'),
(145,'JAY','MARTIN DIONALDO',NULL,'+63 9360250830',NULL,'Filipino','PRC ID',NULL,'guest-ids/qZtHftQX4ieocH7H7pRJBxjtDm9sUw3QQVONI3Ql.png',NULL,NULL,NULL,'Philippines',NULL,0,0,NULL,'2026-07-03 14:41:51','2026-07-29 02:21:53'),
(146,'DARREN HAYES','AGUIRRE',NULL,'+63 9978665705',NULL,'Filipino',NULL,NULL,'guest-ids/iTqZyBW6LyzbSc1fMwEhPqT5Q4DvUktVEfMlL4lo.png',NULL,NULL,NULL,'Philippines',NULL,0,0,NULL,'2026-07-03 15:13:47','2026-07-03 18:15:53'),
(147,'MATTHEW','REY RAGANOT',NULL,'+63 9603305909',NULL,'Filipino',NULL,NULL,'guest-ids/8A8JVabuf5SPBDVt2p2uKhsV931WTwZHVER7ele4.png',NULL,NULL,NULL,'Philippines',NULL,0,0,NULL,'2026-07-03 15:31:57','2026-07-03 18:11:34'),
(148,'TERESITA','REVANO',NULL,'+63 9071796418',NULL,'Filipino',NULL,NULL,'guest-ids/rHc2qhZL4c7VFG8DSc3CGi0DlRonX0ApdVtoVE3l.png',NULL,NULL,NULL,'Philippines',NULL,0,0,NULL,'2026-07-03 18:02:39','2026-07-03 18:10:58'),
(149,'MU','ENGENEERING',NULL,'+63 ',NULL,'Filipino',NULL,NULL,NULL,NULL,NULL,NULL,'Philippines',NULL,0,0,NULL,'2026-07-03 18:45:03','2026-07-28 20:41:40'),
(150,'NOELITO','VILLAROJO',NULL,'+63 9265432683',NULL,'Filipino',NULL,NULL,'guest-ids/pxCMCOG1dTocavVUuIkCewXNQWhyVaKZCL87CZc9.png',NULL,NULL,NULL,'Philippines',NULL,0,0,NULL,'2026-07-03 19:08:48','2026-07-03 19:09:51'),
(151,'JOWIE','SAAGUNDO',NULL,'+63 9214449163',NULL,'Filipino',NULL,NULL,'guest-ids/2UyVWxkgsrvYVAC6ygsBAnlTwtJjLqG69QFvMs8k.png',NULL,NULL,NULL,'Philippines',NULL,0,0,NULL,'2026-07-03 19:58:22','2026-07-03 20:00:20'),
(152,'CHARMAINE','PALLUGA',NULL,'+63 9166873880',NULL,'Filipino',NULL,NULL,'guest-ids/Up0KyHtJBMBBw6jK2qv6DIQTag5KEd2d14tWplOy.jpg',NULL,NULL,NULL,'Philippines',NULL,0,0,NULL,'2026-07-03 20:05:53','2026-07-03 20:08:52'),
(153,'Daryl Gay','Nano',NULL,'+63 9319940369',NULL,'Filipino','National ID (PhilSys)','5092-4120-6871-9672','guest-ids/ka0Ajh4CQwaN2sG0e4mqLBGHDS0UkIup7gdxDzMm.png',NULL,NULL,NULL,'Philippines',NULL,0,0,NULL,'2026-07-03 20:56:37','2026-07-04 03:10:33'),
(154,'Justine','Cornelio',NULL,'+63 9555803681',NULL,'Filipino','Driver\'s License (LTO)','D08-21-200948','guest-ids/Fe5eVS1AtbauXe5L1jRq2KAVpe5V4IHitSTe4FX4.png',NULL,NULL,NULL,'Philippines',NULL,0,0,NULL,'2026-07-03 23:28:47','2026-07-03 23:33:41'),
(155,'Ernel','Josol',NULL,'+63 9989880352',NULL,'Filipino','UMID','011-3005-1511-3','guest-ids/ASlla98rfgGXGxUTn6B1UG0BUikq4HweFiCe8mZ9.png',NULL,NULL,NULL,'Philippines',NULL,0,0,NULL,'2026-07-04 00:44:34','2026-07-04 04:58:02'),
(156,'Calvin','Roquero',NULL,'+63 9267246211',NULL,'Filipino','PRC ID','0150553','guest-ids/Nd6ovQOKxhfHGMXkxm5iioyfxCMS2xVpozDH7dDW.png',NULL,NULL,NULL,'Philippines',NULL,0,0,NULL,'2026-07-04 04:51:37','2026-07-04 04:55:42'),
(157,'Mac','Brian Go',NULL,'+63 9676651113',NULL,'Filipino','Other','121209496922','guest-ids/iVFumSRha6ik9mBCBAi8dCq9NGFNppsPwvylIG9E.png',NULL,NULL,NULL,'Philippines',NULL,0,0,NULL,'2026-07-04 22:12:23','2026-07-05 03:52:56'),
(158,'John','Christian Porte',NULL,'+63 9519076449',NULL,'Filipino','Other',NULL,'guest-ids/KCNnGGNEyhbDfnZtvulJuLX1sNEk4W2MKM7OeiTB.png',NULL,NULL,NULL,'Philippines',NULL,0,0,NULL,'2026-07-04 22:13:51','2026-07-05 03:51:52'),
(159,'Rio',' Ritchie Pasco',NULL,'+63 9667683250',NULL,'Filipino',NULL,NULL,NULL,NULL,NULL,NULL,'Philippines',NULL,0,0,NULL,'2026-07-05 11:25:25','2026-07-05 11:25:25'),
(160,'KYLE','ARTHUR MOTAUS',NULL,'+63 9943626783',NULL,'Filipino',NULL,NULL,NULL,NULL,NULL,NULL,'Philippines',NULL,0,0,NULL,'2026-07-05 20:34:09','2026-07-05 20:34:09'),
(161,'ROGOR','CABILAO',NULL,'+63 9163253992',NULL,'Filipino',NULL,NULL,'guest-ids/ksWwBPfaxogQwOMWYmm8JZUuTVE6eTqpjtavSipm.jpg',NULL,NULL,NULL,'Philippines',NULL,0,0,NULL,'2026-07-05 22:01:37','2026-07-05 22:11:34'),
(162,'IBERSON','CABATANA',NULL,'+63 9977246600',NULL,'Filipino',NULL,NULL,'guest-ids/usdLGGUhOFB6G5etU1XZmb7QZT7CgSGzMWOL0jtD.jpg',NULL,NULL,NULL,'Philippines',NULL,0,0,NULL,'2026-07-05 22:03:22','2026-07-05 22:10:42'),
(163,'ROEL','MAGBUNUA',NULL,'+63 9772448205',NULL,'Filipino',NULL,NULL,'guest-ids/hFuMJJA00qwvGCyxd9lFsDHfU3jaeQgTA1sslf7X.jpg',NULL,NULL,NULL,'Philippines',NULL,0,0,NULL,'2026-07-05 22:04:42','2026-07-05 22:09:59'),
(164,'FRENCH','VILLAS',NULL,'+63 9631438299',NULL,'Filipino','Driver\'s License (LTO)',NULL,'guest-ids/wZX7MA3YbdrsPsI1ftLKDgwAwLrGtSMlIlHrF5SP.jpg',NULL,NULL,NULL,'Philippines',NULL,0,0,NULL,'2026-07-05 22:06:28','2026-07-05 22:09:28'),
(165,'ALIMODIN','PANT\'KAN',NULL,'+63 9814247601',NULL,'Filipino',NULL,NULL,NULL,NULL,NULL,NULL,'Philippines',NULL,0,0,NULL,'2026-07-05 23:28:33','2026-07-05 23:28:33'),
(166,'ALIMODIN','PANT\'KAN',NULL,'+63 981',NULL,'Filipino',NULL,NULL,NULL,NULL,NULL,NULL,'Philippines',NULL,0,0,NULL,'2026-07-05 23:29:44','2026-07-05 23:29:44'),
(167,'JESREAL','SERINO',NULL,'+63 9958930390',NULL,'Filipino',NULL,NULL,'guest-ids/X9Zm25bNYaxFLdk2lQciADOcTPvIwkJ0hdBA97Rd.jpg',NULL,NULL,NULL,'Philippines',NULL,0,0,NULL,'2026-07-06 03:28:56','2026-07-06 03:32:10'),
(168,'RALPH','OLIVER',NULL,'NA',NULL,'Filipino','Driver\'s License (LTO)',NULL,'guest-ids/19c2jwKkZ0pcyQZbRnK0aFYf96Zlf909WHPCfmaj.jpg',NULL,NULL,NULL,'Philippines',NULL,0,0,NULL,'2026-07-06 03:34:55','2026-07-06 03:34:55'),
(169,'MICHAEL','CHAVEZ',NULL,'+63 9213405410',NULL,'Filipino',NULL,NULL,'guest-ids/MM1IIAfgb2Zqg5jFP1GjNotdnvwgWwPKRVzCGW97.jpg',NULL,NULL,NULL,'Philippines',NULL,0,0,NULL,'2026-07-06 04:55:07','2026-07-06 04:58:30'),
(170,'Jonas','Belarmino',NULL,'+63 9303300361',NULL,'Filipino','National ID (PhilSys)',NULL,'guest-ids/X4UuXVYmmPQvbq0cZqKR0a1hXSp0vCGZpMl53U7W.png',NULL,NULL,NULL,'Philippines',NULL,0,0,NULL,'2026-07-06 08:24:03','2026-07-06 10:55:15'),
(171,'Geovani','Campano',NULL,'+63 9171161697',NULL,'Filipino',NULL,NULL,NULL,NULL,NULL,NULL,'Philippines',NULL,0,0,NULL,'2026-07-06 09:40:06','2026-07-06 09:40:06'),
(172,'Johnnyne','Caay',NULL,'+63 9516801101',NULL,'Filipino','Other',NULL,'guest-ids/WvDcs3UyOj6E5jBZxp5l60VrZSzlzXps5GaFc9n3.png',NULL,NULL,NULL,'Philippines',NULL,0,0,NULL,'2026-07-06 10:25:01','2026-07-06 10:54:35'),
(173,'Josie','Ariel Sagayan',NULL,'+63 9978257157',NULL,'Filipino','PRC ID',NULL,'guest-ids/clCcqxfO4KeBqfsSRSU2CLvBPxsT1MyqJyjFHHIW.png',NULL,NULL,NULL,'Philippines',NULL,0,0,NULL,'2026-07-06 13:23:35','2026-07-10 20:24:19'),
(174,'Joylyn','Peral',NULL,'+63 9155969943',NULL,'Filipino',NULL,NULL,NULL,NULL,NULL,NULL,'Philippines',NULL,0,0,NULL,'2026-07-06 14:09:21','2026-07-06 14:09:21'),
(175,'MARICEL','JAMISOLA',NULL,'+63 9268186295',NULL,'Filipino','National ID (PhilSys)',NULL,'guest-ids/gY25IwgmY8zlIcxugQml3U1MKmlOAPUsFUlwrvNg.png',NULL,NULL,NULL,'Philippines',NULL,0,0,NULL,'2026-07-06 16:42:47','2026-07-06 16:48:48'),
(176,'Jim','Jim Dumangcal',NULL,'+63 9984862145',NULL,'Filipino',NULL,NULL,NULL,NULL,NULL,NULL,'Philippines',NULL,0,0,NULL,'2026-07-06 19:52:32','2026-07-06 19:52:32'),
(177,'DIANA','RHEA PINAR',NULL,'+63 9622507970',NULL,'Filipino',NULL,NULL,NULL,NULL,NULL,NULL,'Philippines',NULL,0,0,NULL,'2026-07-06 19:58:54','2026-07-06 19:58:54'),
(178,'ARNIEL','MANALOTO',NULL,'+63 9648896763',NULL,'Filipino',NULL,NULL,NULL,NULL,NULL,NULL,'Philippines',NULL,0,0,NULL,'2026-07-06 20:08:22','2026-07-06 20:08:22'),
(179,'JOSEPH','ESPADILLA',NULL,'+63 9064217934',NULL,'Filipino',NULL,NULL,NULL,NULL,NULL,NULL,'Philippines',NULL,0,0,NULL,'2026-07-06 20:11:20','2026-07-06 20:11:20'),
(180,'MARICHU','OBSID',NULL,'+63 9551252915',NULL,'Filipino',NULL,NULL,NULL,NULL,NULL,NULL,'Philippines',NULL,0,0,NULL,'2026-07-06 20:14:45','2026-07-06 20:14:45'),
(181,'SAID','DUMACIL DUMACIL',NULL,'+63 9977268313',NULL,'Filipino',NULL,NULL,NULL,NULL,NULL,NULL,'Philippines',NULL,0,0,NULL,'2026-07-06 20:19:26','2026-07-06 20:19:26'),
(182,'JURREN','DIEZ',NULL,'+63 9186894012',NULL,'Filipino',NULL,NULL,NULL,NULL,NULL,NULL,'Philippines',NULL,0,0,NULL,'2026-07-06 20:21:43','2026-07-06 20:21:43'),
(183,'GERLIE','BAZAR',NULL,'+63 9078796031',NULL,'Filipino',NULL,NULL,NULL,NULL,NULL,NULL,'Philippines',NULL,0,0,NULL,'2026-07-06 20:23:32','2026-07-06 20:23:32'),
(184,'NEIL','ANTHONY CASSION',NULL,'+63 9165603997',NULL,'Filipino',NULL,NULL,NULL,NULL,NULL,NULL,'Philippines',NULL,0,0,NULL,'2026-07-06 20:25:26','2026-07-06 20:25:26'),
(185,'Waldemar','Padla',NULL,'09775188347',NULL,'Filipino','Driver\'s License (LTO)',NULL,'guest-ids/29wBsU15vZsR7UM7qPk860V2R9tVbXxR8ZHMbyPI.png',NULL,NULL,NULL,'Philippines',NULL,0,0,NULL,'2026-07-07 02:23:09','2026-07-07 02:23:09'),
(186,'Coy','Espina',NULL,'+63 9485014984',NULL,'Filipino',NULL,NULL,NULL,NULL,NULL,NULL,'Philippines',NULL,0,0,NULL,'2026-07-07 02:42:39','2026-07-07 02:42:39'),
(187,'Rupam (Asliah)','Banerjee',NULL,'+63 9260652937','2005-10-10','Indian','Passport','AT562075','guest-ids/A1zoeZFz3sQMBr6lRZjlLUWuScOGxcIboxfxSlqL.png',NULL,NULL,NULL,'Philippines',NULL,0,0,NULL,'2026-07-07 11:30:14','2026-07-21 08:57:02'),
(188,'Lendie','Francisco',NULL,'+63 9621994221',NULL,'Filipino','PhilHealth ID','18-201413704-2','guest-ids/D5ms5N9pDsOzwNlOrlFacn2K7HffoHVsAifLyzt4.png',NULL,NULL,NULL,'Philippines',NULL,0,0,NULL,'2026-07-07 12:11:15','2026-07-07 12:12:41'),
(189,'Erwin','Melendez',NULL,'+63 9354509939',NULL,'Filipino','National ID (PhilSys)',NULL,'guest-ids/clADLIfQblKAkJeVvAUzGdkExOZREsCBLkOzHWBC.png',NULL,NULL,NULL,'Philippines',NULL,0,0,'Check-in by Romeo III Sulib','2026-07-07 12:25:42','2026-07-10 20:23:40'),
(190,'Christopher','Pollo',NULL,'+63 99558322593',NULL,'Filipino','Driver\'s License (LTO)','D23-17-006417','guest-ids/1KWijuhbqsvITPQO8OmJ84Cz5mhGy1oebCpSQnpu.png',NULL,NULL,NULL,'Philippines',NULL,0,0,NULL,'2026-07-07 12:36:17','2026-07-07 13:01:29'),
(191,'Elmer','Jabunillo',NULL,'+63 9956254051',NULL,'Filipino','Other','5460-8379-0531-4284','guest-ids/1oDZ4Xo2OXIS6YBjZMSplyZchAJhKJqwgMn4BzzO.png',NULL,NULL,NULL,'Philippines',NULL,0,0,NULL,'2026-07-07 12:43:44','2026-07-07 13:02:30'),
(192,'GLENN','GABIANNA',NULL,'+63 9655646362',NULL,'Filipino',NULL,NULL,NULL,NULL,NULL,NULL,'Philippines',NULL,0,0,NULL,'2026-07-07 19:50:37','2026-07-07 19:50:37'),
(193,'SHEILA','LABAJO',NULL,'+63 9109002110',NULL,'Filipino',NULL,NULL,NULL,NULL,NULL,NULL,'Philippines',NULL,0,0,NULL,'2026-07-07 19:53:30','2026-07-07 19:53:30'),
(194,'MARCO','ADECER',NULL,'+63 9635034201',NULL,'Filipino',NULL,NULL,NULL,NULL,NULL,NULL,'Philippines',NULL,0,0,NULL,'2026-07-07 19:56:01','2026-07-07 19:56:01'),
(195,'COQUILLA','SUNIEL BUTAC',NULL,'+63 9656145313',NULL,'Filipino',NULL,NULL,NULL,NULL,NULL,NULL,'Philippines',NULL,0,0,NULL,'2026-07-07 19:59:05','2026-07-07 19:59:05'),
(196,'RAMIL','ALIN',NULL,'+63 9653159909',NULL,'Filipino',NULL,NULL,NULL,NULL,NULL,NULL,'Philippines',NULL,0,0,NULL,'2026-07-07 20:00:24','2026-07-07 20:00:24'),
(197,'CHERYL','LUARDO',NULL,'+63 9279497844',NULL,'Filipino',NULL,NULL,NULL,NULL,NULL,NULL,'Philippines',NULL,0,0,NULL,'2026-07-07 20:02:30','2026-07-07 20:02:30'),
(198,'ARLEEN','FUENTES',NULL,'+63 9106371805',NULL,'Filipino',NULL,NULL,NULL,NULL,NULL,NULL,'Philippines',NULL,0,0,NULL,'2026-07-07 20:04:30','2026-07-07 20:04:30'),
(199,'ANGELEE','LEVITA',NULL,'+63 9260910111',NULL,'Filipino',NULL,NULL,NULL,NULL,NULL,NULL,'Philippines',NULL,0,0,NULL,'2026-07-07 20:05:48','2026-07-07 20:05:48'),
(200,'JUN','BERT LABIS',NULL,'+63 9155444875',NULL,'Filipino',NULL,NULL,NULL,NULL,NULL,NULL,'Philippines',NULL,0,0,NULL,'2026-07-07 20:32:12','2026-07-07 20:32:12'),
(201,'Mark John','Mangas',NULL,'09705961307',NULL,'Filipino',NULL,NULL,NULL,NULL,NULL,NULL,'Philippines',NULL,0,0,NULL,'2026-07-08 02:31:44','2026-07-08 02:31:44'),
(202,'Dante','Soronio',NULL,'09754041723',NULL,'Filipino',NULL,NULL,NULL,NULL,NULL,NULL,'Philippines',NULL,0,0,NULL,'2026-07-08 02:34:11','2026-07-08 02:34:11'),
(203,'Jaber','Botawan',NULL,'+63 9625886925',NULL,'Filipino',NULL,NULL,NULL,NULL,NULL,NULL,'Philippines',NULL,0,0,NULL,'2026-07-08 02:37:07','2026-07-08 02:37:07'),
(204,'Helen','Leopoldo',NULL,'+63 9655906152',NULL,'Filipino','Driver\'s License (LTO)',NULL,'guest-ids/LMFSrrDucbDKb2xuZdhpD0BcOwcR8sHs6Ns6tJ56.png',NULL,NULL,NULL,'Philippines',NULL,0,0,NULL,'2026-07-08 12:16:15','2026-07-08 12:26:02'),
(205,'MARK','ANTHONY LAVAPIEZ',NULL,'+63 9985359620',NULL,'Filipino',NULL,NULL,NULL,NULL,NULL,NULL,'Philippines',NULL,0,0,NULL,'2026-07-08 19:27:01','2026-07-08 19:27:01'),
(206,'RENE','CARTAGENA',NULL,'+63 9452958151',NULL,'Filipino',NULL,NULL,NULL,NULL,NULL,NULL,'Philippines',NULL,0,0,NULL,'2026-07-08 19:29:20','2026-07-08 19:29:20'),
(207,'ERNESTO','RECIÑA',NULL,'+63 9157873579',NULL,'Filipino',NULL,NULL,NULL,NULL,NULL,NULL,'Philippines',NULL,0,0,NULL,'2026-07-08 19:33:45','2026-07-08 19:33:45'),
(208,'KRIS','JANE TAMPEPE',NULL,'+63 9755913887',NULL,'Filipino',NULL,NULL,NULL,NULL,NULL,NULL,'Philippines',NULL,0,0,NULL,'2026-07-08 19:35:54','2026-07-08 19:35:54'),
(209,'EDMUND','JAMES SISMUNDO',NULL,'+63 9174217715',NULL,'Filipino',NULL,NULL,NULL,NULL,NULL,NULL,'Philippines',NULL,0,0,NULL,'2026-07-08 19:37:10','2026-07-08 19:37:10'),
(210,'KENNETH','JAY AÑANA',NULL,'+63 9069264784',NULL,'Filipino',NULL,NULL,NULL,NULL,NULL,NULL,'Philippines',NULL,0,0,NULL,'2026-07-08 19:38:55','2026-07-08 19:38:55'),
(211,'INTUNG','BENZAR',NULL,'+63 9361542545',NULL,'Filipino',NULL,NULL,NULL,NULL,NULL,NULL,'Philippines',NULL,0,0,NULL,'2026-07-08 19:40:08','2026-07-08 19:40:08'),
(212,'GIAN','PESCADERO',NULL,'+63 9471900964',NULL,'Filipino',NULL,NULL,NULL,NULL,NULL,NULL,'Philippines',NULL,0,0,NULL,'2026-07-08 19:46:17','2026-07-08 19:46:17'),
(213,'MA.ZSAKHARA','EDILMAY',NULL,'+63 9161822733',NULL,'Filipino',NULL,NULL,NULL,NULL,NULL,NULL,'Philippines',NULL,0,0,NULL,'2026-07-08 19:57:51','2026-07-08 19:57:51'),
(214,'RENANTE','TUBANIA',NULL,'+63 9427020193',NULL,'Filipino',NULL,NULL,NULL,NULL,NULL,NULL,'Philippines',NULL,0,0,NULL,'2026-07-08 22:58:09','2026-07-08 22:58:09'),
(215,'GAKIN','YAP',NULL,'+63 9291383754',NULL,'Filipino',NULL,NULL,NULL,NULL,NULL,NULL,'Philippines',NULL,0,0,NULL,'2026-07-08 23:00:52','2026-07-08 23:00:52'),
(216,'GESHE','ALJAS',NULL,'+63 9660995668',NULL,'Filipino',NULL,NULL,NULL,NULL,NULL,NULL,'Philippines',NULL,0,0,NULL,'2026-07-08 23:02:47','2026-07-08 23:02:47'),
(217,'DENHIL','JANE RODRIGUEZ',NULL,'+63 9777871424',NULL,'Filipino',NULL,NULL,NULL,NULL,NULL,NULL,'Philippines',NULL,0,0,NULL,'2026-07-08 23:04:12','2026-07-08 23:04:12'),
(218,'Arian','Aguirre',NULL,'+63 9292070197',NULL,'Filipino',NULL,NULL,NULL,NULL,NULL,NULL,'Philippines',NULL,0,0,NULL,'2026-07-09 12:59:13','2026-07-09 12:59:13'),
(219,'JESSA','BAGUIO',NULL,'+63 9662410847',NULL,'Filipino',NULL,NULL,NULL,NULL,NULL,NULL,'Philippines',NULL,0,0,NULL,'2026-07-09 19:20:32','2026-07-09 19:20:32'),
(220,'NIEL','ORVILLE ERMAC',NULL,'+63 9954980713',NULL,'Filipino',NULL,NULL,NULL,NULL,NULL,NULL,'Philippines',NULL,0,0,NULL,'2026-07-09 19:23:20','2026-07-09 19:23:20'),
(221,'JESIEL','SUGALANG',NULL,'+63 9535399633',NULL,'Filipino',NULL,NULL,NULL,NULL,NULL,NULL,'Philippines',NULL,0,0,NULL,'2026-07-09 19:25:12','2026-07-09 19:25:12'),
(222,'MYLENE','ABAO',NULL,'+63 9664693362',NULL,'Filipino',NULL,NULL,NULL,NULL,NULL,NULL,'Philippines',NULL,0,0,NULL,'2026-07-09 19:37:29','2026-07-09 19:37:29'),
(223,'DENVER','DALIGIDIG',NULL,'+63 9066592650',NULL,'Filipino',NULL,NULL,NULL,NULL,NULL,NULL,'Philippines',NULL,0,0,NULL,'2026-07-09 19:39:33','2026-07-09 19:39:33'),
(224,'SHEILA','LABAJO',NULL,'+63 9109002100',NULL,'Filipino',NULL,NULL,NULL,NULL,NULL,NULL,'Philippines',NULL,0,0,NULL,'2026-07-09 20:06:39','2026-07-09 20:06:39'),
(225,'ART','AGRAVANTE',NULL,'+63 9099549021',NULL,'Filipino',NULL,NULL,NULL,NULL,NULL,NULL,'Philippines',NULL,0,0,NULL,'2026-07-09 20:29:36','2026-07-09 20:29:36'),
(226,'ARMANDO','DEVARAS',NULL,'+63 9070455278',NULL,'Filipino',NULL,NULL,NULL,NULL,NULL,NULL,'Philippines',NULL,0,0,NULL,'2026-07-09 20:33:59','2026-07-09 20:33:59'),
(227,'JON HENDRIX','BLANCO',NULL,'+63 9700280273',NULL,'Filipino',NULL,NULL,'guest-ids/tTFF3ZHrC6DBLcGHMe7cSKovzEZyghsWFS4QrO4R.png',NULL,NULL,NULL,'Philippines',NULL,0,0,NULL,'2026-07-09 22:39:37','2026-07-10 05:29:19'),
(228,'MELFALYN','IBNO',NULL,'+63 9978400421',NULL,'Filipino',NULL,NULL,'guest-ids/9qcu8vE2PhMw8k6RotreuCTA1rSALmfnhACF5e9D.png',NULL,NULL,NULL,'Philippines',NULL,0,0,NULL,'2026-07-09 22:41:29','2026-07-10 05:28:37'),
(229,'PAUL MARTIN','ANDUTAN',NULL,'+63 9177072181',NULL,'Filipino',NULL,NULL,'guest-ids/ZXTNJfS47rX2YeSwLc7Vr7AqS1KwahJJYBx7MXtW.png',NULL,NULL,NULL,'Philippines',NULL,0,0,NULL,'2026-07-10 05:25:44','2026-07-10 05:28:11'),
(230,'Edgar','Paz',NULL,'+63 9184512465',NULL,'Filipino','Other',NULL,'guest-ids/UnVKhjyhnm2H4Fnm52GbYqntB0fLThPmiKUaPNVG.png',NULL,NULL,NULL,'Philippines',NULL,0,0,NULL,'2026-07-10 10:07:41','2026-07-28 11:10:21'),
(231,'Prince Lloyd','Ladera',NULL,'+63 554353755',NULL,'Filipino','PhilHealth ID',NULL,'guest-ids/aJIGvCBo5TRGZuim69m8q7JwRjg0U36pMsixZ7Ep.png',NULL,NULL,NULL,'Philippines',NULL,0,0,NULL,'2026-07-10 20:08:47','2026-07-10 20:14:06'),
(232,'Parker','Bolanio',NULL,'+63 9185125533',NULL,'Filipino',NULL,NULL,NULL,NULL,NULL,NULL,'Philippines',NULL,0,0,NULL,'2026-07-10 20:12:36','2026-07-10 20:12:36'),
(233,'Erwin','Valledor',NULL,'09358251159',NULL,'Filipino','Driver\'s License (LTO)',NULL,'guest-ids/mFB6MKUhiZfzPnb6sJa0QsiMPr0z5ekhvxdD8wRI.png',NULL,NULL,NULL,'Philippines',NULL,0,0,NULL,'2026-07-10 20:16:26','2026-07-10 20:16:26'),
(234,'Fezy','Lendi',NULL,'+63 9949038832',NULL,'Filipino',NULL,NULL,NULL,NULL,NULL,NULL,'Philippines',NULL,0,0,NULL,'2026-07-10 20:25:08','2026-07-10 20:25:08'),
(235,'Klarizz','Sheena Lagas',NULL,'+63 9551836016',NULL,'Filipino','Other',NULL,'guest-ids/hzEurENONIoLiN4OsCYpLPqYFbcBgt2pQJL5U8U2.png',NULL,NULL,NULL,'Philippines',NULL,0,0,NULL,'2026-07-10 20:39:47','2026-07-10 20:41:43'),
(236,'TINY','ROSHIL MENDOZA',NULL,'+63 9274233888',NULL,'Filipino',NULL,NULL,'guest-ids/PlAHeSSK5b4BP8w42hFlafMygVrDp6whIwRRXEmf.jpg',NULL,NULL,NULL,'Philippines',NULL,0,0,NULL,'2026-07-10 22:13:04','2026-07-10 22:28:37'),
(237,'JENSAV','AGPASA',NULL,'+63 9063085906',NULL,'Filipino',NULL,NULL,NULL,NULL,NULL,NULL,'Philippines',NULL,0,0,NULL,'2026-07-11 00:17:32','2026-07-11 00:17:32'),
(238,'SARAH','CABIGQUEZ',NULL,'+63 9924135088',NULL,'Filipino',NULL,NULL,NULL,NULL,NULL,NULL,'Philippines',NULL,0,0,NULL,'2026-07-11 13:23:04','2026-07-11 13:23:04'),
(239,'CHENIE','GRACE JAO',NULL,'+63 9275189714',NULL,'Filipino',NULL,NULL,NULL,NULL,NULL,NULL,'Philippines',NULL,0,0,NULL,'2026-07-11 19:56:26','2026-07-11 19:56:26'),
(240,'EDUARD','BAROL',NULL,'+63 9055023274',NULL,'Filipino',NULL,NULL,NULL,NULL,NULL,NULL,'Philippines',NULL,0,0,NULL,'2026-07-11 19:59:41','2026-07-11 19:59:41'),
(241,'SHARA','BAGARES',NULL,'+63 9550373123',NULL,'Filipino',NULL,NULL,NULL,NULL,NULL,NULL,'Philippines',NULL,0,0,NULL,'2026-07-11 20:23:41','2026-07-11 20:23:41'),
(242,'FILY','OÑEZ',NULL,'+63 9305210063',NULL,'Filipino',NULL,NULL,NULL,NULL,NULL,NULL,'Philippines',NULL,0,0,NULL,'2026-07-11 20:25:44','2026-07-11 20:25:44'),
(243,'SIMONNE','JADE NAVARRO',NULL,'+63 9453769217',NULL,'Filipino',NULL,NULL,NULL,NULL,NULL,NULL,'Philippines',NULL,0,0,NULL,'2026-07-11 20:27:18','2026-07-11 20:27:18'),
(244,'ZASHLEE','GENITA',NULL,'+63 9558709103',NULL,'Filipino',NULL,NULL,NULL,NULL,NULL,NULL,'Philippines',NULL,0,0,NULL,'2026-07-11 20:30:26','2026-07-11 20:30:26'),
(245,'MARY','CRISLIN PISCOS',NULL,'+63 9936231757',NULL,'Filipino',NULL,NULL,NULL,NULL,NULL,NULL,'Philippines',NULL,0,0,NULL,'2026-07-11 20:32:10','2026-07-11 20:32:10'),
(246,'DELSON','YUSOP',NULL,'+63 9354340945',NULL,'Filipino',NULL,NULL,NULL,NULL,NULL,NULL,'Philippines',NULL,0,0,NULL,'2026-07-11 20:33:50','2026-07-11 20:33:50'),
(247,'Kenneth','Loyd Mag-Abo',NULL,'+63 9976575973',NULL,'Filipino','Driver\'s License (LTO)',NULL,'guest-ids/huvLUGcUFRZaj8OFt2aYrvyoRHl9KaEoEALTiPWe.png',NULL,NULL,NULL,'Philippines',NULL,0,0,NULL,'2026-07-11 23:43:41','2026-07-12 04:35:25'),
(248,'John','Kaye Ortiz',NULL,'+63 9365942638',NULL,'Filipino','Other',NULL,'guest-ids/9caUNdJte70L6IJPO4o5uk03d13TXGw047gn43yU.png',NULL,NULL,NULL,'Philippines',NULL,0,0,NULL,'2026-07-11 23:45:16','2026-07-12 04:35:01'),
(249,'Guinar','Mindalano',NULL,'+63 9262946370',NULL,'Filipino','Driver\'s License (LTO)',NULL,'guest-ids/e0SDwJgy0dCs4yZ9cvYAcM5WzVEb4gifPG9d3xlA.png',NULL,NULL,NULL,'Philippines',NULL,0,0,NULL,'2026-07-12 05:05:04','2026-07-12 05:07:21'),
(250,'MIKAILA','SOLON',NULL,'+63 9687723607',NULL,'Filipino',NULL,NULL,NULL,NULL,NULL,NULL,'Philippines',NULL,0,0,NULL,'2026-07-12 13:19:29','2026-07-12 13:19:29'),
(251,'JELLY','CALLEZA',NULL,'+63 9125824651',NULL,'Filipino',NULL,NULL,NULL,NULL,NULL,NULL,'Philippines',NULL,0,0,NULL,'2026-07-12 13:21:10','2026-07-12 13:21:10'),
(252,'BEATRICE','RADAZA',NULL,'+63 9481880826',NULL,'Filipino',NULL,NULL,NULL,NULL,NULL,NULL,'Philippines',NULL,0,0,NULL,'2026-07-12 13:24:09','2026-07-12 13:24:09'),
(253,'EVANGELINE','MAAGAD',NULL,'+63 9649185646',NULL,'Filipino',NULL,NULL,NULL,NULL,NULL,NULL,'Philippines',NULL,0,0,NULL,'2026-07-12 13:27:18','2026-07-12 13:27:18'),
(254,'JULIET','RESULLAR',NULL,'+63 9702985070',NULL,'Filipino',NULL,NULL,NULL,NULL,NULL,NULL,'Philippines',NULL,0,0,NULL,'2026-07-12 19:42:06','2026-07-12 19:42:06'),
(255,'JUDI','SUNICO',NULL,'+63 9063858045',NULL,'Filipino',NULL,NULL,NULL,NULL,NULL,NULL,'Philippines',NULL,0,0,NULL,'2026-07-12 19:44:45','2026-07-12 19:44:45'),
(256,'HENRY','HEQUILAN',NULL,'+63 9487604884',NULL,'Filipino',NULL,NULL,NULL,NULL,NULL,NULL,'Philippines',NULL,0,0,NULL,'2026-07-12 20:47:25','2026-07-12 20:47:25'),
(257,'ADOLFO','ALCORAN',NULL,'+63 9352980593',NULL,'Filipino',NULL,NULL,'guest-ids/vnpLbgvK4zf4VGbOrqZWHnOxtKrrZPl4r8kbvZd4.png',NULL,NULL,NULL,'Philippines',NULL,0,0,NULL,'2026-07-12 22:51:17','2026-07-13 00:07:45'),
(258,'JUANITO','ENRIQUEZ',NULL,'+63 9068353916',NULL,'Filipino',NULL,NULL,'guest-ids/CvJze29BUofttkHLUf03DPNoYKKpDXEPbFqiLust.png',NULL,NULL,NULL,'Philippines',NULL,0,0,NULL,'2026-07-12 22:53:04','2026-07-13 00:02:44'),
(259,'RENANTE','TUBANIA',NULL,'+63 9927020193',NULL,'Filipino',NULL,NULL,'guest-ids/awV3fvMVKLI3WriGjl2Uv6ReYXFB3YKNG6aQimL0.png',NULL,NULL,NULL,'Philippines',NULL,0,0,NULL,'2026-07-12 23:31:08','2026-07-13 00:07:07'),
(260,'JOHN','SUNGA',NULL,'+63 9662962952',NULL,'Filipino',NULL,NULL,NULL,NULL,NULL,NULL,'Philippines',NULL,0,0,NULL,'2026-07-13 12:17:18','2026-07-13 12:17:18'),
(261,'PRIMO','ACERET',NULL,'+63 9911323402',NULL,'Filipino',NULL,NULL,NULL,NULL,NULL,NULL,'Philippines',NULL,0,0,NULL,'2026-07-13 13:01:29','2026-07-13 13:01:29'),
(262,'Flory May','Demetilla',NULL,'+63 9214325483',NULL,'Filipino',NULL,NULL,'guest-ids/qHzYCPy9ypRrzQrP9JEqDupAkwkm1JgFbMtXHkzJ.png',NULL,NULL,NULL,'Philippines',NULL,0,0,NULL,'2026-07-13 15:43:48','2026-07-13 19:56:57'),
(263,'Jay','Gadgude',NULL,'+63 9202201929',NULL,'Filipino',NULL,NULL,'guest-ids/azbKn1IBFOi3RMjEMapbc1a6OQEGwdXZsVvVYpvQ.png',NULL,NULL,NULL,'Philippines',NULL,0,0,NULL,'2026-07-13 15:44:52','2026-07-13 19:57:29'),
(264,'Matthew','Viray',NULL,'+63 9201226168',NULL,'Filipino',NULL,NULL,NULL,NULL,NULL,NULL,'Philippines',NULL,0,0,NULL,'2026-07-13 15:46:04','2026-07-13 15:46:04'),
(265,'Grace','Ebarola',NULL,'+63 9616970820',NULL,'Filipino','UMID',NULL,'guest-ids/GdAzDPWlkUTbHVJ7hbD9TZsvBhM0ChX2DyMoZVeF.png',NULL,NULL,NULL,'Philippines',NULL,0,0,NULL,'2026-07-13 16:03:56','2026-07-13 19:55:47'),
(266,'Lena','Tesio',NULL,'+63 9124909695',NULL,'Filipino','Voter\'s ID',NULL,'guest-ids/GZ4QHyEll2rsnhPc5JElQTWM6q4GvlRZ6piIOmQR.png',NULL,NULL,NULL,'Philippines',NULL,0,0,NULL,'2026-07-13 17:25:10','2026-07-13 19:54:54'),
(267,'Eduardo','Dino',NULL,'+63 9274166164',NULL,'Filipino','Other',NULL,'guest-ids/oulJtcFdGuNDuVi1K6WEDnq2CNqSsqKzdG4ezVn6.png',NULL,NULL,NULL,'Philippines',NULL,0,0,NULL,'2026-07-13 19:53:14','2026-07-13 19:54:20'),
(268,'Riscris','Nebres',NULL,'09515599045',NULL,'Filipino','Driver\'s License (LTO)',NULL,'guest-ids/UvTaNx6qx6jm3dFHgFyRqKJw6i4C6aIvfx6cxXnm.png',NULL,NULL,NULL,'Philippines',NULL,0,0,NULL,'2026-07-14 05:07:40','2026-07-14 05:07:40'),
(269,'Angelie Bliss','Dejadena',NULL,'09541454687',NULL,'Filipino','Driver\'s License (LTO)',NULL,'guest-ids/TOAmLenbAInJxv1lgEAbgnhFbL4mZVLaQ2NsIk9N.png',NULL,NULL,NULL,'Philippines',NULL,0,0,NULL,'2026-07-14 05:14:29','2026-07-14 05:14:29'),
(270,'Maria Therese','Navarro',NULL,'09363953979',NULL,'Filipino','National ID (PhilSys)',NULL,'guest-ids/e6SlOImPODPojsELU8ddQUZbGiJTMg2qU2dwD4bz.png',NULL,NULL,NULL,'Philippines',NULL,0,0,NULL,'2026-07-14 05:17:58','2026-07-14 05:17:58'),
(271,'Mark Chester','Pidor',NULL,'09498374949',NULL,'Filipino','UMID',NULL,'guest-ids/ZQ3Z7I09ziCIDqL9Ie7vayqYjCuwoprezNa9OCgR.png',NULL,NULL,NULL,'Philippines',NULL,0,0,NULL,'2026-07-14 05:20:22','2026-07-14 05:20:22'),
(272,'Jonathan','Florentino',NULL,'+63 9360311874',NULL,'Filipino','UMID',NULL,'guest-ids/2W6PcxG1Q7Qk41BBtDeeMfxY3r8kyGPn7F9Mqdai.png',NULL,NULL,NULL,'Philippines',NULL,0,0,NULL,'2026-07-14 13:12:42','2026-07-14 13:14:01'),
(273,'Ivander','Paul Jabagat','acehon91@gmail.com','+63 9559810327',NULL,'Filipino','Driver\'s License (LTO)',NULL,'guest-ids/KROrAqQO0O1mTVkQBJhdqtnCQuH42PLgtgX0zyKI.png',NULL,NULL,NULL,'Philippines',NULL,0,0,NULL,'2026-07-14 19:07:16','2026-07-14 19:08:51'),
(274,'George','Daroy',NULL,'09513151560',NULL,'Filipino','Driver\'s License (LTO)',NULL,'guest-ids/XS54FMOe8JWbrMDUXzgcvmWxN2Mjgl37EhILil7u.png',NULL,NULL,NULL,'Philippines',NULL,0,0,NULL,'2026-07-14 19:11:31','2026-07-14 19:11:31'),
(275,'Vergelio','Pulgo',NULL,'09278176525',NULL,'Filipino','Other',NULL,'guest-ids/sdS4GQqYY8RSpU2csr8zxqUgAWIotcxBaK4nI8rO.png',NULL,NULL,NULL,'Philippines',NULL,0,0,NULL,'2026-07-14 19:13:22','2026-07-14 19:13:22'),
(276,'Allan','Yap',NULL,'9',NULL,'Filipino',NULL,NULL,NULL,NULL,NULL,NULL,'Philippines',NULL,0,0,'Preferred rm. 201','2026-07-14 19:24:43','2026-07-14 19:24:43'),
(277,'Pat Martin','Ariem',NULL,'09458259536',NULL,'Filipino','Driver\'s License (LTO)',NULL,'guest-ids/gFlewur7ja9AIGeGj0z9kgjFNMxeUuSK7SURK1D5.png',NULL,NULL,NULL,'Philippines',NULL,0,0,NULL,'2026-07-14 21:00:35','2026-07-14 21:00:35'),
(278,'MARK','LHUEL VIRTUDEZ',NULL,'+63 9065756781',NULL,'Filipino',NULL,NULL,'guest-ids/flKby5yS3h7cRT636FRuDY0GlXo8nt1nN8qqUPcA.png',NULL,NULL,NULL,'Philippines',NULL,0,0,NULL,'2026-07-14 22:42:07','2026-07-14 22:43:55'),
(279,'KYLE','` LAXINA',NULL,'+63 9816240509',NULL,'Filipino',NULL,NULL,'guest-ids/vqW8YwTgSZs6NvcBxsTEY7RQcFTfRpLJiudP5rkl.png',NULL,NULL,NULL,'Philippines',NULL,0,0,NULL,'2026-07-14 23:11:13','2026-07-14 23:12:16'),
(280,'Pagtalunan','Lormie',NULL,'+63 9482883152',NULL,'Filipino',NULL,NULL,NULL,NULL,NULL,NULL,'Philippines',NULL,0,0,NULL,'2026-07-15 18:49:45','2026-07-15 18:49:45'),
(281,'Rex','Navidad',NULL,'+63 9178551994',NULL,'Filipino',NULL,NULL,NULL,NULL,NULL,NULL,'Philippines',NULL,0,0,NULL,'2026-07-15 18:50:56','2026-07-15 18:50:56'),
(282,'Vonne','Kyle Valladolid',NULL,'+63 9164126407',NULL,'Filipino',NULL,NULL,NULL,NULL,NULL,NULL,'Philippines',NULL,0,0,NULL,'2026-07-15 18:52:09','2026-07-15 18:52:09'),
(283,'Judie','Marie Jonasan',NULL,'+63 9613880180',NULL,'Filipino',NULL,NULL,NULL,NULL,NULL,NULL,'Philippines',NULL,0,0,NULL,'2026-07-15 18:54:04','2026-07-15 18:54:04'),
(284,'Ryan','Villanueva',NULL,'+63 9171566443',NULL,'Filipino',NULL,NULL,NULL,NULL,NULL,NULL,'Philippines',NULL,0,0,NULL,'2026-07-15 18:55:09','2026-07-15 18:55:09'),
(285,'Riscris','Nebres',NULL,'+63 9515599045',NULL,'Filipino',NULL,NULL,NULL,NULL,NULL,NULL,'Philippines',NULL,0,0,NULL,'2026-07-15 22:18:24','2026-07-15 22:18:24'),
(286,'ELISA','ADRAINECM',NULL,'+63 9700463405',NULL,'Filipino',NULL,NULL,'guest-ids/DlzfYoKIZ9k4RP1hX5J3GQ6UxEUgsOYX01XIiYmv.png',NULL,NULL,NULL,'Philippines',NULL,0,0,NULL,'2026-07-15 23:03:28','2026-07-15 23:06:52'),
(287,'NORMA FELISA','QUISIL',NULL,'NA',NULL,'Filipino','Senior Citizen ID',NULL,'guest-ids/D81sFUK1qrwY7t6rPQzW0QMMOA7hloPtHFsieDmi.png','BARANGAY 4','MALAYBALAY CITY','BUKIDNON','Philippines',NULL,0,0,NULL,'2026-07-15 23:09:55','2026-07-15 23:09:55'),
(288,'NINO','GABRIEL PENIERO',NULL,'+63 9551137231',NULL,'Filipino',NULL,NULL,'guest-ids/W9sOGqB2YIdWHuAnpY1W4SPx70tTvX3vLanhHsmC.jpg',NULL,NULL,NULL,'Philippines',NULL,0,0,NULL,'2026-07-16 05:08:40','2026-07-16 05:13:38'),
(289,'EDUARDO','RELI',NULL,'+63 9351825435',NULL,'Filipino',NULL,NULL,'guest-ids/oizlGpLXH4xpU0ZamFBQkkR5wbxcF2lP3lZml2xd.png',NULL,NULL,NULL,'Philippines',NULL,0,0,NULL,'2026-07-16 05:10:37','2026-07-16 05:13:20'),
(290,'ALBERT',' JR. ANTIPALA',NULL,'+63 9497352132',NULL,'Filipino',NULL,NULL,NULL,NULL,NULL,NULL,'Philippines',NULL,0,0,NULL,'2026-07-16 12:49:18','2026-07-16 12:49:18'),
(291,'MINERVA','SOBLONO',NULL,'+63 9054451731',NULL,'Filipino',NULL,NULL,NULL,NULL,NULL,NULL,'Philippines',NULL,0,0,NULL,'2026-07-16 12:52:30','2026-07-16 12:52:30'),
(292,'Erick','Leopoldo',NULL,'+63 9182913223',NULL,'Filipino',NULL,NULL,NULL,NULL,NULL,NULL,'Philippines',NULL,0,0,NULL,'2026-07-16 15:27:21','2026-07-16 15:27:21'),
(293,'Rosie','Gay Digamon',NULL,'+63 9268290442',NULL,'Filipino','PhilHealth ID',NULL,'guest-ids/pVrpoTBxZwTLZWKbXhtUbeVhr94VqxwBCrGybc8P.png',NULL,NULL,NULL,'Philippines',NULL,0,0,NULL,'2026-07-16 15:28:58','2026-07-16 21:28:25'),
(294,'Janus','Dapanas',NULL,'+63 9617140786',NULL,'Filipino','Driver\'s License (LTO)',NULL,'guest-ids/SF27lRnc7kj0ivuPDwPuYQgDrqIV37DKbQSxC3yg.png',NULL,NULL,NULL,'Philippines',NULL,0,0,NULL,'2026-07-16 15:30:31','2026-07-16 21:27:36'),
(295,'Johannes','Selirio',NULL,'+63 9121983652',NULL,'Filipino',NULL,NULL,'guest-ids/lOTx4BxOUlYOZzNWKlt1utjJV0MPIXn4qiXNktbR.png',NULL,NULL,NULL,'Philippines',NULL,0,0,NULL,'2026-07-16 15:31:54','2026-07-16 21:26:57'),
(296,'Jon','Tamato',NULL,'+63 9553222422',NULL,'Filipino',NULL,NULL,NULL,NULL,NULL,NULL,'Philippines',NULL,0,0,NULL,'2026-07-16 15:32:42','2026-07-16 15:32:42'),
(297,'Rudyard','Latorza',NULL,'+63 9912068296',NULL,'Filipino','Driver\'s License (LTO)',NULL,'guest-ids/Bfb13uUs0QtwQM9wVjBoOPmPdvWX2gxjOkYXrw98.png',NULL,NULL,NULL,'Philippines',NULL,0,0,NULL,'2026-07-16 17:42:43','2026-07-16 21:25:00'),
(298,'Ana','Jannah Yasser',NULL,'+63 9953693441',NULL,'Filipino','Other',NULL,'guest-ids/nttFcLVuWEgbSw1bDcGdxtnL9rGaoXqCQ2rC8mDS.png',NULL,NULL,NULL,'Philippines',NULL,0,0,NULL,'2026-07-16 19:07:52','2026-07-16 21:24:26'),
(299,'Mariani','Madrones',NULL,'+63 9455198249',NULL,'Filipino','PWD ID',NULL,'guest-ids/coCiaf78QXjZoiz29hJObmiIC0N3iic5y70VOOhP.png',NULL,NULL,NULL,'Philippines',NULL,0,0,NULL,'2026-07-16 19:08:58','2026-07-16 21:23:51'),
(300,'Kurt','Pacanza',NULL,'+63 9267554839',NULL,'Filipino','Other',NULL,'guest-ids/1PhhBwKjRuE0NzoqjkqRlLmIgjqdJ6M2muLWBtMs.png',NULL,NULL,NULL,'Philippines',NULL,0,0,NULL,'2026-07-16 19:28:35','2026-07-16 21:23:13'),
(301,'Rocelyn','Ragmac',NULL,'+63 9459723222',NULL,'Filipino','Other',NULL,'guest-ids/sW148MWaZnNV9AhNlVs719ulM08x4o34CpMSotVC.png',NULL,NULL,NULL,'Philippines',NULL,0,0,NULL,'2026-07-16 19:45:24','2026-07-16 21:22:36'),
(302,'April','Grace Arboladura',NULL,'+63 9618644258',NULL,'Filipino','Driver\'s License (LTO)',NULL,'guest-ids/GXM1GfGEVZMp4g6roEVagXW2I9iM2GsykvNyNKta.png',NULL,NULL,NULL,'Philippines',NULL,0,0,NULL,'2026-07-16 20:23:17','2026-07-16 21:21:57'),
(303,'JORDAN','GARRISON',NULL,'+63 9278572274',NULL,'Filipino',NULL,NULL,'guest-ids/cG0cTBnrU9cjGln1BcreVCj55TSdbHi1EGCI0xo5.jpg',NULL,NULL,NULL,'Philippines',NULL,0,0,NULL,'2026-07-16 23:03:07','2026-07-16 23:11:34'),
(304,'EDGAR','OLACO',NULL,'+63 9171729778',NULL,'Filipino',NULL,NULL,'guest-ids/cFHra0sNW05jUsCZS2zUhQma48XbrMIY1TK1Vxp3.png',NULL,NULL,NULL,'Philippines',NULL,0,0,NULL,'2026-07-17 04:56:16','2026-07-17 05:28:10'),
(305,'SHANIA','MAE HUYO-A',NULL,'+63 9603512175',NULL,'Filipino',NULL,NULL,NULL,NULL,NULL,NULL,'Philippines',NULL,0,0,NULL,'2026-07-17 12:49:09','2026-07-17 12:49:09'),
(306,'Chaunchy','Clyde Diel',NULL,'+63 9171362781',NULL,'Filipino',NULL,NULL,'guest-ids/6wJuFG419Jcj2KThhj13eezIBR6vtUZdwID4RtPv.jpg',NULL,NULL,NULL,'Philippines',NULL,0,0,NULL,'2026-07-17 14:41:51','2026-07-17 14:42:31'),
(307,'Helbert','Barredo',NULL,'+63 9154469473',NULL,'Filipino',NULL,NULL,'guest-ids/bayCrZ5Fn8YzhDkCrPe6XtrsevBYQUD5NPg0hXjd.png',NULL,NULL,NULL,'Philippines',NULL,0,0,NULL,'2026-07-17 14:43:09','2026-07-17 20:45:52'),
(308,'Franchie','Marie Godito',NULL,'+63 9103635335',NULL,'Filipino',NULL,NULL,'guest-ids/ELB1uXlH13jwllUiyLu9xw6MKGj53YIgpI1ofsx0.png',NULL,NULL,NULL,'Philippines',NULL,0,0,NULL,'2026-07-17 14:44:51','2026-07-17 20:44:31'),
(309,'Veronica','Suarez',NULL,'+63 9991503867',NULL,'Filipino',NULL,NULL,'guest-ids/1S9XvqQK3Z1wL3uVYQHYUhfHnlMVFOYoP9mT04g7.png',NULL,NULL,NULL,'Philippines',NULL,0,0,NULL,'2026-07-17 14:47:20','2026-07-17 20:44:10'),
(310,'Aaron','John Lapiz',NULL,'+63 9691908175',NULL,'Filipino',NULL,NULL,NULL,NULL,NULL,NULL,'Philippines',NULL,0,0,NULL,'2026-07-17 14:48:34','2026-07-17 14:48:34'),
(311,'Ruby','Leah Caman',NULL,'+63 9616912068',NULL,'Filipino',NULL,NULL,'guest-ids/g0fmUEtexIZ6bmC5csC0GT7gNgbCR2cNAw678iJL.png',NULL,NULL,NULL,'Philippines',NULL,0,0,NULL,'2026-07-17 17:43:55','2026-07-17 20:42:39'),
(312,'Allen','Isaac Sancho',NULL,'+63 912553669',NULL,'Filipino','Driver\'s License (LTO)',NULL,'guest-ids/j3ZZ1g1CAA5wa3roUqOq68HzShIwBQ32EBcIVZVq.png',NULL,NULL,NULL,'Philippines',NULL,0,0,NULL,'2026-07-17 19:15:23','2026-07-17 20:41:44'),
(313,'Adelah','& Alioden Maruhom',NULL,'+63 9702318680',NULL,'Filipino',NULL,NULL,'guest-ids/2dFkH1NAPeA15GcelOXPP4qHuMK0LdQ50POVrF0R.png',NULL,NULL,NULL,'Philippines',NULL,0,0,NULL,'2026-07-17 19:49:12','2026-07-17 20:41:09'),
(314,'Samir','Kaluang',NULL,'+63 9066684468',NULL,'Filipino',NULL,NULL,'guest-ids/PSX3bqoOdZMSkcBbI4cNurbpBFdem72s7porqbz8.png',NULL,NULL,NULL,'Philippines',NULL,0,0,NULL,'2026-07-17 20:03:20','2026-07-17 20:40:43'),
(315,'Ranelie Jeel','Anson',NULL,'09946402422',NULL,'Filipino','Other',NULL,'guest-ids/75RNheeJUjlZd31Olcsp8vIOWZtLuKRzXaeYi9jq.png',NULL,NULL,NULL,'Philippines',NULL,0,0,NULL,'2026-07-18 01:54:24','2026-07-18 01:54:24'),
(316,'John Ray','Torres','torresjohnray@gmail.com','09676659491',NULL,'Filipino','PRC ID',NULL,'guest-ids/4lEyKxBf4MgaCnkx659xj6gFrrhw2W0fau4iKB6w.png',NULL,NULL,NULL,'Philippines',NULL,0,0,NULL,'2026-07-18 01:58:32','2026-07-18 01:58:32'),
(317,'Richard','Villanz',NULL,'+63 9952569355',NULL,'Filipino',NULL,NULL,NULL,NULL,NULL,NULL,'Philippines',NULL,0,0,NULL,'2026-07-18 02:03:38','2026-07-18 02:03:38'),
(318,'Jayson','Alenton',NULL,'09971067270',NULL,'Filipino','Other',NULL,'guest-ids/75FH5Wx6O9fSUPuFYU9dHQJgwwBdOzCJsKzbzC7c.png',NULL,NULL,NULL,'Philippines',NULL,0,0,'BFP Guest','2026-07-18 02:05:18','2026-07-18 02:05:18'),
(319,'Antonio','Serna Jr.',NULL,'09533966092',NULL,'Filipino','Other',NULL,'guest-ids/r81rEhI2s6LC31GZF60L2naG23UrXzTgXUyOzdEa.png',NULL,NULL,NULL,'Philippines',NULL,0,0,NULL,'2026-07-18 02:06:27','2026-07-18 02:06:27'),
(320,'Rey','Piega',NULL,'09564825500','1994-06-04','Filipino','Driver\'s License (LTO)',NULL,'guest-ids/9X2Xy7f0GvTqm7faMyR8Im77f9mtq3O5WPQEhAJT.png',NULL,'Pagadian City','Zamboanga del Sur','Philippines',NULL,0,0,NULL,'2026-07-18 03:04:55','2026-07-18 03:04:55'),
(321,'JOSEPH','LEGAYADA',NULL,'+63 9956188079',NULL,'Filipino',NULL,NULL,NULL,NULL,NULL,NULL,'Philippines',NULL,0,0,NULL,'2026-07-18 08:40:19','2026-07-18 08:40:19'),
(322,'RAYMART','MANALO',NULL,'+63 9273802094',NULL,'Filipino',NULL,NULL,NULL,NULL,NULL,NULL,'Philippines',NULL,0,0,NULL,'2026-07-18 11:56:37','2026-07-18 11:56:37'),
(323,'MARIELLA','GENOBATA',NULL,'+63 9922334455',NULL,'Filipino',NULL,NULL,NULL,NULL,NULL,NULL,'Philippines',NULL,0,0,NULL,'2026-07-18 13:23:22','2026-07-18 13:23:22'),
(324,'MARIO','SACRO',NULL,'+63 99944477',NULL,'Filipino',NULL,NULL,NULL,NULL,NULL,NULL,'Philippines',NULL,0,0,NULL,'2026-07-18 13:35:29','2026-07-18 13:35:29'),
(325,'JAYVEE','DALOGDOG',NULL,'+63 9164343992',NULL,'Filipino',NULL,NULL,NULL,NULL,NULL,NULL,'Philippines',NULL,0,0,NULL,'2026-07-18 13:37:50','2026-07-18 13:37:50'),
(326,'MUHAMMADNUR','MADAYAN',NULL,'+63 9385715710',NULL,'Filipino',NULL,NULL,NULL,NULL,NULL,NULL,'Philippines',NULL,0,0,NULL,'2026-07-18 20:31:36','2026-07-18 20:31:36'),
(327,'DANELLE','TAN',NULL,'+63 9621305625',NULL,'Filipino',NULL,NULL,NULL,NULL,NULL,NULL,'Philippines',NULL,0,0,NULL,'2026-07-18 20:34:22','2026-07-18 20:34:22'),
(328,'FRECEL','MAE ROQUE',NULL,'+63 9069385274',NULL,'Filipino',NULL,NULL,NULL,NULL,NULL,NULL,'Philippines',NULL,0,0,NULL,'2026-07-18 20:35:51','2026-07-18 20:35:51'),
(329,'MARC','SORIO',NULL,'+63 9615635799',NULL,'Filipino',NULL,NULL,NULL,NULL,NULL,NULL,'Philippines',NULL,0,0,NULL,'2026-07-18 20:36:58','2026-07-18 20:36:58'),
(330,'RICARDO','ANZANO',NULL,'+63 9178781375',NULL,'Filipino',NULL,NULL,NULL,NULL,NULL,NULL,'Philippines',NULL,0,0,NULL,'2026-07-18 20:58:51','2026-07-18 20:58:51'),
(331,'CREZEL','SUGUIHAN',NULL,'+63 9756740176',NULL,'Filipino',NULL,NULL,NULL,NULL,NULL,NULL,'Philippines',NULL,0,0,NULL,'2026-07-18 21:12:47','2026-07-18 21:12:47'),
(332,'NESMA','ABEDIN',NULL,'+63 9649169781',NULL,'Filipino',NULL,NULL,NULL,NULL,NULL,NULL,'Philippines',NULL,0,0,NULL,'2026-07-18 21:14:34','2026-07-18 21:14:34'),
(333,'JOSIE','ABOC',NULL,'+63 9956620449',NULL,'Filipino',NULL,NULL,NULL,NULL,NULL,NULL,'Philippines',NULL,0,0,NULL,'2026-07-18 21:16:01','2026-07-18 21:16:01'),
(334,'MAURA','ABIAN',NULL,'+63 9050355879',NULL,'Filipino',NULL,NULL,NULL,NULL,NULL,NULL,'Philippines',NULL,0,0,NULL,'2026-07-18 21:20:20','2026-07-18 21:20:20'),
(335,'JACENTH','RAFAEL',NULL,'+63 9970712232',NULL,'Filipino',NULL,NULL,NULL,NULL,NULL,NULL,'Philippines',NULL,0,0,NULL,'2026-07-18 21:22:26','2026-07-18 21:22:26'),
(336,'EJ','Pontillas',NULL,'+63 9952788263',NULL,'Filipino',NULL,NULL,'guest-ids/7qE3w7pWnjGarwyTWywLlIrQyZfZIrPhroG1L7RX.png',NULL,NULL,NULL,'Philippines',NULL,0,0,NULL,'2026-07-19 03:09:09','2026-07-19 03:14:42'),
(337,'Joseph','Macaranas',NULL,'+63 9458257372',NULL,'Filipino',NULL,NULL,'guest-ids/2Z2MyRondheswYgGmYPVximMQBlfS6y9sousUAS7.png',NULL,NULL,NULL,'Philippines',NULL,0,0,NULL,'2026-07-19 03:10:07','2026-07-19 03:15:03'),
(338,'Leonides','Dean',NULL,'+63 9184890913',NULL,'Filipino',NULL,NULL,'guest-ids/V2qGv7wiXq1OpDnWFLWCb5bDLOpnhod2kJ1nbXam.png',NULL,NULL,NULL,'Philippines',NULL,0,0,NULL,'2026-07-19 03:11:55','2026-07-19 03:15:27'),
(339,'April','Gardo',NULL,'+63 9639449827',NULL,'Filipino',NULL,NULL,'guest-ids/yGgixsbmyf5JBv4xHMucOwGlPnXI2IS8fVlCmWej.png',NULL,NULL,NULL,'Philippines',NULL,0,0,NULL,'2026-07-19 03:13:27','2026-07-19 03:15:47'),
(340,'Owen','Louie Guzman',NULL,'+63 9602795011',NULL,'Filipino',NULL,NULL,NULL,NULL,NULL,NULL,'Philippines',NULL,0,0,NULL,'2026-07-19 05:59:11','2026-07-19 05:59:11'),
(341,'GUDWARA','JAHIB CHAIL',NULL,'+63 9161949260',NULL,'Filipino',NULL,NULL,NULL,NULL,NULL,NULL,'Philippines',NULL,0,0,NULL,'2026-07-19 11:01:53','2026-07-19 11:01:53'),
(342,'JUAN','UNABIA',NULL,'+63 9178827212',NULL,'Filipino',NULL,NULL,NULL,NULL,NULL,NULL,'Philippines',NULL,0,0,NULL,'2026-07-19 12:23:55','2026-07-19 12:23:55'),
(343,'WALTER','ENCARNACION',NULL,'+63 9539460616',NULL,'Filipino',NULL,NULL,NULL,NULL,NULL,NULL,'Philippines',NULL,0,0,NULL,'2026-07-19 20:12:01','2026-07-19 20:12:01'),
(344,'MARIBETH','SIAO',NULL,'+63 9675667645',NULL,'Filipino',NULL,NULL,NULL,NULL,NULL,NULL,'Philippines',NULL,0,0,NULL,'2026-07-19 20:14:31','2026-07-19 20:14:31'),
(345,'MARIA','DORADO',NULL,'+63 9363953979',NULL,'Filipino',NULL,NULL,NULL,NULL,NULL,NULL,'Philippines',NULL,0,0,NULL,'2026-07-19 20:19:42','2026-07-19 20:19:42'),
(346,'DANICA','GABOYA',NULL,'+63 9614598417',NULL,'Filipino',NULL,NULL,NULL,NULL,NULL,NULL,'Philippines',NULL,0,0,NULL,'2026-07-19 20:27:13','2026-07-19 20:27:13'),
(347,'RAMIL','VALDEZ',NULL,'+63 9457022704',NULL,'Filipino',NULL,NULL,'guest-ids/etk8A1YzOEuEfoNA2BsaZxZmHycDqhQTp1wCIVfz.png',NULL,NULL,NULL,'Philippines',NULL,0,0,NULL,'2026-07-19 23:45:30','2026-07-20 23:47:20'),
(348,'JAMINAH','MANOK',NULL,'+63 9541633829',NULL,'Filipino',NULL,NULL,'guest-ids/euN2Ot7rL2T14TRtr8iIgO02gCC9lXgQjpB7jqGW.png',NULL,NULL,NULL,'Philippines',NULL,0,0,NULL,'2026-07-19 23:46:59','2026-07-20 23:45:13'),
(349,'KISHIA','BASLOTE',NULL,'+63 9759846827',NULL,'Filipino',NULL,NULL,'guest-ids/X3OSTHjQDAc4dPs7WBWZfPLkNhEor2c5qbUsV4xZ.png',NULL,NULL,NULL,'Philippines',NULL,0,0,NULL,'2026-07-19 23:49:00','2026-07-20 23:44:36'),
(350,'QWENDYS','JOY RIFE',NULL,'+63 9615214947',NULL,'Filipino',NULL,NULL,NULL,NULL,NULL,NULL,'Philippines',NULL,0,0,NULL,'2026-07-19 23:50:50','2026-07-19 23:50:50'),
(351,'RYAN','LOBRIGAS',NULL,'+63 9770986418',NULL,'Filipino',NULL,NULL,'guest-ids/K3ShAifZrm2cZX1pJrQadjDKt0ypgMJ7pyJdmXbH.png',NULL,NULL,NULL,'Philippines',NULL,0,0,NULL,'2026-07-19 23:52:19','2026-07-20 23:46:12'),
(352,'DENJERK','LAGOD',NULL,'+63 9531032762',NULL,'Filipino',NULL,NULL,'guest-ids/tpfuJCrKhT1XFdsnNiYsjY8MBpjedx2Fa2cYUlfu.png',NULL,NULL,NULL,'Philippines',NULL,0,0,NULL,'2026-07-20 00:03:44','2026-07-20 23:46:51'),
(353,'Abdul','Rahman Palao',NULL,'+63 9269149064',NULL,'Filipino',NULL,NULL,'guest-ids/J2sSKDkX7EpeCayR92jcAsVgHt58ARQ4MB41hsWD.png',NULL,NULL,NULL,'Philippines',NULL,0,0,NULL,'2026-07-20 12:58:35','2026-07-20 13:02:22'),
(354,'RIZA','MAE CALISO',NULL,'+63 9261594807',NULL,'Filipino',NULL,NULL,NULL,NULL,NULL,NULL,'Philippines',NULL,0,0,NULL,'2026-07-20 19:16:56','2026-07-20 19:16:56'),
(355,'ADRIANNE','CHRISTIAN DENSING',NULL,'+63 9296403578',NULL,'Filipino',NULL,NULL,NULL,NULL,NULL,NULL,'Philippines',NULL,0,0,NULL,'2026-07-20 19:18:54','2026-07-20 19:18:54'),
(356,'JEREMIAH','LOMOLOY',NULL,'+63 9664733367',NULL,'Filipino',NULL,NULL,NULL,NULL,NULL,NULL,'Philippines',NULL,0,0,NULL,'2026-07-20 19:20:34','2026-07-20 19:20:34'),
(357,'MATEO','FRANCISCO',NULL,'+63 9924627141',NULL,'Filipino',NULL,NULL,NULL,NULL,NULL,NULL,'Philippines',NULL,0,0,NULL,'2026-07-20 19:33:57','2026-07-20 19:33:57'),
(358,'MARK','ARBOIZ',NULL,'+63 9471514771',NULL,'Filipino',NULL,NULL,NULL,NULL,NULL,NULL,'Philippines',NULL,0,0,NULL,'2026-07-20 19:35:45','2026-07-20 19:35:45'),
(359,'ELDIE','JAY MANZANARES',NULL,'+63 9206100047',NULL,'Filipino',NULL,NULL,NULL,NULL,NULL,NULL,'Philippines',NULL,0,0,NULL,'2026-07-20 19:37:19','2026-07-20 19:37:19'),
(360,'MARIE','ANN PAYOT',NULL,'+63 9351123191',NULL,'Filipino',NULL,NULL,NULL,NULL,NULL,NULL,'Philippines',NULL,0,0,NULL,'2026-07-20 19:40:02','2026-07-20 19:40:02'),
(361,'SHEILA','LABAJO',NULL,'+63 9609009110',NULL,'Filipino',NULL,NULL,NULL,NULL,NULL,NULL,'Philippines',NULL,0,0,NULL,'2026-07-20 19:42:39','2026-07-20 19:42:39'),
(362,'AMAL','TOLIA',NULL,'+63 9451743101',NULL,'Filipino',NULL,NULL,'guest-ids/GGPOf7aaEQuLLZdAnWcFHilHDTMjV9nDYH325vhA.png',NULL,NULL,NULL,'Philippines',NULL,0,0,NULL,'2026-07-20 23:34:04','2026-07-20 23:48:13'),
(363,'ROY','DARAL',NULL,'+63 9396140529',NULL,'Filipino',NULL,NULL,'guest-ids/NR982y2jxE2tMrEEAK6CRNQlIPTkDcbsD8v7SAUJ.png',NULL,NULL,NULL,'Philippines',NULL,0,0,NULL,'2026-07-20 23:35:11','2026-07-20 23:47:50'),
(364,'MARK','PALLESCA',NULL,'+63 9185737019',NULL,'Filipino',NULL,NULL,'guest-ids/thdtKyIrT7A1PyKKZok4uaAMRkM3JRl8mokVjax8.png',NULL,NULL,NULL,'Philippines',NULL,0,0,NULL,'2026-07-21 01:37:50','2026-07-21 22:16:52'),
(365,'RAPHAEL','RENANTE',NULL,'+63 9774713105',NULL,'Filipino',NULL,NULL,'guest-ids/oh1eWDG6g2CSt0aGFTAyjJXYmIrkw58FK08QGupZ.png',NULL,NULL,NULL,'Philippines',NULL,0,0,NULL,'2026-07-21 01:41:43','2026-07-21 22:14:16'),
(366,'ALJON','CAGAPE',NULL,'+63 9973071839',NULL,'Filipino',NULL,NULL,'guest-ids/w2QJA88mCJ7OjiC1EWX09GMzQF487k8vMFJjIUNh.png',NULL,NULL,NULL,'Philippines',NULL,0,0,NULL,'2026-07-21 05:24:21','2026-07-21 22:13:47'),
(367,'CATHERINE','SORANIOG',NULL,'+63 9453980428',NULL,'Filipino',NULL,NULL,'guest-ids/81QMJKhAvuN0Ycp8x7gJrl3Gc6e9PnKAdK0Rz38K.png',NULL,NULL,NULL,'Philippines',NULL,0,0,NULL,'2026-07-21 05:26:33','2026-07-21 22:12:52'),
(368,'Gail','Besiohan',NULL,'+63 9122910855',NULL,'Filipino',NULL,NULL,'guest-ids/IUgx2Wxkz9jSkBAYXilmdoxn7THrwNKjMySHFl1p.png',NULL,NULL,NULL,'Philippines',NULL,0,0,NULL,'2026-07-21 08:42:12','2026-07-21 08:45:31'),
(369,'JOSIE','PAMPLONA',NULL,'+63 9359727108',NULL,'Filipino',NULL,NULL,NULL,NULL,NULL,NULL,'Philippines',NULL,0,0,NULL,'2026-07-21 20:15:50','2026-07-21 20:15:50'),
(370,'BADRIAH','ACMAD',NULL,'+63 9176896403',NULL,'Filipino',NULL,NULL,NULL,NULL,NULL,NULL,'Philippines',NULL,0,0,NULL,'2026-07-21 20:21:50','2026-07-21 20:21:50'),
(371,'ROWELL','TAGIOBON',NULL,'+63 9178166107',NULL,'Filipino',NULL,NULL,NULL,NULL,NULL,NULL,'Philippines',NULL,0,0,NULL,'2026-07-21 20:25:59','2026-07-21 20:25:59'),
(372,'MICHAEL','FANLO',NULL,'+63 9355644409',NULL,'Filipino',NULL,NULL,NULL,NULL,NULL,NULL,'Philippines',NULL,0,0,NULL,'2026-07-21 20:28:18','2026-07-21 20:28:18'),
(373,'DULCE','AMOR MATONDO',NULL,'+63 9260423510',NULL,'Filipino',NULL,NULL,NULL,NULL,NULL,NULL,'Philippines',NULL,0,0,NULL,'2026-07-21 20:43:24','2026-07-21 20:43:24'),
(374,'KURT','PACANZA',NULL,'+63 9267553849',NULL,'Filipino',NULL,NULL,'guest-ids/RtRczzjh6yDrLzXhjbgXucbaT8YCXfR4wVWoqM9O.png',NULL,NULL,NULL,'Philippines',NULL,0,0,NULL,'2026-07-21 22:11:10','2026-07-21 22:18:20'),
(375,'JAN','IAN DEPACAQUIVO',NULL,'+63 9661495848',NULL,'Filipino',NULL,NULL,'guest-ids/sybOkLiE3mJfY8H4vqHvr9IYxIjkkZFno7NPfX3Q.png',NULL,NULL,NULL,'Philippines',NULL,0,0,NULL,'2026-07-21 23:13:32','2026-07-21 23:14:51'),
(376,'Joey','Villahermosa',NULL,'09359727108',NULL,'Filipino',NULL,NULL,'guest-ids/UeI1PIph39uMEmnHn6oaBBv6LYZW5CbCtQ3wP5ax.png',NULL,NULL,NULL,'Philippines',NULL,0,0,NULL,'2026-07-22 10:51:00','2026-07-22 10:51:00'),
(377,'Rylle Sebastian Isaiah','Zapanta',NULL,'09940416785',NULL,'Filipino','Other',NULL,'guest-ids/dSOS2zt8lJqRqanic4OaDvmHYqL1hscZU1KthF1E.jpg',NULL,NULL,NULL,'Philippines',NULL,0,0,NULL,'2026-07-22 13:49:44','2026-07-22 13:49:44'),
(378,'RONALD','NANQUIL',NULL,'+63 9096747282',NULL,'Filipino',NULL,NULL,NULL,NULL,NULL,NULL,'Philippines',NULL,0,0,NULL,'2026-07-22 20:26:09','2026-07-22 20:26:09'),
(379,'NENETH','TIU',NULL,'+63 9107474550',NULL,'Filipino',NULL,NULL,NULL,NULL,NULL,NULL,'Philippines',NULL,0,0,NULL,'2026-07-22 20:30:40','2026-07-22 20:30:40'),
(380,'Frederick','Gomez',NULL,NULL,NULL,'Filipino',NULL,NULL,NULL,NULL,NULL,NULL,'Philippines',NULL,0,0,NULL,'2026-07-23 12:09:26','2026-07-23 12:10:33'),
(381,'Edsmir','Jibal',NULL,'09363915800','2003-06-15','Filipino','PhilHealth ID',NULL,'guest-ids/ao5WTQmRJ9PeamXxVwuoRSrpOxk7I7DYvkkPxEEn.png',NULL,'Zamboanga City','Zamboanga del Sur','Philippines',NULL,0,0,'Under the reservation of Benjamin Chiong','2026-07-23 12:14:36','2026-07-23 12:14:36'),
(382,'Philip','Michael Mapa',NULL,'+63 09152946902',NULL,'Filipino','Other',NULL,'guest-ids/OxVk06VNhSAiRKWWSZcjl88B5OnCkmzNvryipOZf.png',NULL,NULL,NULL,'Philippines',NULL,0,0,NULL,'2026-07-23 16:16:21','2026-07-29 11:24:51'),
(383,'ULYSIS','AVILES',NULL,'+63 9350665520',NULL,'Filipino','Passport','P8323379A','guest-ids/0Ni6ZUpqiNlCCgb8Sky0oGmJ2rPqdGBf12BH19KK.png',NULL,NULL,NULL,'Philippines',NULL,0,0,NULL,'2026-07-23 19:59:13','2026-07-29 03:05:31'),
(384,'MARK','LOUISE MENDOZA',NULL,'+63 9985582916',NULL,'Filipino',NULL,NULL,NULL,NULL,NULL,NULL,'Philippines',NULL,0,0,NULL,'2026-07-23 20:09:16','2026-07-23 20:09:16'),
(385,'LORETO','MARIS',NULL,'+63 9289035102',NULL,'Filipino',NULL,NULL,NULL,NULL,NULL,NULL,'Philippines',NULL,0,0,NULL,'2026-07-23 20:10:19','2026-07-23 20:10:19'),
(386,'Axel','Launay',NULL,'+63 9671884288',NULL,'Filipino',NULL,NULL,'guest-ids/VJZBpjc4wkmg9vSHm2iq26HhSPXBLlbNeTyCz0Wi.png',NULL,NULL,NULL,'Philippines',NULL,0,0,NULL,'2026-07-23 23:08:05','2026-07-23 23:13:46'),
(387,'Hassanor','Omar',NULL,'+63 9352172567',NULL,'Filipino',NULL,NULL,'guest-ids/pHjxDi5AMwFcNp3SzwqExvDmSnY11xYbsijV6jP7.png',NULL,NULL,NULL,'Philippines',NULL,0,0,NULL,'2026-07-23 23:09:15','2026-07-25 23:15:33'),
(388,'Prince','Mangondaya',NULL,'+63 9171244073',NULL,'Filipino',NULL,NULL,'guest-ids/sMOVUgu43vYTIHs5PvFvRNZDCJyI85aDWDYZ0ht3.png',NULL,NULL,NULL,'Philippines',NULL,0,0,NULL,'2026-07-23 23:10:13','2026-07-23 23:14:43'),
(389,'Ann','Gabrielle Colipano',NULL,'+63 9624378068',NULL,'Filipino',NULL,NULL,'guest-ids/ARyWvlZERm9guYs3LzXf3A3y3imfks8czMv4j5h0.png',NULL,NULL,NULL,'Philippines',NULL,0,0,NULL,'2026-07-23 23:11:16','2026-07-23 23:15:12'),
(390,'Frencess','Mie Torralba',NULL,'+63 9998825736',NULL,'Filipino',NULL,NULL,'guest-ids/gyyIfSMLEgYzSAKz0Q70SYwOISwAPMRCkjVPnDCP.png',NULL,NULL,NULL,'Philippines',NULL,0,0,NULL,'2026-07-23 23:12:38','2026-07-23 23:15:43'),
(391,'Charlotte','/ Micole Isaga / Litang',NULL,'+63 9167751846',NULL,'Filipino',NULL,NULL,'guest-ids/uEYUdXiTaGKbytbRpJSZ3IU016v6eMPNc3VTc9kd.png',NULL,NULL,NULL,'Philippines',NULL,0,0,NULL,'2026-07-24 00:28:18','2026-07-24 00:32:35'),
(392,'Rose','Ann Rojas',NULL,'+63 9274116618',NULL,'Filipino',NULL,NULL,'guest-ids/BF7GscPvIJd8a0LWxycgZnKrnaZSbQWuP7AgKKOx.png',NULL,NULL,NULL,'Philippines',NULL,0,0,NULL,'2026-07-24 03:24:28','2026-07-24 04:09:21'),
(393,'Nicole Andrei','Ching',NULL,'09753313620',NULL,'Filipino','Other',NULL,'guest-ids/CZHdPduH9N4fyRRzn3JeOUbcqfKqliONvPVO9mEa.png',NULL,NULL,NULL,'Philippines',NULL,0,0,NULL,'2026-07-24 11:37:31','2026-07-24 11:37:31'),
(394,'Mae','Clavecilla',NULL,NULL,NULL,'Filipino',NULL,NULL,NULL,NULL,NULL,NULL,'Philippines',NULL,0,0,NULL,'2026-07-24 12:58:35','2026-07-24 12:58:35'),
(395,'AMERHUSSIEN','ORANDING',NULL,'+63 9551254359',NULL,'Filipino',NULL,NULL,NULL,NULL,NULL,NULL,'Philippines',NULL,0,0,NULL,'2026-07-24 20:34:39','2026-07-24 20:34:39'),
(396,'VICTOR','n/a',NULL,'+63 9044586994',NULL,'Filipino',NULL,NULL,NULL,NULL,NULL,NULL,'Philippines',NULL,0,0,NULL,'2026-07-24 20:35:36','2026-07-24 20:35:36'),
(397,'NANETTE','SORIANO',NULL,'+63 9512472530',NULL,'Filipino','Other',NULL,'guest-ids/MimkgwYLKzezCPlhy0kgRaQHh9j7e62JpWpiDDFq.png',NULL,NULL,NULL,'Philippines',NULL,0,0,NULL,'2026-07-24 20:38:40','2026-07-29 03:02:01'),
(398,'KARL','FORTUNA',NULL,'+63 9623033027',NULL,'Filipino','National ID (PhilSys)','5068-5462-5847-6412','guest-ids/ItsWaKF06wMSiKFCMDDxqgbTPmEDkQAqSMPqGZwR.png',NULL,NULL,NULL,'Philippines',NULL,0,0,NULL,'2026-07-24 20:39:49','2026-07-29 03:01:09'),
(399,'JOSEPH','LEGAYADA',NULL,'+63 9556188079',NULL,'Filipino',NULL,NULL,NULL,NULL,NULL,NULL,'Philippines',NULL,0,0,NULL,'2026-07-24 20:43:53','2026-07-24 20:43:53'),
(400,'LYNETTE','GENIDA',NULL,'+63 9668110435',NULL,'Filipino',NULL,NULL,NULL,NULL,NULL,NULL,'Philippines',NULL,0,0,NULL,'2026-07-24 20:44:48','2026-07-24 20:44:48'),
(401,'Elma','Andilab',NULL,'+63 9542365830',NULL,'Filipino',NULL,NULL,'guest-ids/mlM1Lp6UPqkdBXkBLxm9TEwr7iVwkV8ZZeEUXsH9.png',NULL,NULL,NULL,'Philippines',NULL,0,0,NULL,'2026-07-25 02:45:19','2026-07-25 02:51:04'),
(402,'Evgenii','Lavrov',NULL,'+63 9060490403',NULL,'Filipino',NULL,NULL,'guest-ids/o5xeG4kBSjSDtaDvC22gWiTrJoRhAIq2k1s03mx0.png',NULL,NULL,NULL,'Philippines',NULL,0,0,NULL,'2026-07-25 02:47:57','2026-07-25 02:52:00'),
(403,'Jhonver','Cambarihan',NULL,'+63 9392525328',NULL,'Filipino',NULL,NULL,'guest-ids/bpCEPAfNCY300QDCdWjXv1GiPBJk7tMqdg1U3hgm.png',NULL,NULL,NULL,'Philippines',NULL,0,0,NULL,'2026-07-25 02:49:21','2026-07-25 02:52:30'),
(404,'BERLET','MONDOY',NULL,'+63 9757697512',NULL,'Filipino',NULL,NULL,NULL,NULL,NULL,NULL,'Philippines',NULL,0,0,NULL,'2026-07-25 08:50:30','2026-07-25 08:50:30'),
(405,'Joyce','Abian',NULL,'+63 9754820400',NULL,'Filipino',NULL,NULL,'guest-ids/HYtKPyCamyfS3GVauy9AKNeFDquD2WLISpxASuO6.png',NULL,NULL,NULL,'Philippines',NULL,0,0,NULL,'2026-07-25 20:02:07','2026-07-25 20:12:46'),
(406,'Scott','Henry Arinos',NULL,'+63 9662881702',NULL,'Filipino',NULL,NULL,'guest-ids/sRVANI78Vbn8v62zIIo6hBgTJEkG9cjRMKsKUPTI.png',NULL,NULL,NULL,'Philippines',NULL,0,0,NULL,'2026-07-25 20:04:13','2026-07-25 20:13:28'),
(407,'Julius','Orong',NULL,'+63 9355960475',NULL,'Filipino',NULL,NULL,'guest-ids/RfSCj8NNxhido9vuaxqVWqMieFMacTX26CO11C0k.png',NULL,NULL,NULL,'Philippines',NULL,0,0,NULL,'2026-07-25 20:05:33','2026-07-25 20:14:54'),
(408,'Rowel','Llaca',NULL,'+63 9461698565',NULL,'Filipino',NULL,NULL,'guest-ids/tZJ0Fx2wtjcf9rSWsKBUugCA1We0xdCqq1zhoCUG.png',NULL,NULL,NULL,'Philippines',NULL,0,0,NULL,'2026-07-25 20:06:58','2026-07-25 20:15:18'),
(409,'JOJI','BLISS TIBURCIO',NULL,'+63 9487772293',NULL,'Filipino',NULL,NULL,'guest-ids/14qpbNnIe0z4ZogPlKn4xdpcGeSg4izIj82wz604.jpg',NULL,NULL,NULL,'Philippines',NULL,0,0,NULL,'2026-07-25 22:32:35','2026-07-25 23:14:00'),
(410,'CARFIL','ESTOPIA',NULL,'+63 9103002232',NULL,'Filipino',NULL,NULL,'guest-ids/5ihBH2KkXIUax5bGiHnkb17OWZ2LENuKUCd4orcH.jpg',NULL,NULL,NULL,'Philippines',NULL,0,0,NULL,'2026-07-26 05:35:14','2026-07-26 06:00:50'),
(411,'ILTYD','SERBOL',NULL,'+63 9453419028',NULL,'Filipino',NULL,NULL,NULL,NULL,NULL,NULL,'Philippines',NULL,0,0,NULL,'2026-07-26 09:01:12','2026-07-26 09:01:12'),
(412,'ROLAND','REMENTIZO',NULL,'+63 9677708431',NULL,'Filipino',NULL,NULL,NULL,NULL,NULL,NULL,'Philippines',NULL,0,0,NULL,'2026-07-26 20:04:07','2026-07-26 20:04:07'),
(413,'EXOPERIA','IGAR',NULL,'+63 9171083185',NULL,'Filipino',NULL,NULL,NULL,NULL,NULL,NULL,'Philippines',NULL,0,0,NULL,'2026-07-26 20:06:42','2026-07-26 20:06:42'),
(414,'GARY','MERCADO',NULL,'+63 9281741212',NULL,'Filipino',NULL,NULL,NULL,NULL,NULL,NULL,'Philippines',NULL,0,0,NULL,'2026-07-26 20:08:26','2026-07-26 20:08:26'),
(415,'JORDAN','LORENTE',NULL,'+63 9304844223',NULL,'Filipino','Other',NULL,'guest-ids/PeQJsflTgmixkE5d28aY3QRNnI2I0cyz9bBPezUT.png',NULL,NULL,NULL,'Philippines',NULL,0,0,NULL,'2026-07-26 20:10:00','2026-07-29 02:55:51'),
(416,'RICA','CALEJESAN',NULL,'+63 9856152819',NULL,'Filipino','Other',NULL,'guest-ids/NftuDITipKgCthTZCD4hPD4BWQKeY3pTKzDoMIjj.png',NULL,NULL,NULL,'Philippines',NULL,0,0,NULL,'2026-07-26 20:11:19','2026-07-29 02:54:55'),
(417,'JAYSON','CAHILES',NULL,'+63 9171125992',NULL,'Filipino',NULL,NULL,NULL,NULL,NULL,NULL,'Philippines',NULL,0,0,NULL,'2026-07-26 20:25:52','2026-07-26 20:25:52'),
(418,'HENRY','TE',NULL,'+63 9177102713',NULL,'Filipino','Driver\'s License (LTO)',NULL,'guest-ids/1nQanzZRvUUO8UqqKcFp47TQDqHPvV19tzlm9Tix.png',NULL,NULL,NULL,'Philippines',NULL,0,0,NULL,'2026-07-26 20:26:58','2026-07-29 02:53:43'),
(419,'SHAIRA','ABDUL',NULL,'+63 9158177288',NULL,'Filipino','Other',NULL,'guest-ids/PiEN4BtiLYanVgdRfxKB7rcsg8VkZE9FAECnx9dd.png',NULL,NULL,NULL,'Philippines',NULL,0,0,NULL,'2026-07-26 20:29:18','2026-07-29 02:53:02'),
(420,'LORAINE','LEOPOLDO',NULL,'+63 9754910565',NULL,'Filipino','Other',NULL,'guest-ids/sg3WxuhHpj5VEcQAx3ZDIXiN3BkCOAVgxN7JX7wC.png',NULL,NULL,NULL,'Philippines',NULL,0,0,NULL,'2026-07-26 20:30:33','2026-07-29 02:52:21'),
(421,'RAFAEL','ACTUB',NULL,'+63 9773701474',NULL,'Filipino','Driver\'s License (LTO)',NULL,'guest-ids/0wW5lLYFvMTszot0vMTPcKSM92fTzNTQIZ0Ix6d9.png',NULL,NULL,NULL,'Philippines',NULL,0,0,NULL,'2026-07-26 23:13:37','2026-07-29 02:51:23'),
(422,'BENJIE','PEPITO',NULL,'+63 9068288173',NULL,'Filipino',NULL,NULL,NULL,NULL,NULL,NULL,'Philippines',NULL,0,0,NULL,'2026-07-26 23:14:58','2026-07-26 23:14:58'),
(423,'Herbert','Ramises',NULL,'09695853706',NULL,'Filipino','Driver\'s License (LTO)',NULL,'guest-ids/fiNT68pcduO1nLQ37NQb3owyZIpbHCHy22WRRO2d.png',NULL,NULL,NULL,'Philippines',NULL,0,0,NULL,'2026-07-27 12:02:05','2026-07-27 12:02:05'),
(424,'Aia','Kay Salinding',NULL,'+63 9530379446',NULL,'Filipino','Other',NULL,'guest-ids/IdRGBW0effYtunHIREaHFOx1xV91qxvAZkybAAVu.png',NULL,NULL,NULL,'Philippines',NULL,0,0,NULL,'2026-07-27 12:10:44','2026-07-29 02:49:45'),
(425,'JEY','AR ELCANO',NULL,'+63 9469904092',NULL,'Filipino',NULL,NULL,NULL,NULL,NULL,NULL,'Philippines',NULL,0,0,NULL,'2026-07-27 19:39:53','2026-07-27 19:39:53'),
(426,'VINCENT','MAGALLANES',NULL,'+63 92880709550',NULL,'Filipino','Other',NULL,'guest-ids/rWRI7zp4RgsVCiJue9ixbVVEbdtEgyXhmH2nQs1n.png',NULL,NULL,NULL,'Philippines',NULL,0,0,NULL,'2026-07-27 19:41:42','2026-07-29 02:46:13'),
(427,'JOELIX','NILLAMA',NULL,'+63 93105242697',NULL,'Filipino','Other',NULL,'guest-ids/BUxxxF08ET72gJqssqQdZlQ0tfHE3SzMV7LJKxLs.png',NULL,NULL,NULL,'Philippines',NULL,0,0,NULL,'2026-07-27 19:42:50','2026-07-29 02:44:59'),
(428,'JERICHO','MALIBAGO',NULL,'+63 9677104830',NULL,'Filipino','Other',NULL,'guest-ids/fi0wgHWdoCZo26NtYcekwMjKqf9PBlODv7UJ0Ojw.png',NULL,NULL,NULL,'Philippines',NULL,0,0,NULL,'2026-07-27 19:44:11','2026-07-29 02:43:57'),
(429,'JOHN','PAUL CORNELIO',NULL,'+63 9098115404',NULL,'Filipino','National ID (PhilSys)',NULL,'guest-ids/lp9pYpCBYknI0kNuIeEtu0mIDibL8d4LuwOI7HKX.png',NULL,NULL,NULL,'Philippines',NULL,0,0,NULL,'2026-07-27 20:01:59','2026-07-29 02:42:46'),
(430,'HARLOW','DAGOOC',NULL,'+63 9526536155',NULL,'Filipino','Driver\'s License (LTO)',NULL,'guest-ids/PdWfodgbRGTK0AdwqeD1WZEXaHFjG4RPXo94niLe.png',NULL,NULL,NULL,'Philippines',NULL,0,0,NULL,'2026-07-27 20:04:15','2026-07-29 02:39:12'),
(431,'JAYSON','CAHILES',NULL,'+63 9121125992',NULL,'Filipino','Driver\'s License (LTO)',NULL,'guest-ids/SQOoYnzgEBBQi4GOhgDV6faAp0WyQxyGJCW8saNS.png',NULL,NULL,NULL,'Philippines',NULL,0,0,NULL,'2026-07-27 20:05:57','2026-07-28 04:49:56'),
(432,'MARJORIE','CONSON',NULL,'+63 9354357341',NULL,'Filipino','Other',NULL,'guest-ids/GCnWApG7FFpe9pkVCtWER7eGGDulk42IcDV5SRHu.png',NULL,NULL,NULL,'Philippines',NULL,0,0,NULL,'2026-07-27 20:07:37','2026-07-28 04:48:34'),
(433,'Cecilbern','Bernabe',NULL,'09634994496',NULL,'Filipino','Other',NULL,'guest-ids/j8Z5qg1AMWwaZ3WE7VGtevVuex8Kxt5jNd5q5pvj.png',NULL,'Iligan City',NULL,'Philippines',NULL,0,0,NULL,'2026-07-28 04:52:03','2026-07-28 04:52:03'),
(434,'Francey Aisah','Angcoo',NULL,'09159202955',NULL,'Filipino','Passport',NULL,'guest-ids/coNfDVXpwKeXR36WCyfsV62gP1Nt8Izzn4fOxKWo.jpg',NULL,NULL,NULL,'Philippines',NULL,0,0,NULL,'2026-07-28 04:55:00','2026-07-28 04:55:00'),
(435,'Elizabeth','Marcella',NULL,'+63 9171475196',NULL,'Filipino','UMID',NULL,'guest-ids/73y0PUboXNrrmUFdFYnYifjsyvnikMclQzH4ttL7.png',NULL,NULL,NULL,'Philippines',NULL,0,0,NULL,'2026-07-28 09:21:00','2026-07-29 02:38:18'),
(436,'Judith','Duran',NULL,'+63 9562412763',NULL,'Filipino','Driver\'s License (LTO)',NULL,'guest-ids/QkExCYGjE0OYohfcSL9DIEzQN4ytpMTswA16WZE8.png',NULL,NULL,NULL,'Philippines',NULL,0,0,NULL,'2026-07-28 13:06:04','2026-07-29 01:57:21'),
(437,'RENNBRAN','JUVENTUD',NULL,'+63 9559046633',NULL,'Filipino','Driver\'s License (LTO)',NULL,'guest-ids/hUnS1DjzPEVFIsiTbeWimxiLIRSaAuEE3muFwub0.png',NULL,NULL,NULL,'Philippines',NULL,0,0,NULL,'2026-07-28 19:47:03','2026-07-29 01:56:44'),
(438,'EDWIN','OLAER',NULL,'+63 9760336921',NULL,'Filipino','National ID (PhilSys)',NULL,'guest-ids/CY4r6eJjceS1LM5wKKaMzA4gici8RaAl9feouq0E.png',NULL,NULL,NULL,'Philippines',NULL,0,0,NULL,'2026-07-28 19:49:49','2026-07-29 01:56:03'),
(439,'CECILBERN','BERNABE',NULL,'+63 9634994496',NULL,'Filipino','Other',NULL,'guest-ids/CXeIyP48YOP8wO4eKqSCzsl3cVgmYTPzj7U1itFg.png',NULL,NULL,NULL,'Philippines',NULL,0,0,NULL,'2026-07-28 19:53:05','2026-07-29 01:55:20'),
(440,'ZAMANTHA','ELIZABETH TIMOG',NULL,'+63 9977864213',NULL,'Filipino','Driver\'s License (LTO)','K19-23-003269','guest-ids/SCkcdgqZ6lkLq6uosO5mojUcqTOpx0IAFzn2lUwD.png','P-4 Liloan, Lumbo','Valencia City','Bukidnon','Philippines',NULL,0,0,NULL,'2026-07-28 20:21:46','2026-07-29 01:53:10'),
(441,'JUNDY','FORTEZA',NULL,'+63 9129247378',NULL,'Filipino','Other','2026-0040','guest-ids/vhwZSY6IX9uiyRy8psEcILJb1uvGEYYENJDralgl.png',NULL,NULL,NULL,'Philippines',NULL,0,0,NULL,'2026-07-28 20:26:23','2026-07-29 01:49:42'),
(442,'CJ','AWA',NULL,'+63 9197518176',NULL,'Filipino','PRC ID',NULL,'guest-ids/TaSo42YdKUl12KMfwvYy8M4fE5BZ75NZTQDxeBmO.png',NULL,NULL,NULL,'Philippines',NULL,0,0,NULL,'2026-07-28 20:31:46','2026-07-29 01:48:05'),
(443,'APRIL ROSE','ONG',NULL,'+63 9060375982',NULL,'Filipino','PhilHealth ID','15-025602900-8','guest-ids/vH5UfJHPpZmUTmfWFE8ejyFlN1vrUpptSgLuz2dK.png',NULL,NULL,NULL,'Philippines',NULL,0,0,NULL,'2026-07-28 20:33:50','2026-07-29 01:45:53'),
(444,'CYRUS','BAGON',NULL,'+63 9494935826',NULL,'Filipino','Other',NULL,'guest-ids/d1yjP78FrGfgRLIHvP1tXRGI5wNPMukIyRo8uL2M.png',NULL,NULL,NULL,'Philippines',NULL,0,0,NULL,'2026-07-28 20:36:43','2026-07-29 01:43:02'),
(445,'Charles Ford','Paraon',NULL,'09150975051',NULL,'Filipino','UMID','0034-0287299-8','guest-ids/QL6sFVJq4LKzsyh4w9pW0xRQUOMPMxlYTDSsbpfy.png','B-3 L-24 North Crest Vill. Bagumbong Rd.','Caloocan City','NCR','Philippines',NULL,0,0,NULL,'2026-07-29 03:30:51','2026-07-29 03:52:06'),
(446,'Kurt Kristian','Pacanza',NULL,'09267553849',NULL,'Filipino','Other','240037261','guest-ids/FlgtqeQsTlhN0p2HGo304jSIf59o263lzHVXer1u.png',NULL,'Manolo Fortich','Bukidnon','Philippines',NULL,0,0,NULL,'2026-07-29 03:38:08','2026-07-29 03:39:28'),
(447,'Cosme Carlo','Lacang',NULL,'09165117440','1986-09-27','Filipino','Driver\'s License (LTO)','N02-13-025737','guest-ids/6VY9W4Dd3UMNwEaxIJe5dipfbCBrQRavDpN4ZYtl.png',NULL,'Quezon City','Manila','Philippines',NULL,0,0,NULL,'2026-07-29 03:41:20','2026-07-29 03:42:57'),
(448,'Alexander','Ortiz',NULL,'09664489272',NULL,'Filipino','PWD ID','10-4305-0016456','guest-ids/8RzdRFIsFejtIgvEoEDB7lxBykO755oNl2yoi9ja.png',NULL,NULL,NULL,'Philippines',NULL,0,0,NULL,'2026-07-29 04:00:00','2026-07-29 04:00:50'),
(449,'Cristobal','Cenita',NULL,'+63 9776864811',NULL,'Filipino',NULL,NULL,NULL,NULL,NULL,NULL,'Philippines',NULL,0,0,NULL,'2026-07-29 07:21:08','2026-07-29 07:21:08');

--
-- Table structure for table `hero_slides`
--

CREATE TABLE `hero_slides` (
  `id` bigint(20) unsigned NOT NULL AUTO_INCREMENT,
  `title` varchar(255) DEFAULT NULL,
  `caption` text DEFAULT NULL,
  `image_path` varchar(255) DEFAULT NULL,
  `sort_order` int(11) NOT NULL DEFAULT 0,
  `active` tinyint(1) NOT NULL DEFAULT 1,
  `created_at` timestamp NULL DEFAULT NULL,
  `updated_at` timestamp NULL DEFAULT NULL,
  PRIMARY KEY (`id`)
) ENGINE=InnoDB AUTO_INCREMENT=4 DEFAULT CHARSET=utf8mb4 COLLATE=utf8mb4_unicode_ci;

--
-- Dumping data for table `hero_slides`
--

INSERT INTO `hero_slides` VALUES
(1,'Welcome to Parkview Hotel CDO','Experience comfort and warm Filipino hospitality in the heart of Cagayan de Oro City.',NULL,1,1,'2026-07-28 20:14:11','2026-07-28 20:14:11'),
(2,'Modern Rooms for Every Need','Choose from 16 room types — from budget-friendly rooms to spacious executive suites.',NULL,2,1,'2026-07-28 20:14:11','2026-07-28 20:14:11'),
(3,'Your Gateway to CDO','Perfectly located near major attractions, shopping centers, and business districts in Cagayan de Oro.',NULL,3,1,'2026-07-28 20:14:11','2026-07-28 20:14:11');

--
-- Table structure for table `inquiries`
--

CREATE TABLE `inquiries` (
  `id` bigint(20) unsigned NOT NULL AUTO_INCREMENT,
  `name` varchar(255) NOT NULL,
  `email` varchar(255) NOT NULL,
  `phone` varchar(255) DEFAULT NULL,
  `subject` varchar(255) DEFAULT NULL,
  `message` text NOT NULL,
  `status` varchar(255) NOT NULL DEFAULT 'new',
  `ip_address` varchar(45) DEFAULT NULL,
  `created_at` timestamp NULL DEFAULT NULL,
  `updated_at` timestamp NULL DEFAULT NULL,
  PRIMARY KEY (`id`)
) ENGINE=InnoDB DEFAULT CHARSET=utf8mb4 COLLATE=utf8mb4_unicode_ci;

--
-- Dumping data for table `inquiries`
--


--
-- Table structure for table `job_batches`
--

CREATE TABLE `job_batches` (
  `id` varchar(255) NOT NULL,
  `name` varchar(255) NOT NULL,
  `total_jobs` int(11) NOT NULL,
  `pending_jobs` int(11) NOT NULL,
  `failed_jobs` int(11) NOT NULL,
  `failed_job_ids` longtext NOT NULL,
  `options` mediumtext DEFAULT NULL,
  `cancelled_at` int(11) DEFAULT NULL,
  `created_at` int(11) NOT NULL,
  `finished_at` int(11) DEFAULT NULL,
  PRIMARY KEY (`id`)
) ENGINE=InnoDB DEFAULT CHARSET=utf8mb4 COLLATE=utf8mb4_unicode_ci;

--
-- Dumping data for table `job_batches`
--


--
-- Table structure for table `jobs`
--

CREATE TABLE `jobs` (
  `id` bigint(20) unsigned NOT NULL AUTO_INCREMENT,
  `queue` varchar(255) NOT NULL,
  `payload` longtext NOT NULL,
  `attempts` smallint(5) unsigned NOT NULL,
  `reserved_at` int(10) unsigned DEFAULT NULL,
  `available_at` int(10) unsigned NOT NULL,
  `created_at` int(10) unsigned NOT NULL,
  PRIMARY KEY (`id`),
  KEY `jobs_queue_index` (`queue`)
) ENGINE=InnoDB DEFAULT CHARSET=utf8mb4 COLLATE=utf8mb4_unicode_ci;

--
-- Dumping data for table `jobs`
--


--
-- Table structure for table `maintenance_requests`
--

CREATE TABLE `maintenance_requests` (
  `id` bigint(20) unsigned NOT NULL AUTO_INCREMENT,
  `room_no` varchar(10) DEFAULT NULL,
  `location` varchar(255) NOT NULL,
  `category` varchar(255) NOT NULL,
  `priority` varchar(255) NOT NULL,
  `description` text NOT NULL,
  `status` varchar(255) NOT NULL DEFAULT 'open',
  `reported_by` varchar(255) DEFAULT NULL,
  `resolved_at` timestamp NULL DEFAULT NULL,
  `resolution_notes` text DEFAULT NULL,
  `created_at` timestamp NULL DEFAULT NULL,
  `updated_at` timestamp NULL DEFAULT NULL,
  PRIMARY KEY (`id`),
  KEY `maintenance_requests_room_no_index` (`room_no`)
) ENGINE=InnoDB AUTO_INCREMENT=6 DEFAULT CHARSET=utf8mb4 COLLATE=utf8mb4_unicode_ci;

--
-- Dumping data for table `maintenance_requests`
--

INSERT INTO `maintenance_requests` VALUES
(1,'306','Room 306','structural','urgent','Ceiling plaster cracked and partially falling near bathroom entry. Debris on floor. Room removed from sale until repaired — do not assign to guests.','open','Management',NULL,NULL,'2026-06-17 23:03:35','2026-06-17 23:03:35'),
(2,'412','Room 412','electrical','normal','Wall outlet near work desk not functioning. Tested with phone charger — no power. Other outlets in room work fine.','open','Housekeeping - Ana',NULL,NULL,'2026-06-17 23:03:35','2026-06-17 23:03:35'),
(3,NULL,'2nd Floor Hallway','hvac','high','Central AC unit near the elevator is emitting an intermittent loud rattling noise. Multiple guests on Floor 2 have complained. Appears to worsen in the afternoon.','in_progress','Front Desk',NULL,NULL,'2026-06-17 23:03:35','2026-06-17 23:03:35'),
(4,NULL,'Pool Deck','structural','high','Handrail along the pool staircase is loose and wobbles. Safety risk for guests. Flagged by pool attendant during morning inspection.','open','Pool Attendant',NULL,NULL,'2026-06-17 23:03:35','2026-06-17 23:03:35'),
(5,'313','Room 313','plumbing','low','Shower head pressure noticeably low compared to other rooms. Guest mentioned it during check-out.','resolved','Front Desk - Jessa','2026-06-14 23:03:35','Cleaned shower head filter — mineral buildup removed. Pressure restored to normal.','2026-06-17 23:03:35','2026-06-17 23:03:35');

--
-- Table structure for table `media`
--

CREATE TABLE `media` (
  `id` bigint(20) unsigned NOT NULL AUTO_INCREMENT,
  `path` varchar(255) NOT NULL,
  `disk` varchar(255) NOT NULL DEFAULT 'public',
  `mime` varchar(255) DEFAULT NULL,
  `size` bigint(20) unsigned NOT NULL DEFAULT 0,
  `width` int(10) unsigned DEFAULT NULL,
  `height` int(10) unsigned DEFAULT NULL,
  `alt_text` varchar(255) DEFAULT NULL,
  `title` varchar(255) DEFAULT NULL,
  `uploaded_by` bigint(20) unsigned DEFAULT NULL,
  `created_at` timestamp NULL DEFAULT NULL,
  `updated_at` timestamp NULL DEFAULT NULL,
  PRIMARY KEY (`id`),
  KEY `media_uploaded_by_foreign` (`uploaded_by`),
  CONSTRAINT `media_uploaded_by_foreign` FOREIGN KEY (`uploaded_by`) REFERENCES `users` (`id`) ON DELETE SET NULL
) ENGINE=InnoDB DEFAULT CHARSET=utf8mb4 COLLATE=utf8mb4_unicode_ci;

--
-- Dumping data for table `media`
--


--
-- Table structure for table `migrations`
--

CREATE TABLE `migrations` (
  `id` int(10) unsigned NOT NULL AUTO_INCREMENT,
  `migration` varchar(255) NOT NULL,
  `batch` int(11) NOT NULL,
  PRIMARY KEY (`id`)
) ENGINE=InnoDB AUTO_INCREMENT=57 DEFAULT CHARSET=utf8mb4 COLLATE=utf8mb4_unicode_ci;

--
-- Dumping data for table `migrations`
--

INSERT INTO `migrations` VALUES
(1,'0001_01_01_000000_create_users_table',1),
(2,'0001_01_01_000001_create_cache_table',1),
(3,'0001_01_01_000002_create_jobs_table',1),
(4,'2026_06_14_064431_create_maintenance_requests_table',1),
(5,'2026_06_14_100000_create_rooms_table',1),
(6,'2026_06_14_110000_create_settings_table',1),
(7,'2026_06_14_120000_create_reservations_table',1),
(8,'2026_06_14_204245_create_reservation_payments_table',1),
(9,'2026_06_14_230000_create_folio_charges_table',1),
(10,'2026_06_14_250000_create_guests_table',1),
(11,'2026_06_14_251000_add_guest_id_to_reservations_table',1),
(12,'2026_06_14_260000_add_id_image_to_guests_table',1),
(13,'2026_06_14_270000_create_pos_products_table',1),
(14,'2026_06_14_271000_create_pos_transactions_table',1),
(15,'2026_06_14_272000_create_pos_transaction_items_table',1),
(16,'2026_06_14_280000_create_rate_plans_table',1),
(17,'2026_06_14_281000_create_rate_plan_rates_table',1),
(18,'2026_06_14_282000_add_rate_plan_id_to_reservations_table',1),
(19,'2026_06_15_020208_create_channel_configs_table',1),
(20,'2026_06_15_100000_create_roles_table',1),
(21,'2026_06_15_100001_create_permissions_table',1),
(22,'2026_06_15_100002_create_role_permission_table',1),
(23,'2026_06_15_100003_update_users_table',1),
(24,'2026_06_15_200000_create_website_contents_table',1),
(25,'2026_06_15_200001_create_room_photos_table',1),
(26,'2026_06_15_210000_add_pos_transaction_id_to_folio_charges',1),
(27,'2026_06_15_212840_add_image_path_to_pos_products_table',1),
(28,'2026_06_15_214307_create_shifts_table',1),
(29,'2026_06_15_220000_create_newsletter_subscribers_table',1),
(30,'2026_06_15_221906_add_tutorial_completed_at_to_users_table',1),
(31,'2026_06_15_230000_create_activity_logs_table',1),
(32,'2026_06_15_230001_create_reservation_groups_table',1),
(33,'2026_06_15_230002_add_group_id_to_reservations_table',1),
(34,'2026_06_15_240000_create_guest_reminders_table',1),
(35,'2026_06_16_000001_add_soft_deletes_to_tables',1),
(36,'2026_06_18_155737_add_performance_indexes',2),
(37,'2026_07_02_000001_add_checked_in_at_to_reservations',3),
(38,'2026_07_02_000002_add_checked_out_at_to_reservations',4),
(39,'2026_07_12_000001_create_inquiries_table',5),
(40,'2026_07_12_000002_create_faqs_table',5),
(41,'2026_07_12_000003_create_promotions_table',5),
(42,'2026_07_12_000004_create_testimonials_table',5),
(43,'2026_07_12_000005_create_trust_badges_table',5),
(44,'2026_07_12_000006_create_attractions_table',5),
(45,'2026_07_12_000007_create_hero_slides_table',5),
(46,'2026_07_12_000008_create_posts_table',5),
(47,'2026_07_12_000009_create_website_content_revisions_table',5),
(48,'2026_07_12_000010_create_media_table',5),
(49,'2026_07_12_000011_add_locale_to_website_contents',5),
(50,'2026_07_12_000012_add_locale_to_website_content_revisions',5),
(51,'2026_07_16_100000_add_senior_pwd_discount_to_reservations',5),
(52,'2026_07_16_100001_add_or_number_to_reservation_payments',5),
(53,'2026_07_16_100002_add_nationality_to_reservations',5),
(54,'2026_07_16_120000_add_or_number_to_pos_transactions',5),
(55,'2026_07_17_000001_create_translations_table',5),
(56,'2026_07_17_000002_add_confirmation_token_to_reservations',5);

--
-- Table structure for table `newsletter_subscribers`
--

CREATE TABLE `newsletter_subscribers` (
  `id` bigint(20) unsigned NOT NULL AUTO_INCREMENT,
  `email` varchar(255) NOT NULL,
  `name` varchar(255) DEFAULT NULL,
  `ip_address` varchar(45) DEFAULT NULL,
  `active` tinyint(1) NOT NULL DEFAULT 1,
  `subscribed_at` timestamp NOT NULL,
  `unsubscribed_at` timestamp NULL DEFAULT NULL,
  `created_at` timestamp NULL DEFAULT NULL,
  `updated_at` timestamp NULL DEFAULT NULL,
  PRIMARY KEY (`id`),
  UNIQUE KEY `newsletter_subscribers_email_unique` (`email`)
) ENGINE=InnoDB DEFAULT CHARSET=utf8mb4 COLLATE=utf8mb4_unicode_ci;

--
-- Dumping data for table `newsletter_subscribers`
--


--
-- Table structure for table `pos_products`
--

CREATE TABLE `pos_products` (
  `id` bigint(20) unsigned NOT NULL AUTO_INCREMENT,
  `name` varchar(255) NOT NULL,
  `description` text DEFAULT NULL,
  `image_path` varchar(255) DEFAULT NULL,
  `price` decimal(10,2) NOT NULL,
  `category` varchar(255) NOT NULL DEFAULT 'other',
  `active` tinyint(1) NOT NULL DEFAULT 1,
  `created_at` timestamp NULL DEFAULT NULL,
  `updated_at` timestamp NULL DEFAULT NULL,
  PRIMARY KEY (`id`)
) ENGINE=InnoDB AUTO_INCREMENT=29 DEFAULT CHARSET=utf8mb4 COLLATE=utf8mb4_unicode_ci;

--
-- Dumping data for table `pos_products`
--

INSERT INTO `pos_products` VALUES
(1,'Coffee (Hot)',NULL,NULL,65.00,'food_beverage',1,'2026-06-17 23:03:36','2026-06-17 23:03:36'),
(2,'Hot Chocolate',NULL,NULL,75.00,'food_beverage',1,'2026-06-17 23:03:36','2026-06-17 23:03:36'),
(3,'Orange Juice',NULL,NULL,85.00,'food_beverage',1,'2026-06-17 23:03:36','2026-06-17 23:03:36'),
(4,'Bottled Water (500ml)',NULL,NULL,25.00,'food_beverage',1,'2026-06-17 23:03:36','2026-06-17 23:03:36'),
(5,'Softdrinks (Regular)',NULL,NULL,45.00,'food_beverage',1,'2026-06-17 23:03:36','2026-06-17 23:03:36'),
(6,'Breakfast Set A',NULL,NULL,250.00,'food_beverage',1,'2026-06-17 23:03:36','2026-06-17 23:03:36'),
(7,'Filipino Breakfast Set',NULL,NULL,280.00,'food_beverage',1,'2026-06-17 23:03:36','2026-06-17 23:03:36'),
(8,'Lunch Set',NULL,NULL,350.00,'food_beverage',1,'2026-06-17 23:03:36','2026-06-17 23:03:36'),
(9,'Dinner Set',NULL,NULL,450.00,'food_beverage',1,'2026-06-17 23:03:36','2026-06-17 23:03:36'),
(10,'Rice (per serving)',NULL,NULL,30.00,'food_beverage',1,'2026-06-17 23:03:36','2026-06-17 23:03:36'),
(11,'Toast & Butter',NULL,NULL,75.00,'food_beverage',1,'2026-06-17 23:03:36','2026-06-17 23:03:36'),
(12,'Beer – San Miguel Pale',NULL,NULL,85.00,'minibar',1,'2026-06-17 23:03:36','2026-06-17 23:03:36'),
(13,'Beer – San Miguel Light',NULL,NULL,90.00,'minibar',1,'2026-06-17 23:03:36','2026-06-17 23:03:36'),
(14,'Pringles Original',NULL,NULL,120.00,'minibar',1,'2026-06-17 23:03:36','2026-06-17 23:03:36'),
(15,'Snickers Bar',NULL,NULL,55.00,'minibar',1,'2026-06-17 23:03:36','2026-06-17 23:03:36'),
(16,'Nuts & Crackers',NULL,NULL,75.00,'minibar',1,'2026-06-17 23:03:36','2026-06-17 23:03:36'),
(17,'T-Shirt / Polo',NULL,NULL,35.00,'laundry',1,'2026-06-17 23:03:36','2026-06-17 23:03:36'),
(18,'Pants / Jeans',NULL,NULL,50.00,'laundry',1,'2026-06-17 23:03:36','2026-06-17 23:03:36'),
(19,'Dress / Blouse',NULL,NULL,45.00,'laundry',1,'2026-06-17 23:03:36','2026-06-17 23:03:36'),
(20,'Underwear / Socks',NULL,NULL,20.00,'laundry',1,'2026-06-17 23:03:36','2026-06-17 23:03:36'),
(21,'Bedsheet Set',NULL,NULL,120.00,'laundry',1,'2026-06-17 23:03:36','2026-06-17 23:03:36'),
(22,'Local Call (per call)',NULL,NULL,15.00,'telephone',1,'2026-06-17 23:03:36','2026-06-17 23:03:36'),
(23,'Long Distance (per min)',NULL,NULL,25.00,'telephone',1,'2026-06-17 23:03:36','2026-06-17 23:03:36'),
(24,'Extra Pillow',NULL,NULL,100.00,'other',1,'2026-06-17 23:03:36','2026-06-17 23:03:36'),
(25,'Extra Blanket',NULL,NULL,150.00,'other',1,'2026-06-17 23:03:36','2026-06-17 23:03:36'),
(26,'Baby Cot',NULL,NULL,300.00,'other',1,'2026-06-17 23:03:36','2026-06-17 23:03:36'),
(27,'Internet Day Pass',NULL,NULL,100.00,'other',1,'2026-06-17 23:03:36','2026-06-17 23:03:36'),
(28,'Printing (per page)',NULL,NULL,5.00,'other',1,'2026-06-17 23:03:36','2026-06-17 23:03:36');

--
-- Table structure for table `pos_transaction_items`
--

CREATE TABLE `pos_transaction_items` (
  `id` bigint(20) unsigned NOT NULL AUTO_INCREMENT,
  `pos_transaction_id` bigint(20) unsigned NOT NULL,
  `pos_product_id` bigint(20) unsigned DEFAULT NULL,
  `description` varchar(255) NOT NULL,
  `unit_price` decimal(10,2) NOT NULL,
  `quantity` smallint(5) unsigned NOT NULL DEFAULT 1,
  `category` varchar(255) NOT NULL DEFAULT 'other',
  `created_at` timestamp NULL DEFAULT NULL,
  `updated_at` timestamp NULL DEFAULT NULL,
  PRIMARY KEY (`id`),
  KEY `pos_transaction_items_pos_transaction_id_index` (`pos_transaction_id`)
) ENGINE=InnoDB AUTO_INCREMENT=72 DEFAULT CHARSET=utf8mb4 COLLATE=utf8mb4_unicode_ci;

--
-- Dumping data for table `pos_transaction_items`
--

INSERT INTO `pos_transaction_items` VALUES
(1,1,1,'Coffee (Hot)',65.00,2,'food_beverage','2026-06-17 23:03:36','2026-06-17 23:03:36'),
(2,1,6,'Breakfast Set A',250.00,2,'food_beverage','2026-06-17 23:03:36','2026-06-17 23:03:36'),
(3,1,4,'Bottled Water (500ml)',25.00,2,'food_beverage','2026-06-17 23:03:36','2026-06-17 23:03:36'),
(4,2,12,'Beer – San Miguel Pale',85.00,3,'minibar','2026-06-17 23:03:36','2026-06-17 23:03:36'),
(5,2,14,'Pringles Original',120.00,2,'minibar','2026-06-17 23:03:36','2026-06-17 23:03:36'),
(6,2,16,'Nuts & Crackers',75.00,1,'minibar','2026-06-17 23:03:36','2026-06-17 23:03:36'),
(7,3,17,'T-Shirt / Polo',35.00,4,'laundry','2026-06-17 23:03:36','2026-06-17 23:03:36'),
(8,3,18,'Pants / Jeans',50.00,2,'laundry','2026-06-17 23:03:36','2026-06-17 23:03:36'),
(9,3,19,'Dress / Blouse',45.00,2,'laundry','2026-06-17 23:03:36','2026-06-17 23:03:36'),
(10,3,20,'Underwear / Socks',20.00,3,'laundry','2026-06-17 23:03:36','2026-06-17 23:03:36'),
(11,4,8,'Lunch Set',350.00,1,'food_beverage','2026-06-17 23:03:36','2026-06-17 23:03:36'),
(12,4,10,'Rice (per serving)',30.00,2,'food_beverage','2026-06-17 23:03:36','2026-06-17 23:03:36'),
(13,4,3,'Orange Juice',85.00,1,'food_beverage','2026-06-17 23:03:36','2026-06-17 23:03:36'),
(14,4,5,'Softdrinks (Regular)',45.00,2,'food_beverage','2026-06-17 23:03:36','2026-06-17 23:03:36'),
(15,5,27,'Internet Day Pass',100.00,1,'other','2026-06-17 23:03:36','2026-06-17 23:03:36'),
(16,5,28,'Printing (per page)',5.00,8,'other','2026-06-17 23:03:36','2026-06-17 23:03:36'),
(17,6,9,'Dinner Set',450.00,2,'food_beverage','2026-06-17 23:03:36','2026-06-17 23:03:36'),
(18,6,10,'Rice (per serving)',30.00,3,'food_beverage','2026-06-17 23:03:36','2026-06-17 23:03:36'),
(19,6,2,'Hot Chocolate',75.00,2,'food_beverage','2026-06-17 23:03:36','2026-06-17 23:03:36'),
(20,7,7,'Filipino Breakfast Set',280.00,1,'food_beverage','2026-06-17 23:03:36','2026-06-17 23:03:36'),
(21,7,1,'Coffee (Hot)',65.00,2,'food_beverage','2026-06-17 23:03:36','2026-06-17 23:03:36'),
(22,7,11,'Toast & Butter',75.00,1,'food_beverage','2026-06-17 23:03:36','2026-06-17 23:03:36'),
(23,7,3,'Orange Juice',85.00,1,'food_beverage','2026-06-17 23:03:36','2026-06-17 23:03:36'),
(24,8,21,'Bedsheet Set',120.00,1,'laundry','2026-06-17 23:03:36','2026-06-17 23:03:36'),
(25,8,17,'T-Shirt / Polo',35.00,3,'laundry','2026-06-17 23:03:36','2026-06-17 23:03:36'),
(26,8,18,'Pants / Jeans',50.00,2,'laundry','2026-06-17 23:03:36','2026-06-17 23:03:36'),
(27,9,24,'Extra Pillow',100.00,2,'other','2026-06-17 23:03:36','2026-06-17 23:03:36'),
(28,9,25,'Extra Blanket',150.00,1,'other','2026-06-17 23:03:36','2026-06-17 23:03:36'),
(29,9,26,'Baby Cot',300.00,1,'other','2026-06-17 23:03:36','2026-06-17 23:03:36'),
(30,10,13,'Beer – San Miguel Light',90.00,2,'minibar','2026-06-17 23:03:36','2026-06-17 23:03:36'),
(31,10,14,'Pringles Original',120.00,1,'minibar','2026-06-17 23:03:36','2026-06-17 23:03:36'),
(32,10,15,'Snickers Bar',55.00,3,'minibar','2026-06-17 23:03:36','2026-06-17 23:03:36'),
(33,10,4,'Bottled Water (500ml)',25.00,4,'food_beverage','2026-06-17 23:03:36','2026-06-17 23:03:36'),
(34,11,1,'Coffee (Hot)',65.00,3,'food_beverage','2026-06-17 23:03:36','2026-06-17 23:03:36'),
(35,11,11,'Toast & Butter',75.00,2,'food_beverage','2026-06-17 23:03:36','2026-06-17 23:03:36'),
(36,11,4,'Bottled Water (500ml)',25.00,2,'food_beverage','2026-06-17 23:03:36','2026-06-17 23:03:36'),
(37,12,5,'Softdrinks (Regular)',45.00,4,'food_beverage','2026-06-17 23:03:36','2026-06-17 23:03:36'),
(38,12,4,'Bottled Water (500ml)',25.00,6,'food_beverage','2026-06-17 23:03:36','2026-06-17 23:03:36'),
(39,12,15,'Snickers Bar',55.00,2,'minibar','2026-06-17 23:03:36','2026-06-17 23:03:36'),
(40,13,6,'Breakfast Set A',250.00,2,'food_beverage','2026-06-17 23:03:36','2026-06-17 23:03:36'),
(41,13,3,'Orange Juice',85.00,2,'food_beverage','2026-06-17 23:03:36','2026-06-17 23:03:36'),
(42,13,1,'Coffee (Hot)',65.00,2,'food_beverage','2026-06-17 23:03:36','2026-06-17 23:03:36'),
(43,14,17,'T-Shirt / Polo',35.00,5,'laundry','2026-06-17 23:03:36','2026-06-17 23:03:36'),
(44,14,18,'Pants / Jeans',50.00,3,'laundry','2026-06-17 23:03:36','2026-06-17 23:03:36'),
(45,14,19,'Dress / Blouse',45.00,2,'laundry','2026-06-17 23:03:36','2026-06-17 23:03:36'),
(46,14,21,'Bedsheet Set',120.00,1,'laundry','2026-06-17 23:03:36','2026-06-17 23:03:36'),
(47,15,2,'Hot Chocolate',75.00,1,'food_beverage','2026-06-17 23:03:36','2026-06-17 23:03:36'),
(48,15,14,'Pringles Original',120.00,1,'minibar','2026-06-17 23:03:36','2026-06-17 23:03:36'),
(49,15,16,'Nuts & Crackers',75.00,2,'minibar','2026-06-17 23:03:36','2026-06-17 23:03:36'),
(50,16,8,'Lunch Set',350.00,4,'food_beverage','2026-06-17 23:03:36','2026-06-17 23:03:36'),
(51,16,10,'Rice (per serving)',30.00,6,'food_beverage','2026-06-17 23:03:36','2026-06-17 23:03:36'),
(52,16,5,'Softdrinks (Regular)',45.00,4,'food_beverage','2026-06-17 23:03:36','2026-06-17 23:03:36'),
(53,16,4,'Bottled Water (500ml)',25.00,4,'food_beverage','2026-06-17 23:03:36','2026-06-17 23:03:36'),
(54,17,12,'Beer – San Miguel Pale',85.00,6,'minibar','2026-06-17 23:03:36','2026-06-17 23:03:36'),
(55,17,13,'Beer – San Miguel Light',90.00,3,'minibar','2026-06-17 23:03:36','2026-06-17 23:03:36'),
(56,17,16,'Nuts & Crackers',75.00,4,'minibar','2026-06-17 23:03:36','2026-06-17 23:03:36'),
(57,18,9,'Dinner Set',450.00,2,'food_beverage','2026-06-17 23:03:36','2026-06-17 23:03:36'),
(58,18,10,'Rice (per serving)',30.00,4,'food_beverage','2026-06-17 23:03:36','2026-06-17 23:03:36'),
(59,18,3,'Orange Juice',85.00,2,'food_beverage','2026-06-17 23:03:36','2026-06-17 23:03:36'),
(60,18,2,'Hot Chocolate',75.00,1,'food_beverage','2026-06-17 23:03:36','2026-06-17 23:03:36'),
(61,19,27,'Internet Day Pass',100.00,2,'other','2026-06-17 23:03:36','2026-06-17 23:03:36'),
(62,19,28,'Printing (per page)',5.00,15,'other','2026-06-17 23:03:36','2026-06-17 23:03:36'),
(63,20,2,'Hot Chocolate',75.00,2,'food_beverage','2026-06-17 23:03:36','2026-06-17 23:03:36'),
(64,20,15,'Snickers Bar',55.00,3,'minibar','2026-06-17 23:03:36','2026-06-17 23:03:36'),
(65,20,1,'Coffee (Hot)',65.00,1,'food_beverage','2026-06-17 23:03:36','2026-06-17 23:03:36'),
(66,20,4,'Bottled Water (500ml)',25.00,3,'food_beverage','2026-06-17 23:03:36','2026-06-17 23:03:36'),
(67,21,4,'Bottled Water (500ml)',25.00,1,'food_beverage','2026-06-18 13:48:47','2026-06-18 13:48:47'),
(68,21,1,'Coffee (Hot)',65.00,1,'food_beverage','2026-06-18 13:48:47','2026-06-18 13:48:47'),
(69,21,7,'Filipino Breakfast Set',280.00,1,'food_beverage','2026-06-18 13:48:47','2026-06-18 13:48:47'),
(70,21,2,'Hot Chocolate',75.00,1,'food_beverage','2026-06-18 13:48:47','2026-06-18 13:48:47'),
(71,21,10,'Rice (per serving)',30.00,1,'food_beverage','2026-06-18 13:48:47','2026-06-18 13:48:47');

--
-- Table structure for table `pos_transactions`
--

CREATE TABLE `pos_transactions` (
  `id` bigint(20) unsigned NOT NULL AUTO_INCREMENT,
  `reservation_id` bigint(20) unsigned DEFAULT NULL,
  `cashier` varchar(255) NOT NULL DEFAULT 'Front Desk',
  `total` decimal(10,2) NOT NULL,
  `payment_method` varchar(255) DEFAULT NULL,
  `reference` varchar(255) DEFAULT NULL,
  `or_number` varchar(255) DEFAULT NULL,
  `notes` text DEFAULT NULL,
  `transaction_date` date NOT NULL,
  `created_at` timestamp NULL DEFAULT NULL,
  `updated_at` timestamp NULL DEFAULT NULL,
  PRIMARY KEY (`id`),
  UNIQUE KEY `pos_transactions_or_number_unique` (`or_number`),
  KEY `pos_transactions_reservation_id_index` (`reservation_id`)
) ENGINE=InnoDB AUTO_INCREMENT=22 DEFAULT CHARSET=utf8mb4 COLLATE=utf8mb4_unicode_ci;

--
-- Dumping data for table `pos_transactions`
--

INSERT INTO `pos_transactions` VALUES
(1,1,'Front Desk',680.00,NULL,NULL,NULL,'Room service — breakfast for 2','2026-06-13','2026-06-17 23:03:36','2026-06-17 23:03:36'),
(2,1,'Front Desk',570.00,NULL,NULL,NULL,'Minibar restock','2026-06-14','2026-06-17 23:03:36','2026-06-17 23:03:36'),
(3,34,'Front Desk',390.00,NULL,NULL,NULL,'Laundry batch #1','2026-06-13','2026-06-17 23:03:36','2026-06-17 23:03:36'),
(4,2,'Front Desk',585.00,NULL,NULL,NULL,'In-room lunch','2026-06-13','2026-06-17 23:03:36','2026-06-17 23:03:36'),
(5,2,'Front Desk',140.00,NULL,NULL,NULL,NULL,'2026-06-14','2026-06-17 23:03:36','2026-06-17 23:03:36'),
(6,4,'Front Desk',1140.00,NULL,NULL,NULL,'Room service — dinner','2026-06-12','2026-06-17 23:03:36','2026-06-17 23:03:36'),
(7,27,'Front Desk',570.00,NULL,NULL,NULL,'Room service — breakfast','2026-06-14','2026-06-17 23:03:36','2026-06-17 23:03:36'),
(8,28,'Front Desk',325.00,NULL,NULL,NULL,'Laundry & bedsheet','2026-06-13','2026-06-17 23:03:36','2026-06-17 23:03:36'),
(9,29,'Front Desk',650.00,NULL,NULL,NULL,'Extra amenities','2026-06-12','2026-06-17 23:03:36','2026-06-17 23:03:36'),
(10,30,'Front Desk',565.00,NULL,NULL,NULL,NULL,'2026-06-14','2026-06-17 23:03:36','2026-06-17 23:03:36'),
(11,NULL,'Front Desk',395.00,'Cash',NULL,NULL,NULL,'2026-06-12','2026-06-17 23:03:36','2026-06-17 23:03:36'),
(12,NULL,'Front Desk',440.00,'GCash','GC-20260612-0041',NULL,NULL,'2026-06-12','2026-06-17 23:03:36','2026-06-17 23:03:36'),
(13,NULL,'Front Desk',800.00,'Cash',NULL,NULL,'Walk-in breakfast — 2 guests','2026-06-13','2026-06-17 23:03:36','2026-06-17 23:03:36'),
(14,NULL,'Front Desk',535.00,'Maya','MAYA-5512-8834',NULL,'External laundry walk-in','2026-06-13','2026-06-17 23:03:36','2026-06-17 23:03:36'),
(15,NULL,'Front Desk',345.00,'Cash',NULL,NULL,NULL,'2026-06-13','2026-06-17 23:03:36','2026-06-17 23:03:36'),
(16,NULL,'Front Desk',1860.00,'Credit Card','CC-XXXX-5291',NULL,'Corporate lunch — meeting group','2026-06-13','2026-06-17 23:03:36','2026-06-17 23:03:36'),
(17,NULL,'Front Desk',1080.00,'GCash','GC-20260614-0019',NULL,NULL,'2026-06-14','2026-06-17 23:03:36','2026-06-17 23:03:36'),
(18,NULL,'Front Desk',1265.00,'Cash',NULL,NULL,NULL,'2026-06-14','2026-06-17 23:03:36','2026-06-17 23:03:36'),
(19,NULL,'Front Desk',275.00,'Debit Card','DBT-9872',NULL,'Business center usage','2026-06-14','2026-06-17 23:03:36','2026-06-17 23:03:36'),
(20,NULL,'Front Desk',455.00,'Cash',NULL,NULL,NULL,'2026-06-14','2026-06-17 23:03:36','2026-06-17 23:03:36'),
(21,47,'Front Desk',475.00,NULL,NULL,NULL,'Room Charge','2026-06-18','2026-06-18 13:48:47','2026-06-18 13:48:47');

--
-- Table structure for table `posts`
--

CREATE TABLE `posts` (
  `id` bigint(20) unsigned NOT NULL AUTO_INCREMENT,
  `title` varchar(255) NOT NULL,
  `slug` varchar(255) NOT NULL,
  `excerpt` varchar(255) DEFAULT NULL,
  `body` text NOT NULL,
  `cover_image` varchar(255) DEFAULT NULL,
  `category` varchar(255) DEFAULT NULL,
  `author_id` bigint(20) unsigned DEFAULT NULL,
  `status` varchar(255) NOT NULL DEFAULT 'draft',
  `published_at` timestamp NULL DEFAULT NULL,
  `deleted_at` timestamp NULL DEFAULT NULL,
  `created_at` timestamp NULL DEFAULT NULL,
  `updated_at` timestamp NULL DEFAULT NULL,
  PRIMARY KEY (`id`),
  UNIQUE KEY `posts_slug_unique` (`slug`),
  KEY `posts_author_id_foreign` (`author_id`),
  CONSTRAINT `posts_author_id_foreign` FOREIGN KEY (`author_id`) REFERENCES `users` (`id`) ON DELETE SET NULL
) ENGINE=InnoDB DEFAULT CHARSET=utf8mb4 COLLATE=utf8mb4_unicode_ci;

--
-- Dumping data for table `posts`
--


--
-- Table structure for table `promotions`
--

CREATE TABLE `promotions` (
  `id` bigint(20) unsigned NOT NULL AUTO_INCREMENT,
  `title` varchar(255) NOT NULL,
  `slug` varchar(255) DEFAULT NULL,
  `subtitle` varchar(255) DEFAULT NULL,
  `body` text DEFAULT NULL,
  `image_path` varchar(255) DEFAULT NULL,
  `badge_label` varchar(255) DEFAULT NULL,
  `promo_code` varchar(255) DEFAULT NULL,
  `price_from` decimal(10,2) DEFAULT NULL,
  `cta_url` varchar(255) DEFAULT NULL,
  `valid_from` date DEFAULT NULL,
  `valid_until` date DEFAULT NULL,
  `sort_order` int(11) NOT NULL DEFAULT 0,
  `active` tinyint(1) NOT NULL DEFAULT 1,
  `deleted_at` timestamp NULL DEFAULT NULL,
  `created_at` timestamp NULL DEFAULT NULL,
  `updated_at` timestamp NULL DEFAULT NULL,
  PRIMARY KEY (`id`)
) ENGINE=InnoDB DEFAULT CHARSET=utf8mb4 COLLATE=utf8mb4_unicode_ci;

--
-- Dumping data for table `promotions`
--


--
-- Table structure for table `rate_plan_rates`
--

CREATE TABLE `rate_plan_rates` (
  `id` bigint(20) unsigned NOT NULL AUTO_INCREMENT,
  `rate_plan_id` bigint(20) unsigned NOT NULL,
  `room_type` varchar(255) NOT NULL,
  `rate` decimal(10,2) NOT NULL,
  `created_at` timestamp NULL DEFAULT NULL,
  `updated_at` timestamp NULL DEFAULT NULL,
  PRIMARY KEY (`id`),
  UNIQUE KEY `rate_plan_rates_rate_plan_id_room_type_unique` (`rate_plan_id`,`room_type`),
  KEY `rate_plan_rates_rate_plan_id_index` (`rate_plan_id`)
) ENGINE=InnoDB AUTO_INCREMENT=161 DEFAULT CHARSET=utf8mb4 COLLATE=utf8mb4_unicode_ci;

--
-- Dumping data for table `rate_plan_rates`
--

INSERT INTO `rate_plan_rates` VALUES
(1,5,'Economy Twin',599.00,'2026-06-17 23:03:36','2026-06-17 23:03:36'),
(2,5,'Economy Double',599.00,'2026-06-17 23:03:36','2026-06-17 23:03:36'),
(3,5,'Ordinary Twin',469.00,'2026-06-17 23:03:36','2026-06-17 23:03:36'),
(4,5,'Ordinary Double',469.00,'2026-06-17 23:03:36','2026-06-17 23:03:36'),
(5,5,'Standard Twin',729.00,'2026-06-17 23:03:36','2026-06-17 23:03:36'),
(6,5,'Standard Double',729.00,'2026-06-17 23:03:36','2026-06-17 23:03:36'),
(7,5,'Junior Deluxe',599.00,'2026-06-17 23:03:36','2026-06-17 23:03:36'),
(8,5,'Superior Deluxe',729.00,'2026-06-17 23:03:36','2026-06-17 23:03:36'),
(9,5,'Deluxe Twin',769.00,'2026-06-17 23:03:36','2026-06-17 23:03:36'),
(10,5,'Deluxe Double',769.00,'2026-06-17 23:03:36','2026-06-17 23:03:36'),
(11,5,'Deluxe Trio',1069.00,'2026-06-17 23:03:36','2026-06-17 23:03:36'),
(12,5,'Barkadahan',1299.00,'2026-06-17 23:03:36','2026-06-17 23:03:36'),
(13,5,'Family Room',1399.00,'2026-06-17 23:03:36','2026-06-17 23:03:36'),
(14,5,'Family Room 2',1399.00,'2026-06-17 23:03:36','2026-06-17 23:03:36'),
(15,5,'Executive Suite',1499.00,'2026-06-17 23:03:36','2026-06-17 23:03:36'),
(16,6,'Economy Twin',559.00,'2026-06-17 23:03:36','2026-06-17 23:03:36'),
(17,6,'Economy Double',559.00,'2026-06-17 23:03:36','2026-06-17 23:03:36'),
(18,6,'Ordinary Twin',439.00,'2026-06-17 23:03:36','2026-06-17 23:03:36'),
(19,6,'Ordinary Double',439.00,'2026-06-17 23:03:36','2026-06-17 23:03:36'),
(20,6,'Standard Twin',679.00,'2026-06-17 23:03:36','2026-06-17 23:03:36'),
(21,6,'Standard Double',679.00,'2026-06-17 23:03:36','2026-06-17 23:03:36'),
(22,6,'Junior Deluxe',559.00,'2026-06-17 23:03:36','2026-06-17 23:03:36'),
(23,6,'Superior Deluxe',679.00,'2026-06-17 23:03:36','2026-06-17 23:03:36'),
(24,6,'Deluxe Twin',719.00,'2026-06-17 23:03:36','2026-06-17 23:03:36'),
(25,6,'Deluxe Double',719.00,'2026-06-17 23:03:36','2026-06-17 23:03:36'),
(26,6,'Deluxe Trio',999.00,'2026-06-17 23:03:36','2026-06-17 23:03:36'),
(27,6,'Barkadahan',1199.00,'2026-06-17 23:03:36','2026-06-17 23:03:36'),
(28,6,'Family Room',1319.00,'2026-06-17 23:03:36','2026-06-17 23:03:36'),
(29,6,'Family Room 2',1319.00,'2026-06-17 23:03:36','2026-06-17 23:03:36'),
(30,6,'Executive Suite',1399.00,'2026-06-17 23:03:36','2026-06-17 23:03:36'),
(81,31,'Economy Junior',569.00,'2026-06-30 23:50:15','2026-06-30 23:50:15'),
(82,31,'Ordinary Twin',522.00,'2026-06-30 23:50:15','2026-06-30 23:50:15'),
(83,31,'Ordinary Double',522.00,'2026-06-30 23:50:15','2026-06-30 23:50:15'),
(84,31,'Junior Deluxe',664.00,'2026-06-30 23:50:15','2026-06-30 23:50:15'),
(85,31,'Economy Twin',664.00,'2026-06-30 23:50:15','2026-06-30 23:50:15'),
(86,31,'Economy Double',664.00,'2026-06-30 23:50:15','2026-06-30 23:50:15'),
(87,31,'Superior Deluxe',807.00,'2026-06-30 23:50:15','2026-06-30 23:50:15'),
(88,31,'Standard Twin',807.00,'2026-06-30 23:50:15','2026-06-30 23:50:15'),
(89,31,'Standard Double',807.00,'2026-06-30 23:50:15','2026-06-30 23:50:15'),
(90,31,'Deluxe Twin',854.00,'2026-06-30 23:50:15','2026-06-30 23:50:15'),
(91,31,'Deluxe Double',854.00,'2026-06-30 23:50:15','2026-06-30 23:50:15'),
(92,31,'Deluxe Trio',1287.00,'2026-06-30 23:50:15','2026-06-30 23:50:15'),
(93,31,'Barkadahan',1377.00,'2026-06-30 23:50:16','2026-06-30 23:50:16'),
(94,31,'Family Room',1567.00,'2026-06-30 23:50:16','2026-06-30 23:50:16'),
(95,31,'Family Room 2',1567.00,'2026-06-30 23:50:16','2026-06-30 23:50:16'),
(96,31,'Executive Suite',1662.00,'2026-06-30 23:50:16','2026-06-30 23:50:16'),
(129,35,'Economy Junior',599.00,'2026-07-18 21:19:12','2026-07-18 21:19:12'),
(130,35,'Ordinary Twin',549.00,'2026-07-18 21:19:12','2026-07-18 21:19:12'),
(131,35,'Ordinary Double',549.00,'2026-07-18 21:19:12','2026-07-18 21:19:12'),
(132,35,'Junior Deluxe',699.00,'2026-07-18 21:19:12','2026-07-18 21:19:12'),
(133,35,'Economy Twin',699.00,'2026-07-18 21:19:12','2026-07-18 21:19:12'),
(134,35,'Economy Double',699.00,'2026-07-18 21:19:12','2026-07-18 21:19:12'),
(135,35,'Standard Double',849.00,'2026-07-18 21:19:12','2026-07-18 21:19:12'),
(136,35,'Superior Deluxe',849.00,'2026-07-18 21:19:12','2026-07-18 21:19:12'),
(137,35,'Standard Twin',849.00,'2026-07-18 21:19:12','2026-07-18 21:19:12'),
(138,35,'Deluxe Double',899.00,'2026-07-18 21:19:12','2026-07-18 21:19:12'),
(139,35,'Deluxe Twin',899.00,'2026-07-18 21:19:12','2026-07-18 21:19:12'),
(140,35,'Deluxe Trio',1249.00,'2026-07-18 21:19:12','2026-07-18 21:19:12'),
(141,35,'Barkadahan',1449.00,'2026-07-18 21:19:12','2026-07-18 21:19:12'),
(142,35,'Family Room 2',1649.00,'2026-07-18 21:19:12','2026-07-18 21:19:12'),
(143,35,'Family Room',1649.00,'2026-07-18 21:19:12','2026-07-18 21:19:12'),
(144,35,'Executive Suite',1749.00,'2026-07-18 21:19:12','2026-07-18 21:19:12'),
(145,36,'Economy Junior',479.00,'2026-07-18 21:30:08','2026-07-18 21:30:08'),
(146,36,'Ordinary Twin',494.00,'2026-07-18 21:30:08','2026-07-18 21:30:08'),
(147,36,'Ordinary Double',494.00,'2026-07-18 21:30:08','2026-07-18 21:30:08'),
(148,36,'Junior Deluxe',559.00,'2026-07-18 21:30:08','2026-07-18 21:30:08'),
(149,36,'Economy Twin',629.00,'2026-07-18 21:30:08','2026-07-18 21:30:08'),
(150,36,'Economy Double',629.00,'2026-07-18 21:30:08','2026-07-18 21:30:08'),
(151,36,'Superior Deluxe',764.00,'2026-07-18 21:30:08','2026-07-18 21:30:08'),
(152,36,'Standard Twin',764.00,'2026-07-18 21:30:08','2026-07-18 21:30:08'),
(153,36,'Standard Double',764.00,'2026-07-18 21:30:08','2026-07-18 21:30:08'),
(154,36,'Deluxe Twin',809.00,'2026-07-18 21:30:08','2026-07-18 21:30:08'),
(155,36,'Deluxe Double',809.00,'2026-07-18 21:30:08','2026-07-18 21:30:08'),
(156,36,'Deluxe Trio',1166.00,'2026-07-18 21:30:08','2026-07-18 21:30:08'),
(157,36,'Barkadahan',1377.00,'2026-07-18 21:30:08','2026-07-18 21:30:08'),
(158,36,'Family Room',1567.00,'2026-07-18 21:30:08','2026-07-18 21:30:08'),
(159,36,'Family Room 2',1567.00,'2026-07-18 21:30:08','2026-07-18 21:30:08'),
(160,36,'Executive Suite',1662.00,'2026-07-18 21:30:08','2026-07-18 21:30:08');

--
-- Table structure for table `rate_plans`
--

CREATE TABLE `rate_plans` (
  `id` bigint(20) unsigned NOT NULL AUTO_INCREMENT,
  `name` varchar(255) NOT NULL,
  `code` varchar(20) NOT NULL,
  `type` enum('percent_off','amount_off','fixed') NOT NULL,
  `value` decimal(8,2) DEFAULT NULL,
  `description` text DEFAULT NULL,
  `min_nights` smallint(5) unsigned DEFAULT NULL,
  `valid_from` date DEFAULT NULL,
  `valid_until` date DEFAULT NULL,
  `active` tinyint(1) NOT NULL DEFAULT 1,
  `created_at` timestamp NULL DEFAULT NULL,
  `updated_at` timestamp NULL DEFAULT NULL,
  `deleted_at` timestamp NULL DEFAULT NULL,
  PRIMARY KEY (`id`),
  UNIQUE KEY `rate_plans_code_unique` (`code`)
) ENGINE=InnoDB AUTO_INCREMENT=37 DEFAULT CHARSET=utf8mb4 COLLATE=utf8mb4_unicode_ci;

--
-- Dumping data for table `rate_plans`
--

INSERT INTO `rate_plans` VALUES
(1,'Advance Purchase Rate','ARP','percent_off',10.00,'10% discount for bookings made 7 or more days in advance.',NULL,NULL,NULL,1,'2026-06-17 23:03:36','2026-06-29 15:10:47','2026-06-29 15:10:47'),
(2,'Long Stay Discount','LSD','percent_off',15.00,'15% discount for stays of 7 nights or more.',7,NULL,NULL,1,'2026-06-17 23:03:36','2026-06-17 23:03:36',NULL),
(3,'Senior Citizen / PWD Rate','SCPWD','percent_off',20.00,'20% mandatory discount for Senior Citizens and PWDs (RA 9994 / RA 7277).',NULL,NULL,NULL,1,'2026-06-17 23:03:36','2026-06-17 23:03:36',NULL),
(4,'Group Rate','GRP','percent_off',10.00,'10% discount for group bookings of 5 rooms or more.',NULL,NULL,NULL,1,'2026-06-17 23:03:36','2026-06-17 23:03:36',NULL),
(5,'Corporate Rate','CORP','fixed',NULL,'Contracted rates for corporate accounts and business travellers.',NULL,NULL,NULL,1,'2026-06-17 23:03:36','2026-06-17 23:03:36',NULL),
(6,'Government / DepEd Rate','GOV','fixed',NULL,'Preferential rates for government employees and DepEd personnel.',NULL,NULL,NULL,1,'2026-06-17 23:03:36','2026-06-17 23:03:36',NULL),
(7,'Agoda 20%','AGD20','percent_off',20.00,NULL,NULL,NULL,NULL,1,'2026-06-29 12:32:30','2026-06-29 12:33:04','2026-06-29 12:33:04'),
(18,'AGODA','AGD','percent_off',20.00,NULL,1,'2026-06-01','2028-06-01',1,'2026-06-29 15:12:47','2026-06-29 15:17:14','2026-06-29 15:17:14'),
(22,'Agoda 20 Discount','AGD-20','percent_off',20.00,NULL,1,'2026-06-01','2028-06-01',1,'2026-06-29 15:22:35','2026-06-29 15:22:35',NULL),
(23,'Agoda 25 Discount','AGD-25','percent_off',25.00,NULL,1,'2026-06-01','2028-06-01',1,'2026-06-29 15:23:06','2026-06-29 15:23:06',NULL),
(24,'LESS 100','CSH100','amount_off',100.00,NULL,NULL,'2026-06-30','2028-06-30',1,'2026-06-30 18:02:35','2026-06-30 23:15:20','2026-06-30 23:15:20'),
(25,'EXE SUITE','EXST','fixed',NULL,NULL,NULL,'2026-06-30','2028-06-30',1,'2026-06-30 18:04:22','2026-06-30 18:24:15','2026-06-30 18:24:15'),
(26,'SUITE ROOM','402','fixed',NULL,NULL,NULL,'2026-06-30','2028-06-30',1,'2026-06-30 18:25:42','2026-06-30 23:14:43','2026-06-30 23:14:43'),
(27,'Agoda 40 Discount','agd40','percent_off',40.00,NULL,NULL,'2026-06-30','2028-06-30',1,'2026-06-30 22:40:10','2026-06-30 23:12:09','2026-06-30 23:12:09'),
(28,'Walk in Rates','wir','fixed',NULL,NULL,NULL,'2026-06-30','2028-06-30',1,'2026-06-30 23:17:00','2026-06-30 23:41:38','2026-06-30 23:41:38'),
(29,'Regular Guest Discounts','rgD','fixed',NULL,NULL,NULL,'2026-06-30','2028-06-30',1,'2026-06-30 23:40:41','2026-06-30 23:41:01','2026-06-30 23:41:01'),
(30,'Walk in Rate','Wr','fixed',NULL,NULL,NULL,'2026-06-30','2028-06-30',1,'2026-06-30 23:44:58','2026-07-18 20:57:49','2026-07-18 20:57:49'),
(31,'Regular Guest Discount','RG','fixed',5.00,NULL,NULL,'2026-06-30','2028-06-30',1,'2026-06-30 23:50:15','2026-06-30 23:50:15',NULL),
(32,'Booking 10 Discount','B-10','percent_off',10.00,NULL,NULL,'2026-07-02','2028-07-02',1,'2026-07-02 22:10:27','2026-07-02 22:10:27',NULL),
(33,'Walk in Rates','WkIR','fixed',NULL,NULL,NULL,'2026-07-01','2028-07-01',1,'2026-07-18 21:06:08','2026-07-18 21:06:29','2026-07-18 21:06:29'),
(34,'Walk in Rates','WI-R','fixed',NULL,NULL,NULL,'2026-07-01','2028-07-01',1,'2026-07-18 21:08:44','2026-07-18 21:15:36','2026-07-18 21:15:36'),
(35,'Walk-in Rate','WLKNR','fixed',NULL,NULL,NULL,'2026-07-01','2028-07-01',1,'2026-07-18 21:19:12','2026-07-18 21:19:12',NULL),
(36,'Senior Citizen / PWD Discount Rate','RG-SCPWD','fixed',NULL,'20% mandatory discount for Senior Citizens and PWDs (RA 9994 / RA 7277).',NULL,'2026-07-01','2028-07-01',1,'2026-07-18 21:30:08','2026-07-18 21:30:08',NULL);

--
-- Table structure for table `reservation_groups`
--

CREATE TABLE `reservation_groups` (
  `id` bigint(20) unsigned NOT NULL AUTO_INCREMENT,
  `group_no` varchar(255) NOT NULL,
  `guest_name` varchar(255) NOT NULL,
  `guest_phone` varchar(255) DEFAULT NULL,
  `guest_email` varchar(255) DEFAULT NULL,
  `check_in` date NOT NULL,
  `check_out` date NOT NULL,
  `notes` text DEFAULT NULL,
  `created_at` timestamp NULL DEFAULT NULL,
  `updated_at` timestamp NULL DEFAULT NULL,
  `deleted_at` timestamp NULL DEFAULT NULL,
  PRIMARY KEY (`id`),
  UNIQUE KEY `reservation_groups_group_no_unique` (`group_no`)
) ENGINE=InnoDB AUTO_INCREMENT=9 DEFAULT CHARSET=utf8mb4 COLLATE=utf8mb4_unicode_ci;

--
-- Dumping data for table `reservation_groups`
--

INSERT INTO `reservation_groups` VALUES
(1,'GRP-2026-000001','Juan Santos','+63 9170000000','juansantos@gmail.com','2026-06-19','2026-06-21',NULL,'2026-06-18 13:37:47','2026-06-18 13:37:47',NULL),
(2,'GRP-2026-000002','Chabby Ann Dela Cruz','+63 09088851235',NULL,'2026-07-01','2026-07-02',NULL,'2026-07-01 21:29:12','2026-07-01 21:29:12',NULL),
(3,'GRP-2026-000003','Waldemar Padla','+63 09775188347',NULL,'2026-07-07','2026-07-08',NULL,'2026-07-07 02:28:34','2026-07-07 02:28:34',NULL),
(4,'GRP-2026-000004','DENVER DALIGIDIG','+63 9066592650',NULL,'2026-07-09','2026-07-10',NULL,'2026-07-09 19:39:33','2026-07-09 19:39:33',NULL),
(5,'GRP-2026-000005','Klarizz Sheena Lagas','+63 9551836016',NULL,'2026-07-10','2026-07-12',NULL,'2026-07-10 20:39:47','2026-07-10 20:39:47',NULL),
(6,'GRP-2026-000006','KHEM LAMION','+63 ',NULL,'2026-07-11','2026-07-12',NULL,'2026-07-11 20:09:02','2026-07-11 20:09:02',NULL),
(7,'GRP-2026-000007','Adelah & Alioden Maruhom','+63 9702318680',NULL,'2026-07-17','2026-07-18',NULL,'2026-07-17 19:49:12','2026-07-17 19:49:12',NULL),
(8,'GRP-2026-000008','RONALD NANQUIL','+63 9096747282',NULL,'2026-07-22','2026-07-23',NULL,'2026-07-22 20:26:09','2026-07-22 20:26:09',NULL);

--
-- Table structure for table `reservation_payments`
--

CREATE TABLE `reservation_payments` (
  `id` bigint(20) unsigned NOT NULL AUTO_INCREMENT,
  `reservation_id` bigint(20) unsigned NOT NULL,
  `amount` decimal(10,2) NOT NULL,
  `method` varchar(255) NOT NULL,
  `reference` varchar(255) DEFAULT NULL,
  `or_number` varchar(255) DEFAULT NULL,
  `payment_date` date NOT NULL,
  `notes` varchar(255) DEFAULT NULL,
  `created_at` timestamp NULL DEFAULT NULL,
  `updated_at` timestamp NULL DEFAULT NULL,
  `deleted_at` timestamp NULL DEFAULT NULL,
  PRIMARY KEY (`id`),
  UNIQUE KEY `reservation_payments_or_number_unique` (`or_number`),
  KEY `reservation_payments_reservation_id_index` (`reservation_id`)
) ENGINE=InnoDB AUTO_INCREMENT=672 DEFAULT CHARSET=utf8mb4 COLLATE=utf8mb4_unicode_ci;

--
-- Dumping data for table `reservation_payments`
--

INSERT INTO `reservation_payments` VALUES
(1,1,700.00,'GCash','GC-20260612-001',NULL,'2026-06-12',NULL,'2026-06-17 23:03:35','2026-06-17 23:03:35',NULL),
(2,2,1500.00,'Bank Transfer','BT-BDO-20260610-882',NULL,'2026-06-10',NULL,'2026-06-17 23:03:35','2026-06-17 23:03:35',NULL),
(3,4,1698.00,'Cash','OR-2026-0041',NULL,'2026-06-13',NULL,'2026-06-17 23:03:35','2026-06-17 23:03:35',NULL),
(4,5,1500.00,'Maya','MY-20260611-4421',NULL,'2026-06-11',NULL,'2026-06-17 23:03:35','2026-06-17 23:03:35',NULL),
(5,6,3498.00,'Credit Card','CC-VISA-20260612-7721',NULL,'2026-06-12',NULL,'2026-06-17 23:03:35','2026-06-17 23:03:35',NULL),
(6,8,6596.00,'Credit Card','CC-MC-20260610-3341',NULL,'2026-06-10',NULL,'2026-06-17 23:03:35','2026-06-17 23:03:35',NULL),
(7,9,899.00,'GCash','GC-20260613-991',NULL,'2026-06-13',NULL,'2026-06-17 23:03:35','2026-06-17 23:03:35',NULL),
(8,10,3000.00,'Bank Transfer','BT-BPI-20260610-5521',NULL,'2026-06-10',NULL,'2026-06-17 23:03:35','2026-06-17 23:03:35',NULL),
(9,11,699.00,'GCash','GC-20260608-774',NULL,'2026-06-08',NULL,'2026-06-17 23:03:35','2026-06-17 23:03:35',NULL),
(10,12,1698.00,'Credit Card','CC-VISA-20260611-1201',NULL,'2026-06-11',NULL,'2026-06-17 23:03:35','2026-06-17 23:03:35',NULL),
(11,13,1698.00,'GCash','GC-20260612-3312',NULL,'2026-06-12',NULL,'2026-06-17 23:03:35','2026-06-17 23:03:35',NULL),
(12,14,1698.00,'Maya','MY-20260612-8821',NULL,'2026-06-12',NULL,'2026-06-17 23:03:35','2026-06-17 23:03:35',NULL),
(13,15,1398.00,'Cash','OR-2026-0038',NULL,'2026-06-11',NULL,'2026-06-17 23:03:35','2026-06-17 23:03:35',NULL),
(14,16,899.00,'Cash','OR-2026-0039',NULL,'2026-06-13',NULL,'2026-06-17 23:03:35','2026-06-17 23:03:35',NULL),
(15,17,1798.00,'Credit Card','CC-MC-20260611-4409',NULL,'2026-06-11',NULL,'2026-06-17 23:03:35','2026-06-17 23:03:35',NULL),
(16,18,1698.00,'GCash','GC-20260612-5678',NULL,'2026-06-12',NULL,'2026-06-17 23:03:35','2026-06-17 23:03:35',NULL),
(17,19,2097.00,'Cash','OR-2026-0029',NULL,'2026-06-05',NULL,'2026-06-17 23:03:35','2026-06-17 23:03:35',NULL),
(18,20,3396.00,'Bank Transfer','BT-BDO-20260603-2201',NULL,'2026-06-03',NULL,'2026-06-17 23:03:35','2026-06-17 23:03:35',NULL),
(19,21,2097.00,'Maya','MY-20260602-1109',NULL,'2026-06-02',NULL,'2026-06-17 23:03:35','2026-06-17 23:03:35',NULL),
(20,22,2097.00,'Credit Card','CC-VISA-20260601-0088',NULL,'2026-06-01',NULL,'2026-06-17 23:03:35','2026-06-17 23:03:35',NULL),
(21,23,1398.00,'Cash','OR-2026-0033',NULL,'2026-06-08',NULL,'2026-06-17 23:03:35','2026-06-17 23:03:35',NULL),
(22,24,3596.00,'Bank Transfer','BT-BPI-20260605-3301',NULL,'2026-06-05',NULL,'2026-06-17 23:03:35','2026-06-17 23:03:35',NULL),
(23,25,3596.00,'GCash','GC-20260607-7734',NULL,'2026-06-07',NULL,'2026-06-17 23:03:35','2026-06-17 23:03:35',NULL),
(24,26,3396.00,'Credit Card','CC-MC-20260606-5519',NULL,'2026-06-06',NULL,'2026-06-17 23:03:35','2026-06-17 23:03:35',NULL),
(25,27,1000.00,'GCash','GC-20260610-2288',NULL,'2026-06-10',NULL,'2026-06-17 23:03:35','2026-06-17 23:03:35',NULL),
(26,28,1500.00,'Maya','MY-20260609-6612',NULL,'2026-06-09',NULL,'2026-06-17 23:03:35','2026-06-17 23:03:35',NULL),
(27,29,2000.00,'Bank Transfer','BT-BDO-20260611-9914',NULL,'2026-06-11',NULL,'2026-06-17 23:03:35','2026-06-17 23:03:35',NULL),
(28,30,3000.00,'Credit Card','CC-VISA-20260608-1133',NULL,'2026-06-08',NULL,'2026-06-17 23:03:35','2026-06-17 23:03:35',NULL),
(29,32,2697.00,'GCash','GC-20260610-4491',NULL,'2026-06-10',NULL,'2026-06-17 23:03:35','2026-06-17 23:03:35',NULL),
(30,33,2000.00,'Maya','MY-20260611-8812',NULL,'2026-06-11',NULL,'2026-06-17 23:03:35','2026-06-17 23:03:35',NULL),
(31,34,700.00,'GCash','GC-20260612-7701',NULL,'2026-06-12',NULL,'2026-06-17 23:03:35','2026-06-17 23:03:35',NULL),
(32,36,1000.00,'Bank Transfer','BT-BPI-20260611-6630',NULL,'2026-06-11',NULL,'2026-06-17 23:03:35','2026-06-17 23:03:35',NULL),
(33,37,1249.00,'Credit Card','CC-VISA-20260613-9911',NULL,'2026-06-13',NULL,'2026-06-17 23:03:35','2026-06-17 23:03:35',NULL),
(34,38,1500.00,'Maya','MY-20260612-1145',NULL,'2026-06-12',NULL,'2026-06-17 23:03:35','2026-06-17 23:03:35',NULL),
(35,40,1000.00,'GCash','GC-20260613-3301',NULL,'2026-06-13',NULL,'2026-06-17 23:03:35','2026-06-17 23:03:35',NULL),
(36,41,1000.00,'Bank Transfer','BT-BDO-20260613-4482',NULL,'2026-06-13',NULL,'2026-06-17 23:03:35','2026-06-17 23:03:35',NULL),
(37,43,1000.00,'GCash','GC-20260613-5590',NULL,'2026-06-13',NULL,'2026-06-17 23:03:35','2026-06-17 23:03:35',NULL),
(38,47,1700.00,'Maya','MY-20260613-2278',NULL,'2026-06-13',NULL,'2026-06-17 23:03:35','2026-06-17 23:03:35',NULL),
(39,48,1000.00,'GCash','GC-20260613-8823',NULL,'2026-06-13',NULL,'2026-06-17 23:03:35','2026-06-17 23:03:35',NULL),
(40,49,3500.00,'Bank Transfer','BT-BPI-20260612-7701',NULL,'2026-06-12',NULL,'2026-06-17 23:03:35','2026-06-17 23:03:35',NULL),
(41,51,1700.00,'Credit Card','CC-VISA-20260613-4412',NULL,'2026-06-13',NULL,'2026-06-17 23:03:35','2026-06-17 23:03:35',NULL),
(42,52,2000.00,'GCash','GC-20260613-6634',NULL,'2026-06-13',NULL,'2026-06-17 23:03:35','2026-06-17 23:03:35',NULL),
(43,54,1700.00,'Maya','MY-20260613-9956',NULL,'2026-06-13',NULL,'2026-06-17 23:03:35','2026-06-17 23:03:35',NULL),
(44,56,1700.00,'GCash','GC-20260614-1101',NULL,'2026-06-14',NULL,'2026-06-17 23:03:35','2026-06-17 23:03:35',NULL),
(45,57,1700.00,'Bank Transfer','BT-BDO-20260614-2202',NULL,'2026-06-14',NULL,'2026-06-17 23:03:35','2026-06-17 23:03:35',NULL),
(46,58,1800.00,'Credit Card','CC-VISA-20260614-3303',NULL,'2026-06-14',NULL,'2026-06-17 23:03:35','2026-06-17 23:03:35',NULL),
(47,59,3300.00,'Bank Transfer','BT-BPI-20260614-4404',NULL,'2026-06-14',NULL,'2026-06-17 23:03:35','2026-06-17 23:03:35',NULL),
(48,60,3500.00,'Credit Card','CC-MC-20260614-5505',NULL,'2026-06-14',NULL,'2026-06-17 23:03:35','2026-06-17 23:03:35',NULL),
(49,62,1350.00,'GCash','GC-20260614-6606',NULL,'2026-06-14',NULL,'2026-06-17 23:03:35','2026-06-17 23:03:35',NULL),
(50,63,1875.00,'Maya','MY-20260614-7707',NULL,'2026-06-14',NULL,'2026-06-17 23:03:35','2026-06-17 23:03:35',NULL),
(51,64,1400.00,'GCash','GC-20260614-8808',NULL,'2026-06-14',NULL,'2026-06-17 23:03:35','2026-06-17 23:03:35',NULL),
(52,66,3300.00,'Bank Transfer','BT-BDO-20260614-9909',NULL,'2026-06-14',NULL,'2026-06-17 23:03:35','2026-06-17 23:03:35',NULL),
(53,67,3500.00,'Credit Card','CC-VISA-20260614-0010',NULL,'2026-06-14',NULL,'2026-06-17 23:03:35','2026-06-17 23:03:35',NULL),
(54,69,3300.00,'Maya','MY-20260614-1111',NULL,'2026-06-14',NULL,'2026-06-17 23:03:35','2026-06-17 23:03:35',NULL),
(55,71,3500.00,'Credit Card','CC-MC-20260614-2222',NULL,'2026-06-14',NULL,'2026-06-17 23:03:35','2026-06-17 23:03:35',NULL),
(56,72,3300.00,'Bank Transfer','BT-BPI-20260614-3333',NULL,'2026-06-14',NULL,'2026-06-17 23:03:35','2026-06-17 23:03:35',NULL),
(57,4,555.00,'Cash',NULL,NULL,'2026-06-18',NULL,'2026-06-18 11:59:02','2026-06-18 11:59:02',NULL),
(58,70,100.00,'Cash',NULL,NULL,'2026-06-18',NULL,'2026-06-18 12:01:00','2026-06-18 12:01:00',NULL),
(59,70,500.00,'GCash',NULL,NULL,'2026-06-18',NULL,'2026-06-18 12:01:00','2026-06-18 12:01:00',NULL),
(60,42,100.00,'Cash',NULL,NULL,'2026-06-18',NULL,'2026-06-18 12:05:30','2026-06-18 12:05:30',NULL),
(61,1,500.00,'Cash',NULL,NULL,'2026-06-18',NULL,'2026-06-18 13:06:10','2026-06-18 13:06:10',NULL),
(62,28,1252.00,'Cash',NULL,NULL,'2026-06-18',NULL,'2026-06-18 13:07:31','2026-06-18 13:07:31',NULL),
(63,46,1000.00,'Cash',NULL,NULL,'2026-06-18',NULL,'2026-06-18 13:10:47','2026-06-18 13:10:47',NULL),
(64,71,1000.00,'Cash',NULL,NULL,'2026-06-18',NULL,'2026-06-18 13:40:54','2026-06-18 13:40:54',NULL),
(65,71,300.00,'GCash',NULL,NULL,'2026-06-18',NULL,'2026-06-18 13:40:54','2026-06-18 13:40:54',NULL),
(66,45,1098.00,'Cash',NULL,NULL,'2026-06-18',NULL,'2026-06-18 13:52:57','2026-06-18 13:52:57',NULL),
(67,30,3886.00,'Cash',NULL,NULL,'2026-06-18',NULL,'2026-06-18 13:55:03','2026-06-18 13:55:03',NULL),
(68,1,818.00,'Cash',NULL,NULL,'2026-06-18',NULL,'2026-06-18 15:58:14','2026-06-18 15:58:14',NULL),
(69,38,1047.00,'Cash',NULL,NULL,'2026-06-18',NULL,'2026-06-18 18:03:32','2026-06-18 18:03:32',NULL),
(70,47,2371.00,'Cash',NULL,NULL,'2026-06-18',NULL,'2026-06-18 18:19:36','2026-06-18 18:19:36',NULL),
(71,34,848.00,'Cash',NULL,NULL,'2026-06-18',NULL,'2026-06-18 18:20:11','2026-06-18 18:20:11',NULL),
(72,2,1662.00,'Cash',NULL,NULL,'2026-06-18',NULL,'2026-06-18 18:22:26','2026-06-18 18:22:26',NULL),
(73,27,2052.00,'Cash',NULL,NULL,'2026-06-18',NULL,'2026-06-18 18:23:33','2026-06-18 18:23:33',NULL),
(74,29,1946.00,'Cash',NULL,NULL,'2026-06-18',NULL,'2026-06-18 18:26:48','2026-06-18 18:26:48',NULL),
(75,7,699.00,'Cash',NULL,NULL,'2026-06-18',NULL,'2026-06-18 18:28:02','2026-06-18 18:28:02',NULL),
(76,40,1796.00,'Cash',NULL,NULL,'2026-06-18',NULL,'2026-06-18 18:28:39','2026-06-18 18:28:39',NULL),
(77,5,1197.00,'Cash',NULL,NULL,'2026-06-18',NULL,'2026-06-18 18:30:43','2026-06-18 18:30:43',NULL),
(78,42,1997.00,'Cash',NULL,NULL,'2026-06-18',NULL,'2026-06-18 18:31:35','2026-06-18 18:31:35',NULL),
(79,35,1647.00,'Cash',NULL,NULL,'2026-06-18',NULL,'2026-06-18 18:32:13','2026-06-18 18:32:13',NULL),
(80,36,1196.00,'Cash',NULL,NULL,'2026-06-18',NULL,'2026-06-18 18:33:02','2026-06-18 18:33:02',NULL),
(81,31,2547.00,'Cash',NULL,NULL,'2026-06-18',NULL,'2026-06-18 18:33:49','2026-06-18 18:33:49',NULL),
(82,33,1596.00,'Cash',NULL,NULL,'2026-06-18',NULL,'2026-06-18 18:38:16','2026-06-18 18:38:16',NULL),
(83,10,3245.00,'Cash',NULL,NULL,'2026-06-18',NULL,'2026-06-18 18:45:28','2026-06-18 18:45:28',NULL),
(84,103,899.00,'Cash',NULL,NULL,'2026-06-30',NULL,'2026-06-30 20:37:02','2026-06-30 20:37:02',NULL),
(85,104,899.00,'Cash',NULL,NULL,'2026-06-30',NULL,'2026-06-30 22:14:05','2026-06-30 22:14:05',NULL),
(86,105,799.20,'Bank Transfer',NULL,NULL,'2026-06-30',NULL,'2026-06-30 22:22:32','2026-06-30 22:22:32',NULL),
(87,107,3320.00,'GCash','0042385443072',NULL,'2026-06-30',NULL,'2026-06-30 23:55:14','2026-06-30 23:55:14',NULL),
(88,106,1438.40,'Agoda Settlement',NULL,NULL,'2026-07-01',NULL,'2026-07-01 00:18:11','2026-07-01 00:18:11',NULL),
(89,110,487.00,'Agoda Settlement',NULL,NULL,'2026-07-01',NULL,'2026-07-01 00:28:26','2026-07-01 00:28:26',NULL),
(90,111,899.00,'Cash',NULL,NULL,'2026-07-01',NULL,'2026-07-01 00:35:49','2026-07-01 00:35:49',NULL),
(91,112,549.00,'Cash',NULL,NULL,'2026-07-01',NULL,'2026-07-01 00:42:43','2026-07-01 00:42:43',NULL),
(92,114,549.00,'GCash','963670',NULL,'2026-07-01',NULL,'2026-07-01 01:01:43','2026-07-01 01:01:43',NULL),
(93,116,699.00,'Cash',NULL,NULL,'2026-07-01',NULL,'2026-07-01 01:03:51','2026-07-01 01:03:51',NULL),
(94,117,562.00,'Agoda Settlement',NULL,NULL,'2026-07-01',NULL,'2026-07-01 01:07:19','2026-07-01 01:07:19',NULL),
(95,118,2049.00,'Cash',NULL,NULL,'2026-07-01',NULL,'2026-07-01 01:10:25','2026-07-01 01:10:25',NULL),
(96,109,1087.00,'Agoda Settlement',NULL,NULL,'2026-07-01',NULL,'2026-07-01 01:13:18','2026-07-01 01:13:18',NULL),
(97,108,719.20,'Agoda Settlement',NULL,NULL,'2026-07-01',NULL,'2026-07-01 01:14:28','2026-07-01 01:14:28',NULL),
(98,113,719.20,'Agoda Settlement',NULL,NULL,'2026-07-01',NULL,'2026-07-01 01:15:19','2026-07-01 01:15:19',NULL),
(99,119,2547.00,'Cash',NULL,NULL,'2026-07-01',NULL,'2026-07-01 01:19:37','2026-07-01 01:19:37',NULL),
(100,115,1438.00,'Agoda Settlement',NULL,NULL,'2026-07-01',NULL,'2026-07-01 01:21:55','2026-07-01 01:21:55',NULL),
(101,120,799.20,'Agoda Settlement',NULL,NULL,'2026-07-01',NULL,'2026-07-01 01:29:04','2026-07-01 01:29:04',NULL),
(102,121,1079.20,'Agoda Settlement',NULL,NULL,'2026-07-01',NULL,'2026-07-01 01:48:33','2026-07-01 01:48:33',NULL),
(103,122,674.25,'Agoda Settlement',NULL,NULL,'2026-07-01',NULL,'2026-07-01 01:50:51','2026-07-01 01:50:51',NULL),
(104,123,849.00,'Cash',NULL,NULL,'2026-07-01',NULL,'2026-07-01 01:52:34','2026-07-01 01:52:34',NULL),
(105,124,674.25,'Agoda Settlement',NULL,NULL,'2026-07-01',NULL,'2026-07-01 03:10:44','2026-07-01 03:10:44',NULL),
(106,125,1079.20,'Agoda Settlement',NULL,NULL,'2026-07-01',NULL,'2026-07-01 03:18:02','2026-07-01 03:18:02',NULL),
(107,126,1079.20,'Agoda Settlement',NULL,NULL,'2026-07-01',NULL,'2026-07-01 03:45:26','2026-07-01 03:45:26',NULL),
(108,112,549.00,'Cash',NULL,NULL,'2026-07-01',NULL,'2026-07-01 16:06:23','2026-07-01 16:06:23',NULL),
(109,127,899.00,'Cash',NULL,NULL,'2026-07-01',NULL,'2026-07-01 20:15:03','2026-07-01 20:15:03',NULL),
(110,128,699.00,'Cash',NULL,NULL,'2026-07-01',NULL,'2026-07-01 20:16:06','2026-07-01 20:16:06',NULL),
(111,129,899.00,'Cash',NULL,NULL,'2026-07-01',NULL,'2026-07-01 20:16:28','2026-07-01 20:16:28',NULL),
(112,130,699.00,'Cash',NULL,NULL,'2026-07-01',NULL,'2026-07-01 20:16:50','2026-07-01 20:16:50',NULL),
(113,132,674.25,'Agoda Settlement',NULL,NULL,'2026-07-01',NULL,'2026-07-01 20:17:20','2026-07-01 20:17:20',NULL),
(114,133,674.25,'Agoda Settlement',NULL,NULL,'2026-07-01',NULL,'2026-07-01 20:17:42','2026-07-01 20:17:42',NULL),
(115,134,849.00,'Cash',NULL,NULL,'2026-07-01',NULL,'2026-07-01 20:18:02','2026-07-01 20:18:02',NULL),
(116,135,849.00,'Cash',NULL,NULL,'2026-07-01',NULL,'2026-07-01 20:18:20','2026-07-01 20:18:20',NULL),
(117,149,1449.00,'Cash',NULL,NULL,'2026-07-01',NULL,'2026-07-01 21:33:01','2026-07-01 21:33:01',NULL),
(118,131,849.00,'Cash',NULL,NULL,'2026-07-01',NULL,'2026-07-01 21:34:38','2026-07-01 21:34:38',NULL),
(119,137,749.25,'Agoda Settlement',NULL,NULL,'2026-07-01',NULL,'2026-07-01 21:35:09','2026-07-01 21:35:09',NULL),
(120,138,1249.00,'Cash',NULL,NULL,'2026-07-01',NULL,'2026-07-01 21:35:24','2026-07-01 21:35:24',NULL),
(121,139,549.00,'Cash',NULL,NULL,'2026-07-01',NULL,'2026-07-01 21:35:38','2026-07-01 21:35:38',NULL),
(122,140,699.00,'Cash',NULL,NULL,'2026-07-01',NULL,'2026-07-01 21:35:51','2026-07-01 21:35:51',NULL),
(123,141,899.00,'Cash',NULL,NULL,'2026-07-01',NULL,'2026-07-01 21:36:13','2026-07-01 21:36:13',NULL),
(124,142,486.75,'Agoda Settlement',NULL,NULL,'2026-07-01',NULL,'2026-07-01 21:36:33','2026-07-01 21:36:33',NULL),
(125,143,849.00,'Cash',NULL,NULL,'2026-07-01',NULL,'2026-07-01 21:36:47','2026-07-01 21:36:47',NULL),
(126,144,549.00,'GCash','461114',NULL,'2026-07-01',NULL,'2026-07-01 21:37:37','2026-07-01 21:37:37',NULL),
(127,145,549.00,'Cash',NULL,NULL,'2026-07-01',NULL,'2026-07-01 21:37:51','2026-07-01 21:37:51',NULL),
(128,146,749.25,'Agoda Settlement',NULL,NULL,'2026-07-01',NULL,'2026-07-01 21:38:13','2026-07-01 21:38:13',NULL),
(129,147,699.00,'Cash',NULL,NULL,'2026-07-01',NULL,'2026-07-01 21:38:28','2026-07-01 21:38:28',NULL),
(130,148,849.00,'Cash',NULL,NULL,'2026-07-01',NULL,'2026-07-01 21:38:40','2026-07-01 21:38:40',NULL),
(131,150,674.25,'Agoda Settlement',NULL,NULL,'2026-07-01',NULL,'2026-07-01 21:41:07','2026-07-01 21:41:07',NULL),
(132,151,1449.00,'Cash',NULL,NULL,'2026-07-01',NULL,'2026-07-01 22:45:02','2026-07-01 22:45:02',NULL),
(133,152,1086.75,'Agoda Settlement',NULL,NULL,'2026-07-01',NULL,'2026-07-01 22:47:09','2026-07-01 22:47:09',NULL),
(134,153,849.00,'Cash',NULL,NULL,'2026-07-01',NULL,'2026-07-01 22:49:58','2026-07-01 22:49:58',NULL),
(135,154,700.00,'GCash',NULL,NULL,'2026-07-01',NULL,'2026-07-01 22:53:20','2026-07-01 22:53:20',NULL),
(136,155,849.00,'Cash',NULL,NULL,'2026-07-01',NULL,'2026-07-01 23:05:12','2026-07-01 23:05:12',NULL),
(137,156,1099.00,'Cash',NULL,NULL,'2026-07-02',NULL,'2026-07-02 00:04:48','2026-07-02 00:04:48',NULL),
(138,157,486.75,'Agoda Settlement',NULL,NULL,'2026-07-02',NULL,'2026-07-02 18:31:08','2026-07-02 18:31:08',NULL),
(139,157,762.25,'Cash',NULL,NULL,'2026-07-02',NULL,'2026-07-02 18:32:19','2026-07-02 18:32:19',NULL),
(140,130,699.00,'Cash',NULL,NULL,'2026-07-02',NULL,'2026-07-02 19:14:23','2026-07-02 19:14:23',NULL),
(141,155,849.00,'Cash',NULL,NULL,'2026-07-02',NULL,'2026-07-02 19:15:11','2026-07-02 19:15:11',NULL),
(142,134,849.00,'Cash',NULL,NULL,'2026-07-02',NULL,'2026-07-02 19:16:38','2026-07-02 19:16:38',NULL),
(143,154,599.00,'Cash',NULL,NULL,'2026-07-02',NULL,'2026-07-02 19:17:18','2026-07-02 19:17:18',NULL),
(144,159,1685.25,'Agoda Settlement',NULL,NULL,'2026-07-02',NULL,'2026-07-02 19:28:34','2026-07-02 19:28:34',NULL),
(145,159,200.00,'GCash',NULL,NULL,'2026-07-02',NULL,'2026-07-02 19:28:45','2026-07-02 19:28:45',NULL),
(146,160,849.00,'Cash',NULL,NULL,'2026-07-02',NULL,'2026-07-02 19:34:52','2026-07-02 19:34:52',NULL),
(147,140,1398.00,'GCash',NULL,NULL,'2026-07-02',NULL,'2026-07-02 20:26:17','2026-07-02 20:26:17',NULL),
(148,164,674.25,'Agoda Settlement',NULL,NULL,'2026-07-02',NULL,'2026-07-02 20:51:23','2026-07-02 20:51:23',NULL),
(149,165,749.25,'Agoda Settlement',NULL,NULL,'2026-07-02',NULL,'2026-07-02 22:03:57','2026-07-02 22:03:57',NULL),
(150,166,899.00,'Cash',NULL,NULL,'2026-07-02',NULL,'2026-07-02 22:06:26','2026-07-02 22:06:26',NULL),
(151,167,809.10,'Booking.com Settlement',NULL,NULL,'2026-07-02',NULL,'2026-07-02 22:13:10','2026-07-02 22:13:10',NULL),
(152,168,849.00,'Cash',NULL,NULL,'2026-07-02',NULL,'2026-07-02 22:15:14','2026-07-02 22:15:14',NULL),
(153,169,2697.00,'Agoda Settlement',NULL,NULL,'2026-07-02',NULL,'2026-07-02 22:18:01','2026-07-02 22:18:01',NULL),
(154,170,674.25,'Agoda Settlement',NULL,NULL,'2026-07-02',NULL,'2026-07-02 22:22:20','2026-07-02 22:22:20',NULL),
(155,171,1079.20,'Agoda Settlement',NULL,NULL,'2026-07-02',NULL,'2026-07-02 22:26:09','2026-07-02 22:26:09',NULL),
(156,172,899.00,'Cash',NULL,NULL,'2026-07-02',NULL,'2026-07-02 22:29:18','2026-07-02 22:29:18',NULL),
(157,173,486.75,'Agoda Settlement',NULL,NULL,'2026-07-02',NULL,'2026-07-02 22:35:22','2026-07-02 22:35:22',NULL),
(158,173,762.25,'Cash',NULL,NULL,'2026-07-02',NULL,'2026-07-02 22:35:38','2026-07-02 22:35:38',NULL),
(159,174,1049.00,'Cash',NULL,NULL,'2026-07-02',NULL,'2026-07-02 22:41:51','2026-07-02 22:41:51',NULL),
(160,175,699.00,'Cash',NULL,NULL,'2026-07-02',NULL,'2026-07-02 22:44:09','2026-07-02 22:44:09',NULL),
(161,176,899.00,'Cash',NULL,NULL,'2026-07-02',NULL,'2026-07-02 22:49:51','2026-07-02 22:49:51',NULL),
(162,177,899.00,'Cash',NULL,NULL,'2026-07-02',NULL,'2026-07-02 22:51:58','2026-07-02 22:51:58',NULL),
(163,161,674.25,'Agoda Settlement',NULL,NULL,'2026-07-02',NULL,'2026-07-02 22:54:47','2026-07-02 22:54:47',NULL),
(164,162,719.20,'Agoda Settlement',NULL,NULL,'2026-07-02',NULL,'2026-07-02 22:56:49','2026-07-02 22:56:49',NULL),
(165,163,486.75,'Agoda Settlement',NULL,NULL,'2026-07-02',NULL,'2026-07-02 22:58:46','2026-07-02 22:58:46',NULL),
(166,178,2397.60,'Cash',NULL,NULL,'2026-07-02',NULL,'2026-07-02 23:09:08','2026-07-02 23:09:08',NULL),
(167,179,1438.40,'Agoda Settlement',NULL,NULL,'2026-07-02',NULL,'2026-07-02 23:11:27','2026-07-02 23:11:27',NULL),
(168,119,849.00,'Cash',NULL,NULL,'2026-07-03',NULL,'2026-07-03 01:18:19','2026-07-03 01:18:19',NULL),
(169,180,849.00,'Cash',NULL,NULL,'2026-07-03',NULL,'2026-07-03 03:07:32','2026-07-03 03:07:32',NULL),
(170,181,849.00,'GCash','4042483342627',NULL,'2026-07-03',NULL,'2026-07-03 03:49:46','2026-07-03 03:49:46',NULL),
(171,160,549.00,'Cash',NULL,NULL,'2026-07-03',NULL,'2026-07-03 06:18:35','2026-07-03 06:18:35',NULL),
(172,134,849.00,'Cash',NULL,NULL,'2026-07-03',NULL,'2026-07-03 10:40:42','2026-07-03 10:40:42',NULL),
(173,128,1398.00,'Cash',NULL,NULL,'2026-07-03',NULL,'2026-07-03 12:34:08','2026-07-03 12:34:08',NULL),
(174,130,699.00,'Cash',NULL,NULL,'2026-07-03',NULL,'2026-07-03 12:34:44','2026-07-03 12:34:44',NULL),
(175,182,899.00,'Cash',NULL,NULL,'2026-07-03',NULL,'2026-07-03 12:37:05','2026-07-03 12:37:05',NULL),
(176,183,1079.20,'Agoda Settlement',NULL,NULL,'2026-07-03',NULL,'2026-07-03 14:11:22','2026-07-03 14:11:22',NULL),
(177,185,899.00,'Cash',NULL,NULL,'2026-07-03',NULL,'2026-07-03 14:25:26','2026-07-03 14:25:26',NULL),
(178,184,674.25,'Agoda Settlement',NULL,NULL,'2026-07-03',NULL,'2026-07-03 14:26:20','2026-07-03 14:26:20',NULL),
(179,186,1198.40,'Agoda Settlement',NULL,NULL,'2026-07-03',NULL,'2026-07-03 14:42:11','2026-07-03 14:42:11',NULL),
(180,187,899.00,'Cash',NULL,NULL,'2026-07-03',NULL,'2026-07-03 15:14:17','2026-07-03 15:14:17',NULL),
(181,188,1159.20,'Agoda Settlement',NULL,NULL,'2026-07-03',NULL,'2026-07-03 15:32:16','2026-07-03 15:32:16',NULL),
(182,189,1449.00,'Cash',NULL,NULL,'2026-07-03',NULL,'2026-07-03 18:03:03','2026-07-03 18:03:03',NULL),
(183,130,699.00,'Cash',NULL,NULL,'2026-07-03',NULL,'2026-07-03 18:38:19','2026-07-03 18:53:04','2026-07-03 18:53:04'),
(184,190,2196.00,'Cash',NULL,NULL,'2026-07-03',NULL,'2026-07-03 18:45:23','2026-07-03 18:45:23',NULL),
(185,130,699.00,'Cash',NULL,NULL,'2026-07-03',NULL,'2026-07-03 18:59:46','2026-07-03 18:59:46',NULL),
(186,191,899.00,'Cash',NULL,NULL,'2026-07-03',NULL,'2026-07-03 19:10:06','2026-07-03 19:10:06',NULL),
(187,192,519.20,'Agoda Settlement',NULL,NULL,'2026-07-03',NULL,'2026-07-03 19:58:43','2026-07-03 19:58:43',NULL),
(188,193,849.00,'Cash',NULL,NULL,'2026-07-03',NULL,'2026-07-03 20:06:04','2026-07-03 20:06:04',NULL),
(189,194,849.00,'Cash',NULL,NULL,'2026-07-03',NULL,'2026-07-03 22:00:05','2026-07-03 22:00:05',NULL),
(190,195,849.00,'Maya','4E4F17558616',NULL,'2026-07-03',NULL,'2026-07-03 23:29:36','2026-07-03 23:29:36',NULL),
(191,196,1849.00,'Cash',NULL,NULL,'2026-07-04',NULL,'2026-07-04 00:45:00','2026-07-04 00:45:00',NULL),
(192,197,149.00,'Cash',NULL,NULL,'2026-07-04',NULL,'2026-07-04 04:51:47','2026-07-04 04:51:47',NULL),
(193,197,1500.00,'GCash','0042519434719',NULL,'2026-07-04',NULL,'2026-07-04 04:52:09','2026-07-04 04:52:09',NULL),
(194,140,1398.00,'GCash','9042537194124',NULL,'2026-07-04',NULL,'2026-07-04 19:51:03','2026-07-04 19:51:03',NULL),
(195,198,749.25,'Agoda Settlement',NULL,NULL,'2026-07-04',NULL,'2026-07-04 22:12:39','2026-07-04 22:12:39',NULL),
(196,199,749.25,'Agoda Settlement',NULL,NULL,'2026-07-04',NULL,'2026-07-04 22:14:03','2026-07-04 22:14:03',NULL),
(197,107,3320.00,'GCash','2042538062805',NULL,'2026-07-04',NULL,'2026-07-04 22:17:26','2026-07-04 22:17:26',NULL),
(198,158,2097.00,'Cash',NULL,NULL,'2026-07-05',NULL,'2026-07-05 11:11:00','2026-07-05 11:11:00',NULL),
(199,200,387.25,'GCash','8042 561 289326',NULL,'2026-07-05',NULL,'2026-07-05 11:32:41','2026-07-05 11:32:41',NULL),
(200,200,561.75,'Agoda Settlement',NULL,NULL,'2026-07-05',NULL,'2026-07-05 11:32:41','2026-07-05 11:32:41',NULL),
(201,201,561.75,'Agoda Settlement',NULL,NULL,'2026-07-05',NULL,'2026-07-05 20:35:25','2026-07-05 20:35:25',NULL),
(202,202,674.25,'Agoda Settlement',NULL,NULL,'2026-07-05',NULL,'2026-07-05 22:01:49','2026-07-05 22:01:49',NULL),
(203,203,899.00,'Cash',NULL,NULL,'2026-07-05',NULL,'2026-07-05 22:03:33','2026-07-05 22:03:33',NULL),
(204,204,899.00,'Cash',NULL,NULL,'2026-07-05',NULL,'2026-07-05 22:04:51','2026-07-05 22:04:51',NULL),
(205,205,899.00,'Cash',NULL,NULL,'2026-07-05',NULL,'2026-07-05 22:06:38','2026-07-05 22:06:38',NULL),
(206,206,1649.00,'Cash',NULL,NULL,'2026-07-05',NULL,'2026-07-05 23:28:44','2026-07-05 23:28:44',NULL),
(207,207,1011.75,'Agoda Settlement',NULL,NULL,'2026-07-05',NULL,'2026-07-05 23:29:57','2026-07-05 23:29:57',NULL),
(208,208,899.00,'Maya','D9BC FD3B 368E',NULL,'2026-07-06',NULL,'2026-07-06 03:02:01','2026-07-06 03:02:01',NULL),
(209,209,674.25,'Agoda Settlement',NULL,NULL,'2026-07-06',NULL,'2026-07-06 03:29:16','2026-07-06 03:29:16',NULL),
(210,210,1698.00,'GCash',NULL,NULL,'2026-07-06',NULL,'2026-07-06 04:55:22','2026-07-06 04:55:22',NULL),
(211,211,549.00,'Cash',NULL,NULL,'2026-07-06',NULL,'2026-07-06 06:24:55','2026-07-06 06:24:55',NULL),
(212,212,2897.00,'Cash',NULL,NULL,'2026-07-06',NULL,'2026-07-06 08:24:32','2026-07-06 08:24:32',NULL),
(213,214,849.00,'Cash',NULL,NULL,'2026-07-06',NULL,'2026-07-06 10:25:23','2026-07-06 10:25:23',NULL),
(214,215,1449.00,'Cash',NULL,NULL,'2026-07-06',NULL,'2026-07-06 11:29:57','2026-07-06 11:29:57',NULL),
(215,216,899.00,'GCash','1042593823692',NULL,'2026-07-06',NULL,'2026-07-06 13:25:52','2026-07-06 13:25:52',NULL),
(216,217,1685.25,'GCash',NULL,NULL,'2026-07-06',NULL,'2026-07-06 14:09:52','2026-07-06 14:09:52',NULL),
(217,205,400.00,'Cash',NULL,NULL,'2026-07-06',NULL,'2026-07-06 16:39:42','2026-07-06 16:39:42',NULL),
(218,218,549.00,'Cash',NULL,NULL,'2026-07-06',NULL,'2026-07-06 16:43:12','2026-07-06 16:43:12',NULL),
(219,219,699.00,'Cash',NULL,NULL,'2026-07-06',NULL,'2026-07-06 19:49:30','2026-07-06 19:49:30',NULL),
(220,220,849.00,'Cash',NULL,NULL,'2026-07-06',NULL,'2026-07-06 19:52:42','2026-07-06 19:52:42',NULL),
(221,140,300.00,'Cash',NULL,NULL,'2026-07-06',NULL,'2026-07-06 19:56:02','2026-07-06 19:56:02',NULL),
(222,221,849.00,'Cash',NULL,NULL,'2026-07-06',NULL,'2026-07-06 19:59:03','2026-07-06 19:59:03',NULL),
(223,222,549.00,'Cash',NULL,NULL,'2026-07-06',NULL,'2026-07-06 20:08:32','2026-07-06 20:08:32',NULL),
(224,223,1698.00,'Cash',NULL,NULL,'2026-07-06',NULL,'2026-07-06 20:11:33','2026-07-06 20:11:33',NULL),
(225,224,2318.40,'Agoda Settlement',NULL,NULL,'2026-07-06',NULL,'2026-07-06 20:15:02','2026-07-06 20:15:02',NULL),
(226,225,2158.40,'Agoda Settlement',NULL,NULL,'2026-07-06',NULL,'2026-07-06 20:17:00','2026-07-06 20:17:00',NULL),
(227,226,749.25,'Agoda Settlement',NULL,NULL,'2026-07-06',NULL,'2026-07-06 20:19:47','2026-07-06 20:19:47',NULL),
(228,227,899.00,'Cash',NULL,NULL,'2026-07-06',NULL,'2026-07-06 20:22:23','2026-07-06 20:22:23',NULL),
(229,228,849.00,'Cash',NULL,NULL,'2026-07-06',NULL,'2026-07-06 20:23:43','2026-07-06 20:23:43',NULL),
(230,229,2247.75,'Cash',NULL,NULL,'2026-07-06',NULL,'2026-07-06 20:25:54','2026-07-06 20:25:54',NULL),
(231,232,719.20,'Agoda Settlement',NULL,NULL,'2026-07-07',NULL,'2026-07-07 02:33:25','2026-07-07 02:33:25',NULL),
(232,231,719.20,'Agoda Settlement',NULL,NULL,'2026-07-07',NULL,'2026-07-07 02:33:50','2026-07-07 02:33:50',NULL),
(233,230,599.20,'Agoda Settlement',NULL,NULL,'2026-07-07',NULL,'2026-07-07 02:34:14','2026-07-07 02:34:14',NULL),
(234,228,849.00,'Cash',NULL,NULL,'2026-07-07',NULL,'2026-07-07 07:41:53','2026-07-07 07:41:53',NULL),
(235,211,549.00,'Cash',NULL,NULL,'2026-07-07',NULL,'2026-07-07 08:08:03','2026-07-07 08:08:03',NULL),
(236,235,3446.00,'Cash',NULL,NULL,'2026-07-07',NULL,'2026-07-07 11:30:39','2026-07-07 11:30:39',NULL),
(237,236,899.00,'Cash',NULL,NULL,'2026-07-07',NULL,'2026-07-07 12:11:30','2026-07-07 12:11:30',NULL),
(238,237,1449.00,'GCash',NULL,NULL,'2026-07-07',NULL,'2026-07-07 12:25:53','2026-07-07 12:25:53',NULL),
(239,136,10626.00,'GCash','3388996097697',NULL,'2026-07-07',NULL,'2026-07-07 12:28:06','2026-07-07 12:28:06',NULL),
(240,238,674.25,'Agoda Settlement',NULL,NULL,'2026-07-07',NULL,'2026-07-07 12:36:30','2026-07-07 12:36:30',NULL),
(241,239,699.00,'Cash',NULL,NULL,'2026-07-07',NULL,'2026-07-07 12:43:53','2026-07-07 12:43:53',NULL),
(242,240,1198.40,'Agoda Settlement','1744677322',NULL,'2026-07-07',NULL,'2026-07-07 13:05:37','2026-07-07 13:05:37',NULL),
(243,219,699.00,'Cash',NULL,NULL,'2026-07-07',NULL,'2026-07-07 19:40:28','2026-07-07 19:40:28',NULL),
(244,241,674.25,'Agoda Settlement',NULL,NULL,'2026-07-07',NULL,'2026-07-07 19:50:53','2026-07-07 19:50:53',NULL),
(245,242,849.00,'Cash',NULL,NULL,'2026-07-07',NULL,'2026-07-07 19:54:15','2026-07-07 19:54:15',NULL),
(246,243,674.25,'GCash','4042636809308',NULL,'2026-07-07',NULL,'2026-07-07 19:57:12','2026-07-07 19:57:12',NULL),
(247,244,899.00,'Cash',NULL,NULL,'2026-07-07',NULL,'2026-07-07 19:59:14','2026-07-07 19:59:14',NULL),
(248,245,849.00,'Cash',NULL,NULL,'2026-07-07',NULL,'2026-07-07 20:00:39','2026-07-07 20:00:39',NULL),
(249,246,1311.75,'Agoda Settlement',NULL,NULL,'2026-07-07',NULL,'2026-07-07 20:03:03','2026-07-07 20:03:03',NULL),
(250,247,1649.00,'Cash',NULL,NULL,'2026-07-07',NULL,'2026-07-07 20:04:41','2026-07-07 20:04:41',NULL),
(251,248,719.20,'Agoda Settlement',NULL,NULL,'2026-07-07',NULL,'2026-07-07 20:06:03','2026-07-07 20:06:03',NULL),
(252,249,899.00,'Cash',NULL,NULL,'2026-07-07',NULL,'2026-07-07 20:32:23','2026-07-07 20:32:23',NULL),
(253,250,1249.00,'Cash',NULL,NULL,'2026-07-08',NULL,'2026-07-08 02:32:57','2026-07-08 02:32:57',NULL),
(254,251,699.00,'Cash',NULL,NULL,'2026-07-08',NULL,'2026-07-08 02:35:02','2026-07-08 02:35:02',NULL),
(255,252,749.25,'Agoda Settlement',NULL,NULL,'2026-07-08',NULL,'2026-07-08 02:37:48','2026-07-08 02:37:48',NULL),
(256,239,699.00,'GCash','0003000115810',NULL,'2026-07-08',NULL,'2026-07-08 11:12:33','2026-07-08 11:12:33',NULL),
(257,253,899.00,'Cash',NULL,NULL,'2026-07-08',NULL,'2026-07-08 12:16:24','2026-07-08 12:16:24',NULL),
(258,219,699.00,'Cash',NULL,NULL,'2026-07-08',NULL,'2026-07-08 15:26:31','2026-07-08 15:26:31',NULL),
(259,236,899.00,'Cash',NULL,NULL,'2026-07-08',NULL,'2026-07-08 16:22:05','2026-07-08 16:22:05',NULL),
(260,254,719.20,'Cash',NULL,NULL,'2026-07-08',NULL,'2026-07-08 19:27:16','2026-07-08 19:27:16',NULL),
(261,255,439.20,'Agoda Settlement',NULL,NULL,'2026-07-08',NULL,'2026-07-08 19:29:34','2026-07-08 19:29:34',NULL),
(262,256,899.00,'Cash',NULL,NULL,'2026-07-08',NULL,'2026-07-08 19:33:56','2026-07-08 19:33:56',NULL),
(263,257,899.00,'Agoda Settlement',NULL,NULL,'2026-07-08',NULL,'2026-07-08 19:36:09','2026-07-08 19:36:09',NULL),
(264,258,849.00,'Cash',NULL,NULL,'2026-07-08',NULL,'2026-07-08 19:37:59','2026-07-08 19:37:59',NULL),
(265,259,899.00,'Cash',NULL,NULL,'2026-07-08',NULL,'2026-07-08 19:39:06','2026-07-08 19:39:06',NULL),
(266,260,1250.00,'GCash',NULL,NULL,'2026-07-08',NULL,'2026-07-08 19:40:21','2026-07-08 19:40:21',NULL),
(267,261,850.00,'GCash',NULL,NULL,'2026-07-08',NULL,'2026-07-08 19:44:33','2026-07-08 19:44:33',NULL),
(268,262,561.75,'Agoda Settlement',NULL,NULL,'2026-07-08',NULL,'2026-07-08 19:46:38','2026-07-08 19:46:38',NULL),
(269,263,899.00,'GCash','7042680842063',NULL,'2026-07-08',NULL,'2026-07-08 19:54:15','2026-07-08 19:54:15',NULL),
(270,264,1449.00,'GCash','7042680257730',NULL,'2026-07-08',NULL,'2026-07-08 19:58:51','2026-07-08 19:58:51',NULL),
(271,265,899.00,'Cash',NULL,NULL,'2026-07-08',NULL,'2026-07-08 22:58:19','2026-07-08 22:58:19',NULL),
(272,266,749.25,'Agoda Settlement',NULL,NULL,'2026-07-08',NULL,'2026-07-08 23:01:08','2026-07-08 23:01:08',NULL),
(273,267,674.25,'Cash',NULL,NULL,'2026-07-08',NULL,'2026-07-08 23:02:59','2026-07-08 23:02:59',NULL),
(274,268,1011.75,'Agoda Settlement',NULL,NULL,'2026-07-08',NULL,'2026-07-08 23:04:27','2026-07-08 23:04:27',NULL),
(275,263,288.00,'Cash',NULL,NULL,'2026-07-09',NULL,'2026-07-09 07:46:00','2026-07-09 07:46:00',NULL),
(276,213,2529.00,'Cash',NULL,NULL,'2026-07-09',NULL,'2026-07-09 08:51:12','2026-07-09 08:51:12',NULL),
(277,233,1099.00,'Cash',NULL,NULL,'2026-07-09',NULL,'2026-07-09 08:56:07','2026-07-09 08:56:07',NULL),
(278,269,3396.00,'GCash','8042695062218',NULL,'2026-07-09',NULL,'2026-07-09 09:14:58','2026-07-09 09:14:58',NULL),
(279,260,1249.00,'Cash',NULL,NULL,'2026-07-09',NULL,'2026-07-09 10:23:39','2026-07-09 10:23:39',NULL),
(280,261,849.00,'Cash',NULL,NULL,'2026-07-09',NULL,'2026-07-09 10:24:13','2026-07-09 10:24:13',NULL),
(281,270,849.00,'Cash',NULL,NULL,'2026-07-09',NULL,'2026-07-09 12:59:21','2026-07-09 12:59:21',NULL),
(282,240,674.25,'Agoda Settlement',NULL,NULL,'2026-07-09',NULL,'2026-07-09 16:33:21','2026-07-09 16:33:21',NULL),
(283,271,1159.20,'Agoda Settlement',NULL,NULL,'2026-07-09',NULL,'2026-07-09 19:20:44','2026-07-09 19:20:44',NULL),
(284,272,674.25,'Agoda Settlement',NULL,NULL,'2026-07-09',NULL,'2026-07-09 19:23:40','2026-07-09 19:23:40',NULL),
(285,273,849.00,'Cash',NULL,NULL,'2026-07-09',NULL,'2026-07-09 19:25:40','2026-07-09 19:25:40',NULL),
(286,274,561.75,'Agoda Settlement',NULL,NULL,'2026-07-09',NULL,'2026-07-09 19:37:47','2026-07-09 19:37:47',NULL),
(287,276,2157.60,'Cash',NULL,NULL,'2026-07-09',NULL,'2026-07-09 19:50:26','2026-07-09 19:50:26',NULL),
(288,275,1797.60,'Agoda Settlement',NULL,NULL,'2026-07-09',NULL,'2026-07-09 20:02:58','2026-07-09 20:02:58',NULL),
(289,277,849.00,'Cash',NULL,NULL,'2026-07-09',NULL,'2026-07-09 20:06:49','2026-07-09 20:06:49',NULL),
(290,278,7496.25,'Agoda Settlement',NULL,NULL,'2026-07-09',NULL,'2026-07-09 20:29:52','2026-07-09 20:29:52',NULL),
(291,279,2498.00,'Cash',NULL,NULL,'2026-07-09',NULL,'2026-07-09 20:35:28','2026-07-09 20:35:28',NULL),
(292,253,899.00,'Cash',NULL,NULL,'2026-07-09',NULL,'2026-07-09 20:49:04','2026-07-09 20:49:04',NULL),
(293,280,674.25,'Agoda Settlement',NULL,NULL,'2026-07-09',NULL,'2026-07-09 22:39:51','2026-07-09 22:39:51',NULL),
(294,281,1749.00,'Cash',NULL,NULL,'2026-07-09',NULL,'2026-07-09 22:42:19','2026-07-09 22:42:19',NULL),
(295,282,899.00,'Cash',NULL,NULL,'2026-07-09',NULL,'2026-07-09 22:43:34','2026-07-09 22:43:34',NULL),
(296,283,899.00,'Cash',NULL,NULL,'2026-07-09',NULL,'2026-07-09 22:45:53','2026-07-09 22:45:53',NULL),
(297,284,561.75,'Agoda Settlement',NULL,NULL,'2026-07-10',NULL,'2026-07-10 05:25:59','2026-07-10 05:25:59',NULL),
(298,237,1449.00,'GCash','5042725284884',NULL,'2026-07-10',NULL,'2026-07-10 08:17:04','2026-07-10 08:17:04',NULL),
(299,285,899.00,'Cash',NULL,NULL,'2026-07-10',NULL,'2026-07-10 09:47:49','2026-07-10 09:47:49',NULL),
(300,286,799.00,'Cash',NULL,NULL,'2026-07-10',NULL,'2026-07-10 10:08:03','2026-07-10 10:08:03',NULL),
(301,286,200.00,'Cash',NULL,NULL,'2026-07-10',NULL,'2026-07-10 10:13:10','2026-07-10 10:13:10',NULL),
(302,270,849.00,'Cash',NULL,NULL,'2026-07-10',NULL,'2026-07-10 11:54:15','2026-07-10 11:54:15',NULL),
(303,287,699.00,'Cash',NULL,NULL,'2026-07-10',NULL,'2026-07-10 12:19:19','2026-07-10 12:19:19',NULL),
(304,277,100.00,'Cash',NULL,NULL,'2026-07-10',NULL,'2026-07-10 13:01:35','2026-07-10 13:01:35',NULL),
(305,284,100.00,'Cash',NULL,NULL,'2026-07-10',NULL,'2026-07-10 13:03:08','2026-07-10 13:03:08',NULL),
(306,216,899.00,'Cash',NULL,NULL,'2026-07-10',NULL,'2026-07-10 16:04:18','2026-07-10 16:04:18',NULL),
(307,288,699.00,'GCash','UB952491',NULL,'2026-07-10',NULL,'2026-07-10 19:50:41','2026-07-10 19:50:41',NULL),
(308,233,899.00,'Cash',NULL,NULL,'2026-07-10',NULL,'2026-07-10 19:51:51','2026-07-10 19:51:51',NULL),
(309,289,899.00,'Cash',NULL,NULL,'2026-07-10',NULL,'2026-07-10 20:09:00','2026-07-10 20:09:00',NULL),
(310,290,719.20,'Agoda Settlement',NULL,NULL,'2026-07-10',NULL,'2026-07-10 20:12:48','2026-07-10 20:12:48',NULL),
(311,291,899.00,'Cash',NULL,NULL,'2026-07-10',NULL,'2026-07-10 20:19:52','2026-07-10 20:19:52',NULL),
(312,292,549.00,'Cash',NULL,NULL,'2026-07-10',NULL,'2026-07-10 20:25:37','2026-07-10 20:25:37',NULL),
(313,294,1038.40,'Agoda Settlement',NULL,NULL,'2026-07-10',NULL,'2026-07-10 22:02:09','2026-07-10 22:02:09',NULL),
(314,293,2318.40,'Agoda Settlement',NULL,NULL,'2026-07-10',NULL,'2026-07-10 22:02:40','2026-07-10 22:02:40',NULL),
(315,295,699.00,'Cash',NULL,NULL,'2026-07-10',NULL,'2026-07-10 22:13:14','2026-07-10 22:13:14',NULL),
(316,296,1557.60,'Cash',NULL,NULL,'2026-07-11',NULL,'2026-07-11 00:17:53','2026-07-11 00:17:53',NULL),
(317,285,899.00,'GCash','00089400',NULL,'2026-07-11',NULL,'2026-07-11 09:42:05','2026-07-11 09:42:05',NULL),
(318,107,3495.00,'GCash',NULL,NULL,'2026-07-11',NULL,'2026-07-11 14:52:17','2026-07-11 14:52:17',NULL),
(319,292,1000.00,'Cash',NULL,NULL,'2026-07-11',NULL,'2026-07-11 14:54:21','2026-07-11 14:54:21',NULL),
(320,297,719.20,'Agoda Settlement',NULL,NULL,'2026-07-11',NULL,'2026-07-11 14:55:45','2026-07-11 14:55:45',NULL),
(321,233,899.00,'Cash',NULL,NULL,'2026-07-11',NULL,'2026-07-11 16:37:47','2026-07-11 16:37:47',NULL),
(322,295,700.00,'GCash','2042777604832',NULL,'2026-07-11',NULL,'2026-07-11 18:54:53','2026-07-11 18:54:53',NULL),
(323,298,1274.00,'GCash','2042782623236',NULL,'2026-07-11',NULL,'2026-07-11 19:57:21','2026-07-11 19:57:21',NULL),
(324,299,899.00,'Cash',NULL,NULL,'2026-07-11',NULL,'2026-07-11 20:00:10','2026-07-11 20:00:10',NULL),
(325,300,899.00,'Cash',NULL,NULL,'2026-07-11',NULL,'2026-07-11 20:09:31','2026-07-11 20:09:31',NULL),
(326,301,899.00,'Cash',NULL,NULL,'2026-07-11',NULL,'2026-07-11 20:10:42','2026-07-11 20:10:42',NULL),
(327,302,1399.20,'Agoda Settlement',NULL,NULL,'2026-07-11',NULL,'2026-07-11 20:24:06','2026-07-11 20:24:06',NULL),
(328,303,1399.20,'Agoda Settlement',NULL,NULL,'2026-07-11',NULL,'2026-07-11 20:26:05','2026-07-11 20:26:05',NULL),
(329,304,625.00,'GCash','1042684422521',NULL,'2026-07-11',NULL,'2026-07-11 20:28:26','2026-07-11 20:28:26',NULL),
(330,304,624.00,'Cash',NULL,NULL,'2026-07-11',NULL,'2026-07-11 20:28:26','2026-07-11 20:28:26',NULL),
(331,305,849.00,'Cash',NULL,NULL,'2026-07-11',NULL,'2026-07-11 20:30:37','2026-07-11 20:30:37',NULL),
(332,306,719.20,'Agoda Settlement',NULL,NULL,'2026-07-11',NULL,'2026-07-11 20:32:29','2026-07-11 20:32:29',NULL),
(333,307,1199.00,'Cash',NULL,NULL,'2026-07-11',NULL,'2026-07-11 20:34:38','2026-07-11 20:34:38',NULL),
(334,307,50.00,'Cash',NULL,NULL,'2026-07-11',NULL,'2026-07-11 21:33:00','2026-07-11 21:33:00',NULL),
(335,308,1123.50,'Agoda Settlement',NULL,NULL,'2026-07-11',NULL,'2026-07-11 22:09:45','2026-07-11 22:09:45',NULL),
(336,309,1449.00,'Cash',NULL,NULL,'2026-07-11',NULL,'2026-07-11 23:44:28','2026-07-11 23:44:28',NULL),
(337,310,699.00,'GCash','1042791099550',NULL,'2026-07-11',NULL,'2026-07-11 23:45:45','2026-07-11 23:45:45',NULL),
(338,311,899.00,'Cash',NULL,NULL,'2026-07-12',NULL,'2026-07-12 05:05:12','2026-07-12 05:05:12',NULL),
(339,234,2097.00,'Cash',NULL,NULL,'2026-07-12',NULL,'2026-07-12 10:03:39','2026-07-12 10:03:39',NULL),
(340,310,699.00,'GCash','1042801271387',NULL,'2026-07-12',NULL,'2026-07-12 13:14:09','2026-07-12 13:14:09',NULL),
(341,307,1249.00,'Cash',NULL,NULL,'2026-07-12',NULL,'2026-07-12 13:16:12','2026-07-12 13:16:12',NULL),
(342,316,549.00,'Cash',NULL,NULL,'2026-07-12',NULL,'2026-07-12 17:40:34','2026-07-12 17:40:34',NULL),
(343,317,899.00,'Cash',NULL,NULL,'2026-07-12',NULL,'2026-07-12 19:42:19','2026-07-12 19:42:19',NULL),
(344,298,424.00,'Cash',NULL,NULL,'2026-07-12',NULL,'2026-07-12 19:43:20','2026-07-12 19:43:20',NULL),
(345,318,674.25,'Cash',NULL,NULL,'2026-07-12',NULL,'2026-07-12 19:44:57','2026-07-12 19:44:57',NULL),
(346,319,849.00,'Cash',NULL,NULL,'2026-07-12',NULL,'2026-07-12 20:47:37','2026-07-12 20:47:37',NULL),
(347,320,749.25,'GCash',NULL,NULL,'2026-07-12',NULL,'2026-07-12 22:48:59','2026-07-12 22:48:59',NULL),
(348,321,549.00,'Cash',NULL,NULL,'2026-07-12',NULL,'2026-07-12 22:51:27','2026-07-12 22:51:27',NULL),
(349,322,899.00,'Cash',NULL,NULL,'2026-07-12',NULL,'2026-07-12 22:53:18','2026-07-12 22:53:18',NULL),
(350,323,899.00,'GCash',NULL,NULL,'2026-07-12',NULL,'2026-07-12 23:31:19','2026-07-12 23:31:19',NULL),
(351,314,849.00,'Cash',NULL,NULL,'2026-07-13',NULL,'2026-07-13 00:10:33','2026-07-13 00:10:33',NULL),
(352,315,1698.00,'Cash',NULL,NULL,'2026-07-13',NULL,'2026-07-13 00:11:45','2026-07-13 00:11:45',NULL),
(353,313,899.00,'Cash',NULL,NULL,'2026-07-13',NULL,'2026-07-13 00:12:39','2026-07-13 00:12:39',NULL),
(354,312,949.00,'GCash',NULL,NULL,'2026-07-13',NULL,'2026-07-13 00:16:12','2026-07-13 00:16:12',NULL),
(355,292,98.00,'Cash',NULL,NULL,'2026-07-13',NULL,'2026-07-13 11:29:23','2026-07-13 11:29:23',NULL),
(356,314,849.00,'Cash',NULL,NULL,'2026-07-13',NULL,'2026-07-13 11:37:38','2026-07-13 11:37:38',NULL),
(357,324,2157.60,'Cash',NULL,NULL,'2026-07-13',NULL,'2026-07-13 11:43:01','2026-07-13 11:43:01',NULL),
(358,325,749.00,'Cash',NULL,NULL,'2026-07-13',NULL,'2026-07-13 12:21:05','2026-07-13 12:21:05',NULL),
(359,326,50.00,'Cash',NULL,NULL,'2026-07-13',NULL,'2026-07-13 13:02:02','2026-07-13 13:02:02',NULL),
(360,326,674.25,'Agoda Settlement',NULL,NULL,'2026-07-13',NULL,'2026-07-13 13:02:02','2026-07-13 13:02:02',NULL),
(361,327,2828.20,'GCash','00060747',NULL,'2026-07-13',NULL,'2026-07-13 15:10:03','2026-07-13 15:10:03',NULL),
(362,328,899.00,'Cash',NULL,NULL,'2026-07-13',NULL,'2026-07-13 15:42:44','2026-07-13 15:42:44',NULL),
(363,329,674.25,'Agoda Settlement',NULL,NULL,'2026-07-13',NULL,'2026-07-13 15:44:02','2026-07-13 15:44:02',NULL),
(364,330,699.00,'Cash',NULL,NULL,'2026-07-13',NULL,'2026-07-13 15:45:08','2026-07-13 15:45:08',NULL),
(365,331,849.00,'Cash',NULL,NULL,'2026-07-13',NULL,'2026-07-13 15:46:13','2026-07-13 15:46:13',NULL),
(366,332,899.00,'Cash',NULL,NULL,'2026-07-13',NULL,'2026-07-13 16:04:07','2026-07-13 16:04:07',NULL),
(367,333,1049.00,'Cash',NULL,NULL,'2026-07-13',NULL,'2026-07-13 17:25:43','2026-07-13 17:25:43',NULL),
(368,308,1123.50,'Agoda Settlement',NULL,NULL,'2026-07-13',NULL,'2026-07-13 18:13:29','2026-07-13 18:13:29',NULL),
(369,308,699.00,'GCash','UB1320226',NULL,'2026-07-13',NULL,'2026-07-13 18:14:30','2026-07-13 18:14:30',NULL),
(370,334,849.00,'Cash',NULL,NULL,'2026-07-13',NULL,'2026-07-13 19:53:37','2026-07-13 19:53:37',NULL),
(371,327,0.32,'GCash',NULL,NULL,'2026-07-13',NULL,'2026-07-13 19:59:34','2026-07-13 19:59:34',NULL),
(372,331,849.00,'Cash',NULL,NULL,'2026-07-14',NULL,'2026-07-14 05:04:31','2026-07-14 05:04:31',NULL),
(373,335,1498.50,'Agoda Settlement',NULL,NULL,'2026-07-14',NULL,'2026-07-14 05:08:47','2026-07-14 05:08:47',NULL),
(374,336,1086.75,'Agoda Settlement',NULL,NULL,'2026-07-14',NULL,'2026-07-14 05:16:04','2026-07-14 05:16:04',NULL),
(375,337,1498.50,'Agoda Settlement',NULL,NULL,'2026-07-14',NULL,'2026-07-14 05:19:25','2026-07-14 05:19:25',NULL),
(376,338,899.00,'Cash',NULL,NULL,'2026-07-14',NULL,'2026-07-14 05:21:03','2026-07-14 05:21:03',NULL),
(377,314,849.00,'Cash',NULL,NULL,'2026-07-14',NULL,'2026-07-14 08:03:11','2026-07-14 08:03:11',NULL),
(378,339,1574.10,'Booking.com Settlement',NULL,NULL,'2026-07-14',NULL,'2026-07-14 13:13:06','2026-07-14 13:13:06',NULL),
(379,340,699.00,'Cash',NULL,NULL,'2026-07-14',NULL,'2026-07-14 16:52:26','2026-07-14 16:52:26',NULL),
(380,333,1049.00,'Cash',NULL,NULL,'2026-07-14',NULL,'2026-07-14 19:04:17','2026-07-14 19:04:17',NULL),
(381,341,3370.50,'Agoda Settlement',NULL,NULL,'2026-07-14',NULL,'2026-07-14 19:09:11','2026-07-14 19:09:11',NULL),
(382,342,899.00,'Cash',NULL,NULL,'2026-07-14',NULL,'2026-07-14 19:12:30','2026-07-14 19:12:30',NULL),
(383,343,899.00,'Cash',NULL,NULL,'2026-07-14',NULL,'2026-07-14 19:13:58','2026-07-14 19:13:58',NULL),
(384,344,899.00,'GCash','7042884993627',NULL,'2026-07-14',NULL,'2026-07-14 19:26:23','2026-07-14 19:26:23',NULL),
(385,345,1249.00,'Cash',NULL,NULL,'2026-07-14',NULL,'2026-07-14 21:02:22','2026-07-14 21:02:22',NULL),
(386,346,674.25,'Agoda Settlement',NULL,NULL,'2026-07-14',NULL,'2026-07-14 22:42:36','2026-07-14 22:42:36',NULL),
(387,347,561.75,'Agoda Settlement',NULL,NULL,'2026-07-14',NULL,'2026-07-14 23:11:29','2026-07-14 23:11:29',NULL),
(388,347,337.25,'Cash',NULL,NULL,'2026-07-15',NULL,'2026-07-15 05:31:02','2026-07-15 05:31:02',NULL),
(389,314,849.00,'GCash',NULL,NULL,'2026-07-15',NULL,'2026-07-15 11:45:34','2026-07-15 11:45:34',NULL),
(390,308,1123.50,'Agoda Settlement',NULL,NULL,'2026-07-15',NULL,'2026-07-15 18:47:28','2026-07-15 18:47:28',NULL),
(391,333,1049.00,'Cash',NULL,NULL,'2026-07-15',NULL,'2026-07-15 18:48:08','2026-07-15 18:48:08',NULL),
(392,348,699.00,'Cash',NULL,NULL,'2026-07-15',NULL,'2026-07-15 18:49:54','2026-07-15 18:49:54',NULL),
(393,349,674.25,'Agoda Settlement',NULL,NULL,'2026-07-15',NULL,'2026-07-15 18:51:08','2026-07-15 18:51:08',NULL),
(394,350,699.00,'Cash',NULL,NULL,'2026-07-15',NULL,'2026-07-15 18:52:17','2026-07-15 18:52:17',NULL),
(395,351,899.00,'Cash',NULL,NULL,'2026-07-15',NULL,'2026-07-15 18:54:16','2026-07-15 18:54:16',NULL),
(396,352,699.00,'Cash',NULL,NULL,'2026-07-15',NULL,'2026-07-15 18:55:22','2026-07-15 18:55:22',NULL),
(397,344,899.00,'GCash',NULL,NULL,'2026-07-15',NULL,'2026-07-15 22:16:42','2026-07-15 22:16:42',NULL),
(398,353,599.20,'Agoda Settlement',NULL,NULL,'2026-07-15',NULL,'2026-07-15 22:18:39','2026-07-15 22:18:39',NULL),
(399,354,1649.00,'Cash',NULL,NULL,'2026-07-15',NULL,'2026-07-15 23:03:39','2026-07-15 23:03:39',NULL),
(400,355,674.25,'Agoda Settlement',NULL,NULL,'2026-07-15',NULL,'2026-07-15 23:04:56','2026-07-15 23:04:56',NULL),
(401,356,699.00,'Cash',NULL,NULL,'2026-07-15',NULL,'2026-07-15 23:05:51','2026-07-15 23:05:51',NULL),
(402,357,849.00,'GCash',NULL,NULL,'2026-07-16',NULL,'2026-07-16 05:08:53','2026-07-16 05:08:53',NULL),
(403,358,849.00,'Cash',NULL,NULL,'2026-07-16',NULL,'2026-07-16 05:10:48','2026-07-16 05:10:48',NULL),
(404,314,849.00,'GCash',NULL,NULL,'2026-07-16',NULL,'2026-07-16 12:20:26','2026-07-16 12:20:26',NULL),
(405,360,749.25,'Agoda Settlement',NULL,NULL,'2026-07-16',NULL,'2026-07-16 12:49:33','2026-07-16 12:49:33',NULL),
(406,360,50.00,'Cash',NULL,NULL,'2026-07-16',NULL,'2026-07-16 12:50:08','2026-07-16 12:50:08',NULL),
(407,361,2147.00,'Cash',NULL,NULL,'2026-07-16',NULL,'2026-07-16 12:53:37','2026-07-16 12:53:37',NULL),
(408,333,1049.00,'Cash',NULL,NULL,'2026-07-16',NULL,'2026-07-16 13:04:56','2026-07-16 13:04:56',NULL),
(409,355,100.00,'Cash',NULL,NULL,'2026-07-16',NULL,'2026-07-16 15:25:30','2026-07-16 15:25:30',NULL),
(410,362,899.00,'Cash',NULL,NULL,'2026-07-16',NULL,'2026-07-16 15:27:45','2026-07-16 15:27:45',NULL),
(411,363,2049.00,'GCash',NULL,NULL,'2026-07-16',NULL,'2026-07-16 15:29:29','2026-07-16 15:29:29',NULL),
(412,364,1698.00,'Cash',NULL,NULL,'2026-07-16',NULL,'2026-07-16 15:30:48','2026-07-16 15:30:48',NULL),
(413,365,674.25,'Cash',NULL,NULL,'2026-07-16',NULL,'2026-07-16 15:32:04','2026-07-16 15:32:04',NULL),
(414,366,899.00,'Cash',NULL,NULL,'2026-07-16',NULL,'2026-07-16 15:32:52','2026-07-16 15:32:52',NULL),
(415,367,5312.00,'GCash','2042956798627',NULL,'2026-07-16',NULL,'2026-07-16 17:44:12','2026-07-16 17:44:12',NULL),
(416,356,699.00,'Cash',NULL,NULL,'2026-07-16',NULL,'2026-07-16 18:32:44','2026-07-16 18:32:44',NULL),
(417,368,674.25,'Agoda Settlement',NULL,NULL,'2026-07-16',NULL,'2026-07-16 19:08:04','2026-07-16 19:08:04',NULL),
(418,369,1011.75,'Cash',NULL,NULL,'2026-07-16',NULL,'2026-07-16 19:09:13','2026-07-16 19:09:13',NULL),
(419,370,849.00,'Cash',NULL,NULL,'2026-07-16',NULL,'2026-07-16 19:28:43','2026-07-16 19:28:43',NULL),
(420,371,809.10,'Booking.com Settlement',NULL,NULL,'2026-07-16',NULL,'2026-07-16 19:45:41','2026-07-16 19:45:41',NULL),
(421,344,899.00,'GCash','7042962493817',NULL,'2026-07-16',NULL,'2026-07-16 19:50:04','2026-07-16 19:50:04',NULL),
(422,372,749.25,'Agoda Settlement',NULL,NULL,'2026-07-16',NULL,'2026-07-16 20:23:51','2026-07-16 20:23:51',NULL),
(423,373,1449.00,'Cash',NULL,NULL,'2026-07-16',NULL,'2026-07-16 23:03:21','2026-07-16 23:03:21',NULL),
(424,374,674.25,'Agoda Settlement',NULL,NULL,'2026-07-17',NULL,'2026-07-17 04:56:31','2026-07-17 04:56:31',NULL),
(425,356,150.00,'Cash',NULL,NULL,'2026-07-17',NULL,'2026-07-17 04:58:10','2026-07-17 04:58:10',NULL),
(426,327,999.00,'GCash',NULL,NULL,'2026-07-17',NULL,'2026-07-17 11:03:38','2026-07-17 11:03:38',NULL),
(427,375,4316.80,'GCash',NULL,NULL,'2026-07-17',NULL,'2026-07-17 12:49:26','2026-07-17 12:49:26',NULL),
(428,377,719.20,'Agoda Settlement',NULL,NULL,'2026-07-17',NULL,'2026-07-17 14:43:31','2026-07-17 14:43:31',NULL),
(429,378,4045.50,'Agoda Settlement',NULL,NULL,'2026-07-17',NULL,'2026-07-17 14:45:07','2026-07-17 14:45:07',NULL),
(430,379,849.00,'Cash',NULL,NULL,'2026-07-17',NULL,'2026-07-17 14:47:35','2026-07-17 14:47:35',NULL),
(431,380,719.20,'Agoda Settlement',NULL,NULL,'2026-07-17',NULL,'2026-07-17 14:48:50','2026-07-17 14:48:50',NULL),
(432,376,899.00,'Cash',NULL,NULL,'2026-07-17',NULL,'2026-07-17 14:53:06','2026-07-17 14:53:06',NULL),
(433,381,719.20,'Agoda Settlement',NULL,NULL,'2026-07-17',NULL,'2026-07-17 17:44:07','2026-07-17 17:44:07',NULL),
(434,382,849.00,'Cash',NULL,NULL,'2026-07-17',NULL,'2026-07-17 17:45:35','2026-07-17 17:45:35',NULL),
(435,344,899.00,'GCash','7042996041782',NULL,'2026-07-17',NULL,'2026-07-17 19:05:59','2026-07-17 19:05:59',NULL),
(436,383,899.00,'Cash',NULL,NULL,'2026-07-17',NULL,'2026-07-17 19:15:30','2026-07-17 19:15:30',NULL),
(437,384,1159.20,'Agoda Settlement',NULL,NULL,'2026-07-17',NULL,'2026-07-17 19:49:38','2026-07-17 19:49:38',NULL),
(438,385,719.20,'Agoda Settlement',NULL,NULL,'2026-07-17',NULL,'2026-07-17 19:50:16','2026-07-17 19:50:16',NULL),
(439,386,1099.00,'Cash',NULL,NULL,'2026-07-17',NULL,'2026-07-17 20:03:38','2026-07-17 20:03:38',NULL),
(440,380,100.00,'Cash',NULL,NULL,'2026-07-17',NULL,'2026-07-17 20:34:04','2026-07-17 20:34:04',NULL),
(441,387,719.20,'Cash',NULL,NULL,'2026-07-18',NULL,'2026-07-18 01:56:29','2026-07-18 01:56:29',NULL),
(442,388,899.00,'Cash',NULL,NULL,'2026-07-18',NULL,'2026-07-18 02:01:21','2026-07-18 02:01:21',NULL),
(443,389,899.00,'Cash',NULL,NULL,'2026-07-18',NULL,'2026-07-18 02:04:02','2026-07-18 02:04:02',NULL),
(444,390,899.00,'Cash',NULL,NULL,'2026-07-18',NULL,'2026-07-18 02:07:29','2026-07-18 02:07:29',NULL),
(445,391,1049.00,'Cash',NULL,NULL,'2026-07-18',NULL,'2026-07-18 03:06:55','2026-07-18 03:06:55',NULL),
(446,392,1797.60,'Agoda Settlement',NULL,NULL,'2026-07-18',NULL,'2026-07-18 08:45:26','2026-07-18 08:45:26',NULL),
(447,392,949.40,'Cash',NULL,NULL,'2026-07-18',NULL,'2026-07-18 08:45:26','2026-07-18 08:45:26',NULL),
(448,393,1748.00,'Cash',NULL,NULL,'2026-07-18',NULL,'2026-07-18 11:58:01','2026-07-18 11:58:01',NULL),
(449,394,2022.30,'Booking.com Settlement',NULL,NULL,'2026-07-18',NULL,'2026-07-18 13:24:21','2026-07-18 13:24:21',NULL),
(450,394,50.00,'Cash',NULL,NULL,'2026-07-18',NULL,'2026-07-18 13:24:21','2026-07-18 13:24:21',NULL),
(451,395,719.20,'Agoda Settlement',NULL,NULL,'2026-07-18',NULL,'2026-07-18 13:36:00','2026-07-18 13:36:00',NULL),
(452,395,50.00,'Cash',NULL,NULL,'2026-07-18',NULL,'2026-07-18 13:36:00','2026-07-18 13:36:00',NULL),
(453,396,1198.40,'Agoda Settlement',NULL,NULL,'2026-07-18',NULL,'2026-07-18 13:44:32','2026-07-18 13:44:32',NULL),
(454,389,899.00,'Cash',NULL,NULL,'2026-07-18',NULL,'2026-07-18 14:16:01','2026-07-18 14:16:01',NULL),
(455,344,899.00,'Cash',NULL,NULL,'2026-07-18',NULL,'2026-07-18 17:50:23','2026-07-18 21:39:33','2026-07-18 21:39:33'),
(456,308,699.00,'GCash',NULL,NULL,'2026-07-18',NULL,'2026-07-18 20:20:18','2026-07-18 20:20:18',NULL),
(457,308,749.25,'Agoda Settlement',NULL,NULL,'2026-07-18',NULL,'2026-07-18 20:21:25','2026-07-18 20:21:25',NULL),
(458,397,799.20,'Agoda Settlement',NULL,NULL,'2026-07-18',NULL,'2026-07-18 20:27:54','2026-07-18 20:27:54',NULL),
(459,398,699.00,'Cash',NULL,NULL,'2026-07-18',NULL,'2026-07-18 20:31:54','2026-07-18 20:31:54',NULL),
(460,399,719.20,'Agoda Settlement',NULL,NULL,'2026-07-18',NULL,'2026-07-18 20:34:40','2026-07-18 20:34:40',NULL),
(461,400,849.00,'Cash',NULL,NULL,'2026-07-18',NULL,'2026-07-18 20:36:04','2026-07-18 20:36:04',NULL),
(462,401,849.00,'Cash',NULL,NULL,'2026-07-18',NULL,'2026-07-18 20:37:09','2026-07-18 20:37:09',NULL),
(463,402,1598.40,'Cash',NULL,NULL,'2026-07-18',NULL,'2026-07-18 21:00:39','2026-07-18 21:00:39',NULL),
(464,403,849.00,'Cash',NULL,NULL,'2026-07-18',NULL,'2026-07-18 21:13:00','2026-07-18 21:13:00',NULL),
(465,406,1749.00,'Cash',NULL,NULL,'2026-07-18',NULL,'2026-07-18 21:20:55','2026-07-18 21:20:55',NULL),
(466,404,899.00,'Cash',NULL,NULL,'2026-07-18',NULL,'2026-07-18 21:36:40','2026-07-18 21:36:40',NULL),
(467,405,899.00,'Cash',NULL,NULL,'2026-07-18',NULL,'2026-07-18 21:38:04','2026-07-18 21:38:04',NULL),
(468,407,1249.00,'Cash',NULL,NULL,'2026-07-18',NULL,'2026-07-18 21:38:58','2026-07-18 21:38:58',NULL),
(469,344,899.00,'GCash',NULL,NULL,'2026-07-18',NULL,'2026-07-18 21:39:55','2026-07-18 21:39:55',NULL),
(470,408,899.00,'Cash',NULL,NULL,'2026-07-19',NULL,'2026-07-19 03:09:18','2026-07-19 03:09:18',NULL),
(471,409,849.00,'Cash',NULL,NULL,'2026-07-19',NULL,'2026-07-19 03:10:35','2026-07-19 03:10:35',NULL),
(472,410,1849.00,'Cash',NULL,NULL,'2026-07-19',NULL,'2026-07-19 03:12:32','2026-07-19 03:12:32',NULL),
(473,411,849.00,'Cash',NULL,NULL,'2026-07-19',NULL,'2026-07-19 03:13:46','2026-07-19 03:13:46',NULL),
(474,412,749.25,'Agoda Settlement',NULL,NULL,'2026-07-19',NULL,'2026-07-19 05:59:24','2026-07-19 05:59:24',NULL),
(475,359,2097.00,'Cash',NULL,NULL,'2026-07-19',NULL,'2026-07-19 09:57:46','2026-07-19 09:57:46',NULL),
(476,413,719.20,'Agoda Settlement',NULL,NULL,'2026-07-19',NULL,'2026-07-19 11:02:31','2026-07-19 11:02:31',NULL),
(477,406,100.00,'Cash',NULL,NULL,'2026-07-19',NULL,'2026-07-19 11:52:08','2026-07-19 11:52:08',NULL),
(478,414,674.25,'Agoda Settlement',NULL,NULL,'2026-07-19',NULL,'2026-07-19 12:24:12','2026-07-19 12:24:12',NULL),
(479,344,899.00,'GCash','7043051083248',NULL,'2026-07-19',NULL,'2026-07-19 12:27:48','2026-07-19 12:27:48',NULL),
(480,415,1249.00,'Cash',NULL,NULL,'2026-07-19',NULL,'2026-07-19 20:12:24','2026-07-19 20:12:24',NULL),
(481,416,4636.80,'Cash',NULL,NULL,'2026-07-19',NULL,'2026-07-19 20:14:51','2026-07-19 20:14:51',NULL),
(482,416,4636.80,'Cash',NULL,NULL,'2026-07-19',NULL,'2026-07-19 20:15:07','2026-07-19 20:31:46','2026-07-19 20:31:46'),
(483,417,1348.50,'Agoda Settlement',NULL,NULL,'2026-07-19',NULL,'2026-07-19 20:20:15','2026-07-19 20:20:15',NULL),
(484,418,599.20,'Agoda Settlement',NULL,NULL,'2026-07-19',NULL,'2026-07-19 20:27:35','2026-07-19 20:27:35',NULL),
(485,419,719.20,'Agoda Settlement',NULL,NULL,'2026-07-19',NULL,'2026-07-19 20:29:31','2026-07-19 20:29:31',NULL),
(486,420,1398.00,'Cash',NULL,NULL,'2026-07-19',NULL,'2026-07-19 23:45:40','2026-07-19 23:45:40',NULL),
(487,421,849.00,'Cash',NULL,NULL,'2026-07-19',NULL,'2026-07-19 23:47:09','2026-07-19 23:47:09',NULL),
(488,422,749.25,'Agoda Settlement',NULL,NULL,'2026-07-19',NULL,'2026-07-19 23:49:14','2026-07-19 23:49:14',NULL),
(489,423,899.00,'Cash',NULL,NULL,'2026-07-19',NULL,'2026-07-19 23:51:00','2026-07-19 23:51:00',NULL),
(490,424,899.00,'Cash',NULL,NULL,'2026-07-19',NULL,'2026-07-19 23:52:31','2026-07-19 23:52:31',NULL),
(491,425,899.00,'Cash',NULL,NULL,'2026-07-20',NULL,'2026-07-20 00:03:56','2026-07-20 00:03:56',NULL),
(492,344,1728.00,'GCash','7043075736803',NULL,'2026-07-20',NULL,'2026-07-20 06:55:51','2026-07-20 06:55:51',NULL),
(493,402,200.00,'Cash',NULL,NULL,'2026-07-20',NULL,'2026-07-20 08:35:24','2026-07-20 08:35:24',NULL),
(494,426,2396.80,'Cash',NULL,NULL,'2026-07-20',NULL,'2026-07-20 12:59:23','2026-07-20 12:59:23',NULL),
(495,427,500.00,'GCash',NULL,NULL,'2026-07-20',NULL,'2026-07-20 19:17:22','2026-07-20 19:17:22',NULL),
(496,428,3196.80,'Agoda Settlement',NULL,NULL,'2026-07-20',NULL,'2026-07-20 19:19:13','2026-07-20 19:19:13',NULL),
(497,430,849.00,'Cash',NULL,NULL,'2026-07-20',NULL,'2026-07-20 19:32:48','2026-07-20 19:32:48',NULL),
(498,431,1698.00,'Cash',NULL,NULL,'2026-07-20',NULL,'2026-07-20 19:34:07','2026-07-20 19:34:07',NULL),
(499,432,599.20,'Agoda Settlement',NULL,NULL,'2026-07-20',NULL,'2026-07-20 19:36:09','2026-07-20 19:36:09',NULL),
(500,433,899.00,'GCash',NULL,NULL,'2026-07-20',NULL,'2026-07-20 19:37:29','2026-07-20 19:37:29',NULL),
(501,434,674.25,'Cash',NULL,NULL,'2026-07-20',NULL,'2026-07-20 19:40:16','2026-07-20 19:40:16',NULL),
(502,435,899.00,'Cash',NULL,NULL,'2026-07-20',NULL,'2026-07-20 19:42:48','2026-07-20 19:42:48',NULL),
(503,429,2396.80,'Agoda Settlement',NULL,NULL,'2026-07-20',NULL,'2026-07-20 20:52:38','2026-07-20 20:52:38',NULL),
(504,436,899.00,'Cash',NULL,NULL,'2026-07-20',NULL,'2026-07-20 23:34:13','2026-07-20 23:34:13',NULL),
(505,437,849.00,'Cash',NULL,NULL,'2026-07-20',NULL,'2026-07-20 23:35:21','2026-07-20 23:35:21',NULL),
(506,438,799.20,'Agoda Settlement',NULL,NULL,'2026-07-21',NULL,'2026-07-21 01:38:03','2026-07-21 01:38:03',NULL),
(507,439,849.00,'GCash',NULL,NULL,'2026-07-21',NULL,'2026-07-21 01:41:56','2026-07-21 01:41:56',NULL),
(508,440,699.00,'Cash',NULL,NULL,'2026-07-21',NULL,'2026-07-21 05:24:31','2026-07-21 05:24:31',NULL),
(509,441,899.00,'Cash',NULL,NULL,'2026-07-21',NULL,'2026-07-21 05:26:44','2026-07-21 05:26:44',NULL),
(510,420,699.00,'Cash',NULL,NULL,'2026-07-21',NULL,'2026-07-21 06:42:32','2026-07-21 06:42:32',NULL),
(511,442,799.20,'Agoda Settlement',NULL,NULL,'2026-07-21',NULL,'2026-07-21 08:42:44','2026-07-21 08:42:44',NULL),
(512,442,200.00,'Cash',NULL,NULL,'2026-07-21',NULL,'2026-07-21 08:42:52','2026-07-21 08:42:52',NULL),
(513,443,8111.20,'Cash',NULL,NULL,'2026-07-21',NULL,'2026-07-21 08:52:25','2026-07-21 08:52:25',NULL),
(514,435,899.00,'Cash',NULL,NULL,'2026-07-21',NULL,'2026-07-21 19:17:07','2026-07-21 19:17:07',NULL),
(515,444,1011.75,'Agoda Settlement',NULL,NULL,'2026-07-21',NULL,'2026-07-21 20:16:08','2026-07-21 20:16:08',NULL),
(516,445,561.75,'Agoda Settlement',NULL,NULL,'2026-07-21',NULL,'2026-07-21 20:18:32','2026-07-21 20:18:32',NULL),
(517,446,1797.60,'Agoda Settlement',NULL,NULL,'2026-07-21',NULL,'2026-07-21 20:22:16','2026-07-21 20:22:16',NULL),
(518,446,749.40,'Cash',NULL,NULL,'2026-07-21',NULL,'2026-07-21 20:22:16','2026-07-21 20:22:16',NULL),
(519,447,849.00,'Cash',NULL,NULL,'2026-07-21',NULL,'2026-07-21 20:24:42','2026-07-21 20:24:42',NULL),
(520,448,849.00,'Cash',NULL,NULL,'2026-07-21',NULL,'2026-07-21 20:26:08','2026-07-21 20:26:08',NULL),
(521,449,899.00,'GCash',NULL,NULL,'2026-07-21',NULL,'2026-07-21 20:27:23','2026-07-21 20:27:23',NULL),
(522,450,1398.00,'Cash',NULL,NULL,'2026-07-21',NULL,'2026-07-21 20:28:27','2026-07-21 20:28:27',NULL),
(523,451,674.25,'Agoda Settlement',NULL,NULL,'2026-07-21',NULL,'2026-07-21 20:43:35','2026-07-21 20:43:35',NULL),
(524,452,899.00,'Cash',NULL,NULL,'2026-07-21',NULL,'2026-07-21 22:11:30','2026-07-21 22:11:30',NULL),
(525,453,1398.00,'Cash',NULL,NULL,'2026-07-21',NULL,'2026-07-21 23:13:43','2026-07-21 23:13:43',NULL),
(526,454,849.00,'Cash',NULL,NULL,'2026-07-22',NULL,'2026-07-22 01:18:20','2026-07-22 01:18:20',NULL),
(527,420,699.00,'Cash',NULL,NULL,'2026-07-22',NULL,'2026-07-22 10:41:28','2026-07-22 10:41:28',NULL),
(528,456,699.00,'Cash',NULL,NULL,'2026-07-22',NULL,'2026-07-22 10:52:56','2026-07-22 10:52:56',NULL),
(529,448,849.00,'Cash',NULL,NULL,'2026-07-22',NULL,'2026-07-22 10:54:20','2026-07-22 10:54:20',NULL),
(530,455,2158.40,'Agoda Settlement',NULL,NULL,'2026-07-22',NULL,'2026-07-22 10:55:51','2026-07-22 10:55:51',NULL),
(531,457,674.25,'Agoda Settlement',NULL,NULL,'2026-07-22',NULL,'2026-07-22 12:42:35','2026-07-22 12:42:35',NULL),
(532,449,288.00,'Cash',NULL,NULL,'2026-07-22',NULL,'2026-07-22 12:58:39','2026-07-22 12:58:39',NULL),
(533,458,599.20,'Agoda Settlement',NULL,NULL,'2026-07-22',NULL,'2026-07-22 13:51:08','2026-07-22 13:51:08',NULL),
(534,458,150.00,'Cash',NULL,NULL,'2026-07-22',NULL,'2026-07-22 13:51:17','2026-07-22 13:51:17',NULL),
(535,459,899.00,'Cash',NULL,NULL,'2026-07-22',NULL,'2026-07-22 20:27:05','2026-07-22 20:27:05',NULL),
(536,460,849.00,'Cash',NULL,NULL,'2026-07-22',NULL,'2026-07-22 20:27:59','2026-07-22 20:27:59',NULL),
(537,461,849.00,'Cash',NULL,NULL,'2026-07-22',NULL,'2026-07-22 20:29:24','2026-07-22 20:29:24',NULL),
(538,462,899.00,'Cash',NULL,NULL,'2026-07-22',NULL,'2026-07-22 20:30:52','2026-07-22 20:30:52',NULL),
(539,463,899.00,'Cash',NULL,NULL,'2026-07-22',NULL,'2026-07-22 20:34:03','2026-07-22 20:34:03',NULL),
(540,464,899.00,'Cash',NULL,NULL,'2026-07-22',NULL,'2026-07-22 20:35:05','2026-07-22 20:35:05',NULL),
(541,453,699.00,'Cash',NULL,NULL,'2026-07-22',NULL,'2026-07-22 20:36:38','2026-07-22 20:36:38',NULL),
(542,448,849.00,'Cash',NULL,NULL,'2026-07-23',NULL,'2026-07-23 12:03:35','2026-07-23 12:03:35',NULL),
(543,462,899.00,'Cash',NULL,NULL,'2026-07-23',NULL,'2026-07-23 12:04:09','2026-07-23 12:04:09',NULL),
(544,466,949.00,'Cash',NULL,NULL,'2026-07-23',NULL,'2026-07-23 12:15:39','2026-07-23 12:15:39',NULL),
(545,467,699.00,'GCash',NULL,NULL,'2026-07-23',NULL,'2026-07-23 16:16:32','2026-07-23 16:16:32',NULL),
(546,457,674.25,'Agoda Settlement',NULL,NULL,'2026-07-23',NULL,'2026-07-23 19:56:30','2026-07-23 19:56:30',NULL),
(547,459,1798.00,'Cash',NULL,NULL,'2026-07-23',NULL,'2026-07-23 19:57:22','2026-07-23 19:57:22',NULL),
(548,460,1698.00,'Cash',NULL,NULL,'2026-07-23',NULL,'2026-07-23 19:57:50','2026-07-23 19:57:50',NULL),
(549,468,849.00,'Cash',NULL,NULL,'2026-07-23',NULL,'2026-07-23 20:00:16','2026-07-23 20:00:16',NULL),
(550,469,899.00,'Cash',NULL,NULL,'2026-07-23',NULL,'2026-07-23 20:09:25','2026-07-23 20:09:25',NULL),
(551,470,899.00,'Cash',NULL,NULL,'2026-07-23',NULL,'2026-07-23 20:10:38','2026-07-23 20:10:38',NULL),
(552,471,2022.75,'Agoda Settlement',NULL,NULL,'2026-07-23',NULL,'2026-07-23 20:14:11','2026-07-23 20:14:11',NULL),
(553,472,749.25,'Agoda Settlement',NULL,NULL,'2026-07-23',NULL,'2026-07-23 23:08:16','2026-07-23 23:08:16',NULL),
(554,473,849.00,'Cash',NULL,NULL,'2026-07-23',NULL,'2026-07-23 23:09:23','2026-07-23 23:09:23',NULL),
(555,474,719.20,'Agoda Settlement',NULL,NULL,'2026-07-23',NULL,'2026-07-23 23:10:24','2026-07-23 23:10:24',NULL),
(556,475,1049.00,'Cash',NULL,NULL,'2026-07-23',NULL,'2026-07-23 23:11:47','2026-07-23 23:11:47',NULL),
(557,476,1438.40,'Agoda Settlement',NULL,NULL,'2026-07-23',NULL,'2026-07-23 23:12:51','2026-07-23 23:12:51',NULL),
(558,477,2049.00,'Cash',NULL,NULL,'2026-07-24',NULL,'2026-07-24 00:28:52','2026-07-24 00:28:52',NULL),
(559,478,849.00,'Cash',NULL,NULL,'2026-07-24',NULL,'2026-07-24 03:24:39','2026-07-24 03:24:39',NULL),
(560,478,674.25,'Agoda Settlement',NULL,NULL,'2026-07-24',NULL,'2026-07-24 03:24:52','2026-07-24 03:24:52',NULL),
(561,448,849.00,'Cash',NULL,NULL,'2026-07-24',NULL,'2026-07-24 11:12:51','2026-07-24 11:12:51',NULL),
(562,466,849.00,'Cash',NULL,NULL,'2026-07-24',NULL,'2026-07-24 11:13:24','2026-07-24 11:13:24',NULL),
(563,479,1049.00,'Cash',NULL,NULL,'2026-07-24',NULL,'2026-07-24 11:38:43','2026-07-24 11:38:43',NULL),
(564,480,899.00,'Cash',NULL,NULL,'2026-07-24',NULL,'2026-07-24 11:55:53','2026-07-24 11:55:53',NULL),
(565,481,549.00,'Cash',NULL,NULL,'2026-07-24',NULL,'2026-07-24 12:59:28','2026-07-24 12:59:28',NULL),
(566,482,899.00,'Cash',NULL,NULL,'2026-07-24',NULL,'2026-07-24 17:20:33','2026-07-24 17:20:33',NULL),
(567,483,899.00,'Cash',NULL,NULL,'2026-07-24',NULL,'2026-07-24 20:34:48','2026-07-24 20:34:48',NULL),
(568,484,849.00,'Cash',NULL,NULL,'2026-07-24',NULL,'2026-07-24 20:36:11','2026-07-24 20:36:11',NULL),
(569,485,899.00,'GCash',NULL,NULL,'2026-07-24',NULL,'2026-07-24 20:37:37','2026-07-24 20:37:37',NULL),
(570,486,849.00,'Cash',NULL,NULL,'2026-07-24',NULL,'2026-07-24 20:38:52','2026-07-24 20:38:52',NULL),
(571,487,599.20,'Agoda Settlement',NULL,NULL,'2026-07-24',NULL,'2026-07-24 20:40:06','2026-07-24 20:40:06',NULL),
(572,488,849.00,'Cash',NULL,NULL,'2026-07-24',NULL,'2026-07-24 20:43:12','2026-07-24 20:43:12',NULL),
(573,489,849.00,'Cash',NULL,NULL,'2026-07-24',NULL,'2026-07-24 20:44:02','2026-07-24 20:44:02',NULL),
(574,490,699.00,'Cash',NULL,NULL,'2026-07-24',NULL,'2026-07-24 20:46:14','2026-07-24 20:46:14',NULL),
(575,491,599.20,'Agoda Settlement',NULL,NULL,'2026-07-25',NULL,'2026-07-25 02:45:49','2026-07-25 02:45:49',NULL),
(576,491,150.00,'GCash',NULL,NULL,'2026-07-25',NULL,'2026-07-25 02:46:33','2026-07-25 02:46:33',NULL),
(577,492,599.20,'Agoda Settlement',NULL,NULL,'2026-07-25',NULL,'2026-07-25 02:48:09','2026-07-25 02:48:09',NULL),
(578,493,1598.40,'Agoda Settlement',NULL,NULL,'2026-07-25',NULL,'2026-07-25 02:49:49','2026-07-25 02:49:49',NULL),
(579,494,719.20,'Agoda Settlement',NULL,NULL,'2026-07-25',NULL,'2026-07-25 08:51:04','2026-07-25 08:51:04',NULL),
(580,494,200.00,'Cash',NULL,NULL,'2026-07-25',NULL,'2026-07-25 08:51:04','2026-07-25 08:51:04',NULL),
(581,448,849.00,'Cash',NULL,NULL,'2026-07-25',NULL,'2026-07-25 11:03:23','2026-07-25 11:03:23',NULL),
(582,466,849.00,'Cash',NULL,NULL,'2026-07-25',NULL,'2026-07-25 11:04:56','2026-07-25 11:04:56',NULL),
(583,489,300.00,'Cash',NULL,NULL,'2026-07-25',NULL,'2026-07-25 14:52:37','2026-07-25 14:52:37',NULL),
(584,484,849.00,'Cash',NULL,NULL,'2026-07-25',NULL,'2026-07-25 15:20:59','2026-07-25 15:20:59',NULL),
(585,367,664.00,'GCash','204259085140',NULL,'2026-07-25',NULL,'2026-07-25 15:38:04','2026-07-25 15:38:04',NULL),
(586,459,1798.00,'Cash',NULL,NULL,'2026-07-25',NULL,'2026-07-25 16:42:36','2026-07-25 16:42:36',NULL),
(587,460,1698.00,'Cash',NULL,NULL,'2026-07-25',NULL,'2026-07-25 16:43:02','2026-07-25 16:43:02',NULL),
(588,492,898.80,'Agoda Settlement',NULL,NULL,'2026-07-25',NULL,'2026-07-25 17:52:57','2026-07-25 17:52:57',NULL),
(589,495,1449.00,'Cash',NULL,NULL,'2026-07-25',NULL,'2026-07-25 20:02:17','2026-07-25 20:02:17',NULL),
(590,496,2157.60,'Agoda Settlement',NULL,NULL,'2026-07-25',NULL,'2026-07-25 20:04:30','2026-07-25 20:04:30',NULL),
(591,497,2397.60,'Agoda Settlement',NULL,NULL,'2026-07-25',NULL,'2026-07-25 20:05:45','2026-07-25 20:05:45',NULL),
(592,498,599.20,'Cash',NULL,NULL,'2026-07-25',NULL,'2026-07-25 20:07:09','2026-07-25 20:07:09',NULL),
(593,499,2513.00,'GCash',NULL,NULL,'2026-07-25',NULL,'2026-07-25 22:26:43','2026-07-25 22:26:43',NULL),
(594,499,2513.00,'GCash',NULL,NULL,'2026-07-25',NULL,'2026-07-25 22:26:43','2026-07-25 22:26:43',NULL),
(595,499,2513.00,'Cash',NULL,NULL,'2026-07-25',NULL,'2026-07-25 22:26:43','2026-07-25 22:26:43',NULL),
(596,485,899.00,'GCash',NULL,NULL,'2026-07-25',NULL,'2026-07-25 22:29:09','2026-07-25 22:29:09',NULL),
(597,500,749.00,'Agoda Settlement',NULL,NULL,'2026-07-25',NULL,'2026-07-25 22:34:00','2026-07-25 22:34:00',NULL),
(598,500,150.00,'Cash',NULL,NULL,'2026-07-25',NULL,'2026-07-25 22:34:00','2026-07-25 22:34:00',NULL),
(599,501,849.00,'Cash',NULL,NULL,'2026-07-25',NULL,'2026-07-25 22:37:43','2026-07-25 22:37:43',NULL),
(600,502,1049.00,'Cash',NULL,NULL,'2026-07-26',NULL,'2026-07-26 05:35:40','2026-07-26 05:35:40',NULL),
(601,503,1998.00,'Cash',NULL,NULL,'2026-07-26',NULL,'2026-07-26 09:01:36','2026-07-26 09:01:36',NULL),
(602,504,599.20,'Agoda Settlement',NULL,NULL,'2026-07-26',NULL,'2026-07-26 09:04:42','2026-07-26 09:04:42',NULL),
(603,504,150.00,'Cash',NULL,NULL,'2026-07-26',NULL,'2026-07-26 09:11:30','2026-07-26 09:11:30',NULL),
(604,465,2097.00,'Cash',NULL,NULL,'2026-07-26',NULL,'2026-07-26 10:08:30','2026-07-26 10:08:30',NULL),
(605,448,849.00,'Cash',NULL,NULL,'2026-07-26',NULL,'2026-07-26 12:17:10','2026-07-26 12:17:10',NULL),
(606,505,699.00,'Cash',NULL,NULL,'2026-07-26',NULL,'2026-07-26 12:42:13','2026-07-26 12:42:13',NULL),
(607,485,899.00,'GCash',NULL,NULL,'2026-07-26',NULL,'2026-07-26 19:56:37','2026-07-26 19:56:37',NULL),
(608,506,674.25,'Agoda Settlement',NULL,NULL,'2026-07-26',NULL,'2026-07-26 20:04:22','2026-07-26 20:04:22',NULL),
(609,507,899.00,'Cash',NULL,NULL,'2026-07-26',NULL,'2026-07-26 20:06:57','2026-07-26 20:06:57',NULL),
(610,508,749.40,'Cash',NULL,NULL,'2026-07-26',NULL,'2026-07-26 20:08:44','2026-07-26 20:08:44',NULL),
(611,508,1797.60,'Agoda Settlement',NULL,NULL,'2026-07-26',NULL,'2026-07-26 20:08:44','2026-07-26 20:08:44',NULL),
(612,510,1449.00,'Cash',NULL,NULL,'2026-07-26',NULL,'2026-07-26 20:12:36','2026-07-26 20:12:36',NULL),
(613,511,674.10,'Booking.com Settlement',NULL,NULL,'2026-07-26',NULL,'2026-07-26 20:26:06','2026-07-26 20:26:06',NULL),
(614,512,1449.00,'GCash',NULL,NULL,'2026-07-26',NULL,'2026-07-26 20:27:16','2026-07-26 20:27:16',NULL),
(615,513,719.20,'Agoda Settlement',NULL,NULL,'2026-07-26',NULL,'2026-07-26 20:29:32','2026-07-26 20:29:32',NULL),
(616,514,1399.20,'Agoda Settlement',NULL,NULL,'2026-07-26',NULL,'2026-07-26 20:30:44','2026-07-26 20:30:44',NULL),
(617,509,749.00,'Agoda Settlement',NULL,NULL,'2026-07-26',NULL,'2026-07-26 20:35:06','2026-07-26 20:35:06',NULL),
(618,515,749.25,'Agoda Settlement',NULL,NULL,'2026-07-26',NULL,'2026-07-26 23:13:57','2026-07-26 23:13:57',NULL),
(619,516,1011.75,'Agoda Settlement',NULL,NULL,'2026-07-26',NULL,'2026-07-26 23:15:12','2026-07-26 23:15:12',NULL),
(620,517,599.20,'Agoda Settlement',NULL,NULL,'2026-07-27',NULL,'2026-07-27 11:13:15','2026-07-27 11:13:15',NULL),
(621,517,549.80,'Cash',NULL,NULL,'2026-07-27',NULL,'2026-07-27 11:13:15','2026-07-27 11:13:15',NULL),
(622,519,2457.60,'Cash',NULL,NULL,'2026-07-27',NULL,'2026-07-27 11:34:36','2026-07-27 11:34:36',NULL),
(623,520,719.20,'Agoda Settlement',NULL,NULL,'2026-07-27',NULL,'2026-07-27 12:10:57','2026-07-27 12:10:57',NULL),
(624,504,1198.40,'Agoda Settlement',NULL,NULL,'2026-07-27',NULL,'2026-07-27 18:25:31','2026-07-27 18:25:31',NULL),
(625,485,899.00,'GCash',NULL,NULL,'2026-07-27',NULL,'2026-07-27 18:28:35','2026-07-27 18:28:35',NULL),
(626,521,749.25,'Agoda Settlement',NULL,NULL,'2026-07-27',NULL,'2026-07-27 19:40:19','2026-07-27 19:40:19',NULL),
(627,522,674.10,'Booking.com Settlement',NULL,NULL,'2026-07-27',NULL,'2026-07-27 19:41:57','2026-07-27 19:41:57',NULL),
(628,523,699.00,'Cash',NULL,NULL,'2026-07-27',NULL,'2026-07-27 19:42:59','2026-07-27 19:42:59',NULL),
(629,524,849.00,'Cash',NULL,NULL,'2026-07-27',NULL,'2026-07-27 19:44:23','2026-07-27 19:44:23',NULL),
(630,525,4033.00,'Cash',NULL,NULL,'2026-07-27',NULL,'2026-07-27 20:02:08','2026-07-27 20:02:08',NULL),
(631,526,849.00,'Cash',NULL,NULL,'2026-07-27',NULL,'2026-07-27 20:04:27','2026-07-27 20:04:27',NULL),
(632,527,899.00,'Cash',NULL,NULL,'2026-07-27',NULL,'2026-07-27 20:06:09','2026-07-27 20:06:09',NULL),
(633,528,1011.75,'Agoda Settlement',NULL,NULL,'2026-07-27',NULL,'2026-07-27 20:07:51','2026-07-27 20:07:51',NULL),
(634,459,1798.00,'Cash',NULL,NULL,'2026-07-27',NULL,'2026-07-27 20:27:05','2026-07-27 20:27:05',NULL),
(635,460,1698.00,'Cash',NULL,NULL,'2026-07-27',NULL,'2026-07-27 20:27:39','2026-07-27 20:27:39',NULL),
(636,510,1449.00,'Cash',NULL,NULL,'2026-07-28',NULL,'2026-07-28 04:44:09','2026-07-28 04:44:09',NULL),
(637,529,549.00,'Cash',NULL,NULL,'2026-07-28',NULL,'2026-07-28 04:52:49','2026-07-28 04:52:49',NULL),
(638,530,849.00,'Cash',NULL,NULL,'2026-07-28',NULL,'2026-07-28 04:56:32','2026-07-28 04:56:32',NULL),
(639,525,2.00,'Cash',NULL,NULL,'2026-07-28',NULL,'2026-07-28 05:21:35','2026-07-28 05:21:35',NULL),
(640,485,1152.00,'GCash','7043346421286',NULL,'2026-07-28',NULL,'2026-07-28 08:18:47','2026-07-28 08:18:47',NULL),
(641,531,2747.00,'Cash',NULL,NULL,'2026-07-28',NULL,'2026-07-28 09:21:27','2026-07-28 09:21:27',NULL),
(642,532,899.00,'Cash',NULL,NULL,'2026-07-28',NULL,'2026-07-28 11:09:37','2026-07-28 11:09:37',NULL),
(643,467,699.00,'GCash','5210764355136',NULL,'2026-07-28',NULL,'2026-07-28 12:11:15','2026-07-28 12:11:15',NULL),
(644,523,699.00,'Cash',NULL,NULL,'2026-07-28',NULL,'2026-07-28 12:12:33','2026-07-28 12:12:33',NULL),
(645,503,849.00,'Cash',NULL,NULL,'2026-07-28',NULL,'2026-07-28 12:19:56','2026-07-28 12:19:56',NULL),
(646,533,719.20,'Agoda Settlement',NULL,NULL,'2026-07-28',NULL,'2026-07-28 13:06:17','2026-07-28 13:06:17',NULL),
(647,510,200.00,'Cash',NULL,NULL,'2026-07-28',NULL,'2026-07-28 19:33:13','2026-07-28 19:33:13',NULL),
(648,522,699.00,'Cash',NULL,NULL,'2026-07-28',NULL,'2026-07-28 19:37:09','2026-07-28 19:37:09',NULL),
(649,534,699.00,'Cash',NULL,NULL,'2026-07-28',NULL,'2026-07-28 19:47:13','2026-07-28 19:47:13',NULL),
(650,535,2997.00,'Agoda Settlement',NULL,NULL,'2026-07-28',NULL,'2026-07-28 19:50:03','2026-07-28 19:50:03',NULL),
(651,536,849.00,'Cash',NULL,'PH-00000001','2026-07-28',NULL,'2026-07-28 20:15:19','2026-07-28 20:15:19',NULL),
(652,537,1079.20,'Agoda Settlement',NULL,'PH-00000002','2026-07-28',NULL,'2026-07-28 20:22:02','2026-07-28 20:22:02',NULL),
(653,538,849.00,'Cash',NULL,'PH-00000003','2026-07-28',NULL,'2026-07-28 20:29:40','2026-07-28 20:29:40',NULL),
(654,539,561.75,'Agoda Settlement',NULL,'PH-00000004','2026-07-28',NULL,'2026-07-28 20:32:02','2026-07-28 20:32:02',NULL),
(655,540,899.00,'Cash',NULL,'PH-00000005','2026-07-28',NULL,'2026-07-28 20:33:58','2026-07-28 20:33:58',NULL),
(656,541,1649.00,'Cash',NULL,'PH-00000006','2026-07-28',NULL,'2026-07-28 20:36:53','2026-07-28 20:36:53',NULL),
(657,542,987.00,'GCash','4043371388105','PH-00000007','2026-07-29',NULL,'2026-07-29 03:26:07','2026-07-29 03:26:07',NULL),
(658,543,1086.75,'Cash',NULL,'PH-00000008','2026-07-29',NULL,'2026-07-29 03:32:16','2026-07-29 03:32:16',NULL),
(659,544,899.00,'Cash',NULL,'PH-00000009','2026-07-29',NULL,'2026-07-29 03:38:50','2026-07-29 03:38:50',NULL),
(660,545,699.00,'Cash',NULL,'PH-00000010','2026-07-29',NULL,'2026-07-29 03:44:11','2026-07-29 03:44:11',NULL),
(661,546,749.25,'Agoda Settlement',NULL,'PH-00000011','2026-07-29',NULL,'2026-07-29 03:47:38','2026-07-29 03:47:38',NULL),
(662,547,1086.75,'GCash','7043369461253','PH-00000012','2026-07-29',NULL,'2026-07-29 03:56:41','2026-07-29 03:56:41',NULL),
(663,548,549.00,'Cash',NULL,'PH-00000013','2026-07-29',NULL,'2026-07-29 04:00:32','2026-07-29 04:00:32',NULL),
(664,549,1549.00,'Cash',NULL,'PH-00000014','2026-07-29',NULL,'2026-07-29 07:21:47','2026-07-29 07:21:47',NULL),
(665,550,1199.00,'Cash',NULL,'PH-00000015','2026-07-29',NULL,'2026-07-29 10:00:29','2026-07-29 10:00:29',NULL),
(666,542,987.00,'GCash','4043383123024','PH-00000016','2026-07-29',NULL,'2026-07-29 11:11:04','2026-07-29 11:11:04',NULL),
(667,551,809.10,'Booking.com Settlement',NULL,'PH-00000017','2026-07-29',NULL,'2026-07-29 11:25:16','2026-07-29 11:25:16',NULL),
(668,534,699.00,'Cash',NULL,'PH-00000018','2026-07-29',NULL,'2026-07-29 11:26:31','2026-07-29 11:26:31',NULL),
(669,552,674.25,'Agoda Settlement',NULL,'PH-00000019','2026-07-29',NULL,'2026-07-29 11:36:25','2026-07-29 11:36:25',NULL),
(670,503,849.00,'Cash',NULL,'PH-00000020','2026-07-29',NULL,'2026-07-29 11:41:10','2026-07-29 11:41:10',NULL),
(671,553,3996.00,'Agoda Settlement',NULL,'PH-00000021','2026-07-29',NULL,'2026-07-29 11:49:18','2026-07-29 11:49:18',NULL);

--
-- Table structure for table `role_permission`
--

CREATE TABLE `role_permission` (
  `role_id` bigint(20) unsigned NOT NULL,
  `permission_id` bigint(20) unsigned NOT NULL,
  PRIMARY KEY (`role_id`,`permission_id`),
  KEY `role_permission_permission_id_foreign` (`permission_id`),
  CONSTRAINT `role_permission_permission_id_foreign` FOREIGN KEY (`permission_id`) REFERENCES `permissions` (`id`) ON DELETE CASCADE,
  CONSTRAINT `role_permission_role_id_foreign` FOREIGN KEY (`role_id`) REFERENCES `roles` (`id`) ON DELETE CASCADE
) ENGINE=InnoDB DEFAULT CHARSET=utf8mb4 COLLATE=utf8mb4_unicode_ci;

--
-- Dumping data for table `role_permission`
--

INSERT INTO `role_permission` VALUES
(1,1),
(2,1),
(3,1),
(4,1),
(5,1),
(6,1),
(1,2),
(2,2),
(5,2),
(1,3),
(1,4),
(2,4),
(1,5),
(2,5),
(3,5),
(6,5),
(1,6),
(2,6),
(3,6),
(1,7),
(2,7),
(3,7),
(1,8),
(2,8),
(3,8),
(1,9),
(2,9),
(3,9),
(1,10),
(2,10),
(1,11),
(2,11),
(3,11),
(6,11),
(1,12),
(2,12),
(3,12),
(1,13),
(2,13),
(3,13),
(4,13),
(1,14),
(2,14),
(4,14),
(1,15),
(2,15),
(4,15),
(5,15),
(1,16),
(2,16),
(4,16),
(5,16),
(1,17),
(2,17),
(5,17),
(1,18),
(2,18),
(1,19),
(2,19),
(1,20),
(2,20),
(1,21),
(2,21),
(1,22),
(2,22),
(3,22),
(1,23),
(2,23),
(6,23),
(1,24),
(2,24),
(6,24),
(1,25),
(2,25),
(6,25),
(1,26),
(2,26),
(3,26),
(6,26),
(1,27),
(2,27),
(3,27),
(1,28),
(2,28),
(6,28),
(1,29),
(2,29),
(6,29),
(1,30),
(2,30),
(1,31),
(2,31),
(3,31),
(6,31),
(1,32),
(2,32),
(1,33),
(2,33),
(1,34),
(2,34),
(1,35),
(1,36),
(2,36),
(1,37),
(1,38),
(2,38),
(1,39),
(2,39),
(3,39),
(4,39),
(5,39),
(6,39),
(1,40),
(2,40),
(6,40);

--
-- Table structure for table `roles`
--

CREATE TABLE `roles` (
  `id` bigint(20) unsigned NOT NULL AUTO_INCREMENT,
  `name` varchar(255) NOT NULL,
  `slug` varchar(255) NOT NULL,
  `description` varchar(255) DEFAULT NULL,
  `is_system` tinyint(1) NOT NULL DEFAULT 0,
  `created_at` timestamp NULL DEFAULT NULL,
  `updated_at` timestamp NULL DEFAULT NULL,
  PRIMARY KEY (`id`),
  UNIQUE KEY `roles_slug_unique` (`slug`)
) ENGINE=InnoDB AUTO_INCREMENT=7 DEFAULT CHARSET=utf8mb4 COLLATE=utf8mb4_unicode_ci;

--
-- Dumping data for table `roles`
--

INSERT INTO `roles` VALUES
(1,'Super Admin','super_admin','Full unrestricted access to all features.',1,'2026-06-17 23:03:36','2026-06-17 23:03:36'),
(2,'Manager','manager','All operational access except staff/role management.',1,'2026-06-17 23:03:36','2026-06-17 23:03:36'),
(3,'Front Desk','front_desk','Reservations, check-in/out, guest profiles.',1,'2026-06-17 23:03:36','2026-06-17 23:03:36'),
(4,'Housekeeping','housekeeping','Housekeeping tasks and room status updates.',1,'2026-06-17 23:03:36','2026-06-17 23:03:36'),
(5,'Maintenance','maintenance','Work order creation and resolution.',1,'2026-06-17 23:03:36','2026-06-17 23:03:36'),
(6,'Accountant','accountant','Reports, payments, and billing access.',1,'2026-06-17 23:03:36','2026-06-17 23:03:36');

--
-- Table structure for table `room_photos`
--

CREATE TABLE `room_photos` (
  `id` bigint(20) unsigned NOT NULL AUTO_INCREMENT,
  `room_no` varchar(10) DEFAULT NULL,
  `path` varchar(255) NOT NULL,
  `caption` varchar(255) DEFAULT NULL,
  `sort_order` smallint(5) unsigned NOT NULL DEFAULT 0,
  `created_at` timestamp NULL DEFAULT NULL,
  `updated_at` timestamp NULL DEFAULT NULL,
  PRIMARY KEY (`id`),
  KEY `room_photos_room_no_foreign` (`room_no`),
  CONSTRAINT `room_photos_room_no_foreign` FOREIGN KEY (`room_no`) REFERENCES `rooms` (`no`) ON DELETE CASCADE
) ENGINE=InnoDB DEFAULT CHARSET=utf8mb4 COLLATE=utf8mb4_unicode_ci;

--
-- Dumping data for table `room_photos`
--


--
-- Table structure for table `rooms`
--

CREATE TABLE `rooms` (
  `id` bigint(20) unsigned NOT NULL AUTO_INCREMENT,
  `no` varchar(10) NOT NULL,
  `name` varchar(255) NOT NULL,
  `floor` tinyint(3) unsigned NOT NULL,
  `wing` char(1) NOT NULL DEFAULT 'A',
  `type` varchar(255) NOT NULL,
  `beds` varchar(255) NOT NULL,
  `max_pax` tinyint(3) unsigned NOT NULL DEFAULT 2,
  `rate` int(10) unsigned NOT NULL,
  `sqm` tinyint(3) unsigned NOT NULL,
  `status` varchar(255) NOT NULL DEFAULT 'available',
  `notes` text DEFAULT NULL,
  `amenities` longtext CHARACTER SET utf8mb4 COLLATE utf8mb4_bin DEFAULT NULL CHECK (json_valid(`amenities`)),
  `created_at` timestamp NULL DEFAULT NULL,
  `updated_at` timestamp NULL DEFAULT NULL,
  PRIMARY KEY (`id`),
  UNIQUE KEY `rooms_no_unique` (`no`),
  KEY `idx_rooms_status` (`status`)
) ENGINE=InnoDB AUTO_INCREMENT=64 DEFAULT CHARSET=utf8mb4 COLLATE=utf8mb4_unicode_ci;

--
-- Dumping data for table `rooms`
--

INSERT INTO `rooms` VALUES
(1,'101','Junior Deluxe',1,'A','Junior Deluxe','1 Single Bed',1,749,18,'available',NULL,'[\"Free Wi-Fi\", \"Air Conditioning\"]','2026-06-17 23:03:35','2026-07-29 04:07:19'),
(2,'102','Junior Deluxe',1,'A','Junior Deluxe','1 Single Bed',1,749,18,'occupied',NULL,'[\"Free Wi-Fi\", \"Air Conditioning\"]','2026-06-17 23:03:35','2026-07-27 14:32:45'),
(3,'103','Junior Deluxe',1,'A','Junior Deluxe','1 Single Bed',1,749,18,'dirty',NULL,'[\"Free Wi-Fi\", \"Air Conditioning\"]','2026-06-17 23:03:35','2026-07-29 11:46:25'),
(4,'104','Junior Deluxe',1,'A','Junior Deluxe','1 Single Bed',1,749,18,'dirty',NULL,'[\"Free Wi-Fi\", \"Air Conditioning\"]','2026-06-17 23:03:35','2026-07-29 11:24:10'),
(5,'105','Superior Deluxe',1,'A','Superior Deluxe','1 Queen Bed',2,899,20,'out_of_order',NULL,'[\"Free Wi-Fi\", \"Air Conditioning\"]','2026-06-17 23:03:35','2026-07-28 19:39:30'),
(6,'106','Superior Deluxe',1,'A','Superior Deluxe','1 Queen Bed',2,899,20,'available',NULL,'[\"Free Wi-Fi\", \"Air Conditioning\"]','2026-06-17 23:03:35','2026-06-30 23:09:40'),
(7,'107','Barkadahan',1,'A','Barkadahan','2 Queen Beds',4,1449,35,'clean','Group / barkada room','[\"Free Wi-Fi\", \"Air Conditioning\"]','2026-06-17 23:03:35','2026-07-28 19:39:34'),
(8,'108','Superior Deluxe',1,'B','Superior Deluxe','1 Queen Bed',2,899,20,'maintenance',NULL,'[\"Free Wi-Fi\", \"Air Conditioning\"]','2026-06-17 23:03:35','2026-06-30 23:09:53'),
(9,'109','Superior Deluxe',1,'B','Superior Deluxe','1 Queen Bed',2,899,20,'out_of_order','Flagged — see management','[\"Free Wi-Fi\", \"Air Conditioning\"]','2026-06-17 23:03:35','2026-06-30 23:10:09'),
(10,'110','Superior Deluxe',1,'B','Superior Deluxe','1 Queen Bed',2,899,20,'occupied',NULL,'[\"Free Wi-Fi\", \"Air Conditioning\"]','2026-06-17 23:03:35','2026-07-28 13:07:03'),
(11,'111','Superior Deluxe',1,'B','Superior Deluxe','1 Queen Bed',2,899,20,'out_of_order','Need Set of Toilet Bowl','[\"Free Wi-Fi\", \"Air Conditioning\"]','2026-06-17 23:03:35','2026-06-30 23:10:38'),
(12,'112','Superior Deluxe',1,'B','Superior Deluxe','1 Queen Bed',2,899,20,'dirty',NULL,'[\"Free Wi-Fi\", \"Air Conditioning\"]','2026-06-17 23:03:35','2026-07-29 11:12:30'),
(13,'113','Superior Deluxe',1,'B','Superior Deluxe','1 Queen Bed',2,899,20,'occupied',NULL,'[\"Free Wi-Fi\", \"Air Conditioning\"]','2026-06-17 23:03:35','2026-07-21 08:52:32'),
(14,'114','Superior Deluxe',1,'B','Superior Deluxe','1 Queen Bed',2,899,20,'occupied',NULL,'[\"Free Wi-Fi\", \"Air Conditioning\"]','2026-06-17 23:03:35','2026-07-27 12:22:46'),
(15,'115','Superior Deluxe',1,'B','Superior Deluxe','1 Queen Bed',2,899,20,'out_of_order','Flagged — see management','[\"Free Wi-Fi\", \"Air Conditioning\"]','2026-06-17 23:03:35','2026-06-30 23:11:24'),
(16,'116','Junior Deluxe',1,'B','Junior Deluxe','1 Single Bed',1,749,18,'out_of_order','No Aircon, Need to Change AC Placement','[\"Free Wi-Fi\", \"Air Conditioning\"]','2026-06-17 23:03:35','2026-06-30 23:03:04'),
(17,'117','Junior Deluxe',1,'B','Junior Deluxe','1 Single Bed',1,749,18,'dirty',NULL,'[\"Free Wi-Fi\", \"Air Conditioning\"]','2026-06-17 23:03:35','2026-07-29 11:43:17'),
(18,'201','Deluxe Twin',2,'A','Deluxe Twin','2 Single Beds',2,999,22,'occupied',NULL,'[\"Free Wi-Fi\", \"Air Conditioning\"]','2026-06-17 23:03:35','2026-07-29 10:00:38'),
(19,'202','Economy Twin',2,'A','Economy Twin','2 Single Beds',2,749,16,'dirty',NULL,'[\"Free Wi-Fi\", \"Air Conditioning\"]','2026-06-17 23:03:35','2026-07-29 11:12:53'),
(20,'203','Family Room',2,'A','Family Room','2 Queen Beds',4,1749,30,'dirty',NULL,'[\"Free Wi-Fi\", \"Air Conditioning\"]','2026-06-17 23:03:35','2026-07-29 10:04:30'),
(21,'204','Economy Twin',2,'A','Economy Twin','2 Single Beds',2,749,16,'clean',NULL,'[\"Free Wi-Fi\", \"Air Conditioning\"]','2026-06-17 23:03:35','2026-07-29 09:50:33'),
(22,'205','Economy Double',2,'A','Economy Double','1 Queen Bed',2,749,16,'occupied',NULL,'[\"Free Wi-Fi\", \"Air Conditioning\"]','2026-06-17 23:03:35','2026-07-28 19:48:17'),
(23,'206','Standard Twin',2,'A','Standard Twin','2 Single Beds',2,899,18,'clean',NULL,'[\"Free Wi-Fi\", \"Air Conditioning\"]','2026-06-17 23:03:35','2026-07-29 09:52:28'),
(24,'207','Economy Twin',2,'B','Economy Twin','2 Single Beds',2,749,16,'clean',NULL,'[\"Free Wi-Fi\", \"Air Conditioning\"]','2026-06-17 23:03:35','2026-07-26 19:58:50'),
(25,'208','Ordinary Twin',2,'B','Ordinary Twin','2 Single Beds',2,549,16,'clean',NULL,'[\"Free Wi-Fi\",\"Fan (non air conditioned)\"]','2026-06-17 23:03:35','2026-07-09 18:31:18'),
(26,'209','Economy Twin',2,'B','Economy Twin','2 Single Beds',2,749,16,'clean',NULL,'[\"Free Wi-Fi\", \"Air Conditioning\"]','2026-06-17 23:03:35','2026-07-26 19:58:54'),
(27,'210','Economy Twin',2,'B','Economy Twin','2 Single Beds',2,749,16,'dirty',NULL,'[\"Free Wi-Fi\", \"Air Conditioning\"]','2026-06-17 23:03:35','2026-07-29 11:09:37'),
(28,'211','Ordinary Double',2,'B','Ordinary Double','1 Queen Bed',2,649,16,'occupied',NULL,'[\"Free Wi-Fi\",\"Fan (non air conditioned)\"]','2026-06-17 23:03:35','2026-07-29 04:01:00'),
(29,'212','Economy Double',2,'B','Economy Double','1 Queen Bed',2,699,16,'out_of_order','Flagged — see management','[\"Free Wi-Fi\", \"Air Conditioning\"]','2026-06-17 23:03:35','2026-06-30 17:05:56'),
(30,'213','Economy Junior',2,'B','Economy Junior','1 Single Bed',1,599,14,'available',NULL,'[\"Free Wi-Fi\", \"Air Conditioning\"]','2026-06-17 23:03:35','2026-06-30 16:53:59'),
(31,'214','Economy Double',2,'B','Economy Double','1 Queen Bed',2,749,16,'available',NULL,'[\"Free Wi-Fi\", \"Air Conditioning\"]','2026-06-17 23:03:35','2026-07-29 04:07:33'),
(32,'301','Deluxe Twin',3,'A','Deluxe Twin','2 Single Beds',2,999,22,'occupied',NULL,'[\"Free Wi-Fi\", \"Air Conditioning\"]','2026-06-17 23:03:35','2026-07-22 20:27:19'),
(33,'302','Family Room 2',3,'A','Family Room 2','2 Queen Beds',4,1749,30,'clean',NULL,'[\"Free Wi-Fi\", \"Air Conditioning\"]','2026-06-17 23:03:35','2026-07-27 19:13:07'),
(34,'303','Deluxe Twin',3,'A','Deluxe Twin','2 Single Beds',2,999,22,'occupied',NULL,'[\"Free Wi-Fi\", \"Air Conditioning\"]','2026-06-17 23:03:35','2026-07-28 20:34:06'),
(35,'304','Deluxe Twin',3,'A','Deluxe Twin','2 Single Beds',2,999,22,'out_of_order',NULL,'[\"Free Wi-Fi\", \"Air Conditioning\"]','2026-06-17 23:03:35','2026-06-30 16:55:28'),
(36,'305','Ordinary Twin',3,'A','Ordinary Twin','2 Single Beds',2,649,16,'clean',NULL,'[\"Free Wi-Fi\",\"Fan (non air conditioned)\"]','2026-06-17 23:03:35','2026-07-26 19:59:01'),
(37,'306','Ordinary Twin',3,'A','Ordinary Twin','2 Single Beds',2,649,16,'out_of_order','Flagged — see management','[\"Free Wi-Fi\",\"Fan (non air conditioned)\"]','2026-06-17 23:03:35','2026-06-30 17:17:05'),
(38,'307','Deluxe Double',3,'A','Deluxe Double','1 Queen Bed',2,999,22,'clean',NULL,'[\"Free Wi-Fi\", \"Air Conditioning\"]','2026-06-17 23:03:35','2026-07-28 19:39:54'),
(39,'308','Deluxe Double',3,'A','Deluxe Double','1 Queen Bed',2,999,22,'occupied',NULL,'[\"Free Wi-Fi\", \"Air Conditioning\"]','2026-06-17 23:03:35','2026-07-29 11:48:39'),
(40,'309','Ordinary Twin',3,'B','Ordinary Twin','2 Single Beds',2,649,16,'clean',NULL,'[\"Free Wi-Fi\",\"Fan (non air conditioned)\"]','2026-06-17 23:03:35','2026-07-28 19:39:58'),
(41,'310','Barkadahan',3,'B','Barkadahan','2 Queen Beds',4,1449,35,'clean','Group / barkada room','[\"Free Wi-Fi\", \"Air Conditioning\"]','2026-06-17 23:03:35','2026-07-29 09:50:48'),
(42,'311','Standard Twin',3,'B','Standard Twin','2 Single Beds',2,899,18,'occupied',NULL,'[\"Free Wi-Fi\", \"Air Conditioning\"]','2026-06-17 23:03:35','2026-07-29 11:36:45'),
(43,'312','Ordinary Twin',3,'B','Ordinary Twin','2 Single Beds',2,649,16,'clean',NULL,'[\"Free Wi-Fi\",\"Fan (non air conditioned)\"]','2026-06-17 23:03:35','2026-07-13 16:00:37'),
(44,'313','Ordinary Twin',3,'B','Ordinary Twin','2 Single Beds',2,649,16,'available',NULL,'[\"Free Wi-Fi\",\"Fan (non air conditioned)\"]','2026-06-17 23:03:35','2026-07-02 22:39:26'),
(45,'314','Standard Twin',3,'B','Standard Twin','2 Single Beds',2,899,18,'dirty',NULL,'[\"Free Wi-Fi\", \"Air Conditioning\"]','2026-06-17 23:03:35','2026-07-29 11:35:33'),
(46,'315','Standard Twin',3,'B','Standard Twin','2 Single Beds',2,899,18,'occupied',NULL,'[\"Free Wi-Fi\", \"Air Conditioning\"]','2026-06-17 23:03:35','2026-07-22 20:28:11'),
(47,'316','Ordinary Twin',3,'B','Ordinary Twin','2 Single Beds',2,649,16,'out_of_order','Flagged — see management','[\"Free Wi-Fi\",\"Fan (non air conditioned)\"]','2026-06-17 23:03:35','2026-06-30 17:12:27'),
(48,'317','Standard Twin',3,'B','Standard Twin','2 Single Beds',2,899,18,'out_of_order','Flagged — see management','[\"Free Wi-Fi\", \"Air Conditioning\"]','2026-06-17 23:03:35','2026-06-30 23:08:03'),
(49,'318','Economy Double',3,'B','Economy Double','1 Queen Bed',2,749,16,'occupied',NULL,'[\"Free Wi-Fi\", \"Air Conditioning\"]','2026-06-17 23:03:35','2026-07-28 20:41:47'),
(50,'401','Deluxe Trio',4,'A','Deluxe Trio','1 King + 1 Single',3,1349,26,'occupied',NULL,'[\"Free Wi-Fi\", \"Air Conditioning\"]','2026-06-17 23:03:35','2026-07-28 20:22:09'),
(51,'402','Executive Suite',4,'A','Executive Suite','1 King Bed',4,1999,45,'clean',NULL,'[\"Free Wi-Fi\", \"Air Conditioning\"]','2026-06-17 23:03:35','2026-07-18 02:00:03'),
(52,'403','Deluxe Twin',4,'A','Deluxe Twin','2 Single Beds',2,999,22,'clean',NULL,'[\"Free Wi-Fi\", \"Air Conditioning\"]','2026-06-17 23:03:35','2026-07-28 19:40:09'),
(53,'404','Standard Twin',4,'A','Standard Twin','2 Single Beds',2,899,18,'occupied',NULL,'[\"Free Wi-Fi\", \"Air Conditioning\"]','2026-06-17 23:03:35','2026-07-26 09:01:54'),
(54,'405','Deluxe Twin',4,'A','Deluxe Twin','2 Single Beds',2,999,22,'clean',NULL,'[\"Free Wi-Fi\", \"Air Conditioning\"]','2026-06-17 23:03:35','2026-07-28 19:40:13'),
(55,'406','Deluxe Trio',4,'A','Deluxe Trio','1 King + 1 Single',3,1349,26,'occupied',NULL,'[\"Free Wi-Fi\", \"Air Conditioning\"]','2026-06-17 23:03:35','2026-07-29 07:22:00'),
(56,'407','Deluxe Twin',4,'A','Deluxe Twin','2 Single Beds',2,999,22,'occupied',NULL,'[\"Free Wi-Fi\", \"Air Conditioning\"]','2026-06-17 23:03:35','2026-07-28 19:50:23'),
(57,'408','Standard Double',4,'B','Standard Double','1 Queen Bed',2,899,18,'occupied',NULL,'[\"Free Wi-Fi\", \"Air Conditioning\"]','2026-06-17 23:03:35','2026-07-29 11:25:47'),
(58,'409','Standard Double',4,'B','Standard Double','1 Queen Bed',2,899,18,'out_of_order',NULL,'[\"Free Wi-Fi\", \"Air Conditioning\"]','2026-06-17 23:03:35','2026-06-30 22:55:46'),
(59,'410','Standard Twin',4,'B','Standard Twin','2 Single Beds',2,899,18,'clean',NULL,'[\"Free Wi-Fi\", \"Air Conditioning\"]','2026-06-17 23:03:35','2026-07-28 19:40:16'),
(60,'411','Standard Double',4,'B','Standard Double','1 Queen Bed',2,899,18,'clean',NULL,'[\"Free Wi-Fi\", \"Air Conditioning\"]','2026-06-17 23:03:35','2026-07-29 09:52:33'),
(61,'412','Standard Double',4,'B','Standard Double','1 Queen Bed',2,899,18,'out_of_order',NULL,'[\"Free Wi-Fi\", \"Air Conditioning\"]','2026-06-17 23:03:35','2026-06-30 22:55:20'),
(62,'413','Standard Double',4,'B','Standard Double','1 Queen Bed',2,899,18,'clean',NULL,'[\"Free Wi-Fi\", \"Air Conditioning\"]','2026-06-17 23:03:35','2026-07-26 19:59:37'),
(63,'414','Standard Double',4,'B','Standard Double','1 Queen Bed',2,899,18,'occupied',NULL,'[\"Free Wi-Fi\", \"Air Conditioning\"]','2026-06-17 23:03:35','2026-07-27 20:02:34');

--
-- Table structure for table `sessions`
--

CREATE TABLE `sessions` (
  `id` varchar(255) NOT NULL,
  `user_id` bigint(20) unsigned DEFAULT NULL,
  `ip_address` varchar(45) DEFAULT NULL,
  `user_agent` text DEFAULT NULL,
  `payload` longtext NOT NULL,
  `last_activity` int(11) NOT NULL,
  PRIMARY KEY (`id`),
  KEY `sessions_user_id_index` (`user_id`),
  KEY `sessions_last_activity_index` (`last_activity`)
) ENGINE=InnoDB DEFAULT CHARSET=utf8mb4 COLLATE=utf8mb4_unicode_ci;

--
-- Dumping data for table `sessions`
--

INSERT INTO `sessions` VALUES
('KpzDrZryQxc0S81RxXipYxmRKDaHzKOIxKCLcni6',NULL,'37.27.59.176','Mozilla/5.0 (compatible; SERankingBacklinksBot/1.0; +https://seranking.com/backlinks-crawler)','eyJfdG9rZW4iOiJXM1ZqUlU5Um1BZTBDQTI3VjBsdHVRSDJMeGxTUGJQSkJXSDQ4YUduIiwiX3ByZXZpb3VzIjp7InVybCI6Imh0dHA6XC9cL3Bhcmt2aWV3aG90ZWwuY29tLnBoXC9jbGFya1wvcHZoLW1haW5cL3B1YmxpYyIsInJvdXRlIjoiZW4ucHVibGljLmhvbWUifSwiX2ZsYXNoIjp7Im9sZCI6W10sIm5ldyI6W119fQ==',1785288507),
('OpFW3As59EaKpW6rQRyugPAGHFRV8WyGAZJpiMuV',1,'2001:4455:6d7:b00:40d9:a20:59d1:ef4e','Mozilla/5.0 (Windows NT 10.0; Win64; x64) AppleWebKit/537.36 (KHTML, like Gecko) Chrome/150.0.0.0 Safari/537.36','eyJfdG9rZW4iOiJpRjFId3V4VTlKS1N2bmhtdndWTU82T3V3TVpjZlhSTVNWaHd0NG5QIiwiX3ByZXZpb3VzIjp7InVybCI6Imh0dHBzOlwvXC9lcG1zLnBhcmt2aWV3aG90ZWwuY29tLnBoXC9iYWNrdXBzIiwicm91dGUiOiJiYWNrdXBzLmluZGV4In0sIl9mbGFzaCI6eyJvbGQiOltdLCJuZXciOltdfSwibG9naW5fd2ViXzU5YmEzNmFkZGMyYjJmOTQwMTU4MGYwMTRjN2Y1OGVhNGUzMDk4OWQiOjEsInBtc190b3VyX3Nob3duIjp0cnVlfQ==',1785297174),
('OPR08yv8AXeuIzAZKx63M27ELLCdzeFku5gB9NjM',NULL,'17.241.75.146','Mozilla/5.0 (Macintosh; Intel Mac OS X 10_15_7) AppleWebKit/605.1.15 (KHTML, like Gecko) Version/17.4 Safari/605.1.15 (Applebot/0.1; +http://www.apple.com/go/applebot)','eyJfdG9rZW4iOiJZcVY4MHpJUlVUUHJVMlFQQzdham02RmF4aW1TMXBvYmdwVWdMRUlQIiwiX3ByZXZpb3VzIjp7InVybCI6Imh0dHBzOlwvXC9wYXJrdmlld2hvdGVsLmNvbS5waFwvY2xhcmtcL3B2aC1tYWluXC9wdWJsaWNcL3Jvb21zLW92ZXJ2aWV3XC9EZWx1eGUrVHdpbiIsInJvdXRlIjoiZW4ucHVibGljLnJvb20tZGV0YWlsIn0sIl9mbGFzaCI6eyJvbGQiOltdLCJuZXciOltdfX0=',1785289760),
('q5pGiWZGItElXbQbzDaawd0whQrI0YCZbbVOpw4m',1,'2001:4455:6eb:3e00:71ae:78b1:5c53:66cd','Mozilla/5.0 (Windows NT 10.0; Win64; x64) AppleWebKit/537.36 (KHTML, like Gecko) Chrome/150.0.0.0 Safari/537.36','eyJfdG9rZW4iOiJLZVFIOFdJUWxGWFNwUnlKdXNqMWZud2l0UVQ2SE13eTJXTnR5NmlGIiwiX3ByZXZpb3VzIjp7InVybCI6Imh0dHBzOlwvXC9lcG1zLnBhcmt2aWV3aG90ZWwuY29tLnBoXC9kYXNoYm9hcmQiLCJyb3V0ZSI6ImRhc2hib2FyZCJ9LCJfZmxhc2giOnsib2xkIjpbXSwibmV3IjpbXX0sImxvZ2luX3dlYl81OWJhMzZhZGRjMmIyZjk0MDE1ODBmMDE0YzdmNThlYTRlMzA5ODlkIjoxLCJwbXNfdG91cl9zaG93biI6dHJ1ZX0=',1785290053),
('QbMW0tuovrDdWuafLq1rScGOAAuhgEYy8AD4NV0d',NULL,'17.22.245.207','Mozilla/5.0 (Macintosh; Intel Mac OS X 10_15_7) AppleWebKit/605.1.15 (KHTML, like Gecko) Version/17.4 Safari/605.1.15 (Applebot/0.1; +http://www.apple.com/go/applebot)','eyJfdG9rZW4iOiJCOUppb0Q4NnNBUnVOVmduYXFBbXRDbGNNOVdtenpCcXczRURBVGhSIiwiX3ByZXZpb3VzIjp7InVybCI6Imh0dHBzOlwvXC9wYXJrdmlld2hvdGVsLmNvbS5waFwvY2xhcmtcL3B2aC1tYWluXC9wdWJsaWNcL3Jvb21zLW92ZXJ2aWV3XC9TdXBlcmlvcitEZWx1eGUiLCJyb3V0ZSI6ImVuLnB1YmxpYy5yb29tLWRldGFpbCJ9LCJfZmxhc2giOnsib2xkIjpbXSwibmV3IjpbXX19',1785292624),
('Zfh4hm6UV8mD6nUzyaqNsgxOUPo0FcJxhGiMLuXu',8,'2001:4455:6eb:3e00:71ae:78b1:5c53:66cd','Mozilla/5.0 (Windows NT 10.0; Win64; x64) AppleWebKit/537.36 (KHTML, like Gecko) Chrome/150.0.0.0 Safari/537.36','eyJfdG9rZW4iOiJrWlNBdGZWVlpMYnpOWmtPZGEwNTkwMjRYa3VORThpeDdUVDE3SjdEIiwiX3ByZXZpb3VzIjp7InVybCI6Imh0dHBzOlwvXC9lcG1zLnBhcmt2aWV3aG90ZWwuY29tLnBoXC9zaGlmdHNcLzk3XC9jbG9zZSIsInJvdXRlIjoic2hpZnRzLmNsb3NlIn0sIl9mbGFzaCI6eyJvbGQiOltdLCJuZXciOltdfSwibG9naW5fd2ViXzU5YmEzNmFkZGMyYjJmOTQwMTU4MGYwMTRjN2Y1OGVhNGUzMDk4OWQiOjgsInBtc190b3VyX3Nob3duIjp0cnVlfQ==',1785296962);

--
-- Table structure for table `shifts`
--

CREATE TABLE `shifts` (
  `id` bigint(20) unsigned NOT NULL AUTO_INCREMENT,
  `user_id` bigint(20) unsigned NOT NULL,
  `shift_type` enum('morning','afternoon','night','custom') NOT NULL DEFAULT 'custom',
  `started_at` datetime NOT NULL,
  `ended_at` datetime DEFAULT NULL,
  `status` enum('open','closed') NOT NULL DEFAULT 'open',
  `opening_cash` decimal(10,2) DEFAULT NULL,
  `closing_cash` decimal(10,2) DEFAULT NULL,
  `handover_notes` text DEFAULT NULL,
  `created_at` timestamp NULL DEFAULT NULL,
  `updated_at` timestamp NULL DEFAULT NULL,
  PRIMARY KEY (`id`),
  KEY `shifts_user_id_foreign` (`user_id`),
  CONSTRAINT `shifts_user_id_foreign` FOREIGN KEY (`user_id`) REFERENCES `users` (`id`) ON DELETE CASCADE
) ENGINE=InnoDB AUTO_INCREMENT=98 DEFAULT CHARSET=utf8mb4 COLLATE=utf8mb4_unicode_ci;

--
-- Dumping data for table `shifts`
--

INSERT INTO `shifts` VALUES
(1,1,'morning','2026-06-18 12:04:19','2026-06-18 12:06:11','closed',3000.00,NULL,NULL,'2026-06-18 12:04:19','2026-06-18 12:06:11'),
(2,1,'afternoon','2026-06-18 12:06:38','2026-06-18 12:25:22','closed',3000.00,NULL,NULL,'2026-06-18 12:06:38','2026-06-18 12:25:22'),
(3,1,'afternoon','2026-06-18 13:03:25','2026-06-18 13:31:56','closed',1000.00,3752.00,NULL,'2026-06-18 13:03:25','2026-06-18 13:31:56'),
(4,1,'afternoon','2026-06-18 13:53:48','2026-06-18 13:53:55','closed',1000.00,NULL,NULL,'2026-06-18 13:53:48','2026-06-18 13:53:55'),
(5,3,'afternoon','2026-06-18 13:54:45','2026-06-18 13:56:42','closed',1000.00,4886.00,NULL,'2026-06-18 13:54:45','2026-06-18 13:56:42'),
(6,3,'afternoon','2026-06-18 13:58:41','2026-06-18 19:11:32','closed',NULL,NULL,NULL,'2026-06-18 13:58:41','2026-06-18 19:11:32'),
(7,6,'afternoon','2026-06-18 19:12:13','2026-06-24 17:57:16','closed',1000.00,NULL,NULL,'2026-06-18 19:12:13','2026-06-24 17:57:16'),
(8,6,'morning','2026-06-29 13:00:26','2026-06-29 13:04:50','closed',1000.00,NULL,NULL,'2026-06-29 13:00:26','2026-06-29 13:04:50'),
(9,6,'afternoon','2026-06-30 17:51:22','2026-07-01 01:44:09','closed',1000.00,NULL,NULL,'2026-06-30 17:51:22','2026-07-01 01:44:09'),
(10,8,'night','2026-07-01 01:45:52','2026-07-01 05:43:23','closed',2100.00,NULL,NULL,'2026-07-01 01:45:52','2026-07-01 05:43:23'),
(11,6,'afternoon','2026-07-01 15:46:27','2026-07-01 15:46:46','closed',NULL,NULL,NULL,'2026-07-01 15:46:27','2026-07-01 15:46:46'),
(12,6,'afternoon','2026-07-01 15:48:36','2026-07-01 16:02:12','closed',1500.00,NULL,NULL,'2026-07-01 15:48:36','2026-07-01 16:02:12'),
(13,9,'morning','2026-07-01 16:04:34','2026-07-01 20:20:07','closed',NULL,5443.00,NULL,'2026-07-01 16:04:34','2026-07-01 20:20:07'),
(14,6,'afternoon','2026-07-01 20:23:02','2026-07-01 20:23:13','closed',NULL,NULL,NULL,'2026-07-01 20:23:02','2026-07-01 20:23:13'),
(15,6,'afternoon','2026-07-01 20:23:40','2026-07-01 21:59:24','closed',1500.00,10640.00,NULL,'2026-07-01 20:23:40','2026-07-01 21:59:24'),
(16,8,'night','2026-07-01 22:39:54','2026-07-02 06:04:26','closed',2000.00,NULL,NULL,'2026-07-01 22:39:54','2026-07-02 06:04:26'),
(17,9,'morning','2026-07-02 14:41:29','2026-07-02 20:12:06','closed',NULL,NULL,NULL,'2026-07-02 14:41:29','2026-07-02 20:12:06'),
(18,7,'afternoon','2026-07-02 20:12:25','2026-07-02 23:04:54','closed',NULL,6963.00,NULL,'2026-07-02 20:12:25','2026-07-02 23:04:54'),
(19,8,'night','2026-07-02 23:05:36','2026-07-03 05:34:36','closed',2600.00,4095.60,NULL,'2026-07-02 23:05:36','2026-07-03 05:34:36'),
(20,6,'morning','2026-07-03 06:15:29','2026-07-03 13:12:26','closed',2500.00,4394.00,NULL,'2026-07-03 06:15:29','2026-07-03 13:12:26'),
(21,9,'afternoon','2026-07-03 14:06:50','2026-07-03 20:57:51','closed',NULL,NULL,NULL,'2026-07-03 14:06:50','2026-07-03 20:57:51'),
(22,8,'night','2026-07-03 21:59:39','2026-07-04 05:33:45','closed',NULL,2850.00,NULL,'2026-07-03 21:59:39','2026-07-04 05:33:45'),
(23,7,'afternoon','2026-07-04 19:45:09','2026-07-04 21:57:47','closed',NULL,NULL,NULL,'2026-07-04 19:45:09','2026-07-04 21:57:47'),
(24,8,'night','2026-07-04 21:59:27','2026-07-05 05:25:19','closed',NULL,0.00,NULL,'2026-07-04 21:59:27','2026-07-05 05:25:19'),
(25,10,'morning','2026-07-05 06:26:21','2026-07-05 17:09:04','closed',NULL,NULL,NULL,'2026-07-05 06:26:21','2026-07-05 17:09:04'),
(26,7,'afternoon','2026-07-05 17:15:47','2026-07-05 21:59:37','closed',NULL,NULL,NULL,'2026-07-05 17:15:47','2026-07-05 21:59:37'),
(27,9,'night','2026-07-05 22:00:22','2026-07-06 05:15:49','closed',NULL,NULL,NULL,'2026-07-05 22:00:22','2026-07-06 05:15:49'),
(28,8,'morning','2026-07-06 06:20:42','2026-07-06 14:10:27','closed',NULL,NULL,NULL,'2026-07-06 06:20:42','2026-07-06 14:10:27'),
(29,7,'afternoon','2026-07-06 14:23:50','2026-07-06 22:14:07','closed',NULL,NULL,NULL,'2026-07-06 14:23:50','2026-07-06 22:14:07'),
(30,6,'night','2026-07-07 02:16:40','2026-07-07 05:13:18','closed',NULL,NULL,NULL,'2026-07-07 02:16:40','2026-07-07 05:13:18'),
(31,8,'morning','2026-07-07 05:38:48','2026-07-07 13:19:03','closed',NULL,NULL,NULL,'2026-07-07 05:38:48','2026-07-07 13:19:03'),
(32,7,'afternoon','2026-07-07 13:38:13','2026-07-07 22:24:51','closed',NULL,NULL,NULL,'2026-07-07 13:38:13','2026-07-07 22:24:51'),
(33,6,'night','2026-07-08 02:30:49','2026-07-08 05:55:20','closed',NULL,NULL,'113 - Borrow adapter','2026-07-08 02:30:49','2026-07-08 05:55:20'),
(34,8,'morning','2026-07-08 06:26:17','2026-07-08 13:27:54','closed',NULL,NULL,NULL,'2026-07-08 06:26:17','2026-07-08 13:27:54'),
(35,7,'afternoon','2026-07-08 14:07:42','2026-07-08 22:09:26','closed',NULL,NULL,NULL,'2026-07-08 14:07:42','2026-07-08 22:09:26'),
(36,9,'night','2026-07-08 22:11:54','2026-07-09 05:57:05','closed',NULL,NULL,NULL,'2026-07-08 22:11:54','2026-07-09 05:57:05'),
(37,8,'morning','2026-07-09 06:21:45','2026-07-09 13:17:22','closed',NULL,NULL,NULL,'2026-07-09 06:21:45','2026-07-09 13:17:22'),
(38,7,'afternoon','2026-07-09 14:31:33','2026-07-09 22:37:19','closed',NULL,NULL,NULL,'2026-07-09 14:31:33','2026-07-09 22:37:19'),
(39,9,'night','2026-07-09 22:39:00','2026-07-10 05:59:55','closed',NULL,NULL,NULL,'2026-07-09 22:39:00','2026-07-10 05:59:55'),
(40,8,'morning','2026-07-10 06:26:24','2026-07-10 14:42:18','closed',NULL,NULL,NULL,'2026-07-10 06:26:24','2026-07-10 14:42:18'),
(41,6,'afternoon','2026-07-10 16:02:11','2026-07-10 22:03:01','closed',NULL,NULL,NULL,'2026-07-10 16:02:11','2026-07-10 22:03:01'),
(42,9,'night','2026-07-10 22:06:50','2026-07-11 05:32:26','closed',NULL,NULL,'ROOM 402 - BORROWED ADAPTER','2026-07-10 22:06:50','2026-07-11 05:32:26'),
(43,10,'morning','2026-07-11 06:01:00','2026-07-11 14:56:13','closed',NULL,NULL,NULL,'2026-07-11 06:01:00','2026-07-11 14:56:13'),
(44,7,'afternoon','2026-07-11 14:56:52','2026-07-11 22:02:59','closed',NULL,NULL,NULL,'2026-07-11 14:56:52','2026-07-11 22:02:59'),
(45,8,'night','2026-07-11 22:04:02','2026-07-12 05:18:33','closed',NULL,NULL,NULL,'2026-07-11 22:04:02','2026-07-12 05:18:33'),
(46,10,'morning','2026-07-12 06:13:36','2026-07-12 15:04:00','closed',NULL,NULL,NULL,'2026-07-12 06:13:36','2026-07-12 15:04:00'),
(47,7,'afternoon','2026-07-12 15:04:34','2026-07-12 22:45:51','closed',NULL,NULL,NULL,'2026-07-12 15:04:34','2026-07-12 22:45:51'),
(48,9,'night','2026-07-12 22:47:13','2026-07-13 05:32:39','closed',NULL,NULL,'CARRIED BY ERIKA\'S SALES (JULY 12, 2026 - MORNING SHIFT)\r\nFORGOT TO SETTLED DURING HER SHIFT\r\n\r\n#411 - ₱849 (CASH)\r\n#206 - ₱1,698 (CASH)\r\n#408 - ₱899 with Early Check-In (CASH)\r\n#315 - ₱949 with Early Check-In (GCASH)\r\n\r\nBREAKDOWN:\r\n- CASH : ₱3,446\r\n- GCASH : ₱949\r\n\r\nTOTAL : ₱4,395\r\n\r\n\r\nPS: NOT INCLUDED IN HIDDEN\'S SALES/CHECK-IN','2026-07-12 22:47:13','2026-07-13 05:32:39'),
(49,7,'morning','2026-07-13 06:14:33','2026-07-13 14:21:13','closed',NULL,NULL,NULL,'2026-07-13 06:14:33','2026-07-13 14:21:13'),
(50,8,'afternoon','2026-07-13 14:21:53','2026-07-14 00:51:29','closed',NULL,NULL,NULL,'2026-07-13 14:21:53','2026-07-14 00:51:29'),
(51,6,'night','2026-07-14 00:52:15','2026-07-14 06:33:36','closed',NULL,NULL,NULL,'2026-07-14 00:52:15','2026-07-14 06:33:36'),
(52,8,'morning','2026-07-14 06:34:14','2026-07-14 14:03:43','closed',NULL,NULL,NULL,'2026-07-14 06:34:14','2026-07-14 14:03:43'),
(53,6,'afternoon','2026-07-14 16:50:56','2026-07-14 22:39:28','closed',NULL,NULL,NULL,'2026-07-14 16:50:56','2026-07-14 22:39:28'),
(54,9,'night','2026-07-14 22:41:08','2026-07-15 06:16:57','closed',NULL,NULL,NULL,'2026-07-14 22:41:08','2026-07-15 06:16:57'),
(55,7,'morning','2026-07-15 06:18:15','2026-07-15 14:03:08','closed',NULL,NULL,NULL,'2026-07-15 06:18:15','2026-07-15 14:03:08'),
(56,8,'afternoon','2026-07-15 14:03:51','2026-07-15 22:18:59','closed',NULL,NULL,NULL,'2026-07-15 14:03:51','2026-07-15 22:18:59'),
(57,9,'night','2026-07-15 22:19:28','2026-07-16 09:38:48','closed',NULL,NULL,NULL,'2026-07-15 22:19:28','2026-07-16 09:38:48'),
(58,7,'morning','2026-07-16 09:39:22','2026-07-16 14:08:49','closed',NULL,NULL,NULL,'2026-07-16 09:39:22','2026-07-16 14:08:49'),
(59,8,'afternoon','2026-07-16 14:09:19','2026-07-16 21:28:37','closed',NULL,NULL,NULL,'2026-07-16 14:09:19','2026-07-16 21:28:37'),
(60,9,'night','2026-07-16 23:00:45','2026-07-17 05:28:21','closed',NULL,NULL,NULL,'2026-07-16 23:00:45','2026-07-17 05:28:21'),
(61,7,'morning','2026-07-17 06:20:50','2026-07-17 14:14:51','closed',NULL,NULL,NULL,'2026-07-17 06:20:50','2026-07-17 14:14:51'),
(62,8,'afternoon','2026-07-17 14:15:21','2026-07-17 20:49:22','closed',NULL,NULL,NULL,'2026-07-17 14:15:21','2026-07-17 20:49:22'),
(63,6,'night','2026-07-18 01:31:59','2026-07-18 06:19:58','closed',NULL,NULL,'110 - Borrow adapter','2026-07-18 01:31:59','2026-07-18 06:19:58'),
(64,10,'morning','2026-07-18 06:34:16','2026-07-18 15:30:49','closed',NULL,NULL,NULL,'2026-07-18 06:34:16','2026-07-18 15:30:49'),
(65,7,'afternoon','2026-07-18 17:49:07','2026-07-18 22:12:15','closed',NULL,NULL,NULL,'2026-07-18 17:49:07','2026-07-18 22:12:15'),
(66,8,'night','2026-07-18 22:12:50','2026-07-19 06:03:26','closed',NULL,NULL,NULL,'2026-07-18 22:12:50','2026-07-19 06:03:26'),
(67,10,'morning','2026-07-19 06:21:26','2026-07-19 15:17:44','closed',NULL,NULL,NULL,'2026-07-19 06:21:26','2026-07-19 15:17:44'),
(68,7,'afternoon','2026-07-19 15:33:23','2026-07-19 23:43:59','closed',NULL,NULL,NULL,'2026-07-19 15:33:23','2026-07-19 23:43:59'),
(69,9,'night','2026-07-19 23:44:30','2026-07-20 06:23:06','closed',NULL,NULL,NULL,'2026-07-19 23:44:30','2026-07-20 06:23:06'),
(70,8,'morning','2026-07-20 06:24:15','2026-07-20 14:11:04','closed',NULL,NULL,NULL,'2026-07-20 06:24:15','2026-07-20 14:11:04'),
(71,7,'afternoon','2026-07-20 14:12:11','2026-07-20 23:32:50','closed',NULL,NULL,NULL,'2026-07-20 14:12:11','2026-07-20 23:32:50'),
(72,9,'night','2026-07-20 23:33:10','2026-07-21 05:48:11','closed',NULL,NULL,NULL,'2026-07-20 23:33:10','2026-07-21 05:48:11'),
(73,8,'morning','2026-07-21 06:26:24','2026-07-21 14:01:53','closed',NULL,NULL,NULL,'2026-07-21 06:26:24','2026-07-21 14:01:53'),
(74,7,'afternoon','2026-07-21 14:15:08','2026-07-21 22:10:08','closed',NULL,NULL,NULL,'2026-07-21 14:15:08','2026-07-21 22:10:08'),
(75,9,'night','2026-07-21 22:10:34','2026-07-22 05:56:44','closed',NULL,NULL,NULL,'2026-07-21 22:10:34','2026-07-22 05:56:44'),
(76,6,'morning','2026-07-22 09:13:31','2026-07-22 14:08:34','closed',NULL,NULL,NULL,'2026-07-22 09:13:31','2026-07-22 14:08:34'),
(77,7,'afternoon','2026-07-22 14:39:20','2026-07-22 22:22:55','closed',NULL,NULL,NULL,'2026-07-22 14:39:20','2026-07-22 22:22:55'),
(78,8,'night','2026-07-22 22:23:39','2026-07-23 05:29:01','closed',NULL,NULL,NULL,'2026-07-22 22:23:39','2026-07-23 05:29:01'),
(79,6,'morning','2026-07-23 07:38:36','2026-07-23 14:10:33','closed',NULL,NULL,'113 - adapter 07/21/2026','2026-07-23 07:38:36','2026-07-23 14:10:33'),
(80,7,'afternoon','2026-07-23 14:14:53','2026-07-23 22:09:12','closed',NULL,NULL,NULL,'2026-07-23 14:14:53','2026-07-23 22:09:12'),
(81,8,'night','2026-07-23 22:09:49','2026-07-24 06:13:49','closed',NULL,NULL,NULL,'2026-07-23 22:09:49','2026-07-24 06:13:49'),
(82,6,'morning','2026-07-24 11:07:12','2026-07-24 14:17:29','closed',NULL,NULL,NULL,'2026-07-24 11:07:12','2026-07-24 14:17:29'),
(83,7,'afternoon','2026-07-24 16:12:28','2026-07-24 22:33:10','closed',NULL,NULL,NULL,'2026-07-24 16:12:28','2026-07-24 22:33:10'),
(84,8,'night','2026-07-25 02:44:32','2026-07-25 05:20:45','closed',NULL,NULL,NULL,'2026-07-25 02:44:32','2026-07-25 05:20:45'),
(85,10,'morning','2026-07-25 06:33:57','2026-07-25 14:59:50','closed',NULL,NULL,NULL,'2026-07-25 06:33:57','2026-07-25 14:59:50'),
(86,8,'afternoon','2026-07-25 15:00:23','2026-07-25 22:19:34','closed',NULL,NULL,NULL,'2026-07-25 15:00:23','2026-07-25 22:19:34'),
(87,9,'night','2026-07-25 22:20:54','2026-07-26 06:01:30','closed',NULL,NULL,NULL,'2026-07-25 22:20:54','2026-07-26 06:01:30'),
(88,10,'morning','2026-07-26 06:15:27','2026-07-26 16:52:18','closed',NULL,NULL,NULL,'2026-07-26 06:15:27','2026-07-26 16:52:18'),
(89,7,'afternoon','2026-07-26 16:52:44','2026-07-26 23:12:02','closed',NULL,NULL,NULL,'2026-07-26 16:52:44','2026-07-26 23:12:02'),
(90,9,'night','2026-07-26 23:12:24','2026-07-27 05:40:58','closed',NULL,NULL,NULL,'2026-07-26 23:12:24','2026-07-27 05:40:58'),
(91,8,'morning','2026-07-27 06:15:03','2026-07-27 14:11:18','closed',NULL,NULL,NULL,'2026-07-27 06:15:03','2026-07-27 14:11:18'),
(92,7,'afternoon','2026-07-27 14:31:38','2026-07-28 00:51:10','closed',NULL,NULL,NULL,'2026-07-27 14:31:38','2026-07-28 00:51:10'),
(93,6,'night','2026-07-28 04:43:22','2026-07-28 06:09:36','closed',NULL,NULL,'113 - Borrow Adapter 07-21\r\n117 - Borrow Extension Wire 07-27','2026-07-28 04:43:22','2026-07-28 06:09:36'),
(94,8,'morning','2026-07-28 06:30:44','2026-07-28 13:21:00','closed',NULL,NULL,NULL,'2026-07-28 06:30:44','2026-07-28 13:21:00'),
(95,7,'afternoon','2026-07-28 14:02:42','2026-07-28 22:53:39','closed',NULL,NULL,NULL,'2026-07-28 14:02:42','2026-07-28 22:53:39'),
(96,6,'night','2026-07-29 01:39:40','2026-07-29 06:04:31','closed',NULL,NULL,NULL,'2026-07-29 01:39:40','2026-07-29 06:04:31'),
(97,8,'morning','2026-07-29 06:24:46',NULL,'open',NULL,NULL,NULL,'2026-07-29 06:24:46','2026-07-29 06:24:46');

--
-- Table structure for table `testimonials`
--

CREATE TABLE `testimonials` (
  `id` bigint(20) unsigned NOT NULL AUTO_INCREMENT,
  `guest_name` varchar(255) NOT NULL,
  `location` varchar(255) DEFAULT NULL,
  `stay_month` varchar(255) DEFAULT NULL,
  `rating` tinyint(3) unsigned NOT NULL DEFAULT 5,
  `quote` text NOT NULL,
  `avatar_path` varchar(255) DEFAULT NULL,
  `status` varchar(255) NOT NULL DEFAULT 'approved',
  `featured` tinyint(1) NOT NULL DEFAULT 0,
  `sort_order` int(11) NOT NULL DEFAULT 0,
  `created_at` timestamp NULL DEFAULT NULL,
  `updated_at` timestamp NULL DEFAULT NULL,
  PRIMARY KEY (`id`)
) ENGINE=InnoDB DEFAULT CHARSET=utf8mb4 COLLATE=utf8mb4_unicode_ci;

--
-- Dumping data for table `testimonials`
--


--
-- Table structure for table `translations`
--

CREATE TABLE `translations` (
  `id` bigint(20) unsigned NOT NULL AUTO_INCREMENT,
  `translatable_type` varchar(255) NOT NULL,
  `translatable_id` bigint(20) unsigned NOT NULL,
  `locale` varchar(8) NOT NULL,
  `field` varchar(60) NOT NULL,
  `value` text DEFAULT NULL,
  `created_at` timestamp NULL DEFAULT NULL,
  `updated_at` timestamp NULL DEFAULT NULL,
  PRIMARY KEY (`id`),
  UNIQUE KEY `translations_unique` (`translatable_type`,`translatable_id`,`field`,`locale`),
  KEY `translations_lookup` (`translatable_type`,`translatable_id`,`locale`)
) ENGINE=InnoDB DEFAULT CHARSET=utf8mb4 COLLATE=utf8mb4_unicode_ci;

--
-- Dumping data for table `translations`
--


--
-- Table structure for table `trust_badges`
--

CREATE TABLE `trust_badges` (
  `id` bigint(20) unsigned NOT NULL AUTO_INCREMENT,
  `label` varchar(255) NOT NULL,
  `subtitle` varchar(255) DEFAULT NULL,
  `number` varchar(255) DEFAULT NULL,
  `image_path` varchar(255) DEFAULT NULL,
  `link_url` varchar(255) DEFAULT NULL,
  `sort_order` int(11) NOT NULL DEFAULT 0,
  `active` tinyint(1) NOT NULL DEFAULT 1,
  `created_at` timestamp NULL DEFAULT NULL,
  `updated_at` timestamp NULL DEFAULT NULL,
  PRIMARY KEY (`id`)
) ENGINE=InnoDB DEFAULT CHARSET=utf8mb4 COLLATE=utf8mb4_unicode_ci;

--
-- Dumping data for table `trust_badges`
--



