CREATE TABLE `cache_locks` (
  `key` varchar(255) NOT NULL,
  `owner` varchar(255) NOT NULL,
  `expiration` bigint(20) NOT NULL,
  PRIMARY KEY (`key`),
  KEY `cache_locks_expiration_index` (`expiration`)
) ENGINE=InnoDB DEFAULT CHARSET=utf8mb4 COLLATE=utf8mb4_unicode_ci;

--
-- Dumping data for table `cache_locks`
--


--
-- Table structure for table `channel_configs`
--

CREATE TABLE `channel_configs` (
  `id` bigint(20) unsigned NOT NULL AUTO_INCREMENT,
  `source` varchar(255) NOT NULL,
  `rate_plan_id` bigint(20) unsigned DEFAULT NULL,
  `active` tinyint(1) NOT NULL DEFAULT 1,
  `notes` varchar(200) DEFAULT NULL,
  `created_at` timestamp NULL DEFAULT NULL,
  `updated_at` timestamp NULL DEFAULT NULL,
  PRIMARY KEY (`id`),
  UNIQUE KEY `channel_configs_source_unique` (`source`)
) ENGINE=InnoDB AUTO_INCREMENT=10 DEFAULT CHARSET=utf8mb4 COLLATE=utf8mb4_unicode_ci;

--
-- Dumping data for table `channel_configs`
--

INSERT INTO `channel_configs` VALUES
(1,'Walk-in',NULL,1,'Direct walk-in guests; rack rate applies.','2026-06-17 23:03:36','2026-06-17 23:03:36'),
(2,'Direct (Phone)',NULL,1,'Phone / email direct bookings.','2026-06-17 23:03:36','2026-06-17 23:03:36'),
(3,'Website',1,1,'Hotel website bookings; advance purchase rate.','2026-06-17 23:03:36','2026-06-17 23:03:36'),
(4,'Booking.com',1,1,'OTA — commission ~15%. Advance purchase rate.','2026-06-17 23:03:36','2026-06-17 23:03:36'),
(5,'Agoda',1,1,'OTA — commission ~12%. Advance purchase rate.','2026-06-17 23:03:36','2026-06-17 23:03:36'),
(6,'Airbnb',NULL,1,'OTA — service fee model, no fixed commission.','2026-06-17 23:03:36','2026-06-17 23:03:36'),
(7,'Expedia',1,1,'OTA — commission ~15%. Advance purchase rate.','2026-06-17 23:03:36','2026-06-17 23:03:36'),
(8,'Travel Agent',4,1,'B2B travel agents; group rate applies.','2026-06-17 23:03:36','2026-06-17 23:03:36'),
(9,'Corporate',5,1,'Contracted corporate accounts.','2026-06-17 23:03:36','2026-06-17 23:03:36');

--
-- Table structure for table `failed_jobs`
--

CREATE TABLE `failed_jobs` (
  `id` bigint(20) unsigned NOT NULL AUTO_INCREMENT,
  `uuid` varchar(255) NOT NULL,
  `connection` varchar(255) NOT NULL,
  `queue` varchar(255) NOT NULL,
  `payload` longtext NOT NULL,
  `exception` longtext NOT NULL,
  `failed_at` timestamp NOT NULL DEFAULT current_timestamp(),
  PRIMARY KEY (`id`),
  UNIQUE KEY `failed_jobs_uuid_unique` (`uuid`),
  KEY `failed_jobs_connection_queue_failed_at_index` (`connection`,`queue`,`failed_at`)
) ENGINE=InnoDB DEFAULT CHARSET=utf8mb4 COLLATE=utf8mb4_unicode_ci;

--
-- Dumping data for table `failed_jobs`
--


--
-- Table structure for table `faqs`
--

CREATE TABLE `faqs` (
  `id` bigint(20) unsigned NOT NULL AUTO_INCREMENT,
  `question` varchar(255) NOT NULL,
  `answer` text NOT NULL,
  `category` varchar(255) DEFAULT NULL,
  `sort_order` int(11) NOT NULL DEFAULT 0,
  `published` tinyint(1) NOT NULL DEFAULT 1,
  `created_at` timestamp NULL DEFAULT NULL,
  `updated_at` timestamp NULL DEFAULT NULL,
  PRIMARY KEY (`id`)
) ENGINE=InnoDB DEFAULT CHARSET=utf8mb4 COLLATE=utf8mb4_unicode_ci;

--
-- Dumping data for table `faqs`
--


--
-- Table structure for table `folio_charges`
--

CREATE TABLE `folio_charges` (
  `id` bigint(20) unsigned NOT NULL AUTO_INCREMENT,
  `reservation_id` bigint(20) unsigned NOT NULL,
  `pos_transaction_id` bigint(20) unsigned DEFAULT NULL,
  `description` varchar(255) NOT NULL,
  `amount` decimal(10,2) NOT NULL,
  `quantity` smallint(5) unsigned NOT NULL DEFAULT 1,
  `category` varchar(255) NOT NULL DEFAULT 'other',
  `charge_date` date NOT NULL,
  `created_at` timestamp NULL DEFAULT NULL,
  `updated_at` timestamp NULL DEFAULT NULL,
  `deleted_at` timestamp NULL DEFAULT NULL,
  PRIMARY KEY (`id`),
  KEY `folio_charges_reservation_id_index` (`reservation_id`),
  KEY `folio_charges_pos_transaction_id_foreign` (`pos_transaction_id`),
  CONSTRAINT `folio_charges_pos_transaction_id_foreign` FOREIGN KEY (`pos_transaction_id`) REFERENCES `pos_transactions` (`id`) ON DELETE SET NULL
) ENGINE=InnoDB AUTO_INCREMENT=127 DEFAULT CHARSET=utf8mb4 COLLATE=utf8mb4_unicode_ci;

--
-- Dumping data for table `folio_charges`
--

INSERT INTO `folio_charges` VALUES
(1,1,NULL,'Coffee (Hot)',65.00,2,'food_beverage','2026-06-13','2026-06-17 23:03:36','2026-06-17 23:03:36',NULL),
(2,1,NULL,'Breakfast Set A',250.00,2,'food_beverage','2026-06-13','2026-06-17 23:03:36','2026-06-17 23:03:36',NULL),
(3,1,NULL,'Bottled Water (500ml)',25.00,2,'food_beverage','2026-06-13','2026-06-17 23:03:36','2026-06-17 23:03:36',NULL),
(4,1,NULL,'Beer – San Miguel Pale',85.00,3,'minibar','2026-06-14','2026-06-17 23:03:36','2026-06-17 23:03:36',NULL),
(5,1,NULL,'Pringles Original',120.00,2,'minibar','2026-06-14','2026-06-17 23:03:36','2026-06-17 23:03:36',NULL),
(6,1,NULL,'Nuts & Crackers',75.00,1,'minibar','2026-06-14','2026-06-17 23:03:36','2026-06-17 23:03:36',NULL),
(7,34,NULL,'T-Shirt / Polo',35.00,4,'laundry','2026-06-13','2026-06-17 23:03:36','2026-06-17 23:03:36',NULL),
(8,34,NULL,'Pants / Jeans',50.00,2,'laundry','2026-06-13','2026-06-17 23:03:36','2026-06-17 23:03:36',NULL),
(9,34,NULL,'Dress / Blouse',45.00,2,'laundry','2026-06-13','2026-06-17 23:03:36','2026-06-17 23:03:36',NULL),
(10,34,NULL,'Underwear / Socks',20.00,3,'laundry','2026-06-13','2026-06-17 23:03:36','2026-06-17 23:03:36',NULL),
(11,2,NULL,'Lunch Set',350.00,1,'food_beverage','2026-06-13','2026-06-17 23:03:36','2026-06-17 23:03:36',NULL),
(12,2,NULL,'Rice (per serving)',30.00,2,'food_beverage','2026-06-13','2026-06-17 23:03:36','2026-06-17 23:03:36',NULL),
(13,2,NULL,'Orange Juice',85.00,1,'food_beverage','2026-06-13','2026-06-17 23:03:36','2026-06-17 23:03:36',NULL),
(14,2,NULL,'Softdrinks (Regular)',45.00,2,'food_beverage','2026-06-13','2026-06-17 23:03:36','2026-06-17 23:03:36',NULL),
(15,2,NULL,'Internet Day Pass',100.00,1,'other','2026-06-14','2026-06-17 23:03:36','2026-06-17 23:03:36',NULL),
(16,2,NULL,'Printing (per page)',5.00,8,'other','2026-06-14','2026-06-17 23:03:36','2026-06-17 23:03:36',NULL),
(17,4,NULL,'Dinner Set',450.00,2,'food_beverage','2026-06-12','2026-06-17 23:03:36','2026-06-17 23:03:36',NULL),
(18,4,NULL,'Rice (per serving)',30.00,3,'food_beverage','2026-06-12','2026-06-17 23:03:36','2026-06-17 23:03:36',NULL),
(19,4,NULL,'Hot Chocolate',75.00,2,'food_beverage','2026-06-12','2026-06-17 23:03:36','2026-06-17 23:03:36',NULL),
(20,27,NULL,'Filipino Breakfast Set',280.00,1,'food_beverage','2026-06-14','2026-06-17 23:03:36','2026-06-17 23:03:36',NULL),
(21,27,NULL,'Coffee (Hot)',65.00,2,'food_beverage','2026-06-14','2026-06-17 23:03:36','2026-06-17 23:03:36',NULL),
(22,27,NULL,'Toast & Butter',75.00,1,'food_beverage','2026-06-14','2026-06-17 23:03:36','2026-06-17 23:03:36',NULL),
(23,27,NULL,'Orange Juice',85.00,1,'food_beverage','2026-06-14','2026-06-17 23:03:36','2026-06-17 23:03:36',NULL),
(24,28,NULL,'Bedsheet Set',120.00,1,'laundry','2026-06-13','2026-06-17 23:03:36','2026-06-17 23:03:36',NULL),
(25,28,NULL,'T-Shirt / Polo',35.00,3,'laundry','2026-06-13','2026-06-17 23:03:36','2026-06-17 23:03:36',NULL),
(26,28,NULL,'Pants / Jeans',50.00,2,'laundry','2026-06-13','2026-06-17 23:03:36','2026-06-17 23:03:36',NULL),
(27,29,NULL,'Extra Pillow',100.00,2,'other','2026-06-12','2026-06-17 23:03:36','2026-06-17 23:03:36',NULL),
(28,29,NULL,'Extra Blanket',150.00,1,'other','2026-06-12','2026-06-17 23:03:36','2026-06-17 23:03:36',NULL),
(29,29,NULL,'Baby Cot',300.00,1,'other','2026-06-12','2026-06-17 23:03:36','2026-06-17 23:03:36',NULL),
(30,30,NULL,'Beer – San Miguel Light',90.00,2,'minibar','2026-06-14','2026-06-17 23:03:36','2026-06-17 23:03:36',NULL),
(31,30,NULL,'Pringles Original',120.00,1,'minibar','2026-06-14','2026-06-17 23:03:36','2026-06-17 23:03:36',NULL),
(32,30,NULL,'Snickers Bar',55.00,3,'minibar','2026-06-14','2026-06-17 23:03:36','2026-06-17 23:03:36',NULL),
(33,30,NULL,'Bottled Water (500ml)',25.00,4,'food_beverage','2026-06-14','2026-06-17 23:03:36','2026-06-17 23:03:36',NULL),
(34,47,NULL,'Extra Foam',200.00,1,'other','2026-06-18','2026-06-18 13:43:05','2026-06-18 13:43:45','2026-06-18 13:43:45'),
(35,47,NULL,'Extra Foam',200.00,1,'other','2026-06-19','2026-06-18 13:44:24','2026-06-18 13:44:24',NULL),
(36,47,21,'Bottled Water (500ml)',25.00,1,'food_beverage','2026-06-18','2026-06-18 13:48:47','2026-06-18 13:48:47',NULL),
(37,47,21,'Coffee (Hot)',65.00,1,'food_beverage','2026-06-18','2026-06-18 13:48:47','2026-06-18 13:48:47',NULL),
(38,47,21,'Filipino Breakfast Set',280.00,1,'food_beverage','2026-06-18','2026-06-18 13:48:47','2026-06-18 13:48:47',NULL),
(39,47,21,'Hot Chocolate',75.00,1,'food_beverage','2026-06-18','2026-06-18 13:48:47','2026-06-18 13:48:47',NULL),
(40,47,21,'Rice (per serving)',30.00,1,'food_beverage','2026-06-18','2026-06-18 13:48:47','2026-06-18 13:48:47',NULL),
(41,118,NULL,'Extra Foam',400.00,2,'other','2026-06-30','2026-07-01 01:09:48','2026-07-01 01:09:48',NULL),
(42,136,NULL,'Extra Pillow for 14 Nights',840.00,14,'other','2026-07-01','2026-07-01 20:13:30','2026-07-01 20:13:30',NULL),
(43,154,NULL,'Early Check-in',300.00,1,'other','2026-07-01','2026-07-01 22:55:16','2026-07-02 04:31:32','2026-07-02 04:31:32'),
(44,156,NULL,'Extra Foam',200.00,1,'other','2026-07-01','2026-07-02 00:04:37','2026-07-02 00:04:37',NULL),
(45,154,NULL,'Early Check-In',400.00,1,'other','2026-07-02','2026-07-02 04:32:24','2026-07-02 04:32:24',NULL),
(46,157,NULL,'Room Upgrade',769.80,1,'other','2026-07-02','2026-07-02 18:29:38','2026-07-02 18:30:08','2026-07-02 18:30:08'),
(47,157,NULL,'Room Upgrade',762.25,1,'other','2026-07-02','2026-07-02 18:31:29','2026-07-02 18:31:29',NULL),
(48,159,NULL,'Early Check-in',200.00,1,'other','2026-07-02','2026-07-02 19:28:16','2026-07-02 19:28:16',NULL),
(49,173,NULL,'Room Upgrade',762.25,1,'other','2026-07-02','2026-07-02 22:34:56','2026-07-02 22:34:56',NULL),
(50,174,NULL,'Extra Foam',200.00,1,'other','2026-07-02','2026-07-02 22:41:37','2026-07-02 22:41:37',NULL),
(51,196,NULL,'Exttra Foam',200.00,1,'other','2026-07-03','2026-07-04 00:44:51','2026-07-04 00:44:51',NULL),
(52,212,NULL,'Early Check-in',200.00,1,'other','2026-07-06','2026-07-06 08:24:21','2026-07-06 08:24:21',NULL),
(53,214,NULL,'Early Check-in',150.00,1,'other','2026-07-06','2026-07-06 10:25:14','2026-07-06 10:25:14',NULL),
(54,205,NULL,'EXCESS TIME',400.00,1,'other','2026-07-06','2026-07-06 16:39:29','2026-07-06 16:39:29',NULL),
(55,140,NULL,'EXCESS TIME',300.00,1,'other','2026-07-06','2026-07-06 19:55:28','2026-07-06 19:55:28',NULL),
(56,235,NULL,'Early Check-in',50.00,1,'other','2026-07-07','2026-07-07 11:30:28','2026-07-07 11:30:28',NULL),
(57,263,NULL,'VAT 12%',288.00,1,'other','2026-07-09','2026-07-09 07:45:51','2026-07-09 07:45:51',NULL),
(58,213,NULL,'VAT 12%',432.00,1,'other','2026-07-09','2026-07-09 08:51:02','2026-07-09 08:51:02',NULL),
(59,233,NULL,'Early Check-in',200.00,1,'other','2026-07-09','2026-07-09 08:55:57','2026-07-09 08:55:57',NULL),
(60,281,NULL,'EXTRA PERSON',300.00,2,'other','2026-07-09','2026-07-09 22:42:03','2026-07-09 22:42:03',NULL),
(61,286,NULL,'Early Check-in',100.00,1,'other','2026-07-10','2026-07-10 10:07:53','2026-07-10 10:07:53',NULL),
(62,286,NULL,'Room Upgrade',200.00,1,'other','2026-07-10','2026-07-10 10:13:00','2026-07-10 10:13:00',NULL),
(63,277,NULL,'Excess Time',100.00,1,'other','2026-07-10','2026-07-10 13:01:24','2026-07-10 13:01:24',NULL),
(64,284,NULL,'Excess Time',100.00,1,'other','2026-07-10','2026-07-10 13:02:53','2026-07-10 13:02:53',NULL),
(65,240,NULL,'Balance Payment Extend for July 6-7',699.00,1,'other','2026-07-10','2026-07-10 19:45:01','2026-07-10 19:45:35','2026-07-10 19:45:35'),
(66,240,NULL,'Balance Payment Extend for July 6-7',699.00,1,'other','2026-07-10','2026-07-10 19:46:44','2026-07-10 19:47:09','2026-07-10 19:47:09'),
(67,307,NULL,'EXTRA PERSON',300.00,1,'other','2026-07-11','2026-07-11 20:34:26','2026-07-11 21:30:38','2026-07-11 21:30:38'),
(68,307,NULL,'EXTRA PERSON , EXTRA FOAM',450.00,1,'other','2026-07-11','2026-07-11 21:31:07','2026-07-11 21:31:37','2026-07-11 21:31:37'),
(69,307,NULL,'EXTRA PERSON , EXTRA FOAM',350.00,1,'other','2026-07-11','2026-07-11 21:32:01','2026-07-11 21:32:01',NULL),
(70,309,NULL,'Extra Foam',200.00,1,'other','2026-07-11','2026-07-11 23:44:14','2026-07-11 23:44:14',NULL),
(71,325,NULL,'Early Check-in',50.00,1,'other','2026-07-13','2026-07-13 12:17:43','2026-07-13 12:18:03','2026-07-13 12:18:03'),
(72,325,NULL,'Early Check-in',200.00,1,'other','2026-07-13','2026-07-13 12:18:38','2026-07-13 12:18:38',NULL),
(73,326,NULL,'Early Check-in',50.00,1,'other','2026-07-13','2026-07-13 13:01:42','2026-07-13 13:01:42',NULL),
(74,327,NULL,'Room Upgrade',1199.20,1,'other','2026-07-13','2026-07-13 15:06:42','2026-07-14 06:12:41','2026-07-14 06:12:41'),
(75,333,NULL,'Extra Foam',200.00,1,'other','2026-07-13','2026-07-13 17:25:33','2026-07-13 17:25:33',NULL),
(76,308,NULL,'Balance Payment Extend for July 10-11',699.00,1,'other','2026-07-13','2026-07-13 18:13:51','2026-07-20 15:31:45','2026-07-20 15:31:45'),
(77,327,NULL,'Room Upgrade',1167.48,1,'other','2026-07-14','2026-07-14 06:13:05','2026-07-14 06:16:14','2026-07-14 06:16:14'),
(78,327,NULL,'Room Upgrade',1575.20,1,'other','2026-07-14','2026-07-14 06:16:46','2026-07-18 01:37:18','2026-07-18 01:37:18'),
(79,333,NULL,'Extra Foam',200.00,1,'other','2026-07-14','2026-07-14 19:04:05','2026-07-14 19:04:05',NULL),
(80,347,NULL,'Room Upgrade',337.25,1,'other','2026-07-15','2026-07-15 05:30:10','2026-07-15 05:30:10',NULL),
(81,333,NULL,'Extra Foam',200.00,1,'other','2026-07-15','2026-07-15 18:47:57','2026-07-15 18:47:57',NULL),
(82,360,NULL,'Early Check-in',50.00,1,'other','2026-07-16','2026-07-16 12:49:57','2026-07-16 12:49:57',NULL),
(83,361,NULL,'Early Check-in',50.00,1,'other','2026-07-16','2026-07-16 12:52:41','2026-07-16 12:52:41',NULL),
(84,333,NULL,'Extra Foam',200.00,1,'other','2026-07-16','2026-07-16 13:04:47','2026-07-16 13:04:47',NULL),
(85,355,NULL,'Excess Time',100.00,1,'other','2026-07-16','2026-07-16 15:25:16','2026-07-16 15:25:16',NULL),
(86,363,NULL,'Extra Foam',400.00,1,'other','2026-07-16','2026-07-16 15:29:17','2026-07-16 15:29:17',NULL),
(87,363,NULL,'Extra Foam',400.00,1,'other','2026-07-16','2026-07-16 15:29:20','2026-07-17 12:08:38','2026-07-17 12:08:38'),
(88,356,NULL,'Room Massage Fee',150.00,1,'other','2026-07-16','2026-07-17 04:58:00','2026-07-17 04:58:00',NULL),
(89,386,NULL,'Extra Foam',200.00,1,'other','2026-07-17','2026-07-17 20:03:30','2026-07-17 20:03:30',NULL),
(90,380,NULL,'Iron Charge',100.00,1,'other','2026-07-17','2026-07-17 20:33:57','2026-07-17 20:33:57',NULL),
(91,391,NULL,'Extra Person',150.00,1,'other','2026-07-18','2026-07-18 03:06:38','2026-07-18 03:06:38',NULL),
(92,308,NULL,'BALANCE',699.00,1,'other','2026-07-18','2026-07-18 20:18:35','2026-07-18 20:18:35',NULL),
(93,406,NULL,'Extra Foam',200.00,1,'other','2026-07-18','2026-07-18 21:20:37','2026-07-18 21:20:37',NULL),
(94,410,NULL,'Extra Foam',200.00,1,'other','2026-07-19','2026-07-19 03:12:25','2026-07-19 03:12:25',NULL),
(95,344,NULL,'VAT 12%',1720.00,1,'other','2026-07-20','2026-07-20 06:53:23','2026-07-20 06:54:24','2026-07-20 06:54:24'),
(96,344,NULL,'VAT 12%',1728.00,1,'other','2026-07-20','2026-07-20 06:54:36','2026-07-20 06:54:36',NULL),
(97,402,NULL,'Balance',200.00,1,'other','2026-07-20','2026-07-20 08:35:14','2026-07-20 08:35:14',NULL),
(98,442,NULL,'Early Check-In',200.00,1,'other','2026-07-21','2026-07-21 08:42:32','2026-07-21 08:42:32',NULL),
(99,443,NULL,'Early Check-in',200.00,1,'other','2026-07-21','2026-07-21 08:52:12','2026-07-21 08:52:12',NULL),
(100,449,NULL,'VAT 12%',288.00,1,'other','2026-07-22','2026-07-22 12:58:14','2026-07-22 12:58:14',NULL),
(101,458,NULL,'Early Check-in',150.00,1,'other','2026-07-22','2026-07-22 13:50:50','2026-07-22 13:50:50',NULL),
(102,466,NULL,'Early Check-in',100.00,1,'other','2026-07-23','2026-07-23 12:15:30','2026-07-23 12:15:30',NULL),
(103,475,NULL,'Extra Person',150.00,1,'other','2026-07-23','2026-07-23 23:11:35','2026-07-23 23:11:35',NULL),
(104,477,NULL,'Extra Foam',400.00,2,'other','2026-07-24','2026-07-24 00:28:39','2026-07-24 00:28:39',NULL),
(105,479,NULL,'Early Check-in',150.00,1,'other','2026-07-24','2026-07-24 11:38:32','2026-07-24 11:38:32',NULL),
(106,484,NULL,'Extra Person',150.00,1,'other','2026-07-24','2026-07-24 20:36:02','2026-07-24 20:36:02',NULL),
(107,491,NULL,'Extra Person',150.00,1,'other','2026-07-25','2026-07-25 02:45:33','2026-07-25 02:45:33',NULL),
(108,489,NULL,'Excess Time',300.00,3,'other','2026-07-25','2026-07-25 14:52:17','2026-07-25 14:52:17',NULL),
(109,484,NULL,'Extra Person',150.00,1,'other','2026-07-25','2026-07-25 15:20:47','2026-07-25 15:20:47',NULL),
(110,499,NULL,'VAT 12%',2592.00,1,'other','2026-07-25','2026-07-25 22:25:58','2026-07-25 22:25:58',NULL),
(111,500,NULL,'Room Upgrade',150.00,1,'other','2026-07-25','2026-07-25 22:33:29','2026-07-25 22:33:29',NULL),
(112,502,NULL,'Extra Foam',200.00,1,'other','2026-07-26','2026-07-26 05:35:30','2026-07-26 05:35:30',NULL),
(113,504,NULL,'Early Check-in',150.00,1,'other','2026-07-26','2026-07-26 09:11:16','2026-07-26 09:11:16',NULL),
(114,517,NULL,'Extra Person',150.00,1,'other','2026-07-27','2026-07-27 11:11:06','2026-07-27 11:11:06',NULL),
(115,517,NULL,'Room Upgrade',299.80,1,'other','2026-07-27','2026-07-27 11:11:28','2026-07-27 11:11:28',NULL),
(116,517,NULL,'Flat Iron Charge',100.00,1,'other','2026-07-27','2026-07-27 11:12:46','2026-07-27 11:12:46',NULL),
(117,519,NULL,'Early Check-in',300.00,1,'other','2026-07-27','2026-07-27 11:34:10','2026-07-27 11:34:10',NULL),
(118,485,NULL,'VAT 12%',1152.00,1,'other','2026-07-28','2026-07-28 08:17:53','2026-07-28 08:17:53',NULL),
(119,531,NULL,'Early Check-in',200.00,1,'other','2026-07-28','2026-07-28 09:21:16','2026-07-28 09:21:16',NULL),
(120,532,NULL,'Early Check-in',50.00,1,'other','2026-07-28','2026-07-28 11:09:27','2026-07-28 11:09:27',NULL),
(121,503,NULL,'Early Check-in (July 26, 2026 - Reported by Erika)',300.00,1,'other','2026-07-28','2026-07-28 12:19:38','2026-07-28 12:19:38',NULL),
(122,510,NULL,'Excess Time',200.00,1,'other','2026-07-28','2026-07-28 19:32:58','2026-07-28 19:32:58',NULL),
(123,542,NULL,'VAT 12%',288.00,1,'other','2026-07-28','2026-07-28 20:42:07','2026-07-28 20:42:07',NULL),
(124,549,NULL,'Early Check-in',300.00,1,'other','2026-07-29','2026-07-29 07:21:30','2026-07-29 07:21:30',NULL),
(125,550,NULL,'Early Check-in',300.00,1,'other','2026-07-29','2026-07-29 10:00:18','2026-07-29 10:00:18',NULL),
(126,542,NULL,'VAT 12%',288.00,1,'other','2026-07-29','2026-07-29 11:10:17','2026-07-29 11:10:17',NULL);

--
-- Table structure for table `guest_reminders`
--

CREATE TABLE `guest_reminders` (
  `id` bigint(20) unsigned NOT NULL AUTO_INCREMENT,
  `reservation_id` bigint(20) unsigned NOT NULL,
  `remind_at` datetime NOT NULL,
  `type` varchar(255) NOT NULL,
  `notes` text DEFAULT NULL,
  `status` varchar(255) NOT NULL DEFAULT 'pending',
  `created_by` bigint(20) unsigned DEFAULT NULL,
  `completed_at` datetime DEFAULT NULL,
  `created_at` timestamp NULL DEFAULT NULL,
  `updated_at` timestamp NULL DEFAULT NULL,
  PRIMARY KEY (`id`),
  KEY `guest_reminders_reservation_id_foreign` (`reservation_id`),
  KEY `guest_reminders_created_by_foreign` (`created_by`),
  CONSTRAINT `guest_reminders_created_by_foreign` FOREIGN KEY (`created_by`) REFERENCES `users` (`id`) ON DELETE SET NULL,
  CONSTRAINT `guest_reminders_reservation_id_foreign` FOREIGN KEY (`reservation_id`) REFERENCES `reservations` (`id`) ON DELETE CASCADE
) ENGINE=InnoDB AUTO_INCREMENT=3 DEFAULT CHARSET=utf8mb4 COLLATE=utf8mb4_unicode_ci;

--
-- Dumping data for table `guest_reminders`
--

INSERT INTO `guest_reminders` VALUES
(1,42,'2026-06-18 12:04:00','Wake-up Call','Call Cab','done',1,'2026-06-18 15:43:34','2026-06-18 12:05:10','2026-06-18 15:43:34'),
(2,235,'2026-07-11 06:00:00','Checkout Reminder','Borrow Adapter','done',6,'2026-07-11 13:23:28','2026-07-08 05:54:45','2026-07-11 13:23:28');

--
-- Table structure for table `guests`
--

CREATE TABLE `guests` (
  `id` bigint(20) unsigned NOT NULL AUTO_INCREMENT,
  `first_name` varchar(255) NOT NULL,
  `last_name` varchar(255) NOT NULL,
  `email` varchar(255) DEFAULT NULL,
  `phone` varchar(255) DEFAULT NULL,
  `date_of_birth` date DEFAULT NULL,
  `nationality` varchar(255) NOT NULL DEFAULT 'Filipino',
  `id_type` varchar(255) DEFAULT NULL,
  `id_number` varchar(255) DEFAULT NULL,
  `id_image` varchar(255) DEFAULT NULL,
  `address` varchar(255) DEFAULT NULL,
  `city` varchar(255) DEFAULT NULL,
  `province` varchar(255) DEFAULT NULL,
  `country` varchar(255) NOT NULL DEFAULT 'Philippines',
  `company` varchar(255) DEFAULT NULL,
  `vip` tinyint(1) NOT NULL DEFAULT 0,
  `blacklisted` tinyint(1) NOT NULL DEFAULT 0,
  `notes` text DEFAULT NULL,
  `created_at` timestamp NULL DEFAULT NULL,
  `updated_at` timestamp NULL DEFAULT NULL,
  PRIMARY KEY (`id`)
) ENGINE=InnoDB AUTO_INCREMENT=450 DEFAULT CHARSET=utf8mb4 COLLATE=utf8mb4_unicode_ci;

--
-- Dumping data for table `guests`
--

INSERT INTO `guests` VALUES
(1,'Maria','Santos','maria.santos@gmail.com','+63 917 123 4567',NULL,'Filipino',NULL,NULL,NULL,NULL,NULL,NULL,'Philippines',NULL,0,0,NULL,'2026-06-17 23:03:35','2026-06-17 23:03:35'),
(2,'Juan','dela Cruz','jdelacruz@yahoo.com','+63 918 234 5678',NULL,'Filipino',NULL,NULL,NULL,NULL,NULL,NULL,'Philippines',NULL,0,0,NULL,'2026-06-17 23:03:35','2026-06-17 23:03:35'),
(3,'Anna','Reyes','anna.reyes@email.com','+63 919 345 6789',NULL,'Filipino',NULL,NULL,NULL,NULL,NULL,NULL,'Philippines',NULL,0,0,NULL,'2026-06-17 23:03:35','2026-06-17 23:03:35'),
(4,'Robert','Chen','rchen@business.ph','+63 920 456 7890',NULL,'Filipino',NULL,NULL,NULL,NULL,NULL,NULL,'Philippines',NULL,0,0,NULL,'2026-06-17 23:03:35','2026-06-17 23:03:35'),
(5,'Jennifer','Lim','jlim@corp.com','+63 921 567 8901',NULL,'Filipino',NULL,NULL,NULL,NULL,NULL,NULL,'Philippines',NULL,0,0,NULL,'2026-06-17 23:03:35','2026-06-17 23:03:35'),
(6,'Michael','Tan','mtan@gmail.com','+63 922 678 9012',NULL,'Filipino',NULL,NULL,NULL,NULL,NULL,NULL,'Philippines',NULL,0,0,NULL,'2026-06-17 23:03:35','2026-06-17 23:03:35'),
(7,'Patricia','Aquino','paquino@email.ph','+63 923 789 0123',NULL,'Filipino',NULL,NULL,NULL,NULL,NULL,NULL,'Philippines',NULL,0,0,NULL,'2026-06-17 23:03:35','2026-06-17 23:03:35'),
(8,'David','Wong','dwong@hk.com','+852 9123 4567',NULL,'Filipino',NULL,NULL,NULL,NULL,NULL,NULL,'Philippines',NULL,0,0,NULL,'2026-06-17 23:03:35','2026-06-17 23:03:35'),
(9,'Sarah','Magno','smagno@gmail.com','+63 924 890 1234',NULL,'Filipino',NULL,NULL,NULL,NULL,NULL,NULL,'Philippines',NULL,0,0,NULL,'2026-06-17 23:03:35','2026-06-17 23:03:35'),
(10,'Jose','Mercado','jose.mercado@corp.ph','+63 925 901 2345',NULL,'Filipino',NULL,NULL,NULL,NULL,NULL,NULL,'Philippines',NULL,0,0,NULL,'2026-06-17 23:03:35','2026-06-17 23:03:35'),
(11,'Luz','Bautista','luz.b@email.com','+63 926 012 3456',NULL,'Filipino',NULL,NULL,NULL,NULL,NULL,NULL,'Philippines',NULL,0,0,NULL,'2026-06-17 23:03:35','2026-06-17 23:03:35'),
(12,'Kristopher','Dela Rosa','kdelarosa@gmail.com','+63 917 201 3344',NULL,'Filipino',NULL,NULL,NULL,NULL,NULL,NULL,'Philippines',NULL,0,0,NULL,'2026-06-17 23:03:35','2026-06-17 23:03:35'),
(13,'Maribel','Flores','mflores@yahoo.com','+63 918 302 4455',NULL,'Filipino',NULL,NULL,NULL,NULL,NULL,NULL,'Philippines',NULL,0,0,NULL,'2026-06-17 23:03:35','2026-06-17 23:03:35'),
(14,'Ramon','Soriano','rsoriano@corp.ph','+63 919 403 5566',NULL,'Filipino',NULL,NULL,NULL,NULL,NULL,NULL,'Philippines',NULL,0,0,NULL,'2026-06-17 23:03:35','2026-06-17 23:03:35'),
(15,'Cynthia','Padua','cpadua@email.ph','+63 920 504 6677',NULL,'Filipino',NULL,NULL,NULL,NULL,NULL,NULL,'Philippines',NULL,0,0,NULL,'2026-06-17 23:03:35','2026-06-17 23:03:35'),
(16,'Bonifacio','Manalo','bmanalo@gmail.com','+63 921 605 7788',NULL,'Filipino',NULL,NULL,NULL,NULL,NULL,NULL,'Philippines',NULL,0,0,NULL,'2026-06-17 23:03:35','2026-06-17 23:03:35'),
(17,'Teresita','Buenaventura','tbuenaventura@yahoo.com','+63 922 706 8899',NULL,'Filipino',NULL,NULL,NULL,NULL,NULL,NULL,'Philippines',NULL,0,0,NULL,'2026-06-17 23:03:35','2026-06-17 23:03:35'),
(18,'Gerardo','Mateo','gmateo@email.com','+63 923 807 9900',NULL,'Filipino',NULL,NULL,NULL,NULL,NULL,NULL,'Philippines',NULL,0,0,NULL,'2026-06-17 23:03:35','2026-06-17 23:03:35'),
(19,'Eduardo','Castillo','ecastillo@gmail.com','+63 924 908 1011',NULL,'Filipino',NULL,NULL,NULL,NULL,NULL,NULL,'Philippines',NULL,0,0,NULL,'2026-06-17 23:03:35','2026-06-17 23:03:35'),
(20,'Lourdes','Macasaet','lmacasaet@yahoo.com','+63 925 109 1122',NULL,'Filipino',NULL,NULL,NULL,NULL,NULL,NULL,'Philippines',NULL,0,0,NULL,'2026-06-17 23:03:35','2026-06-17 23:03:35'),
(21,'Rolando','Navarro','rnavarro@corp.ph','+63 926 210 2233',NULL,'Filipino',NULL,NULL,NULL,NULL,NULL,NULL,'Philippines',NULL,0,0,NULL,'2026-06-17 23:03:35','2026-06-17 23:03:35'),
(22,'Yolanda','Alcantara','yalcantara@email.ph','+63 917 311 3344',NULL,'Filipino',NULL,NULL,NULL,NULL,NULL,NULL,'Philippines',NULL,0,0,NULL,'2026-06-17 23:03:35','2026-06-17 23:03:35'),
(23,'Hernando','Pascual','hpascual@gmail.com','+63 918 412 4455',NULL,'Filipino',NULL,NULL,NULL,NULL,NULL,NULL,'Philippines',NULL,0,0,NULL,'2026-06-17 23:03:35','2026-06-17 23:03:35'),
(24,'Florencia','Abad','fabad@email.com','+63 919 513 5566',NULL,'Filipino',NULL,NULL,NULL,NULL,NULL,NULL,'Philippines',NULL,0,0,NULL,'2026-06-17 23:03:35','2026-06-17 23:03:35'),
(25,'Danilo','Enriquez','denriquez@yahoo.com','+63 920 614 6677',NULL,'Filipino',NULL,NULL,NULL,NULL,NULL,NULL,'Philippines',NULL,0,0,NULL,'2026-06-17 23:03:35','2026-06-17 23:03:35'),
(26,'Natividad','Villanueva','nvillanueva@corp.ph','+63 921 715 7788',NULL,'Filipino',NULL,NULL,NULL,NULL,NULL,NULL,'Philippines',NULL,0,0,NULL,'2026-06-17 23:03:35','2026-06-17 23:03:35'),
(27,'Arturo','Sabado','asabado@gmail.com','+63 922 816 8899',NULL,'Filipino',NULL,NULL,NULL,NULL,NULL,NULL,'Philippines',NULL,0,0,NULL,'2026-06-17 23:03:35','2026-06-17 23:03:35'),
(28,'Concepcion','Batangan','cbatangan@yahoo.com','+63 923 917 9900',NULL,'Filipino',NULL,NULL,NULL,NULL,NULL,NULL,'Philippines',NULL,0,0,NULL,'2026-06-17 23:03:35','2026-06-17 23:03:35'),
(29,'Federico','Espiritu','fespiritu@email.ph','+63 924 018 0011',NULL,'Filipino',NULL,NULL,NULL,NULL,NULL,NULL,'Philippines',NULL,0,0,NULL,'2026-06-17 23:03:35','2026-06-17 23:03:35'),
(30,'Gloria','Ocampo','gocampo@gmail.com','+63 925 119 1122',NULL,'Filipino',NULL,NULL,NULL,NULL,NULL,NULL,'Philippines',NULL,0,0,NULL,'2026-06-17 23:03:35','2026-06-17 23:03:35'),
(31,'Honesto','Lacsamana','hlacsamana@corp.ph','+63 926 220 2233',NULL,'Filipino',NULL,NULL,NULL,NULL,NULL,NULL,'Philippines',NULL,0,0,NULL,'2026-06-17 23:03:35','2026-06-17 23:03:35'),
(32,'Imelda','Bernal','ibernal@email.com','+63 917 321 3344',NULL,'Filipino',NULL,NULL,NULL,NULL,NULL,NULL,'Philippines',NULL,0,0,NULL,'2026-06-17 23:03:35','2026-06-17 23:03:35'),
(33,'Jorge','Tiangco','jtiangco@yahoo.com','+63 918 422 4455',NULL,'Filipino',NULL,NULL,NULL,NULL,NULL,NULL,'Philippines',NULL,0,0,NULL,'2026-06-17 23:03:35','2026-06-17 23:03:35'),
(34,'Carmelita','Umali','cumali@gmail.com','+63 919 523 5566',NULL,'Filipino',NULL,NULL,NULL,NULL,NULL,NULL,'Philippines',NULL,0,0,NULL,'2026-06-17 23:03:35','2026-06-17 23:03:35'),
(35,'Nelson','Omamalin','nomamalin@email.ph','+63 920 624 6677',NULL,'Filipino',NULL,NULL,NULL,NULL,NULL,NULL,'Philippines',NULL,0,0,NULL,'2026-06-17 23:03:35','2026-06-17 23:03:35'),
(36,'Perla','Macaraeg','pmacaraeg@corp.ph','+63 921 725 7788',NULL,'Filipino',NULL,NULL,NULL,NULL,NULL,NULL,'Philippines',NULL,0,0,NULL,'2026-06-17 23:03:35','2026-06-17 23:03:35'),
(37,'Ricky','Simbahan','rsimbahan@gmail.com','+63 922 826 8899',NULL,'Filipino',NULL,NULL,NULL,NULL,NULL,NULL,'Philippines',NULL,0,0,NULL,'2026-06-17 23:03:35','2026-06-17 23:03:35'),
(38,'Annaliza','Cruz','acruz@yahoo.com','+63 923 927 9900',NULL,'Filipino',NULL,NULL,NULL,NULL,NULL,NULL,'Philippines',NULL,0,0,NULL,'2026-06-17 23:03:35','2026-06-17 23:03:35'),
(39,'Benito','Domingo','bdomingo@email.ph','+63 924 028 0011',NULL,'Filipino',NULL,NULL,NULL,NULL,NULL,NULL,'Philippines',NULL,0,0,NULL,'2026-06-17 23:03:35','2026-06-17 23:03:35'),
(40,'Carlo','Esteban','cesteban@gmail.com','+63 925 129 1122',NULL,'Filipino',NULL,NULL,NULL,NULL,NULL,NULL,'Philippines',NULL,0,0,NULL,'2026-06-17 23:03:35','2026-06-17 23:03:35'),
(41,'Dolores','Fernandez','dfernandez@corp.ph','+63 926 230 2233',NULL,'Filipino',NULL,NULL,NULL,NULL,NULL,NULL,'Philippines',NULL,0,0,NULL,'2026-06-17 23:03:35','2026-06-17 23:03:35'),
(42,'Ernesto','Garcia','egarcia@yahoo.com','+63 917 331 3344',NULL,'Filipino',NULL,NULL,NULL,NULL,NULL,NULL,'Philippines',NULL,0,0,NULL,'2026-06-17 23:03:35','2026-06-17 23:03:35'),
(43,'Felicitas','Hernandez','fhernandez@gmail.com','+63 918 432 4455',NULL,'Filipino',NULL,NULL,NULL,NULL,NULL,NULL,'Philippines',NULL,0,0,NULL,'2026-06-17 23:03:35','2026-06-17 23:03:35'),
(44,'Gilberto','Ignacio','gignacio@email.com','+63 919 533 5566',NULL,'Filipino',NULL,NULL,NULL,NULL,NULL,NULL,'Philippines',NULL,0,0,NULL,'2026-06-17 23:03:35','2026-06-17 23:03:35'),
(45,'Herminia','Javellana','hjavellana@yahoo.com','+63 920 634 6677',NULL,'Filipino',NULL,NULL,NULL,NULL,NULL,NULL,'Philippines',NULL,0,0,NULL,'2026-06-17 23:03:35','2026-06-17 23:03:35'),
(46,'Ireneo','Kintanar','ikintanar@corp.ph','+63 921 735 7788',NULL,'Filipino',NULL,NULL,NULL,NULL,NULL,NULL,'Philippines',NULL,0,0,NULL,'2026-06-17 23:03:35','2026-06-17 23:03:35'),
(47,'Josephina','Luna','jluna@gmail.com','+63 922 836 8899',NULL,'Filipino',NULL,NULL,NULL,NULL,NULL,NULL,'Philippines',NULL,0,0,NULL,'2026-06-17 23:03:35','2026-06-17 23:03:35'),
(48,'Kristina','Marasigan','kmarasigan@email.ph','+63 923 937 9900',NULL,'Filipino',NULL,NULL,NULL,NULL,NULL,NULL,'Philippines',NULL,0,0,NULL,'2026-06-17 23:03:35','2026-06-17 23:03:35'),
(49,'Lorenzo','Nacpil','lnacpil@yahoo.com','+63 924 038 0011',NULL,'Filipino',NULL,NULL,NULL,NULL,NULL,NULL,'Philippines',NULL,0,0,NULL,'2026-06-17 23:03:35','2026-06-17 23:03:35'),
(50,'Melinda','Ongpin','mongpin@corp.ph','+63 925 139 1122',NULL,'Filipino',NULL,NULL,NULL,NULL,NULL,NULL,'Philippines',NULL,0,0,NULL,'2026-06-17 23:03:35','2026-06-17 23:03:35'),
(51,'Narciso','Palma','npalma@gmail.com','+63 926 240 2233',NULL,'Filipino',NULL,NULL,NULL,NULL,NULL,NULL,'Philippines',NULL,0,0,NULL,'2026-06-17 23:03:35','2026-06-17 23:03:35'),
(52,'Ofelia','Quijano','oquijano@email.ph','+63 917 341 3344',NULL,'Filipino',NULL,NULL,NULL,NULL,NULL,NULL,'Philippines',NULL,0,0,NULL,'2026-06-17 23:03:35','2026-06-17 23:03:35'),
(53,'Perfecto','Reyes','preyes@yahoo.com','+63 918 442 4455',NULL,'Filipino',NULL,NULL,NULL,NULL,NULL,NULL,'Philippines',NULL,0,0,NULL,'2026-06-17 23:03:35','2026-06-17 23:03:35'),
(54,'Quirino','Santiago','qsantiago@corp.ph','+63 919 543 5566',NULL,'Filipino',NULL,NULL,NULL,NULL,NULL,NULL,'Philippines',NULL,0,0,NULL,'2026-06-17 23:03:35','2026-06-17 23:03:35'),
(55,'Rosalinda','Tolentino','rtolentino@gmail.com','+63 920 644 6677',NULL,'Filipino',NULL,NULL,NULL,NULL,NULL,NULL,'Philippines',NULL,0,0,NULL,'2026-06-17 23:03:35','2026-06-17 23:03:35'),
(56,'Serafin','Untalan','suntalan@email.ph','+63 921 745 7788',NULL,'Filipino',NULL,NULL,NULL,NULL,NULL,NULL,'Philippines',NULL,0,0,NULL,'2026-06-17 23:03:35','2026-06-17 23:03:35'),
(57,'Teodora','Velasco','tvelasco@yahoo.com','+63 922 846 8899',NULL,'Filipino',NULL,NULL,NULL,NULL,NULL,NULL,'Philippines',NULL,0,0,NULL,'2026-06-17 23:03:35','2026-06-17 23:03:35'),
(58,'Uldarico','Wenceslao','uwenceslao@gmail.com','+63 923 947 9900',NULL,'Filipino',NULL,NULL,NULL,NULL,NULL,NULL,'Philippines',NULL,0,0,NULL,'2026-06-17 23:03:35','2026-06-17 23:03:35'),
(59,'Virginia','Ybarra','vybarra@corp.ph','+63 924 048 0011',NULL,'Filipino',NULL,NULL,NULL,NULL,NULL,NULL,'Philippines',NULL,0,0,NULL,'2026-06-17 23:03:35','2026-06-17 23:03:35'),
(60,'Wilfredo','Zapanta','wzapanta@email.com','+63 925 149 1122',NULL,'Filipino',NULL,NULL,NULL,NULL,NULL,NULL,'Philippines',NULL,0,0,NULL,'2026-06-17 23:03:35','2026-06-17 23:03:35'),
(61,'Xenia','Aquino','xaquino@yahoo.com','+63 926 250 2233',NULL,'Filipino',NULL,NULL,NULL,NULL,NULL,NULL,'Philippines',NULL,0,0,NULL,'2026-06-17 23:03:35','2026-06-17 23:03:35'),
(62,'Yolanda','Bautista','ybautista@gmail.com','+63 917 351 3344',NULL,'Filipino',NULL,NULL,NULL,NULL,NULL,NULL,'Philippines',NULL,0,0,NULL,'2026-06-17 23:03:35','2026-06-17 23:03:35'),
(63,'Zenaida','Castillo','zcastillo@email.ph','+63 918 452 4455',NULL,'Filipino',NULL,NULL,NULL,NULL,NULL,NULL,'Philippines',NULL,0,0,NULL,'2026-06-17 23:03:35','2026-06-17 23:03:35'),
(64,'Alfredo','Dela Cruz','adelacruz@gmail.com','+63 919 553 5566',NULL,'Filipino',NULL,NULL,NULL,NULL,NULL,NULL,'Philippines',NULL,0,0,NULL,'2026-06-17 23:03:35','2026-06-17 23:03:35'),
(65,'Bernardo','Estrada','bestrada@yahoo.com','+63 920 654 6677',NULL,'Filipino',NULL,NULL,NULL,NULL,NULL,NULL,'Philippines',NULL,0,0,NULL,'2026-06-17 23:03:35','2026-06-17 23:03:35'),
(66,'Catalina','Ferrer','cferrer@corp.ph','+63 921 755 7788',NULL,'Filipino',NULL,NULL,NULL,NULL,NULL,NULL,'Philippines',NULL,0,0,NULL,'2026-06-17 23:03:35','2026-06-17 23:03:35'),
(67,'Domingo','Gonzalez','dgonzalez@gmail.com','+63 922 856 8899',NULL,'Filipino',NULL,NULL,NULL,NULL,NULL,NULL,'Philippines',NULL,0,0,NULL,'2026-06-17 23:03:35','2026-06-17 23:03:35'),
(68,'Esperanza','Herrero','eherrero@email.ph','+63 923 957 9900',NULL,'Filipino',NULL,NULL,NULL,NULL,NULL,NULL,'Philippines',NULL,0,0,NULL,'2026-06-17 23:03:35','2026-06-17 23:03:35'),
(69,'Faustino','Ibarra','fibarra@yahoo.com','+63 924 058 0011',NULL,'Filipino',NULL,NULL,NULL,NULL,NULL,NULL,'Philippines',NULL,0,0,NULL,'2026-06-17 23:03:35','2026-06-17 23:03:35'),
(70,'Gliceria','Jimenez','gjimenez@gmail.com','+63 925 159 1122',NULL,'Filipino',NULL,NULL,NULL,NULL,NULL,NULL,'Philippines',NULL,0,0,NULL,'2026-06-17 23:03:35','2026-06-17 23:03:35'),
(71,'Horacio','Kho','hkho@corp.ph','+63 926 260 2233',NULL,'Filipino',NULL,NULL,NULL,NULL,NULL,NULL,'Philippines',NULL,0,0,NULL,'2026-06-17 23:03:35','2026-06-17 23:03:35'),
(72,'Isidro','Legaspi','ilegaspi@email.com','+63 917 361 3344',NULL,'Filipino',NULL,NULL,NULL,NULL,NULL,NULL,'Philippines',NULL,0,0,NULL,'2026-06-17 23:03:36','2026-06-17 23:03:36'),
(73,'Juan','Santos','juansantos@gmail.com','+63 9170000000',NULL,'Filipino',NULL,NULL,NULL,NULL,NULL,NULL,'Philippines',NULL,0,0,NULL,'2026-06-18 13:37:47','2026-06-18 13:37:47'),
(74,'Jhon','Santos',NULL,NULL,NULL,'Filipino',NULL,NULL,NULL,NULL,NULL,NULL,'Philippines',NULL,0,0,NULL,'2026-06-18 16:56:08','2026-06-18 16:56:08'),
(75,'Maria','Angela',NULL,'+6399970711601',NULL,'Filipino',NULL,NULL,NULL,NULL,NULL,NULL,'Philippines',NULL,0,0,NULL,'2026-06-18 19:16:11','2026-06-18 19:16:11'),
(76,'EDDIED','DALINGAY',NULL,'+63 9472885970',NULL,'Filipino',NULL,NULL,NULL,NULL,NULL,NULL,'Philippines',NULL,0,0,NULL,'2026-06-18 19:24:12','2026-06-18 19:24:12'),
(77,'MIGUELITO','MERCADO',NULL,'+63 9618305679',NULL,'Filipino',NULL,NULL,NULL,NULL,NULL,NULL,'Philippines',NULL,0,0,NULL,'2026-06-30 18:28:55','2026-06-30 18:28:55'),
(78,'MIGUELITO','M',NULL,'9618305679',NULL,'Filipino',NULL,NULL,NULL,NULL,NULL,NULL,'Philippines',NULL,0,0,NULL,'2026-06-30 18:31:04','2026-06-30 18:31:04'),
(79,'Clark','Ty','tyclarkjustine@gmail.com','+63 9278676687',NULL,'Filipino',NULL,NULL,NULL,NULL,NULL,NULL,'Philippines',NULL,0,0,NULL,'2026-06-30 20:14:21','2026-06-30 20:14:21'),
(80,'KESSY','CANADA',NULL,'09761785759',NULL,'Filipino',NULL,NULL,NULL,NULL,NULL,NULL,'Philippines',NULL,0,0,NULL,'2026-06-30 20:46:40','2026-06-30 20:46:40'),
(81,'JECILE','OYAN',NULL,'+63 9067926188',NULL,'Filipino',NULL,NULL,NULL,NULL,NULL,NULL,'Philippines',NULL,0,0,NULL,'2026-06-30 22:20:14','2026-06-30 22:20:14'),
(82,'ANTONIO','GALANG',NULL,'+63 9628446416',NULL,'Filipino',NULL,NULL,NULL,NULL,NULL,NULL,'Philippines',NULL,0,0,NULL,'2026-06-30 23:19:32','2026-06-30 23:19:32'),
(83,'JUNE','REX LEGABOS',NULL,'+63 9672272300',NULL,'Filipino',NULL,NULL,NULL,NULL,NULL,NULL,'Philippines',NULL,0,0,NULL,'2026-06-30 23:29:53','2026-06-30 23:29:53'),
(84,'DANIEL','OBESO',NULL,'+63 9317883437',NULL,'Filipino','Other','2114251','guest-ids/CRC22lXp4WCRW8jWXcCMw4NK2X9HNlFnl3Q6yGg8.jpg',NULL,NULL,NULL,'Philippines',NULL,0,0,NULL,'2026-06-30 23:59:24','2026-07-01 00:32:27'),
(85,'DANELLE','SAGOMIS',NULL,'+63 9751537350',NULL,'Filipino',NULL,NULL,NULL,NULL,NULL,NULL,'Philippines',NULL,0,0,NULL,'2026-07-01 00:03:22','2026-07-01 00:03:22'),
(86,'Henry','Hequilan',NULL,'+63 09487604584',NULL,'Filipino','Driver\'s License (LTO)','K09-19-003242','guest-ids/Fy4hTINoZaXIGUKrEwN6uLPPULRMjgMqEcdiSh0S.jpg',NULL,'Pagadian City','Zamboanga Del Sur','Philippines',NULL,0,0,NULL,'2026-07-01 00:35:30','2026-07-01 00:39:40'),
(87,'Gerry','Cainglet',NULL,'+63 9356190083',NULL,'Filipino',NULL,NULL,NULL,NULL,NULL,NULL,'Philippines',NULL,0,0,NULL,'2026-07-01 00:42:20','2026-07-01 00:42:20'),
(88,'Vince','Clyde Talingting',NULL,'+63 9602602342',NULL,'Filipino','Driver\'s License (LTO)','l02-22-000370','guest-ids/0ieWA9bCNRkMJtRX3TzaqsIdQ0SiWR0ytqCg6NGc.jpg',NULL,'Davao City','Davao del Sur','Philippines',NULL,0,0,NULL,'2026-07-01 00:44:31','2026-07-01 00:59:34'),
(89,'Adrianne','Dalisay',NULL,'+63 9484705563',NULL,'Filipino',NULL,NULL,NULL,NULL,NULL,NULL,'Philippines',NULL,0,0,NULL,'2026-07-01 00:48:11','2026-07-01 00:48:11'),
(90,'Antonio','Galang',NULL,'+63 9638446416',NULL,'Filipino',NULL,NULL,NULL,NULL,NULL,NULL,'Philippines',NULL,0,0,NULL,'2026-07-01 00:53:44','2026-07-01 00:53:44'),
(91,'Michael','Angelo Gorrero',NULL,'+63 9129169538',NULL,'Filipino',NULL,NULL,NULL,NULL,NULL,NULL,'Philippines',NULL,0,0,NULL,'2026-07-01 01:03:33','2026-07-01 01:03:33'),
(92,'Omer','Jr. Martinez',NULL,'+63 9684178960',NULL,'Filipino',NULL,NULL,NULL,NULL,NULL,NULL,'Philippines',NULL,0,0,NULL,'2026-07-01 01:05:51','2026-07-01 01:05:51'),
(93,'Anecita','Hequilan',NULL,'+63 9483889801',NULL,'Filipino',NULL,NULL,NULL,NULL,NULL,NULL,'Philippines',NULL,0,0,NULL,'2026-07-01 01:08:51','2026-07-01 01:08:51'),
(94,'Lito','Santiago',NULL,'+63 9666607499',NULL,'Filipino',NULL,NULL,NULL,NULL,NULL,NULL,'Philippines',NULL,0,0,NULL,'2026-07-01 01:19:04','2026-07-01 01:19:04'),
(95,'Melanie','Jane Luntian',NULL,'+63 9859937879',NULL,'Filipino',NULL,NULL,NULL,NULL,NULL,NULL,'Philippines',NULL,0,0,NULL,'2026-07-01 01:47:53','2026-07-01 01:47:53'),
(96,'Lucky','Edgar Potente',NULL,'+63 9702674817',NULL,'Filipino',NULL,NULL,NULL,NULL,NULL,NULL,'Philippines',NULL,0,0,NULL,'2026-07-01 01:52:20','2026-07-01 01:52:20'),
(97,'Olive','Dumanig',NULL,'+63 9977431179',NULL,'Filipino',NULL,NULL,NULL,NULL,NULL,NULL,'Philippines',NULL,1,0,NULL,'2026-07-01 03:10:12','2026-07-29 11:36:05'),
(98,'Jerson','Orilla',NULL,'+63 95444221391',NULL,'Filipino',NULL,NULL,NULL,NULL,NULL,NULL,'Philippines',NULL,0,0,NULL,'2026-07-01 20:01:51','2026-07-04 19:48:10'),
(99,'Wyndell','Pagnamitan',NULL,'+63 9361425600',NULL,'Filipino',NULL,NULL,NULL,NULL,NULL,NULL,'Philippines',NULL,0,0,NULL,'2026-07-01 20:03:19','2026-07-01 20:03:19'),
(100,'Mark','Palad',NULL,'+63 9',NULL,'Filipino',NULL,NULL,NULL,NULL,NULL,NULL,'Philippines',NULL,0,0,NULL,'2026-07-01 20:05:06','2026-07-29 10:00:00'),
(101,'Regino','Paclibar',NULL,'+63 9776832370',NULL,'Filipino',NULL,NULL,NULL,NULL,NULL,NULL,'Philippines',NULL,0,0,NULL,'2026-07-01 20:06:37','2026-07-01 20:06:37'),
(102,'Clarissa','De Leon',NULL,'+63 9562812687',NULL,'Filipino',NULL,NULL,NULL,NULL,NULL,NULL,'Philippines',NULL,0,0,NULL,'2026-07-01 20:07:46','2026-07-01 20:07:46'),
(103,'Evelyn','Lantayao',NULL,'+63 9561833482',NULL,'Filipino',NULL,NULL,NULL,NULL,NULL,NULL,'Philippines',NULL,0,0,NULL,'2026-07-01 20:08:44','2026-07-01 20:08:44'),
(104,'John','Ramel Lundayan',NULL,'+63 9262908175',NULL,'Filipino',NULL,NULL,NULL,NULL,NULL,NULL,'Philippines',NULL,0,0,NULL,'2026-07-01 20:09:54','2026-07-01 20:09:54'),
(105,'Jul-asin','Nor Wana',NULL,'+63 9657638306',NULL,'Filipino',NULL,NULL,NULL,NULL,NULL,NULL,'Philippines',NULL,0,0,NULL,'2026-07-01 20:12:28','2026-07-01 20:12:28'),
(106,'Lemuel','Natividad',NULL,'09393752920',NULL,'Filipino',NULL,NULL,NULL,NULL,NULL,NULL,'Philippines',NULL,0,0,NULL,'2026-07-01 20:49:14','2026-07-01 20:49:14'),
(107,'Divina','Serrano',NULL,'09455796106',NULL,'Filipino','National ID (PhilSys)','6057-4306-1942-5645','guest-ids/HPxrCTOoADFm1EvBCgI7DiYjMBkHOe0Tu7nlWE3a.png',NULL,NULL,'Agusan del Norte','Philippines',NULL,0,0,NULL,'2026-07-01 20:53:19','2026-07-01 20:54:27'),
(108,'Chas Omer','Madlos',NULL,'09927484694',NULL,'Filipino','Other','202617563','guest-ids/2C0FIctFpZnSzOpJJ0Ygl84TqDwcGdFDfZMog8AV.png',NULL,NULL,NULL,'Philippines',NULL,0,0,NULL,'2026-07-01 20:58:12','2026-07-01 20:58:12'),
(109,'Jocelyn','Lumogdang',NULL,'09270772870',NULL,'Filipino','Driver\'s License (LTO)',NULL,'guest-ids/g3pejBUY96F793F4kKBySS5GakbwxeZaaHKajwl6.png',NULL,NULL,NULL,'Philippines',NULL,0,0,NULL,'2026-07-01 21:02:28','2026-07-01 21:02:28'),
(110,'Chrislit Liza','Dorado',NULL,'09518516972',NULL,'Filipino','Other','02-2526-012713','guest-ids/E39xHwi4iJcSnOMeQ3fnfjFTTaXqGhu7FzjFkSZ2.png',NULL,NULL,NULL,'Philippines',NULL,0,0,NULL,'2026-07-01 21:05:55','2026-07-01 21:05:55'),
(111,'Rio','Ann Saramosing',NULL,'+63 9125024015',NULL,'Filipino',NULL,NULL,NULL,NULL,NULL,NULL,'Philippines',NULL,0,0,NULL,'2026-07-01 21:09:06','2026-07-01 21:09:06'),
(112,'Athony Jhay','Caduyac',NULL,'09091719227',NULL,'Filipino','Other','02-2526-010527','guest-ids/K5sbgzehgDeGt0acqP4jc4f7TIkuJvQDg7h6Zxsj.png',NULL,NULL,NULL,'Philippines',NULL,0,0,NULL,'2026-07-01 21:24:15','2026-07-01 21:24:15'),
(113,'Gyra Marie','Ucab',NULL,'09534380608',NULL,'Filipino','Driver\'s License (LTO)','K05-22-300-237','guest-ids/3o0juO2xoxMtcCG9qVKY9OJwuuiOL8fLRtUW90vN.png',NULL,NULL,NULL,'Philippines',NULL,0,0,NULL,'2026-07-01 21:26:11','2026-07-01 21:26:11'),
(114,'Chabby Ann','Dela Cruz',NULL,'09088851235',NULL,'Filipino','Other','19-0617','guest-ids/zVRdN0h1vBiXighkNNi0dgV05oTvBAYOrN4uBdqQ.png',NULL,NULL,NULL,'Philippines',NULL,0,0,NULL,'2026-07-01 21:28:30','2026-07-01 21:28:30'),
(115,'Rosita','Nopueto',NULL,'+63 9755903978',NULL,'Filipino','Senior Citizen ID','SC-13660','guest-ids/exFaraxwOPIcSPiZucqBYWkLzJEe9pciqvm5HR4w.png',NULL,NULL,NULL,'Philippines',NULL,0,0,NULL,'2026-07-01 22:44:50','2026-07-01 23:09:28'),
(116,'Leah','Mae Pugoy',NULL,'+63 9750561242',NULL,'Filipino','Driver\'s License (LTO)','K03-22-301550','guest-ids/wwcY49HocNdY7xYB84xc3CQWCz2uVVnxr6FYPZmu.png',NULL,NULL,NULL,'Philippines',NULL,0,0,NULL,'2026-07-01 22:46:54','2026-07-01 23:08:27'),
(117,'Jason','Cimena',NULL,'+63 9569269948',NULL,'Filipino',NULL,NULL,'guest-ids/XZAFPNG5Lc5cUhmjaXk3nAFS9Fzp2a5MBypQJTTY.png',NULL,NULL,NULL,'Philippines',NULL,0,0,NULL,'2026-07-01 22:52:37','2026-07-29 02:09:22'),
(118,'Sunny','Sumalpong',NULL,'+63 9381461869',NULL,'Filipino','Driver\'s License (LTO)','L09-09-000633','guest-ids/kvRKH7l6rEAZ7kVGHqXp3EW4U3Gmf9vaqiuyULsQ.png',NULL,NULL,NULL,'Philippines',NULL,0,0,NULL,'2026-07-01 23:05:03','2026-07-29 02:07:02'),
(119,'Joemark','Acas',NULL,'+63 9456435743',NULL,'Filipino','Driver\'s License (LTO)','K-04-23-002592','guest-ids/I4RpfNPsSSVQf7iDo8MOrWFj6i40rRU0QaHP2nhs.png',NULL,NULL,NULL,'Philippines',NULL,0,0,NULL,'2026-07-02 00:04:15','2026-07-02 00:07:24'),
(120,'Quennie','Gulay',NULL,'+63 9976058722',NULL,'Filipino','UMID',NULL,'guest-ids/aswh88Z7zxpqSQfOmMyw6vRGHFuGOr1YJlBqB8qy.png',NULL,NULL,NULL,'Philippines',NULL,0,0,NULL,'2026-07-02 18:27:28','2026-07-29 02:11:15'),
(121,'Risabel','Dayondon',NULL,'+63 9516399280',NULL,'Filipino',NULL,NULL,NULL,NULL,NULL,NULL,'Philippines',NULL,0,0,NULL,'2026-07-02 19:26:47','2026-07-02 19:26:47'),
(122,'Prexedes','Ortiz',NULL,'+63 9694337462',NULL,'Filipino',NULL,NULL,NULL,NULL,NULL,NULL,'Philippines',NULL,0,0,NULL,'2026-07-02 19:29:50','2026-07-02 19:29:50'),
(123,'Aiza','Rodriguez',NULL,'+63 9564473778',NULL,'Filipino',NULL,NULL,NULL,NULL,NULL,NULL,'Philippines',NULL,0,0,NULL,'2026-07-02 20:23:24','2026-07-02 20:23:24'),
(124,'Jaymar','Sabulao',NULL,'+63 970212472',NULL,'Filipino',NULL,NULL,NULL,NULL,NULL,NULL,'Philippines',NULL,0,0,NULL,'2026-07-02 20:40:46','2026-07-02 20:40:46'),
(125,'Lorie','Jane Penaflor',NULL,'+63 9532734428',NULL,'Filipino',NULL,NULL,NULL,NULL,NULL,NULL,'Philippines',NULL,0,0,NULL,'2026-07-02 20:50:52','2026-07-02 20:50:52'),
(126,'Jen','Magsubol',NULL,'+63 911944147',NULL,'Filipino',NULL,NULL,NULL,NULL,NULL,NULL,'Philippines',NULL,0,0,NULL,'2026-07-02 22:02:47','2026-07-02 22:02:47'),
(127,'Rey','Requina',NULL,'+63 956239853',NULL,'Filipino',NULL,NULL,NULL,NULL,NULL,NULL,'Philippines',NULL,0,0,NULL,'2026-07-02 22:05:23','2026-07-02 22:05:23'),
(128,'Peter','Pischke',NULL,'+63 9554350692',NULL,'Filipino',NULL,NULL,NULL,NULL,NULL,NULL,'Philippines',NULL,0,0,NULL,'2026-07-02 22:12:22','2026-07-02 22:12:22'),
(129,'Jesiel','Sugalang',NULL,'+63 9533599633',NULL,'Filipino',NULL,NULL,NULL,NULL,NULL,NULL,'Philippines',NULL,0,0,NULL,'2026-07-02 22:14:40','2026-07-02 22:14:40'),
(130,'Jim','Jim Dumangcal',NULL,'+63 984862145',NULL,'Filipino',NULL,NULL,NULL,NULL,NULL,NULL,'Philippines',NULL,0,0,NULL,'2026-07-02 22:17:34','2026-07-02 22:17:34'),
(131,'Dimple','Joy Suarez',NULL,'+63 9167604496',NULL,'Filipino',NULL,NULL,NULL,NULL,NULL,NULL,'Philippines',NULL,0,0,NULL,'2026-07-02 22:21:38','2026-07-02 22:21:38'),
(132,'Yesha','Cabilla',NULL,'+63 9162025966',NULL,'Filipino',NULL,NULL,NULL,NULL,NULL,NULL,'Philippines',NULL,0,0,NULL,'2026-07-02 22:25:01','2026-07-02 22:25:01'),
(133,'Ma.','Luisa Ganzon',NULL,'+63 9756006637',NULL,'Filipino','Driver\'s License (LTO)',NULL,'guest-ids/b6p0rS6ZXUQZF0EWwyHc8887VYNQv3MuFONCjCrH.png',NULL,NULL,NULL,'Philippines',NULL,0,0,NULL,'2026-07-02 22:40:50','2026-07-29 02:12:21'),
(134,'Dan','Avella',NULL,'+63 935970142',NULL,'Filipino','National ID (PhilSys)',NULL,'guest-ids/wrbdTIuSU8BNZUmf63ZHs3SXJM3kcUe3K3hjsQ6p.png',NULL,NULL,NULL,'Philippines',NULL,0,0,NULL,'2026-07-02 22:43:19','2026-07-29 02:13:20'),
(135,'Alex','Solar',NULL,'09',NULL,'Filipino',NULL,NULL,NULL,NULL,NULL,NULL,'Philippines',NULL,0,0,NULL,'2026-07-02 22:48:47','2026-07-02 22:48:47'),
(136,'Ma.','Fe Timbal',NULL,'+63 9357532091',NULL,'Filipino','Other',NULL,'guest-ids/sSP5EmhptszuRRvJIMIldchlARzlGXv2dcXEN6FH.png',NULL,NULL,NULL,'Philippines',NULL,0,0,NULL,'2026-07-02 22:51:25','2026-07-29 02:14:28'),
(137,'Rainier','Manigsaca',NULL,'+63 9304977147',NULL,'Filipino','Driver\'s License (LTO)','J01-25-004363','guest-ids/ZWry3P7QyEzWrHdQKXiY3UTKnALwUMEPnPsbxOil.png',NULL,NULL,NULL,'Philippines',NULL,0,0,NULL,'2026-07-02 23:08:26','2026-07-03 03:12:04'),
(138,'Genesa','Cedillo',NULL,'+63 9859065214',NULL,'Filipino','UMID','0111-9626334-9','guest-ids/0xRAvTitjNG9zpBueApWOMjywIfRRrpnu8qYkj20.png',NULL,NULL,NULL,'Philippines',NULL,0,0,NULL,'2026-07-02 23:11:04','2026-07-03 03:13:39'),
(139,'Christian','Mark Tanda',NULL,'+63 9356524491',NULL,'Filipino','Other','230003619','guest-ids/kNh4YmYgJ0Hb2sBmcIWrFKBjxbiPcfjyZfXLlBWF.png',NULL,NULL,NULL,'Philippines',NULL,0,0,NULL,'2026-07-03 03:07:17','2026-07-03 03:09:58'),
(140,'Chris','Yu',NULL,'+63 9673772269',NULL,'Filipino',NULL,NULL,NULL,NULL,NULL,NULL,'Philippines',NULL,0,1,NULL,'2026-07-03 03:49:08','2026-07-23 12:08:09'),
(141,'Xanthy','Culot',NULL,'+63 9774541380',NULL,'Filipino','Driver\'s License (LTO)',NULL,'guest-ids/FG6Xd1GbQP2ZpW0ZLeR2mPjU8hvl938NWruue2Xl.png',NULL,NULL,NULL,'Philippines',NULL,0,0,NULL,'2026-07-03 12:36:42','2026-07-29 02:18:51'),
(142,'XIAN','VICTAMIER TACANG',NULL,'+63 9562057981',NULL,'Filipino',NULL,NULL,'guest-ids/5whipvvT904XKWz1JWfwUj1xIPlEbXLkOzbkaES3.png',NULL,NULL,NULL,'Philippines',NULL,0,0,NULL,'2026-07-03 14:09:54','2026-07-29 11:48:34'),
(143,'JASPER','KENT DAGARAGA',NULL,'+63 9658045530',NULL,'Filipino',NULL,NULL,'guest-ids/MFUheOz1NHr392xAtwIAWbLRDGq6aZMB0waPtRGH.png',NULL,NULL,NULL,'Philippines',NULL,0,0,NULL,'2026-07-03 14:22:52','2026-07-03 18:18:27'),
(144,'VIJIE CARL','CODILLA',NULL,'+63 9456083153',NULL,'Filipino',NULL,NULL,'guest-ids/HtRTcQhLC8g6ip7TIiAozg5RYqBZKAelQC8yC9W2.png',NULL,NULL,NULL,'Philippines',NULL,0,0,NULL,'2026-07-03 14:24:25','2026-07-03 18:19:15'),
(145,'JAY','MARTIN DIONALDO',NULL,'+63 9360250830',NULL,'Filipino','PRC ID',NULL,'guest-ids/qZtHftQX4ieocH7H7pRJBxjtDm9sUw3QQVONI3Ql.png',NULL,NULL,NULL,'Philippines',NULL,0,0,NULL,'2026-07-03 14:41:51','2026-07-29 02:21:53'),
(146,'DARREN HAYES','AGUIRRE',NULL,'+63 9978665705',NULL,'Filipino',NULL,NULL,'guest-ids/iTqZyBW6LyzbSc1fMwEhPqT5Q4DvUktVEfMlL4lo.png',NULL,NULL,NULL,'Philippines',NULL,0,0,NULL,'2026-07-03 15:13:47','2026-07-03 18:15:53'),
(147,'MATTHEW','REY RAGANOT',NULL,'+63 9603305909',NULL,'Filipino',NULL,NULL,'guest-ids/8A8JVabuf5SPBDVt2p2uKhsV931WTwZHVER7ele4.png',NULL,NULL,NULL,'Philippines',NULL,0,0,NULL,'2026-07-03 15:31:57','2026-07-03 18:11:34'),
(148,'TERESITA','REVANO',NULL,'+63 9071796418',NULL,'Filipino',NULL,NULL,'guest-ids/rHc2qhZL4c7VFG8DSc3CGi0DlRonX0ApdVtoVE3l.png',NULL,NULL,NULL,'Philippines',NULL,0,0,NULL,'2026-07-03 18:02:39','2026-07-03 18:10:58'),
(149,'MU','ENGENEERING',NULL,'+63 ',NULL,'Filipino',NULL,NULL,NULL,NULL,NULL,NULL,'Philippines',NULL,0,0,NULL,'2026-07-03 18:45:03','2026-07-28 20:41:40'),
(150,'NOELITO','VILLAROJO',NULL,'+63 9265432683',NULL,'Filipino',NULL,NULL,'guest-ids/pxCMCOG1dTocavVUuIkCewXNQWhyVaKZCL87CZc9.png',NULL,NULL,NULL,'Philippines',NULL,0,0,NULL,'2026-07-03 19:08:48','2026-07-03 19:09:51'),
(151,'JOWIE','SAAGUNDO',NULL,'+63 9214449163',NULL,'Filipino',NULL,NULL,'guest-ids/2UyVWxkgsrvYVAC6ygsBAnlTwtJjLqG69QFvMs8k.png',NULL,NULL,NULL,'Philippines',NULL,0,0,NULL,'2026-07-03 19:58:22','2026-07-03 20:00:20'),
(152,'CHARMAINE','PALLUGA',NULL,'+63 9166873880',NULL,'Filipino',NULL,NULL,'guest-ids/Up0KyHtJBMBBw6jK2qv6DIQTag5KEd2d14tWplOy.jpg',NULL,NULL,NULL,'Philippines',NULL,0,0,NULL,'2026-07-03 20:05:53','2026-07-03 20:08:52'),
(153,'Daryl Gay','Nano',NULL,'+63 9319940369',NULL,'Filipino','National ID (PhilSys)','5092-4120-6871-9672','guest-ids/ka0Ajh4CQwaN2sG0e4mqLBGHDS0UkIup7gdxDzMm.png',NULL,NULL,NULL,'Philippines',NULL,0,0,NULL,'2026-07-03 20:56:37','2026-07-04 03:10:33'),
(154,'Justine','Cornelio',NULL,'+63 9555803681',NULL,'Filipino','Driver\'s License (LTO)','D08-21-200948','guest-ids/Fe5eVS1AtbauXe5L1jRq2KAVpe5V4IHitSTe4FX4.png',NULL,NULL,NULL,'Philippines',NULL,0,0,NULL,'2026-07-03 23:28:47','2026-07-03 23:33:41'),
(155,'Ernel','Josol',NULL,'+63 9989880352',NULL,'Filipino','UMID','011-3005-1511-3','guest-ids/ASlla98rfgGXGxUTn6B1UG0BUikq4HweFiCe8mZ9.png',NULL,NULL,NULL,'Philippines',NULL,0,0,NULL,'2026-07-04 00:44:34','2026-07-04 04:58:02'),
(156,'Calvin','Roquero',NULL,'+63 9267246211',NULL,'Filipino','PRC ID','0150553','guest-ids/Nd6ovQOKxhfHGMXkxm5iioyfxCMS2xVpozDH7dDW.png',NULL,NULL,NULL,'Philippines',NULL,0,0,NULL,'2026-07-04 04:51:37','2026-07-04 04:55:42'),
(157,'Mac','Brian Go',NULL,'+63 9676651113',NULL,'Filipino','Other','121209496922','guest-ids/iVFumSRha6ik9mBCBAi8dCq9NGFNppsPwvylIG9E.png',NULL,NULL,NULL,'Philippines',NULL,0,0,NULL,'2026-07-04 22:12:23','2026-07-05 03:52:56'),
(158,'John','Christian Porte',NULL,'+63 9519076449',NULL,'Filipino','Other',NULL,'guest-ids/KCNnGGNEyhbDfnZtvulJuLX1sNEk4W2MKM7OeiTB.png',NULL,NULL,NULL,'Philippines',NULL,0,0,NULL,'2026-07-04 22:13:51','2026-07-05 03:51:52'),
(159,'Rio',' Ritchie Pasco',NULL,'+63 9667683250',NULL,'Filipino',NULL,NULL,NULL,NULL,NULL,NULL,'Philippines',NULL,0,0,NULL,'2026-07-05 11:25:25','2026-07-05 11:25:25'),
(160,'KYLE','ARTHUR MOTAUS',NULL,'+63 9943626783',NULL,'Filipino',NULL,NULL,NULL,NULL,NULL,NULL,'Philippines',NULL,0,0,NULL,'2026-07-05 20:34:09','2026-07-05 20:34:09'),
(161,'ROGOR','CABILAO',NULL,'+63 9163253992',NULL,'Filipino',NULL,NULL,'guest-ids/ksWwBPfaxogQwOMWYmm8JZUuTVE6eTqpjtavSipm.jpg',NULL,NULL,NULL,'Philippines',NULL,0,0,NULL,'2026-07-05 22:01:37','2026-07-05 22:11:34'),
(162,'IBERSON','CABATANA',NULL,'+63 9977246600',NULL,'Filipino',NULL,NULL,'guest-ids/usdLGGUhOFB6G5etU1XZmb7QZT7CgSGzMWOL0jtD.jpg',NULL,NULL,NULL,'Philippines',NULL,0,0,NULL,'2026-07-05 22:03:22','2026-07-05 22:10:42'),
(163,'ROEL','MAGBUNUA',NULL,'+63 9772448205',NULL,'Filipino',NULL,NULL,'guest-ids/hFuMJJA00qwvGCyxd9lFsDHfU3jaeQgTA1sslf7X.jpg',NULL,NULL,NULL,'Philippines',NULL,0,0,NULL,'2026-07-05 22:04:42','2026-07-05 22:09:59'),
(164,'FRENCH','VILLAS',NULL,'+63 9631438299',NULL,'Filipino','Driver\'s License (LTO)',NULL,'guest-ids/wZX7MA3YbdrsPsI1ftLKDgwAwLrGtSMlIlHrF5SP.jpg',NULL,NULL,NULL,'Philippines',NULL,0,0,NULL,'2026-07-05 22:06:28','2026-07-05 22:09:28'),
(165,'ALIMODIN','PANT\'KAN',NULL,'+63 9814247601',NULL,'Filipino',NULL,NULL,NULL,NULL,NULL,NULL,'Philippines',NULL,0,0,NULL,'2026-07-05 23:28:33','2026-07-05 23:28:33'),
(166,'ALIMODIN','PANT\'KAN',NULL,'+63 981',NULL,'Filipino',NULL,NULL,NULL,NULL,NULL,NULL,'Philippines',NULL,0,0,NULL,'2026-07-05 23:29:44','2026-07-05 23:29:44'),
(167,'JESREAL','SERINO',NULL,'+63 9958930390',NULL,'Filipino',NULL,NULL,'guest-ids/X9Zm25bNYaxFLdk2lQciADOcTPvIwkJ0hdBA97Rd.jpg',NULL,NULL,NULL,'Philippines',NULL,0,0,NULL,'2026-07-06 03:28:56','2026-07-06 03:32:10'),
(168,'RALPH','OLIVER',NULL,'NA',NULL,'Filipino','Driver\'s License (LTO)',NULL,'guest-ids/19c2jwKkZ0pcyQZbRnK0aFYf96Zlf909WHPCfmaj.jpg',NULL,NULL,NULL,'Philippines',NULL,0,0,NULL,'2026-07-06 03:34:55','2026-07-06 03:34:55'),
(169,'MICHAEL','CHAVEZ',NULL,'+63 9213405410',NULL,'Filipino',NULL,NULL,'guest-ids/MM1IIAfgb2Zqg5jFP1GjNotdnvwgWwPKRVzCGW97.jpg',NULL,NULL,NULL,'Philippines',NULL,0,0,NULL,'2026-07-06 04:55:07','2026-07-06 04:58:30'),
(170,'Jonas','Belarmino',NULL,'+63 9303300361',NULL,'Filipino','National ID (PhilSys)',NULL,'guest-ids/X4UuXVYmmPQvbq0cZqKR0a1hXSp0vCGZpMl53U7W.png',NULL,NULL,NULL,'Philippines',NULL,0,0,NULL,'2026-07-06 08:24:03','2026-07-06 10:55:15'),
(171,'Geovani','Campano',NULL,'+63 9171161697',NULL,'Filipino',NULL,NULL,NULL,NULL,NULL,NULL,'Philippines',NULL,0,0,NULL,'2026-07-06 09:40:06','2026-07-06 09:40:06'),
(172,'Johnnyne','Caay',NULL,'+63 9516801101',NULL,'Filipino','Other',NULL,'guest-ids/WvDcs3UyOj6E5jBZxp5l60VrZSzlzXps5GaFc9n3.png',NULL,NULL,NULL,'Philippines',NULL,0,0,NULL,'2026-07-06 10:25:01','2026-07-06 10:54:35'),
(173,'Josie','Ariel Sagayan',NULL,'+63 9978257157',NULL,'Filipino','PRC ID',NULL,'guest-ids/clCcqxfO4KeBqfsSRSU2CLvBPxsT1MyqJyjFHHIW.png',NULL,NULL,NULL,'Philippines',NULL,0,0,NULL,'2026-07-06 13:23:35','2026-07-10 20:24:19'),
(174,'Joylyn','Peral',NULL,'+63 9155969943',NULL,'Filipino',NULL,NULL,NULL,NULL,NULL,NULL,'Philippines',NULL,0,0,NULL,'2026-07-06 14:09:21','2026-07-06 14:09:21'),
(175,'MARICEL','JAMISOLA',NULL,'+63 9268186295',NULL,'Filipino','National ID (PhilSys)',NULL,'guest-ids/gY25IwgmY8zlIcxugQml3U1MKmlOAPUsFUlwrvNg.png',NULL,NULL,NULL,'Philippines',NULL,0,0,NULL,'2026-07-06 16:42:47','2026-07-06 16:48:48'),
(176,'Jim','Jim Dumangcal',NULL,'+63 9984862145',NULL,'Filipino',NULL,NULL,NULL,NULL,NULL,NULL,'Philippines',NULL,0,0,NULL,'2026-07-06 19:52:32','2026-07-06 19:52:32'),
(177,'DIANA','RHEA PINAR',NULL,'+63 9622507970',NULL,'Filipino',NULL,NULL,NULL,NULL,NULL,NULL,'Philippines',NULL,0,0,NULL,'2026-07-06 19:58:54','2026-07-06 19:58:54'),
(178,'ARNIEL','MANALOTO',NULL,'+63 9648896763',NULL,'Filipino',NULL,NULL,NULL,NULL,NULL,NULL,'Philippines',NULL,0,0,NULL,'2026-07-06 20:08:22','2026-07-06 20:08:22'),
(179,'JOSEPH','ESPADILLA',NULL,'+63 9064217934',NULL,'Filipino',NULL,NULL,NULL,NULL,NULL,NULL,'Philippines',NULL,0,0,NULL,'2026-07-06 20:11:20','2026-07-06 20:11:20'),
(180,'MARICHU','OBSID',NULL,'+63 9551252915',NULL,'Filipino',NULL,NULL,NULL,NULL,NULL,NULL,'Philippines',NULL,0,0,NULL,'2026-07-06 20:14:45','2026-07-06 20:14:45'),
(181,'SAID','DUMACIL DUMACIL',NULL,'+63 9977268313',NULL,'Filipino',NULL,NULL,NULL,NULL,NULL,NULL,'Philippines',NULL,0,0,NULL,'2026-07-06 20:19:26','2026-07-06 20:19:26'),
(182,'JURREN','DIEZ',NULL,'+63 9186894012',NULL,'Filipino',NULL,NULL,NULL,NULL,NULL,NULL,'Philippines',NULL,0,0,NULL,'2026-07-06 20:21:43','2026-07-06 20:21:43'),
(183,'GERLIE','BAZAR',NULL,'+63 9078796031',NULL,'Filipino',NULL,NULL,NULL,NULL,NULL,NULL,'Philippines',NULL,0,0,NULL,'2026-07-06 20:23:32','2026-07-06 20:23:32'),
(184,'NEIL','ANTHONY CASSION',NULL,'+63 9165603997',NULL,'Filipino',NULL,NULL,NULL,NULL,NULL,NULL,'Philippines',NULL,0,0,NULL,'2026-07-06 20:25:26','2026-07-06 20:25:26'),
(185,'Waldemar','Padla',NULL,'09775188347',NULL,'Filipino','Driver\'s License (LTO)',NULL,'guest-ids/29wBsU15vZsR7UM7qPk860V2R9tVbXxR8ZHMbyPI.png',NULL,NULL,NULL,'Philippines',NULL,0,0,NULL,'2026-07-07 02:23:09','2026-07-07 02:23:09'),
(186,'Coy','Espina',NULL,'+63 9485014984',NULL,'Filipino',NULL,NULL,NULL,NULL,NULL,NULL,'Philippines',NULL,0,0,NULL,'2026-07-07 02:42:39','2026-07-07 02:42:39'),
(187,'Rupam (Asliah)','Banerjee',NULL,'+63 9260652937','2005-10-10','Indian','Passport','AT562075','guest-ids/A1zoeZFz3sQMBr6lRZjlLUWuScOGxcIboxfxSlqL.png',NULL,NULL,NULL,'Philippines',NULL,0,0,NULL,'2026-07-07 11:30:14','2026-07-21 08:57:02'),
(188,'Lendie','Francisco',NULL,'+63 9621994221',NULL,'Filipino','PhilHealth ID','18-201413704-2','guest-ids/D5ms5N9pDsOzwNlOrlFacn2K7HffoHVsAifLyzt4.png',NULL,NULL,NULL,'Philippines',NULL,0,0,NULL,'2026-07-07 12:11:15','2026-07-07 12:12:41'),
(189,'Erwin','Melendez',NULL,'+63 9354509939',NULL,'Filipino','National ID (PhilSys)',NULL,'guest-ids/clADLIfQblKAkJeVvAUzGdkExOZREsCBLkOzHWBC.png',NULL,NULL,NULL,'Philippines',NULL,0,0,'Check-in by Romeo III Sulib','2026-07-07 12:25:42','2026-07-10 20:23:40'),
(190,'Christopher','Pollo',NULL,'+63 99558322593',NULL,'Filipino','Driver\'s License (LTO)','D23-17-006417','guest-ids/1KWijuhbqsvITPQO8OmJ84Cz5mhGy1oebCpSQnpu.png',NULL,NULL,NULL,'Philippines',NULL,0,0,NULL,'2026-07-07 12:36:17','2026-07-07 13:01:29'),
(191,'Elmer','Jabunillo',NULL,'+63 9956254051',NULL,'Filipino','Other','5460-8379-0531-4284','guest-ids/1oDZ4Xo2OXIS6YBjZMSplyZchAJhKJqwgMn4BzzO.png',NULL,NULL,NULL,'Philippines',NULL,0,0,NULL,'2026-07-07 12:43:44','2026-07-07 13:02:30'),
(192,'GLENN','GABIANNA',NULL,'+63 9655646362',NULL,'Filipino',NULL,NULL,NULL,NULL,NULL,NULL,'Philippines',NULL,0,0,NULL,'2026-07-07 19:50:37','2026-07-07 19:50:37'),
(193,'SHEILA','LABAJO',NULL,'+63 9109002110',NULL,'Filipino',NULL,NULL,NULL,NULL,NULL,NULL,'Philippines',NULL,0,0,NULL,'2026-07-07 19:53:30','2026-07-07 19:53:30'),
(194,'MARCO','ADECER',NULL,'+63 9635034201',NULL,'Filipino',NULL,NULL,NULL,NULL,NULL,NULL,'Philippines',NULL,0,0,NULL,'2026-07-07 19:56:01','2026-07-07 19:56:01'),
(195,'COQUILLA','SUNIEL BUTAC',NULL,'+63 9656145313',NULL,'Filipino',NULL,NULL,NULL,NULL,NULL,NULL,'Philippines',NULL,0,0,NULL,'2026-07-07 19:59:05','2026-07-07 19:59:05'),
(196,'RAMIL','ALIN',NULL,'+63 9653159909',NULL,'Filipino',NULL,NULL,NULL,NULL,NULL,NULL,'Philippines',NULL,0,0,NULL,'2026-07-07 20:00:24','2026-07-07 20:00:24'),
(197,'CHERYL','LUARDO',NULL,'+63 9279497844',NULL,'Filipino',NULL,NULL,NULL,NULL,NULL,NULL,'Philippines',NULL,0,0,NULL,'2026-07-07 20:02:30','2026-07-07 20:02:30'),
(198,'ARLEEN','FUENTES',NULL,'+63 9106371805',NULL,'Filipino',NULL,NULL,NULL,NULL,NULL,NULL,'Philippines',NULL,0,0,NULL,'2026-07-07 20:04:30','2026-07-07 20:04:30'),
(199,'ANGELEE','LEVITA',NULL,'+63 9260910111',NULL,'Filipino',NULL,NULL,NULL,NULL,NULL,NULL,'Philippines',NULL,0,0,NULL,'2026-07-07 20:05:48','2026-07-07 20:05:48'),
(200,'JUN','BERT LABIS',NULL,'+63 9155444875',NULL,'Filipino',NULL,NULL,NULL,NULL,NULL,NULL,'Philippines',NULL,0,0,NULL,'2026-07-07 20:32:12','2026-07-07 20:32:12'),
(201,'Mark John','Mangas',NULL,'09705961307',NULL,'Filipino',NULL,NULL,NULL,NULL,NULL,NULL,'Philippines',NULL,0,0,NULL,'2026-07-08 02:31:44','2026-07-08 02:31:44'),
(202,'Dante','Soronio',NULL,'09754041723',NULL,'Filipino',NULL,NULL,NULL,NULL,NULL,NULL,'Philippines',NULL,0,0,NULL,'2026-07-08 02:34:11','2026-07-08 02:34:11'),
(203,'Jaber','Botawan',NULL,'+63 9625886925',NULL,'Filipino',NULL,NULL,NULL,NULL,NULL,NULL,'Philippines',NULL,0,0,NULL,'2026-07-08 02:37:07','2026-07-08 02:37:07'),
(204,'Helen','Leopoldo',NULL,'+63 9655906152',NULL,'Filipino','Driver\'s License (LTO)',NULL,'guest-ids/LMFSrrDucbDKb2xuZdhpD0BcOwcR8sHs6Ns6tJ56.png',NULL,NULL,NULL,'Philippines',NULL,0,0,NULL,'2026-07-08 12:16:15','2026-07-08 12:26:02'),
(205,'MARK','ANTHONY LAVAPIEZ',NULL,'+63 9985359620',NULL,'Filipino',NULL,NULL,NULL,NULL,NULL,NULL,'Philippines',NULL,0,0,NULL,'2026-07-08 19:27:01','2026-07-08 19:27:01'),
(206,'RENE','CARTAGENA',NULL,'+63 9452958151',NULL,'Filipino',NULL,NULL,NULL,NULL,NULL,NULL,'Philippines',NULL,0,0,NULL,'2026-07-08 19:29:20','2026-07-08 19:29:20'),
(207,'ERNESTO','RECIÑA',NULL,'+63 9157873579',NULL,'Filipino',NULL,NULL,NULL,NULL,NULL,NULL,'Philippines',NULL,0,0,NULL,'2026-07-08 19:33:45','2026-07-08 19:33:45'),
(208,'KRIS','JANE TAMPEPE',NULL,'+63 9755913887',NULL,'Filipino',NULL,NULL,NULL,NULL,NULL,NULL,'Philippines',NULL,0,0,NULL,'2026-07-08 19:35:54','2026-07-08 19:35:54'),
(209,'EDMUND','JAMES SISMUNDO',NULL,'+63 9174217715',NULL,'Filipino',NULL,NULL,NULL,NULL,NULL,NULL,'Philippines',NULL,0,0,NULL,'2026-07-08 19:37:10','2026-07-08 19:37:10'),
(210,'KENNETH','JAY AÑANA',NULL,'+63 9069264784',NULL,'Filipino',NULL,NULL,NULL,NULL,NULL,NULL,'Philippines',NULL,0,0,NULL,'2026-07-08 19:38:55','2026-07-08 19:38:55'),
(211,'INTUNG','BENZAR',NULL,'+63 9361542545',NULL,'Filipino',NULL,NULL,NULL,NULL,NULL,NULL,'Philippines',NULL,0,0,NULL,'2026-07-08 19:40:08','2026-07-08 19:40:08'),
(212,'GIAN','PESCADERO',NULL,'+63 9471900964',NULL,'Filipino',NULL,NULL,NULL,NULL,NULL,NULL,'Philippines',NULL,0,0,NULL,'2026-07-08 19:46:17','2026-07-08 19:46:17'),
(213,'MA.ZSAKHARA','EDILMAY',NULL,'+63 9161822733',NULL,'Filipino',NULL,NULL,NULL,NULL,NULL,NULL,'Philippines',NULL,0,0,NULL,'2026-07-08 19:57:51','2026-07-08 19:57:51'),
(214,'RENANTE','TUBANIA',NULL,'+63 9427020193',NULL,'Filipino',NULL,NULL,NULL,NULL,NULL,NULL,'Philippines',NULL,0,0,NULL,'2026-07-08 22:58:09','2026-07-08 22:58:09'),
(215,'GAKIN','YAP',NULL,'+63 9291383754',NULL,'Filipino',NULL,NULL,NULL,NULL,NULL,NULL,'Philippines',NULL,0,0,NULL,'2026-07-08 23:00:52','2026-07-08 23:00:52'),
(216,'GESHE','ALJAS',NULL,'+63 9660995668',NULL,'Filipino',NULL,NULL,NULL,NULL,NULL,NULL,'Philippines',NULL,0,0,NULL,'2026-07-08 23:02:47','2026-07-08 23:02:47'),
(217,'DENHIL','JANE RODRIGUEZ',NULL,'+63 9777871424',NULL,'Filipino',NULL,NULL,NULL,NULL,NULL,NULL,'Philippines',NULL,0,0,NULL,'2026-07-08 23:04:12','2026-07-08 23:04:12'),
(218,'Arian','Aguirre',NULL,'+63 9292070197',NULL,'Filipino',NULL,NULL,NULL,NULL,NULL,NULL,'Philippines',NULL,0,0,NULL,'2026-07-09 12:59:13','2026-07-09 12:59:13'),
(219,'JESSA','BAGUIO',NULL,'+63 9662410847',NULL,'Filipino',NULL,NULL,NULL,NULL,NULL,NULL,'Philippines',NULL,0,0,NULL,'2026-07-09 19:20:32','2026-07-09 19:20:32'),
(220,'NIEL','ORVILLE ERMAC',NULL,'+63 9954980713',NULL,'Filipino',NULL,NULL,NULL,NULL,NULL,NULL,'Philippines',NULL,0,0,NULL,'2026-07-09 19:23:20','2026-07-09 19:23:20'),
(221,'JESIEL','SUGALANG',NULL,'+63 9535399633',NULL,'Filipino',NULL,NULL,NULL,NULL,NULL,NULL,'Philippines',NULL,0,0,NULL,'2026-07-09 19:25:12','2026-07-09 19:25:12'),
(222,'MYLENE','ABAO',NULL,'+63 9664693362',NULL,'Filipino',NULL,NULL,NULL,NULL,NULL,NULL,'Philippines',NULL,0,0,NULL,'2026-07-09 19:37:29','2026-07-09 19:37:29'),
(223,'DENVER','DALIGIDIG',NULL,'+63 9066592650',NULL,'Filipino',NULL,NULL,NULL,NULL,NULL,NULL,'Philippines',NULL,0,0,NULL,'2026-07-09 19:39:33','2026-07-09 19:39:33'),
(224,'SHEILA','LABAJO',NULL,'+63 9109002100',NULL,'Filipino',NULL,NULL,NULL,NULL,NULL,NULL,'Philippines',NULL,0,0,NULL,'2026-07-09 20:06:39','2026-07-09 20:06:39'),
(225,'ART','AGRAVANTE',NULL,'+63 9099549021',NULL,'Filipino',NULL,NULL,NULL,NULL,NULL,NULL,'Philippines',NULL,0,0,NULL,'2026-07-09 20:29:36','2026-07-09 20:29:36'),
(226,'ARMANDO','DEVARAS',NULL,'+63 9070455278',NULL,'Filipino',NULL,NULL,NULL,NULL,NULL,NULL,'Philippines',NULL,0,0,NULL,'2026-07-09 20:33:59','2026-07-09 20:33:59'),
(227,'JON HENDRIX','BLANCO',NULL,'+63 9700280273',NULL,'Filipino',NULL,NULL,'guest-ids/tTFF3ZHrC6DBLcGHMe7cSKovzEZyghsWFS4QrO4R.png',NULL,NULL,NULL,'Philippines',NULL,0,0,NULL,'2026-07-09 22:39:37','2026-07-10 05:29:19'),
(228,'MELFALYN','IBNO',NULL,'+63 9978400421',NULL,'Filipino',NULL,NULL,'guest-ids/9qcu8vE2PhMw8k6RotreuCTA1rSALmfnhACF5e9D.png',NULL,NULL,NULL,'Philippines',NULL,0,0,NULL,'2026-07-09 22:41:29','2026-07-10 05:28:37'),
(229,'PAUL MARTIN','ANDUTAN',NULL,'+63 9177072181',NULL,'Filipino',NULL,NULL,'guest-ids/ZXTNJfS47rX2YeSwLc7Vr7AqS1KwahJJYBx7MXtW.png',NULL,NULL,NULL,'Philippines',NULL,0,0,NULL,'2026-07-10 05:25:44','2026-07-10 05:28:11'),
(230,'Edgar','Paz',NULL,'+63 9184512465',NULL,'Filipino','Other',NULL,'guest-ids/UnVKhjyhnm2H4Fnm52GbYqntB0fLThPmiKUaPNVG.png',NULL,NULL,NULL,'Philippines',NULL,0,0,NULL,'2026-07-10 10:07:41','2026-07-28 11:10:21'),
(231,'Prince Lloyd','Ladera',NULL,'+63 554353755',NULL,'Filipino','PhilHealth ID',NULL,'guest-ids/aJIGvCBo5TRGZuim69m8q7JwRjg0U36pMsixZ7Ep.png',NULL,NULL,NULL,'Philippines',NULL,0,0,NULL,'2026-07-10 20:08:47','2026-07-10 20:14:06'),
(232,'Parker','Bolanio',NULL,'+63 9185125533',NULL,'Filipino',NULL,NULL,NULL,NULL,NULL,NULL,'Philippines',NULL,0,0,NULL,'2026-07-10 20:12:36','2026-07-10 20:12:36'),
(233,'Erwin','Valledor',NULL,'09358251159',NULL,'Filipino','Driver\'s License (LTO)',NULL,'guest-ids/mFB6MKUhiZfzPnb6sJa0QsiMPr0z5ekhvxdD8wRI.png',NULL,NULL,NULL,'Philippines',NULL,0,0,NULL,'2026-07-10 20:16:26','2026-07-10 20:16:26'),
(234,'Fezy','Lendi',NULL,'+63 9949038832',NULL,'Filipino',NULL,NULL,NULL,NULL,NULL,NULL,'Philippines',NULL,0,0,NULL,'2026-07-10 20:25:08','2026-07-10 20:25:08'),
(235,'Klarizz','Sheena Lagas',NULL,'+63 9551836016',NULL,'Filipino','Other',NULL,'guest-ids/hzEurENONIoLiN4OsCYpLPqYFbcBgt2pQJL5U8U2.png',NULL,NULL,NULL,'Philippines',NULL,0,0,NULL,'2026-07-10 20:39:47','2026-07-10 20:41:43'),
(236,'TINY','ROSHIL MENDOZA',NULL,'+63 9274233888',NULL,'Filipino',NULL,NULL,'guest-ids/PlAHeSSK5b4BP8w42hFlafMygVrDp6whIwRRXEmf.jpg',NULL,NULL,NULL,'Philippines',NULL,0,0,NULL,'2026-07-10 22:13:04','2026-07-10 22:28:37'),
(237,'JENSAV','AGPASA',NULL,'+63 9063085906',NULL,'Filipino',NULL,NULL,NULL,NULL,NULL,NULL,'Philippines',NULL,0,0,NULL,'2026-07-11 00:17:32','2026-07-11 00:17:32'),
(238,'SARAH','CABIGQUEZ',NULL,'+63 9924135088',NULL,'Filipino',NULL,NULL,NULL,NULL,NULL,NULL,'Philippines',NULL,0,0,NULL,'2026-07-11 13:23:04','2026-07-11 13:23:04'),
(239,'CHENIE','GRACE JAO',NULL,'+63 9275189714',NULL,'Filipino',NULL,NULL,NULL,NULL,NULL,NULL,'Philippines',NULL,0,0,NULL,'2026-07-11 19:56:26','2026-07-11 19:56:26'),
(240,'EDUARD','BAROL',NULL,'+63 9055023274',NULL,'Filipino',NULL,NULL,NULL,NULL,NULL,NULL,'Philippines',NULL,0,0,NULL,'2026-07-11 19:59:41','2026-07-11 19:59:41'),
(241,'SHARA','BAGARES',NULL,'+63 9550373123',NULL,'Filipino',NULL,NULL,NULL,NULL,NULL,NULL,'Philippines',NULL,0,0,NULL,'2026-07-11 20:23:41','2026-07-11 20:23:41'),
(242,'FILY','OÑEZ',NULL,'+63 9305210063',NULL,'Filipino',NULL,NULL,NULL,NULL,NULL,NULL,'Philippines',NULL,0,0,NULL,'2026-07-11 20:25:44','2026-07-11 20:25:44'),
(243,'SIMONNE','JADE NAVARRO',NULL,'+63 9453769217',NULL,'Filipino',NULL,NULL,NULL,NULL,NULL,NULL,'Philippines',NULL,0,0,NULL,'2026-07-11 20:27:18','2026-07-11 20:27:18'),
(244,'ZASHLEE','GENITA',NULL,'+63 9558709103',NULL,'Filipino',NULL,NULL,NULL,NULL,NULL,NULL,'Philippines',NULL,0,0,NULL,'2026-07-11 20:30:26','2026-07-11 20:30:26'),
(245,'MARY','CRISLIN PISCOS',NULL,'+63 9936231757',NULL,'Filipino',NULL,NULL,NULL,NULL,NULL,NULL,'Philippines',NULL,0,0,NULL,'2026-07-11 20:32:10','2026-07-11 20:32:10'),
(246,'DELSON','YUSOP',NULL,'+63 9354340945',NULL,'Filipino',NULL,NULL,NULL,NULL,NULL,NULL,'Philippines',NULL,0,0,NULL,'2026-07-11 20:33:50','2026-07-11 20:33:50'),
(247,'Kenneth','Loyd Mag-Abo',NULL,'+63 9976575973',NULL,'Filipino','Driver\'s License (LTO)',NULL,'guest-ids/huvLUGcUFRZaj8OFt2aYrvyoRHl9KaEoEALTiPWe.png',NULL,NULL,NULL,'Philippines',NULL,0,0,NULL,'2026-07-11 23:43:41','2026-07-12 04:35:25'),
(248,'John','Kaye Ortiz',NULL,'+63 9365942638',NULL,'Filipino','Other',NULL,'guest-ids/9caUNdJte70L6IJPO4o5uk03d13TXGw047gn43yU.png',NULL,NULL,NULL,'Philippines',NULL,0,0,NULL,'2026-07-11 23:45:16','2026-07-12 04:35:01'),
(249,'Guinar','Mindalano',NULL,'+63 9262946370',NULL,'Filipino','Driver\'s License (LTO)',NULL,'guest-ids/e0SDwJgy0dCs4yZ9cvYAcM5WzVEb4gifPG9d3xlA.png',NULL,NULL,NULL,'Philippines',NULL,0,0,NULL,'2026-07-12 05:05:04','2026-07-12 05:07:21'),
(250,'MIKAILA','SOLON',NULL,'+63 9687723607',NULL,'Filipino',NULL,NULL,NULL,NULL,NULL,NULL,'Philippines',NULL,0,0,NULL,'2026-07-12 13:19:29','2026-07-12 13:19:29'),
(251,'JELLY','CALLEZA',NULL,'+63 9125824651',NULL,'Filipino',NULL,NULL,NULL,NULL,NULL,NULL,'Philippines',NULL,0,0,NULL,'2026-07-12 13:21:10','2026-07-12 13:21:10'),
(252,'BEATRICE','RADAZA',NULL,'+63 9481880826',NULL,'Filipino',NULL,NULL,NULL,NULL,NULL,NULL,'Philippines',NULL,0,0,NULL,'2026-07-12 13:24:09','2026-07-12 13:24:09'),
(253,'EVANGELINE','MAAGAD',NULL,'+63 9649185646',NULL,'Filipino',NULL,NULL,NULL,NULL,NULL,NULL,'Philippines',NULL,0,0,NULL,'2026-07-12 13:27:18','2026-07-12 13:27:18'),
(254,'JULIET','RESULLAR',NULL,'+63 9702985070',NULL,'Filipino',NULL,NULL,NULL,NULL,NULL,NULL,'Philippines',NULL,0,0,NULL,'2026-07-12 19:42:06','2026-07-12 19:42:06'),
(255,'JUDI','SUNICO',NULL,'+63 9063858045',NULL,'Filipino',NULL,NULL,NULL,NULL,NULL,NULL,'Philippines',NULL,0,0,NULL,'2026-07-12 19:44:45','2026-07-12 19:44:45'),
(256,'HENRY','HEQUILAN',NULL,'+63 9487604884',NULL,'Filipino',NULL,NULL,NULL,NULL,NULL,NULL,'Philippines',NULL,0,0,NULL,'2026-07-12 20:47:25','2026-07-12 20:47:25'),
(257,'ADOLFO','ALCORAN',NULL,'+63 9352980593',NULL,'Filipino',NULL,NULL,'guest-ids/vnpLbgvK4zf4VGbOrqZWHnOxtKrrZPl4r8kbvZd4.png',NULL,NULL,NULL,'Philippines',NULL,0,0,NULL,'2026-07-12 22:51:17','2026-07-13 00:07:45'),
(258,'JUANITO','ENRIQUEZ',NULL,'+63 9068353916',NULL,'Filipino',NULL,NULL,'guest-ids/CvJze29BUofttkHLUf03DPNoYKKpDXEPbFqiLust.png',NULL,NULL,NULL,'Philippines',NULL,0,0,NULL,'2026-07-12 22:53:04','2026-07-13 00:02:44'),
(259,'RENANTE','TUBANIA',NULL,'+63 9927020193',NULL,'Filipino',NULL,NULL,'guest-ids/awV3fvMVKLI3WriGjl2Uv6ReYXFB3YKNG6aQimL0.png',NULL,NULL,NULL,'Philippines',NULL,0,0,NULL,'2026-07-12 23:31:08','2026-07-13 00:07:07'),
(260,'JOHN','SUNGA',NULL,'+63 9662962952',NULL,'Filipino',NULL,NULL,NULL,NULL,NULL,NULL,'Philippines',NULL,0,0,NULL,'2026-07-13 12:17:18','2026-07-13 12:17:18'),
(261,'PRIMO','ACERET',NULL,'+63 9911323402',NULL,'Filipino',NULL,NULL,NULL,NULL,NULL,NULL,'Philippines',NULL,0,0,NULL,'2026-07-13 13:01:29','2026-07-13 13:01:29'),
(262,'Flory May','Demetilla',NULL,'+63 9214325483',NULL,'Filipino',NULL,NULL,'guest-ids/qHzYCPy9ypRrzQrP9JEqDupAkwkm1JgFbMtXHkzJ.png',NULL,NULL,NULL,'Philippines',NULL,0,0,NULL,'2026-07-13 15:43:48','2026-07-13 19:56:57'),
(263,'Jay','Gadgude',NULL,'+63 9202201929',NULL,'Filipino',NULL,NULL,'guest-ids/azbKn1IBFOi3RMjEMapbc1a6OQEGwdXZsVvVYpvQ.png',NULL,NULL,NULL,'Philippines',NULL,0,0,NULL,'2026-07-13 15:44:52','2026-07-13 19:57:29'),
(264,'Matthew','Viray',NULL,'+63 9201226168',NULL,'Filipino',NULL,NULL,NULL,NULL,NULL,NULL,'Philippines',NULL,0,0,NULL,'2026-07-13 15:46:04','2026-07-13 15:46:04'),
(265,'Grace','Ebarola',NULL,'+63 9616970820',NULL,'Filipino','UMID',NULL,'guest-ids/GdAzDPWlkUTbHVJ7hbD9TZsvBhM0ChX2DyMoZVeF.png',NULL,NULL,NULL,'Philippines',NULL,0,0,NULL,'2026-07-13 16:03:56','2026-07-13 19:55:47'),
(266,'Lena','Tesio',NULL,'+63 9124909695',NULL,'Filipino','Voter\'s ID',NULL,'guest-ids/GZ4QHyEll2rsnhPc5JElQTWM6q4GvlRZ6piIOmQR.png',NULL,NULL,NULL,'Philippines',NULL,0,0,NULL,'2026-07-13 17:25:10','2026-07-13 19:54:54'),
(267,'Eduardo','Dino',NULL,'+63 9274166164',NULL,'Filipino','Other',NULL,'guest-ids/oulJtcFdGuNDuVi1K6WEDnq2CNqSsqKzdG4ezVn6.png',NULL,NULL,NULL,'Philippines',NULL,0,0,NULL,'2026-07-13 19:53:14','2026-07-13 19:54:20'),
(268,'Riscris','Nebres',NULL,'09515599045',NULL,'Filipino','Driver\'s License (LTO)',NULL,'guest-ids/UvTaNx6qx6jm3dFHgFyRqKJw6i4C6aIvfx6cxXnm.png',NULL,NULL,NULL,'Philippines',NULL,0,0,NULL,'2026-07-14 05:07:40','2026-07-14 05:07:40'),
(269,'Angelie Bliss','Dejadena',NULL,'09541454687',NULL,'Filipino','Driver\'s License (LTO)',NULL,'guest-ids/TOAmLenbAInJxv1lgEAbgnhFbL4mZVLaQ2NsIk9N.png',NULL,NULL,NULL,'Philippines',NULL,0,0,NULL,'2026-07-14 05:14:29','2026-07-14 05:14:29'),
(270,'Maria Therese','Navarro',NULL,'09363953979',NULL,'Filipino','National ID (PhilSys)',NULL,'guest-ids/e6SlOImPODPojsELU8ddQUZbGiJTMg2qU2dwD4bz.png',NULL,NULL,NULL,'Philippines',NULL,0,0,NULL,'2026-07-14 05:17:58','2026-07-14 05:17:58'),
(271,'Mark Chester','Pidor',NULL,'09498374949',NULL,'Filipino','UMID',NULL,'guest-ids/ZQ3Z7I09ziCIDqL9Ie7vayqYjCuwoprezNa9OCgR.png',NULL,NULL,NULL,'Philippines',NULL,0,0,NULL,'2026-07-14 05:20:22','2026-07-14 05:20:22'),
(272,'Jonathan','Florentino',NULL,'+63 9360311874',NULL,'Filipino','UMID',NULL,'guest-ids/2W6PcxG1Q7Qk41BBtDeeMfxY3r8kyGPn7F9Mqdai.png',NULL,NULL,NULL,'Philippines',NULL,0,0,NULL,'2026-07-14 13:12:42','2026-07-14 13:14:01'),
(273,'Ivander','Paul Jabagat','acehon91@gmail.com','+63 9559810327',NULL,'Filipino','Driver\'s License (LTO)',NULL,'guest-ids/KROrAqQO0O1mTVkQBJhdqtnCQuH42PLgtgX0zyKI.png',NULL,NULL,NULL,'Philippines',NULL,0,0,NULL,'2026-07-14 19:07:16','2026-07-14 19:08:51'),
(274,'George','Daroy',NULL,'09513151560',NULL,'Filipino','Driver\'s License (LTO)',NULL,'guest-ids/XS54FMOe8JWbrMDUXzgcvmWxN2Mjgl37EhILil7u.png',NULL,NULL,NULL,'Philippines',NULL,0,0,NULL,'2026-07-14 19:11:31','2026-07-14 19:11:31'),
(275,'Vergelio','Pulgo',NULL,'09278176525',NULL,'Filipino','Other',NULL,'guest-ids/sdS4GQqYY8RSpU2csr8zxqUgAWIotcxBaK4nI8rO.png',NULL,NULL,NULL,'Philippines',NULL,0,0,NULL,'2026-07-14 19:13:22','2026-07-14 19:13:22'),
(276,'Allan','Yap',NULL,'9',NULL,'Filipino',NULL,NULL,NULL,NULL,NULL,NULL,'Philippines',NULL,0,0,'Preferred rm. 201','2026-07-14 19:24:43','2026-07-14 19:24:43'),
(277,'Pat Martin','Ariem',NULL,'09458259536',NULL,'Filipino','Driver\'s License (LTO)',NULL,'guest-ids/gFlewur7ja9AIGeGj0z9kgjFNMxeUuSK7SURK1D5.png',NULL,NULL,NULL,'Philippines',NULL,0,0,NULL,'2026-07-14 21:00:35','2026-07-14 21:00:35'),
(278,'MARK','LHUEL VIRTUDEZ',NULL,'+63 9065756781',NULL,'Filipino',NULL,NULL,'guest-ids/flKby5yS3h7cRT636FRuDY0GlXo8nt1nN8qqUPcA.png',NULL,NULL,NULL,'Philippines',NULL,0,0,NULL,'2026-07-14 22:42:07','2026-07-14 22:43:55'),
(279,'KYLE','` LAXINA',NULL,'+63 9816240509',NULL,'Filipino',NULL,NULL,'guest-ids/vqW8YwTgSZs6NvcBxsTEY7RQcFTfRpLJiudP5rkl.png',NULL,NULL,NULL,'Philippines',NULL,0,0,NULL,'2026-07-14 23:11:13','2026-07-14 23:12:16'),
(280,'Pagtalunan','Lormie',NULL,'+63 9482883152',NULL,'Filipino',NULL,NULL,NULL,NULL,NULL,NULL,'Philippines',NULL,0,0,NULL,'2026-07-15 18:49:45','2026-07-15 18:49:45'),
(281,'Rex','Navidad',NULL,'+63 9178551994',NULL,'Filipino',NULL,NULL,NULL,NULL,NULL,NULL,'Philippines',NULL,0,0,NULL,'2026-07-15 18:50:56','2026-07-15 18:50:56'),
(282,'Vonne','Kyle Valladolid',NULL,'+63 9164126407',NULL,'Filipino',NULL,NULL,NULL,NULL,NULL,NULL,'Philippines',NULL,0,0,NULL,'2026-07-15 18:52:09','2026-07-15 18:52:09'),
(283,'Judie','Marie Jonasan',NULL,'+63 9613880180',NULL,'Filipino',NULL,NULL,NULL,NULL,NULL,NULL,'Philippines',NULL,0,0,NULL,'2026-07-15 18:54:04','2026-07-15 18:54:04'),
(284,'Ryan','Villanueva',NULL,'+63 9171566443',NULL,'Filipino',NULL,NULL,NULL,NULL,NULL,NULL,'Philippines',NULL,0,0,NULL,'2026-07-15 18:55:09','2026-07-15 18:55:09'),
(285,'Riscris','Nebres',NULL,'+63 9515599045',NULL,'Filipino',NULL,NULL,NULL,NULL,NULL,NULL,'Philippines',NULL,0,0,NULL,'2026-07-15 22:18:24','2026-07-15 22:18:24'),
(286,'ELISA','ADRAINECM',NULL,'+63 9700463405',NULL,'Filipino',NULL,NULL,'guest-ids/DlzfYoKIZ9k4RP1hX5J3GQ6UxEUgsOYX01XIiYmv.png',NULL,NULL,NULL,'Philippines',NULL,0,0,NULL,'2026-07-15 23:03:28','2026-07-15 23:06:52'),
(287,'NORMA FELISA','QUISIL',NULL,'NA',NULL,'Filipino','Senior Citizen ID',NULL,'guest-ids/D81sFUK1qrwY7t6rPQzW0QMMOA7hloPtHFsieDmi.png','BARANGAY 4','MALAYBALAY CITY','BUKIDNON','Philippines',NULL,0,0,NULL,'2026-07-15 23:09:55','2026-07-15 23:09:55'),
(288,'NINO','GABRIEL PENIERO',NULL,'+63 9551137231',NULL,'Filipino',NULL,NULL,'guest-ids/W9sOGqB2YIdWHuAnpY1W4SPx70tTvX3vLanhHsmC.jpg',NULL,NULL,NULL,'Philippines',NULL,0,0,NULL,'2026-07-16 05:08:40','2026-07-16 05:13:38'),
(289,'EDUARDO','RELI',NULL,'+63 9351825435',NULL,'Filipino',NULL,NULL,'guest-ids/oizlGpLXH4xpU0ZamFBQkkR5wbxcF2lP3lZml2xd.png',NULL,NULL,NULL,'Philippines',NULL,0,0,NULL,'2026-07-16 05:10:37','2026-07-16 05:13:20'),
(290,'ALBERT',' JR. ANTIPALA',NULL,'+63 9497352132',NULL,'Filipino',NULL,NULL,NULL,NULL,NULL,NULL,'Philippines',NULL,0,0,NULL,'2026-07-16 12:49:18','2026-07-16 12:49:18'),
(291,'MINERVA','SOBLONO',NULL,'+63 9054451731',NULL,'Filipino',NULL,NULL,NULL,NULL,NULL,NULL,'Philippines',NULL,0,0,NULL,'2026-07-16 12:52:30','2026-07-16 12:52:30'),
(292,'Erick','Leopoldo',NULL,'+63 9182913223',NULL,'Filipino',NULL,NULL,NULL,NULL,NULL,NULL,'Philippines',NULL,0,0,NULL,'2026-07-16 15:27:21','2026-07-16 15:27:21'),
(293,'Rosie','Gay Digamon',NULL,'+63 9268290442',NULL,'Filipino','PhilHealth ID',NULL,'guest-ids/pVrpoTBxZwTLZWKbXhtUbeVhr94VqxwBCrGybc8P.png',NULL,NULL,NULL,'Philippines',NULL,0,0,NULL,'2026-07-16 15:28:58','2026-07-16 21:28:25'),
(294,'Janus','Dapanas',NULL,'+63 9617140786',NULL,'Filipino','Driver\'s License (LTO)',NULL,'guest-ids/SF27lRnc7kj0ivuPDwPuYQgDrqIV37DKbQSxC3yg.png',NULL,NULL,NULL,'Philippines',NULL,0,0,NULL,'2026-07-16 15:30:31','2026-07-16 21:27:36'),
(295,'Johannes','Selirio',NULL,'+63 9121983652',NULL,'Filipino',NULL,NULL,'guest-ids/lOTx4BxOUlYOZzNWKlt1utjJV0MPIXn4qiXNktbR.png',NULL,NULL,NULL,'Philippines',NULL,0,0,NULL,'2026-07-16 15:31:54','2026-07-16 21:26:57'),
(296,'Jon','Tamato',NULL,'+63 9553222422',NULL,'Filipino',NULL,NULL,NULL,NULL,NULL,NULL,'Philippines',NULL,0,0,NULL,'2026-07-16 15:32:42','2026-07-16 15:32:42'),
(297,'Rudyard','Latorza',NULL,'+63 9912068296',NULL,'Filipino','Driver\'s License (LTO)',NULL,'guest-ids/Bfb13uUs0QtwQM9wVjBoOPmPdvWX2gxjOkYXrw98.png',NULL,NULL,NULL,'Philippines',NULL,0,0,NULL,'2026-07-16 17:42:43','2026-07-16 21:25:00'),
(298,'Ana','Jannah Yasser',NULL,'+63 9953693441',NULL,'Filipino','Other',NULL,'guest-ids/nttFcLVuWEgbSw1bDcGdxtnL9rGaoXqCQ2rC8mDS.png',NULL,NULL,NULL,'Philippines',NULL,0,0,NULL,'2026-07-16 19:07:52','2026-07-16 21:24:26'),
(299,'Mariani','Madrones',NULL,'+63 9455198249',NULL,'Filipino','PWD ID',NULL,'guest-ids/coCiaf78QXjZoiz29hJObmiIC0N3iic5y70VOOhP.png',NULL,NULL,NULL,'Philippines',NULL,0,0,NULL,'2026-07-16 19:08:58','2026-07-16 21:23:51'),
(300,'Kurt','Pacanza',NULL,'+63 9267554839',NULL,'Filipino','Other',NULL,'guest-ids/1PhhBwKjRuE0NzoqjkqRlLmIgjqdJ6M2muLWBtMs.png',NULL,NULL,NULL,'Philippines',NULL,0,0,NULL,'2026-07-16 19:28:35','2026-07-16 21:23:13'),
(301,'Rocelyn','Ragmac',NULL,'+63 9459723222',NULL,'Filipino','Other',NULL,'guest-ids/sW148MWaZnNV9AhNlVs719ulM08x4o34CpMSotVC.png',NULL,NULL,NULL,'Philippines',NULL,0,0,NULL,'2026-07-16 19:45:24','2026-07-16 21:22:36'),
(302,'April','Grace Arboladura',NULL,'+63 9618644258',NULL,'Filipino','Driver\'s License (LTO)',NULL,'guest-ids/GXM1GfGEVZMp4g6roEVagXW2I9iM2GsykvNyNKta.png',NULL,NULL,NULL,'Philippines',NULL,0,0,NULL,'2026-07-16 20:23:17','2026-07-16 21:21:57'),
(303,'JORDAN','GARRISON',NULL,'+63 9278572274',NULL,'Filipino',NULL,NULL,'guest-ids/cG0cTBnrU9cjGln1BcreVCj55TSdbHi1EGCI0xo5.jpg',NULL,NULL,NULL,'Philippines',NULL,0,0,NULL,'2026-07-16 23:03:07','2026-07-16 23:11:34'),
(304,'EDGAR','OLACO',NULL,'+63 9171729778',NULL,'Filipino',NULL,NULL,'guest-ids/cFHra0sNW05jUsCZS2zUhQma48XbrMIY1TK1Vxp3.png',NULL,NULL,NULL,'Philippines',NULL,0,0,NULL,'2026-07-17 04:56:16','2026-07-17 05:28:10'),
(305,'SHANIA','MAE HUYO-A',NULL,'+63 9603512175',NULL,'Filipino',NULL,NULL,NULL,NULL,NULL,NULL,'Philippines',NULL,0,0,NULL,'2026-07-17 12:49:09','2026-07-17 12:49:09'),
(306,'Chaunchy','Clyde Diel',NULL,'+63 9171362781',NULL,'Filipino',NULL,NULL,'guest-ids/6wJuFG419Jcj2KThhj13eezIBR6vtUZdwID4RtPv.jpg',NULL,NULL,NULL,'Philippines',NULL,0,0,NULL,'2026-07-17 14:41:51','2026-07-17 14:42:31'),
(307,'Helbert','Barredo',NULL,'+63 9154469473',NULL,'Filipino',NULL,NULL,'guest-ids/bayCrZ5Fn8YzhDkCrPe6XtrsevBYQUD5NPg0hXjd.png',NULL,NULL,NULL,'Philippines',NULL,0,0,NULL,'2026-07-17 14:43:09','2026-07-17 20:45:52'),
(308,'Franchie','Marie Godito',NULL,'+63 9103635335',NULL,'Filipino',NULL,NULL,'guest-ids/ELB1uXlH13jwllUiyLu9xw6MKGj53YIgpI1ofsx0.png',NULL,NULL,NULL,'Philippines',NULL,0,0,NULL,'2026-07-17 14:44:51','2026-07-17 20:44:31'),
(309,'Veronica','Suarez',NULL,'+63 9991503867',NULL,'Filipino',NULL,NULL,'guest-ids/1S9XvqQK3Z1wL3uVYQHYUhfHnlMVFOYoP9mT04g7.png',NULL,NULL,NULL,'Philippines',NULL,0,0,NULL,'2026-07-17 14:47:20','2026-07-17 20:44:10'),
(310,'Aaron','John Lapiz',NULL,'+63 9691908175',NULL,'Filipino',NULL,NULL,NULL,NULL,NULL,NULL,'Philippines',NULL,0,0,NULL,'2026-07-17 14:48:34','2026-07-17 14:48:34'),
(311,'Ruby','Leah Caman',NULL,'+63 9616912068',NULL,'Filipino',NULL,NULL,'guest-ids/g0fmUEtexIZ6bmC5csC0GT7gNgbCR2cNAw678iJL.png',NULL,NULL,NULL,'Philippines',NULL,0,0,NULL,'2026-07-17 17:43:55','2026-07-17 20:42:39'),
(312,'Allen','Isaac Sancho',NULL,'+63 912553669',NULL,'Filipino','Driver\'s License (LTO)',NULL,'guest-ids/j3ZZ1g1CAA5wa3roUqOq68HzShIwBQ32EBcIVZVq.png',NULL,NULL,NULL,'Philippines',NULL,0,0,NULL,'2026-07-17 19:15:23','2026-07-17 20:41:44'),
(313,'Adelah','& Alioden Maruhom',NULL,'+63 9702318680',NULL,'Filipino',NULL,NULL,'guest-ids/2dFkH1NAPeA15GcelOXPP4qHuMK0LdQ50POVrF0R.png',NULL,NULL,NULL,'Philippines',NULL,0,0,NULL,'2026-07-17 19:49:12','2026-07-17 20:41:09'),
(314,'Samir','Kaluang',NULL,'+63 9066684468',NULL,'Filipino',NULL,NULL,'guest-ids/PSX3bqoOdZMSkcBbI4cNurbpBFdem72s7porqbz8.png',NULL,NULL,NULL,'Philippines',NULL,0,0,NULL,'2026-07-17 20:03:20','2026-07-17 20:40:43'),
(315,'Ranelie Jeel','Anson',NULL,'09946402422',NULL,'Filipino','Other',NULL,'guest-ids/75RNheeJUjlZd31Olcsp8vIOWZtLuKRzXaeYi9jq.png',NULL,NULL,NULL,'Philippines',NULL,0,0,NULL,'2026-07-18 01:54:24','2026-07-18 01:54:24'),
(316,'John Ray','Torres','torresjohnray@gmail.com','09676659491',NULL,'Filipino','PRC ID',NULL,'guest-ids/4lEyKxBf4MgaCnkx659xj6gFrrhw2W0fau4iKB6w.png',NULL,NULL,NULL,'Philippines',NULL,0,0,NULL,'2026-07-18 01:58:32','2026-07-18 01:58:32'),
(317,'Richard','Villanz',NULL,'+63 9952569355',NULL,'Filipino',NULL,NULL,NULL,NULL,NULL,NULL,'Philippines',NULL,0,0,NULL,'2026-07-18 02:03:38','2026-07-18 02:03:38'),
(318,'Jayson','Alenton',NULL,'09971067270',NULL,'Filipino','Other',NULL,'guest-ids/75FH5Wx6O9fSUPuFYU9dHQJgwwBdOzCJsKzbzC7c.png',NULL,NULL,NULL,'Philippines',NULL,0,0,'BFP Guest','2026-07-18 02:05:18','2026-07-18 02:05:18'),
(319,'Antonio','Serna Jr.',NULL,'09533966092',NULL,'Filipino','Other',NULL,'guest-ids/r81rEhI2s6LC31GZF60L2naG23UrXzTgXUyOzdEa.png',NULL,NULL,NULL,'Philippines',NULL,0,0,NULL,'2026-07-18 02:06:27','2026-07-18 02:06:27'),
(320,'Rey','Piega',NULL,'09564825500','1994-06-04','Filipino','Driver\'s License (LTO)',NULL,'guest-ids/9X2Xy7f0GvTqm7faMyR8Im77f9mtq3O5WPQEhAJT.png',NULL,'Pagadian City','Zamboanga del Sur','Philippines',NULL,0,0,NULL,'2026-07-18 03:04:55','2026-07-18 03:04:55'),
(321,'JOSEPH','LEGAYADA',NULL,'+63 9956188079',NULL,'Filipino',NULL,NULL,NULL,NULL,NULL,NULL,'Philippines',NULL,0,0,NULL,'2026-07-18 08:40:19','2026-07-18 08:40:19'),
(322,'RAYMART','MANALO',NULL,'+63 9273802094',NULL,'Filipino',NULL,NULL,NULL,NULL,NULL,NULL,'Philippines',NULL,0,0,NULL,'2026-07-18 11:56:37','2026-07-18 11:56:37'),
(323,'MARIELLA','GENOBATA',NULL,'+63 9922334455',NULL,'Filipino',NULL,NULL,NULL,NULL,NULL,NULL,'Philippines',NULL,0,0,NULL,'2026-07-18 13:23:22','2026-07-18 13:23:22'),
(324,'MARIO','SACRO',NULL,'+63 99944477',NULL,'Filipino',NULL,NULL,NULL,NULL,NULL,NULL,'Philippines',NULL,0,0,NULL,'2026-07-18 13:35:29','2026-07-18 13:35:29'),
(325,'JAYVEE','DALOGDOG',NULL,'+63 9164343992',NULL,'Filipino',NULL,NULL,NULL,NULL,NULL,NULL,'Philippines',NULL,0,0,NULL,'2026-07-18 13:37:50','2026-07-18 13:37:50'),
(326,'MUHAMMADNUR','MADAYAN',NULL,'+63 9385715710',NULL,'Filipino',NULL,NULL,NULL,NULL,NULL,NULL,'Philippines',NULL,0,0,NULL,'2026-07-18 20:31:36','2026-07-18 20:31:36'),
(327,'DANELLE','TAN',NULL,'+63 9621305625',NULL,'Filipino',NULL,NULL,NULL,NULL,NULL,NULL,'Philippines',NULL,0,0,NULL,'2026-07-18 20:34:22','2026-07-18 20:34:22'),
(328,'FRECEL','MAE ROQUE',NULL,'+63 9069385274',NULL,'Filipino',NULL,NULL,NULL,NULL,NULL,NULL,'Philippines',NULL,0,0,NULL,'2026-07-18 20:35:51','2026-07-18 20:35:51'),
(329,'MARC','SORIO',NULL,'+63 9615635799',NULL,'Filipino',NULL,NULL,NULL,NULL,NULL,NULL,'Philippines',NULL,0,0,NULL,'2026-07-18 20:36:58','2026-07-18 20:36:58'),
(330,'RICARDO','ANZANO',NULL,'+63 9178781375',NULL,'Filipino',NULL,NULL,NULL,NULL,NULL,NULL,'Philippines',NULL,0,0,NULL,'2026-07-18 20:58:51','2026-07-18 20:58:51'),
(331,'CREZEL','SUGUIHAN',NULL,'+63 9756740176',NULL,'Filipino',NULL,NULL,NULL,NULL,NULL,NULL,'Philippines',NULL,0,0,NULL,'2026-07-18 21:12:47','2026-07-18 21:12:47'),
(332,'NESMA','ABEDIN',NULL,'+63 9649169781',NULL,'Filipino',NULL,NULL,NULL,NULL,NULL,NULL,'Philippines',NULL,0,0,NULL,'2026-07-18 21:14:34','2026-07-18 21:14:34'),
(333,'JOSIE','ABOC',NULL,'+63 9956620449',NULL,'Filipino',NULL,NULL,NULL,NULL,NULL,NULL,'Philippines',NULL,0,0,NULL,'2026-07-18 21:16:01','2026-07-18 21:16:01'),
(334,'MAURA','ABIAN',NULL,'+63 9050355879',NULL,'Filipino',NULL,NULL,NULL,NULL,NULL,NULL,'Philippines',NULL,0,0,NULL,'2026-07-18 21:20:20','2026-07-18 21:20:20'),
(335,'JACENTH','RAFAEL',NULL,'+63 9970712232',NULL,'Filipino',NULL,NULL,NULL,NULL,NULL,NULL,'Philippines',NULL,0,0,NULL,'2026-07-18 21:22:26','2026-07-18 21:22:26'),
(336,'EJ','Pontillas',NULL,'+63 9952788263',NULL,'Filipino',NULL,NULL,'guest-ids/7qE3w7pWnjGarwyTWywLlIrQyZfZIrPhroG1L7RX.png',NULL,NULL,NULL,'Philippines',NULL,0,0,NULL,'2026-07-19 03:09:09','2026-07-19 03:14:42'),
(337,'Joseph','Macaranas',NULL,'+63 9458257372',NULL,'Filipino',NULL,NULL,'guest-ids/2Z2MyRondheswYgGmYPVximMQBlfS6y9sousUAS7.png',NULL,NULL,NULL,'Philippines',NULL,0,0,NULL,'2026-07-19 03:10:07','2026-07-19 03:15:03'),
(338,'Leonides','Dean',NULL,'+63 9184890913',NULL,'Filipino',NULL,NULL,'guest-ids/V2qGv7wiXq1OpDnWFLWCb5bDLOpnhod2kJ1nbXam.png',NULL,NULL,NULL,'Philippines',NULL,0,0,NULL,'2026-07-19 03:11:55','2026-07-19 03:15:27'),
(339,'April','Gardo',NULL,'+63 9639449827',NULL,'Filipino',NULL,NULL,'guest-ids/yGgixsbmyf5JBv4xHMucOwGlPnXI2IS8fVlCmWej.png',NULL,NULL,NULL,'Philippines',NULL,0,0,NULL,'2026-07-19 03:13:27','2026-07-19 03:15:47'),
(340,'Owen','Louie Guzman',NULL,'+63 9602795011',NULL,'Filipino',NULL,NULL,NULL,NULL,NULL,NULL,'Philippines',NULL,0,0,NULL,'2026-07-19 05:59:11','2026-07-19 05:59:11'),
(341,'GUDWARA','JAHIB CHAIL',NULL,'+63 9161949260',NULL,'Filipino',NULL,NULL,NULL,NULL,NULL,NULL,'Philippines',NULL,0,0,NULL,'2026-07-19 11:01:53','2026-07-19 11:01:53'),
(342,'JUAN','UNABIA',NULL,'+63 9178827212',NULL,'Filipino',NULL,NULL,NULL,NULL,NULL,NULL,'Philippines',NULL,0,0,NULL,'2026-07-19 12:23:55','2026-07-19 12:23:55'),
(343,'WALTER','ENCARNACION',NULL,'+63 9539460616',NULL,'Filipino',NULL,NULL,NULL,NULL,NULL,NULL,'Philippines',NULL,0,0,NULL,'2026-07-19 20:12:01','2026-07-19 20:12:01'),
(344,'MARIBETH','SIAO',NULL,'+63 9675667645',NULL,'Filipino',NULL,NULL,NULL,NULL,NULL,NULL,'Philippines',NULL,0,0,NULL,'2026-07-19 20:14:31','2026-07-19 20:14:31'),
(345,'MARIA','DORADO',NULL,'+63 9363953979',NULL,'Filipino',NULL,NULL,NULL,NULL,NULL,NULL,'Philippines',NULL,0,0,NULL,'2026-07-19 20:19:42','2026-07-19 20:19:42'),
(346,'DANICA','GABOYA',NULL,'+63 9614598417',NULL,'Filipino',NULL,NULL,NULL,NULL,NULL,NULL,'Philippines',NULL,0,0,NULL,'2026-07-19 20:27:13','2026-07-19 20:27:13'),
(347,'RAMIL','VALDEZ',NULL,'+63 9457022704',NULL,'Filipino',NULL,NULL,'guest-ids/etk8A1YzOEuEfoNA2BsaZxZmHycDqhQTp1wCIVfz.png',NULL,NULL,NULL,'Philippines',NULL,0,0,NULL,'2026-07-19 23:45:30','2026-07-20 23:47:20'),
(348,'JAMINAH','MANOK',NULL,'+63 9541633829',NULL,'Filipino',NULL,NULL,'guest-ids/euN2Ot7rL2T14TRtr8iIgO02gCC9lXgQjpB7jqGW.png',NULL,NULL,NULL,'Philippines',NULL,0,0,NULL,'2026-07-19 23:46:59','2026-07-20 23:45:13'),
(349,'KISHIA','BASLOTE',NULL,'+63 9759846827',NULL,'Filipino',NULL,NULL,'guest-ids/X3OSTHjQDAc4dPs7WBWZfPLkNhEor2c5qbUsV4xZ.png',NULL,NULL,NULL,'Philippines',NULL,0,0,NULL,'2026-07-19 23:49:00','2026-07-20 23:44:36'),
(350,'QWENDYS','JOY RIFE',NULL,'+63 9615214947',NULL,'Filipino',NULL,NULL,NULL,NULL,NULL,NULL,'Philippines',NULL,0,0,NULL,'2026-07-19 23:50:50','2026-07-19 23:50:50'),
(351,'RYAN','LOBRIGAS',NULL,'+63 9770986418',NULL,'Filipino',NULL,NULL,'guest-ids/K3ShAifZrm2cZX1pJrQadjDKt0ypgMJ7pyJdmXbH.png',NULL,NULL,NULL,'Philippines',NULL,0,0,NULL,'2026-07-19 23:52:19','2026-07-20 23:46:12'),
(352,'DENJERK','LAGOD',NULL,'+63 9531032762',NULL,'Filipino',NULL,NULL,'guest-ids/tpfuJCrKhT1XFdsnNiYsjY8MBpjedx2Fa2cYUlfu.png',NULL,NULL,NULL,'Philippines',NULL,0,0,NULL,'2026-07-20 00:03:44','2026-07-20 23:46:51'),
(353,'Abdul','Rahman Palao',NULL,'+63 9269149064',NULL,'Filipino',NULL,NULL,'guest-ids/J2sSKDkX7EpeCayR92jcAsVgHt58ARQ4MB41hsWD.png',NULL,NULL,NULL,'Philippines',NULL,0,0,NULL,'2026-07-20 12:58:35','2026-07-20 13:02:22'),
(354,'RIZA','MAE CALISO',NULL,'+63 9261594807',NULL,'Filipino',NULL,NULL,NULL,NULL,NULL,NULL,'Philippines',NULL,0,0,NULL,'2026-07-20 19:16:56','2026-07-20 19:16:56'),
(355,'ADRIANNE','CHRISTIAN DENSING',NULL,'+63 9296403578',NULL,'Filipino',NULL,NULL,NULL,NULL,NULL,NULL,'Philippines',NULL,0,0,NULL,'2026-07-20 19:18:54','2026-07-20 19:18:54'),
(356,'JEREMIAH','LOMOLOY',NULL,'+63 9664733367',NULL,'Filipino',NULL,NULL,NULL,NULL,NULL,NULL,'Philippines',NULL,0,0,NULL,'2026-07-20 19:20:34','2026-07-20 19:20:34'),
(357,'MATEO','FRANCISCO',NULL,'+63 9924627141',NULL,'Filipino',NULL,NULL,NULL,NULL,NULL,NULL,'Philippines',NULL,0,0,NULL,'2026-07-20 19:33:57','2026-07-20 19:33:57'),
(358,'MARK','ARBOIZ',NULL,'+63 9471514771',NULL,'Filipino',NULL,NULL,NULL,NULL,NULL,NULL,'Philippines',NULL,0,0,NULL,'2026-07-20 19:35:45','2026-07-20 19:35:45'),
(359,'ELDIE','JAY MANZANARES',NULL,'+63 9206100047',NULL,'Filipino',NULL,NULL,NULL,NULL,NULL,NULL,'Philippines',NULL,0,0,NULL,'2026-07-20 19:37:19','2026-07-20 19:37:19'),
(360,'MARIE','ANN PAYOT',NULL,'+63 9351123191',NULL,'Filipino',NULL,NULL,NULL,NULL,NULL,NULL,'Philippines',NULL,0,0,NULL,'2026-07-20 19:40:02','2026-07-20 19:40:02'),
(361,'SHEILA','LABAJO',NULL,'+63 9609009110',NULL,'Filipino',NULL,NULL,NULL,NULL,NULL,NULL,'Philippines',NULL,0,0,NULL,'2026-07-20 19:42:39','2026-07-20 19:42:39'),
(362,'AMAL','TOLIA',NULL,'+63 9451743101',NULL,'Filipino',NULL,NULL,'guest-ids/GGPOf7aaEQuLLZdAnWcFHilHDTMjV9nDYH325vhA.png',NULL,NULL,NULL,'Philippines',NULL,0,0,NULL,'2026-07-20 23:34:04','2026-07-20 23:48:13'),
(363,'ROY','DARAL',NULL,'+63 9396140529',NULL,'Filipino',NULL,NULL,'guest-ids/NR982y2jxE2tMrEEAK6CRNQlIPTkDcbsD8v7SAUJ.png',NULL,NULL,NULL,'Philippines',NULL,0,0,NULL,'2026-07-20 23:35:11','2026-07-20 23:47:50'),
(364,'MARK','PALLESCA',NULL,'+63 9185737019',NULL,'Filipino',NULL,NULL,'guest-ids/thdtKyIrT7A1PyKKZok4uaAMRkM3JRl8mokVjax8.png',NULL,NULL,NULL,'Philippines',NULL,0,0,NULL,'2026-07-21 01:37:50','2026-07-21 22:16:52'),
(365,'RAPHAEL','RENANTE',NULL,'+63 9774713105',NULL,'Filipino',NULL,NULL,'guest-ids/oh1eWDG6g2CSt0aGFTAyjJXYmIrkw58FK08QGupZ.png',NULL,NULL,NULL,'Philippines',NULL,0,0,NULL,'2026-07-21 01:41:43','2026-07-21 22:14:16'),
(366,'ALJON','CAGAPE',NULL,'+63 9973071839',NULL,'Filipino',NULL,NULL,'guest-ids/w2QJA88mCJ7OjiC1EWX09GMzQF487k8vMFJjIUNh.png',NULL,NULL,NULL,'Philippines',NULL,0,0,NULL,'2026-07-21 05:24:21','2026-07-21 22:13:47'),
(367,'CATHERINE','SORANIOG',NULL,'+63 9453980428',NULL,'Filipino',NULL,NULL,'guest-ids/81QMJKhAvuN0Ycp8x7gJrl3Gc6e9PnKAdK0Rz38K.png',NULL,NULL,NULL,'Philippines',NULL,0,0,NULL,'2026-07-21 05:26:33','2026-07-21 22:12:52'),
(368,'Gail','Besiohan',NULL,'+63 9122910855',NULL,'Filipino',NULL,NULL,'guest-ids/IUgx2Wxkz9jSkBAYXilmdoxn7THrwNKjMySHFl1p.png',NULL,NULL,NULL,'Philippines',NULL,0,0,NULL,'2026-07-21 08:42:12','2026-07-21 08:45:31'),
(369,'JOSIE','PAMPLONA',NULL,'+63 9359727108',NULL,'Filipino',NULL,NULL,NULL,NULL,NULL,NULL,'Philippines',NULL,0,0,NULL,'2026-07-21 20:15:50','2026-07-21 20:15:50'),
(370,'BADRIAH','ACMAD',NULL,'+63 9176896403',NULL,'Filipino',NULL,NULL,NULL,NULL,NULL,NULL,'Philippines',NULL,0,0,NULL,'2026-07-21 20:21:50','2026-07-21 20:21:50'),
(371,'ROWELL','TAGIOBON',NULL,'+63 9178166107',NULL,'Filipino',NULL,NULL,NULL,NULL,NULL,NULL,'Philippines',NULL,0,0,NULL,'2026-07-21 20:25:59','2026-07-21 20:25:59'),
(372,'MICHAEL','FANLO',NULL,'+63 9355644409',NULL,'Filipino',NULL,NULL,NULL,NULL,NULL,NULL,'Philippines',NULL,0,0,NULL,'2026-07-21 20:28:18','2026-07-21 20:28:18'),
(373,'DULCE','AMOR MATONDO',NULL,'+63 9260423510',NULL,'Filipino',NULL,NULL,NULL,NULL,NULL,NULL,'Philippines',NULL,0,0,NULL,'2026-07-21 20:43:24','2026-07-21 20:43:24'),
(374,'KURT','PACANZA',NULL,'+63 9267553849',NULL,'Filipino',NULL,NULL,'guest-ids/RtRczzjh6yDrLzXhjbgXucbaT8YCXfR4wVWoqM9O.png',NULL,NULL,NULL,'Philippines',NULL,0,0,NULL,'2026-07-21 22:11:10','2026-07-21 22:18:20'),
(375,'JAN','IAN DEPACAQUIVO',NULL,'+63 9661495848',NULL,'Filipino',NULL,NULL,'guest-ids/sybOkLiE3mJfY8H4vqHvr9IYxIjkkZFno7NPfX3Q.png',NULL,NULL,NULL,'Philippines',NULL,0,0,NULL,'2026-07-21 23:13:32','2026-07-21 23:14:51'),
(376,'Joey','Villahermosa',NULL,'09359727108',NULL,'Filipino',NULL,NULL,'guest-ids/UeI1PIph39uMEmnHn6oaBBv6LYZW5CbCtQ3wP5ax.png',NULL,NULL,NULL,'Philippines',NULL,0,0,NULL,'2026-07-22 10:51:00','2026-07-22 10:51:00'),
(377,'Rylle Sebastian Isaiah','Zapanta',NULL,'09940416785',NULL,'Filipino','Other',NULL,'guest-ids/dSOS2zt8lJqRqanic4OaDvmHYqL1hscZU1KthF1E.jpg',NULL,NULL,NULL,'Philippines',NULL,0,0,NULL,'2026-07-22 13:49:44','2026-07-22 13:49:44'),
(378,'RONALD','NANQUIL',NULL,'+63 9096747282',NULL,'Filipino',NULL,NULL,NULL,NULL,NULL,NULL,'Philippines',NULL,0,0,NULL,'2026-07-22 20:26:09','2026-07-22 20:26:09'),
(379,'NENETH','TIU',NULL,'+63 9107474550',NULL,'Filipino',NULL,NULL,NULL,NULL,NULL,NULL,'Philippines',NULL,0,0,NULL,'2026-07-22 20:30:40','2026-07-22 20:30:40'),
(380,'Frederick','Gomez',NULL,NULL,NULL,'Filipino',NULL,NULL,NULL,NULL,NULL,NULL,'Philippines',NULL,0,0,NULL,'2026-07-23 12:09:26','2026-07-23 12:10:33'),
(381,'Edsmir','Jibal',NULL,'09363915800','2003-06-15','Filipino','PhilHealth ID',NULL,'guest-ids/ao5WTQmRJ9PeamXxVwuoRSrpOxk7I7DYvkkPxEEn.png',NULL,'Zamboanga City','Zamboanga del Sur','Philippines',NULL,0,0,'Under the reservation of Benjamin Chiong','2026-07-23 12:14:36','2026-07-23 12:14:36'),
(382,'Philip','Michael Mapa',NULL,'+63 09152946902',NULL,'Filipino','Other',NULL,'guest-ids/OxVk06VNhSAiRKWWSZcjl88B5OnCkmzNvryipOZf.png',NULL,NULL,NULL,'Philippines',NULL,0,0,NULL,'2026-07-23 16:16:21','2026-07-29 11:24:51'),
(383,'ULYSIS','AVILES',NULL,'+63 9350665520',NULL,'Filipino','Passport','P8323379A','guest-ids/0Ni6ZUpqiNlCCgb8Sky0oGmJ2rPqdGBf12BH19KK.png',NULL,NULL,NULL,'Philippines',NULL,0,0,NULL,'2026-07-23 19:59:13','2026-07-29 03:05:31'),
(384,'MARK','LOUISE MENDOZA',NULL,'+63 9985582916',NULL,'Filipino',NULL,NULL,NULL,NULL,NULL,NULL,'Philippines',NULL,0,0,NULL,'2026-07-23 20:09:16','2026-07-23 20:09:16'),
(385,'LORETO','MARIS',NULL,'+63 9289035102',NULL,'Filipino',NULL,NULL,NULL,NULL,NULL,NULL,'Philippines',NULL,0,0,NULL,'2026-07-23 20:10:19','2026-07-23 20:10:19'),
(386,'Axel','Launay',NULL,'+63 9671884288',NULL,'Filipino',NULL,NULL,'guest-ids/VJZBpjc4wkmg9vSHm2iq26HhSPXBLlbNeTyCz0Wi.png',NULL,NULL,NULL,'Philippines',NULL,0,0,NULL,'2026-07-23 23:08:05','2026-07-23 23:13:46'),
(387,'Hassanor','Omar',NULL,'+63 9352172567',NULL,'Filipino',NULL,NULL,'guest-ids/pHjxDi5AMwFcNp3SzwqExvDmSnY11xYbsijV6jP7.png',NULL,NULL,NULL,'Philippines',NULL,0,0,NULL,'2026-07-23 23:09:15','2026-07-25 23:15:33'),
(388,'Prince','Mangondaya',NULL,'+63 9171244073',NULL,'Filipino',NULL,NULL,'guest-ids/sMOVUgu43vYTIHs5PvFvRNZDCJyI85aDWDYZ0ht3.png',NULL,NULL,NULL,'Philippines',NULL,0,0,NULL,'2026-07-23 23:10:13','2026-07-23 23:14:43'),
(389,'Ann','Gabrielle Colipano',NULL,'+63 9624378068',NULL,'Filipino',NULL,NULL,'guest-ids/ARyWvlZERm9guYs3LzXf3A3y3imfks8czMv4j5h0.png',NULL,NULL,NULL,'Philippines',NULL,0,0,NULL,'2026-07-23 23:11:16','2026-07-23 23:15:12'),
(390,'Frencess','Mie Torralba',NULL,'+63 9998825736',NULL,'Filipino',NULL,NULL,'guest-ids/gyyIfSMLEgYzSAKz0Q70SYwOISwAPMRCkjVPnDCP.png',NULL,NULL,NULL,'Philippines',NULL,0,0,NULL,'2026-07-23 23:12:38','2026-07-23 23:15:43'),
(391,'Charlotte','/ Micole Isaga / Litang',NULL,'+63 9167751846',NULL,'Filipino',NULL,NULL,'guest-ids/uEYUdXiTaGKbytbRpJSZ3IU016v6eMPNc3VTc9kd.png',NULL,NULL,NULL,'Philippines',NULL,0,0,NULL,'2026-07-24 00:28:18','2026-07-24 00:32:35'),
(392,'Rose','Ann Rojas',NULL,'+63 9274116618',NULL,'Filipino',NULL,NULL,'guest-ids/BF7GscPvIJd8a0LWxycgZnKrnaZSbQWuP7AgKKOx.png',NULL,NULL,NULL,'Philippines',NULL,0,0,NULL,'2026-07-24 03:24:28','2026-07-24 04:09:21'),
(393,'Nicole Andrei','Ching',NULL,'09753313620',NULL,'Filipino','Other',NULL,'guest-ids/CZHdPduH9N4fyRRzn3JeOUbcqfKqliONvPVO9mEa.png',NULL,NULL,NULL,'Philippines',NULL,0,0,NULL,'2026-07-24 11:37:31','2026-07-24 11:37:31'),
(394,'Mae','Clavecilla',NULL,NULL,NULL,'Filipino',NULL,NULL,NULL,NULL,NULL,NULL,'Philippines',NULL,0,0,NULL,'2026-07-24 12:58:35','2026-07-24 12:58:35'),
(395,'AMERHUSSIEN','ORANDING',NULL,'+63 9551254359',NULL,'Filipino',NULL,NULL,NULL,NULL,NULL,NULL,'Philippines',NULL,0,0,NULL,'2026-07-24 20:34:39','2026-07-24 20:34:39'),
(396,'VICTOR','n/a',NULL,'+63 9044586994',NULL,'Filipino',NULL,NULL,NULL,NULL,NULL,NULL,'Philippines',NULL,0,0,NULL,'2026-07-24 20:35:36','2026-07-24 20:35:36'),
(397,'NANETTE','SORIANO',NULL,'+63 9512472530',NULL,'Filipino','Other',NULL,'guest-ids/MimkgwYLKzezCPlhy0kgRaQHh9j7e62JpWpiDDFq.png',NULL,NULL,NULL,'Philippines',NULL,0,0,NULL,'2026-07-24 20:38:40','2026-07-29 03:02:01'),
(398,'KARL','FORTUNA',NULL,'+63 9623033027',NULL,'Filipino','National ID (PhilSys)','5068-5462-5847-6412','guest-ids/ItsWaKF06wMSiKFCMDDxqgbTPmEDkQAqSMPqGZwR.png',NULL,NULL,NULL,'Philippines',NULL,0,0,NULL,'2026-07-24 20:39:49','2026-07-29 03:01:09'),
(399,'JOSEPH','LEGAYADA',NULL,'+63 9556188079',NULL,'Filipino',NULL,NULL,NULL,NULL,NULL,NULL,'Philippines',NULL,0,0,NULL,'2026-07-24 20:43:53','2026-07-24 20:43:53'),
(400,'LYNETTE','GENIDA',NULL,'+63 9668110435',NULL,'Filipino',NULL,NULL,NULL,NULL,NULL,NULL,'Philippines',NULL,0,0,NULL,'2026-07-24 20:44:48','2026-07-24 20:44:48'),
(401,'Elma','Andilab',NULL,'+63 9542365830',NULL,'Filipino',NULL,NULL,'guest-ids/mlM1Lp6UPqkdBXkBLxm9TEwr7iVwkV8ZZeEUXsH9.png',NULL,NULL,NULL,'Philippines',NULL,0,0,NULL,'2026-07-25 02:45:19','2026-07-25 02:51:04'),
(402,'Evgenii','Lavrov',NULL,'+63 9060490403',NULL,'Filipino',NULL,NULL,'guest-ids/o5xeG4kBSjSDtaDvC22gWiTrJoRhAIq2k1s03mx0.png',NULL,NULL,NULL,'Philippines',NULL,0,0,NULL,'2026-07-25 02:47:57','2026-07-25 02:52:00'),
(403,'Jhonver','Cambarihan',NULL,'+63 9392525328',NULL,'Filipino',NULL,NULL,'guest-ids/bpCEPAfNCY300QDCdWjXv1GiPBJk7tMqdg1U3hgm.png',NULL,NULL,NULL,'Philippines',NULL,0,0,NULL,'2026-07-25 02:49:21','2026-07-25 02:52:30'),
(404,'BERLET','MONDOY',NULL,'+63 9757697512',NULL,'Filipino',NULL,NULL,NULL,NULL,NULL,NULL,'Philippines',NULL,0,0,NULL,'2026-07-25 08:50:30','2026-07-25 08:50:30'),
(405,'Joyce','Abian',NULL,'+63 9754820400',NULL,'Filipino',NULL,NULL,'guest-ids/HYtKPyCamyfS3GVauy9AKNeFDquD2WLISpxASuO6.png',NULL,NULL,NULL,'Philippines',NULL,0,0,NULL,'2026-07-25 20:02:07','2026-07-25 20:12:46'),
(406,'Scott','Henry Arinos',NULL,'+63 9662881702',NULL,'Filipino',NULL,NULL,'guest-ids/sRVANI78Vbn8v62zIIo6hBgTJEkG9cjRMKsKUPTI.png',NULL,NULL,NULL,'Philippines',NULL,0,0,NULL,'2026-07-25 20:04:13','2026-07-25 20:13:28'),
(407,'Julius','Orong',NULL,'+63 9355960475',NULL,'Filipino',NULL,NULL,'guest-ids/RfSCj8NNxhido9vuaxqVWqMieFMacTX26CO11C0k.png',NULL,NULL,NULL,'Philippines',NULL,0,0,NULL,'2026-07-25 20:05:33','2026-07-25 20:14:54'),
(408,'Rowel','Llaca',NULL,'+63 9461698565',NULL,'Filipino',NULL,NULL,'guest-ids/tZJ0Fx2wtjcf9rSWsKBUugCA1We0xdCqq1zhoCUG.png',NULL,NULL,NULL,'Philippines',NULL,0,0,NULL,'2026-07-25 20:06:58','2026-07-25 20:15:18'),
(409,'JOJI','BLISS TIBURCIO',NULL,'+63 9487772293',NULL,'Filipino',NULL,NULL,'guest-ids/14qpbNnIe0z4ZogPlKn4xdpcGeSg4izIj82wz604.jpg',NULL,NULL,NULL,'Philippines',NULL,0,0,NULL,'2026-07-25 22:32:35','2026-07-25 23:14:00'),
(410,'CARFIL','ESTOPIA',NULL,'+63 9103002232',NULL,'Filipino',NULL,NULL,'guest-ids/5ihBH2KkXIUax5bGiHnkb17OWZ2LENuKUCd4orcH.jpg',NULL,NULL,NULL,'Philippines',NULL,0,0,NULL,'2026-07-26 05:35:14','2026-07-26 06:00:50'),
(411,'ILTYD','SERBOL',NULL,'+63 9453419028',NULL,'Filipino',NULL,NULL,NULL,NULL,NULL,NULL,'Philippines',NULL,0,0,NULL,'2026-07-26 09:01:12','2026-07-26 09:01:12'),
(412,'ROLAND','REMENTIZO',NULL,'+63 9677708431',NULL,'Filipino',NULL,NULL,NULL,NULL,NULL,NULL,'Philippines',NULL,0,0,NULL,'2026-07-26 20:04:07','2026-07-26 20:04:07'),
(413,'EXOPERIA','IGAR',NULL,'+63 9171083185',NULL,'Filipino',NULL,NULL,NULL,NULL,NULL,NULL,'Philippines',NULL,0,0,NULL,'2026-07-26 20:06:42','2026-07-26 20:06:42'),
(414,'GARY','MERCADO',NULL,'+63 9281741212',NULL,'Filipino',NULL,NULL,NULL,NULL,NULL,NULL,'Philippines',NULL,0,0,NULL,'2026-07-26 20:08:26','2026-07-26 20:08:26'),
(415,'JORDAN','LORENTE',NULL,'+63 9304844223',NULL,'Filipino','Other',NULL,'guest-ids/PeQJsflTgmixkE5d28aY3QRNnI2I0cyz9bBPezUT.png',NULL,NULL,NULL,'Philippines',NULL,0,0,NULL,'2026-07-26 20:10:00','2026-07-29 02:55:51'),
(416,'RICA','CALEJESAN',NULL,'+63 9856152819',NULL,'Filipino','Other',NULL,'guest-ids/NftuDITipKgCthTZCD4hPD4BWQKeY3pTKzDoMIjj.png',NULL,NULL,NULL,'Philippines',NULL,0,0,NULL,'2026-07-26 20:11:19','2026-07-29 02:54:55'),
(417,'JAYSON','CAHILES',NULL,'+63 9171125992',NULL,'Filipino',NULL,NULL,NULL,NULL,NULL,NULL,'Philippines',NULL,0,0,NULL,'2026-07-26 20:25:52','2026-07-26 20:25:52'),
(418,'HENRY','TE',NULL,'+63 9177102713',NULL,'Filipino','Driver\'s License (LTO)',NULL,'guest-ids/1nQanzZRvUUO8UqqKcFp47TQDqHPvV19tzlm9Tix.png',NULL,NULL,NULL,'Philippines',NULL,0,0,NULL,'2026-07-26 20:26:58','2026-07-29 02:53:43'),
(419,'SHAIRA','ABDUL',NULL,'+63 9158177288',NULL,'Filipino','Other',NULL,'guest-ids/PiEN4BtiLYanVgdRfxKB7rcsg8VkZE9FAECnx9dd.png',NULL,NULL,NULL,'Philippines',NULL,0,0,NULL,'2026-07-26 20:29:18','2026-07-29 02:53:02'),
(420,'LORAINE','LEOPOLDO',NULL,'+63 9754910565',NULL,'Filipino','Other',NULL,'guest-ids/sg3WxuhHpj5VEcQAx3ZDIXiN3BkCOAVgxN7JX7wC.png',NULL,NULL,NULL,'Philippines',NULL,0,0,NULL,'2026-07-26 20:30:33','2026-07-29 02:52:21'),
(421,'RAFAEL','ACTUB',NULL,'+63 9773701474',NULL,'Filipino','Driver\'s License (LTO)',NULL,'guest-ids/0wW5lLYFvMTszot0vMTPcKSM92fTzNTQIZ0Ix6d9.png',NULL,NULL,NULL,'Philippines',NULL,0,0,NULL,'2026-07-26 23:13:37','2026-07-29 02:51:23'),
(422,'BENJIE','PEPITO',NULL,'+63 9068288173',NULL,'Filipino',NULL,NULL,NULL,NULL,NULL,NULL,'Philippines',NULL,0,0,NULL,'2026-07-26 23:14:58','2026-07-26 23:14:58'),
(423,'Herbert','Ramises',NULL,'09695853706',NULL,'Filipino','Driver\'s License (LTO)',NULL,'guest-ids/fiNT68pcduO1nLQ37NQb3owyZIpbHCHy22WRRO2d.png',NULL,NULL,NULL,'Philippines',NULL,0,0,NULL,'2026-07-27 12:02:05','2026-07-27 12:02:05'),
(424,'Aia','Kay Salinding',NULL,'+63 9530379446',NULL,'Filipino','Other',NULL,'guest-ids/IdRGBW0effYtunHIREaHFOx1xV91qxvAZkybAAVu.png',NULL,NULL,NULL,'Philippines',NULL,0,0,NULL,'2026-07-27 12:10:44','2026-07-29 02:49:45'),
(425,'JEY','AR ELCANO',NULL,'+63 9469904092',NULL,'Filipino',NULL,NULL,NULL,NULL,NULL,NULL,'Philippines',NULL,0,0,NULL,'2026-07-27 19:39:53','2026-07-27 19:39:53'),
(426,'VINCENT','MAGALLANES',NULL,'+63 92880709550',NULL,'Filipino','Other',NULL,'guest-ids/rWRI7zp4RgsVCiJue9ixbVVEbdtEgyXhmH2nQs1n.png',NULL,NULL,NULL,'Philippines',NULL,0,0,NULL,'2026-07-27 19:41:42','2026-07-29 02:46:13'),
(427,'JOELIX','NILLAMA',NULL,'+63 93105242697',NULL,'Filipino','Other',NULL,'guest-ids/BUxxxF08ET72gJqssqQdZlQ0tfHE3SzMV7LJKxLs.png',NULL,NULL,NULL,'Philippines',NULL,0,0,NULL,'2026-07-27 19:42:50','2026-07-29 02:44:59'),
(428,'JERICHO','MALIBAGO',NULL,'+63 9677104830',NULL,'Filipino','Other',NULL,'guest-ids/fi0wgHWdoCZo26NtYcekwMjKqf9PBlODv7UJ0Ojw.png',NULL,NULL,NULL,'Philippines',NULL,0,0,NULL,'2026-07-27 19:44:11','2026-07-29 02:43:57'),
(429,'JOHN','PAUL CORNELIO',NULL,'+63 9098115404',NULL,'Filipino','National ID (PhilSys)',NULL,'guest-ids/lp9pYpCBYknI0kNuIeEtu0mIDibL8d4LuwOI7HKX.png',NULL,NULL,NULL,'Philippines',NULL,0,0,NULL,'2026-07-27 20:01:59','2026-07-29 02:42:46'),
(430,'HARLOW','DAGOOC',NULL,'+63 9526536155',NULL,'Filipino','Driver\'s License (LTO)',NULL,'guest-ids/PdWfodgbRGTK0AdwqeD1WZEXaHFjG4RPXo94niLe.png',NULL,NULL,NULL,'Philippines',NULL,0,0,NULL,'2026-07-27 20:04:15','2026-07-29 02:39:12'),
(431,'JAYSON','CAHILES',NULL,'+63 9121125992',NULL,'Filipino','Driver\'s License (LTO)',NULL,'guest-ids/SQOoYnzgEBBQi4GOhgDV6faAp0WyQxyGJCW8saNS.png',NULL,NULL,NULL,'Philippines',NULL,0,0,NULL,'2026-07-27 20:05:57','2026-07-28 04:49:56'),
(432,'MARJORIE','CONSON',NULL,'+63 9354357341',NULL,'Filipino','Other',NULL,'guest-ids/GCnWApG7FFpe9pkVCtWER7eGGDulk42IcDV5SRHu.png',NULL,NULL,NULL,'Philippines',NULL,0,0,NULL,'2026-07-27 20:07:37','2026-07-28 04:48:34'),
(433,'Cecilbern','Bernabe',NULL,'09634994496',NULL,'Filipino','Other',NULL,'guest-ids/j8Z5qg1AMWwaZ3WE7VGtevVuex8Kxt5jNd5q5pvj.png',NULL,'Iligan City',NULL,'Philippines',NULL,0,0,NULL,'2026-07-28 04:52:03','2026-07-28 04:52:03'),
(434,'Francey Aisah','Angcoo',NULL,'09159202955',NULL,'Filipino','Passport',NULL,'guest-ids/coNfDVXpwKeXR36WCyfsV62gP1Nt8Izzn4fOxKWo.jpg',NULL,NULL,NULL,'Philippines',NULL,0,0,NULL,'2026-07-28 04:55:00','2026-07-28 04:55:00'),
(435,'Elizabeth','Marcella',NULL,'+63 9171475196',NULL,'Filipino','UMID',NULL,'guest-ids/73y0PUboXNrrmUFdFYnYifjsyvnikMclQzH4ttL7.png',NULL,NULL,NULL,'Philippines',NULL,0,0,NULL,'2026-07-28 09:21:00','2026-07-29 02:38:18'),
(436,'Judith','Duran',NULL,'+63 9562412763',NULL,'Filipino','Driver\'s License (LTO)',NULL,'guest-ids/QkExCYGjE0OYohfcSL9DIEzQN4ytpMTswA16WZE8.png',NULL,NULL,NULL,'Philippines',NULL,0,0,NULL,'2026-07-28 13:06:04','2026-07-29 01:57:21'),
(437,'RENNBRAN','JUVENTUD',NULL,'+63 9559046633',NULL,'Filipino','Driver\'s License (LTO)',NULL,'guest-ids/hUnS1DjzPEVFIsiTbeWimxiLIRSaAuEE3muFwub0.png',NULL,NULL,NULL,'Philippines',NULL,0,0,NULL,'2026-07-28 19:47:03','2026-07-29 01:56:44'),
(438,'EDWIN','OLAER',NULL,'+63 9760336921',NULL,'Filipino','National ID (PhilSys)',NULL,'guest-ids/CY4r6eJjceS1LM5wKKaMzA4gici8RaAl9feouq0E.png',NULL,NULL,NULL,'Philippines',NULL,0,0,NULL,'2026-07-28 19:49:49','2026-07-29 01:56:03'),
(439,'CECILBERN','BERNABE',NULL,'+63 9634994496',NULL,'Filipino','Other',NULL,'guest-ids/CXeIyP48YOP8wO4eKqSCzsl3cVgmYTPzj7U1itFg.png',NULL,NULL,NULL,'Philippines',NULL,0,0,NULL,'2026-07-28 19:53:05','2026-07-29 01:55:20'),
(440,'ZAMANTHA','ELIZABETH TIMOG',NULL,'+63 9977864213',NULL,'Filipino','Driver\'s License (LTO)','K19-23-003269','guest-ids/SCkcdgqZ6lkLq6uosO5mojUcqTOpx0IAFzn2lUwD.png','P-4 Liloan, Lumbo','Valencia City','Bukidnon','Philippines',NULL,0,0,NULL,'2026-07-28 20:21:46','2026-07-29 01:53:10'),
(441,'JUNDY','FORTEZA',NULL,'+63 9129247378',NULL,'Filipino','Other','2026-0040','guest-ids/vhwZSY6IX9uiyRy8psEcILJb1uvGEYYENJDralgl.png',NULL,NULL,NULL,'Philippines',NULL,0,0,NULL,'2026-07-28 20:26:23','2026-07-29 01:49:42'),
(442,'CJ','AWA',NULL,'+63 9197518176',NULL,'Filipino','PRC ID',NULL,'guest-ids/TaSo42YdKUl12KMfwvYy8M4fE5BZ75NZTQDxeBmO.png',NULL,NULL,NULL,'Philippines',NULL,0,0,NULL,'2026-07-28 20:31:46','2026-07-29 01:48:05'),
(443,'APRIL ROSE','ONG',NULL,'+63 9060375982',NULL,'Filipino','PhilHealth ID','15-025602900-8','guest-ids/vH5UfJHPpZmUTmfWFE8ejyFlN1vrUpptSgLuz2dK.png',NULL,NULL,NULL,'Philippines',NULL,0,0,NULL,'2026-07-28 20:33:50','2026-07-29 01:45:53'),
(444,'CYRUS','BAGON',NULL,'+63 9494935826',NULL,'Filipino','Other',NULL,'guest-ids/d1yjP78FrGfgRLIHvP1tXRGI5wNPMukIyRo8uL2M.png',NULL,NULL,NULL,'Philippines',NULL,0,0,NULL,'2026-07-28 20:36:43','2026-07-29 01:43:02'),
(445,'Charles Ford','Paraon',NULL,'09150975051',NULL,'Filipino','UMID','0034-0287299-8','guest-ids/QL6sFVJq4LKzsyh4w9pW0xRQUOMPMxlYTDSsbpfy.png','B-3 L-24 North Crest Vill. Bagumbong Rd.','Caloocan City','NCR','Philippines',NULL,0,0,NULL,'2026-07-29 03:30:51','2026-07-29 03:52:06'),
(446,'Kurt Kristian','Pacanza',NULL,'09267553849',NULL,'Filipino','Other','240037261','guest-ids/FlgtqeQsTlhN0p2HGo304jSIf59o263lzHVXer1u.png',NULL,'Manolo Fortich','Bukidnon','Philippines',NULL,0,0,NULL,'2026-07-29 03:38:08','2026-07-29 03:39:28'),
(447,'Cosme Carlo','Lacang',NULL,'09165117440','1986-09-27','Filipino','Driver\'s License (LTO)','N02-13-025737','guest-ids/6VY9W4Dd3UMNwEaxIJe5dipfbCBrQRavDpN4ZYtl.png',NULL,'Quezon City','Manila','Philippines',NULL,0,0,NULL,'2026-07-29 03:41:20','2026-07-29 03:42:57'),
(448,'Alexander','Ortiz',NULL,'09664489272',NULL,'Filipino','PWD ID','10-4305-0016456','guest-ids/8RzdRFIsFejtIgvEoEDB7lxBykO755oNl2yoi9ja.png',NULL,NULL,NULL,'Philippines',NULL,0,0,NULL,'2026-07-29 04:00:00','2026-07-29 04:00:50'),
(449,'Cristobal','Cenita',NULL,'+63 9776864811',NULL,'Filipino',NULL,NULL,NULL,NULL,NULL,NULL,'Philippines',NULL,0,0,NULL,'2026-07-29 07:21:08','2026-07-29 07:21:08');

--
-- Table structure for table `hero_slides`
--

CREATE TABLE `hero_slides` (
  `id` bigint(20) unsigned NOT NULL AUTO_INCREMENT,
  `title` varchar(255) DEFAULT NULL,
  `caption` text DEFAULT NULL,
  `image_path` varchar(255) DEFAULT NULL,
  `sort_order` int(11) NOT NULL DEFAULT 0,
  `active` tinyint(1) NOT NULL DEFAULT 1,
  `created_at` timestamp NULL DEFAULT NULL,
  `updated_at` timestamp NULL DEFAULT NULL,
  PRIMARY KEY (`id`)
) ENGINE=InnoDB AUTO_INCREMENT=4 DEFAULT CHARSET=utf8mb4 COLLATE=utf8mb4_unicode_ci;

--
-- Dumping data for table `hero_slides`
--

INSERT INTO `hero_slides` VALUES
(1,'Welcome to Parkview Hotel CDO','Experience comfort and warm Filipino hospitality in the heart of Cagayan de Oro City.',NULL,1,1,'2026-07-28 20:14:11','2026-07-28 20:14:11'),
(2,'Modern Rooms for Every Need','Choose from 16 room types — from budget-friendly rooms to spacious executive suites.',NULL,2,1,'2026-07-28 20:14:11','2026-07-28 20:14:11'),
(3,'Your Gateway to CDO','Perfectly located near major attractions, shopping centers, and business districts in Cagayan de Oro.',NULL,3,1,'2026-07-28 20:14:11','2026-07-28 20:14:11');

--
-- Table structure for table `inquiries`
--

CREATE TABLE `inquiries` (
  `id` bigint(20) unsigned NOT NULL AUTO_INCREMENT,
  `name` varchar(255) NOT NULL,
  `email` varchar(255) NOT NULL,
  `phone` varchar(255) DEFAULT NULL,
  `subject` varchar(255) DEFAULT NULL,
  `message` text NOT NULL,
  `status` varchar(255) NOT NULL DEFAULT 'new',
  `ip_address` varchar(45) DEFAULT NULL,
  `created_at` timestamp NULL DEFAULT NULL,
  `updated_at` timestamp NULL DEFAULT NULL,
  PRIMARY KEY (`id`)
) ENGINE=InnoDB DEFAULT CHARSET=utf8mb4 COLLATE=utf8mb4_unicode_ci;

--
-- Dumping data for table `inquiries`
--


--
-- Table structure for table `job_batches`
--

CREATE TABLE `job_batches` (
  `id` varchar(255) NOT NULL,
  `name` varchar(255) NOT NULL,
  `total_jobs` int(11) NOT NULL,
  `pending_jobs` int(11) NOT NULL,
  `failed_jobs` int(11) NOT NULL,
  `failed_job_ids` longtext NOT NULL,
  `options` mediumtext DEFAULT NULL,
  `cancelled_at` int(11) DEFAULT NULL,
  `created_at` int(11) NOT NULL,
  `finished_at` int(11) DEFAULT NULL,
  PRIMARY KEY (`id`)
) ENGINE=InnoDB DEFAULT CHARSET=utf8mb4 COLLATE=utf8mb4_unicode_ci;

--
-- Dumping data for table `job_batches`
--


--
-- Table structure for table `jobs`
--

CREATE TABLE `jobs` (
  `id` bigint(20) unsigned NOT NULL AUTO_INCREMENT,
  `queue` varchar(255) NOT NULL,
  `payload` longtext NOT NULL,
  `attempts` smallint(5) unsigned NOT NULL,
  `reserved_at` int(10) unsigned DEFAULT NULL,
  `available_at` int(10) unsigned NOT NULL,
  `created_at` int(10) unsigned NOT NULL,
  PRIMARY KEY (`id`),
  KEY `jobs_queue_index` (`queue`)
) ENGINE=InnoDB DEFAULT CHARSET=utf8mb4 COLLATE=utf8mb4_unicode_ci;

--
-- Dumping data for table `jobs`
--


--
-- Table structure for table `maintenance_requests`
--

CREATE TABLE `maintenance_requests` (
  `id` bigint(20) unsigned NOT NULL AUTO_INCREMENT,
  `room_no` varchar(10) DEFAULT NULL,
  `location` varchar(255) NOT NULL,
  `category` varchar(255) NOT NULL,
  `priority` varchar(255) NOT NULL,
  `description` text NOT NULL,
  `status` varchar(255) NOT NULL DEFAULT 'open',
  `reported_by` varchar(255) DEFAULT NULL,
  `resolved_at` timestamp NULL DEFAULT NULL,
  `resolution_notes` text DEFAULT NULL,
  `created_at` timestamp NULL DEFAULT NULL,
  `updated_at` timestamp NULL DEFAULT NULL,
  PRIMARY KEY (`id`),
  KEY `maintenance_requests_room_no_index` (`room_no`)
) ENGINE=InnoDB AUTO_INCREMENT=6 DEFAULT CHARSET=utf8mb4 COLLATE=utf8mb4_unicode_ci;

--
-- Dumping data for table `maintenance_requests`
--

INSERT INTO `maintenance_requests` VALUES
(1,'306','Room 306','structural','urgent','Ceiling plaster cracked and partially falling near bathroom entry. Debris on floor. Room removed from sale until repaired — do not assign to guests.','open','Management',NULL,NULL,'2026-06-17 23:03:35','2026-06-17 23:03:35'),
(2,'412','Room 412','electrical','normal','Wall outlet near work desk not functioning. Tested with phone charger — no power. Other outlets in room work fine.','open','Housekeeping - Ana',NULL,NULL,'2026-06-17 23:03:35','2026-06-17 23:03:35'),
(3,NULL,'2nd Floor Hallway','hvac','high','Central AC unit near the elevator is emitting an intermittent loud rattling noise. Multiple guests on Floor 2 have complained. Appears to worsen in the afternoon.','in_progress','Front Desk',NULL,NULL,'2026-06-17 23:03:35','2026-06-17 23:03:35'),
(4,NULL,'Pool Deck','structural','high','Handrail along the pool staircase is loose and wobbles. Safety risk for guests. Flagged by pool attendant during morning inspection.','open','Pool Attendant',NULL,NULL,'2026-06-17 23:03:35','2026-06-17 23:03:35'),
(5,'313','Room 313','plumbing','low','Shower head pressure noticeably low compared to other rooms. Guest mentioned it during check-out.','resolved','Front Desk - Jessa','2026-06-14 23:03:35','Cleaned shower head filter — mineral buildup removed. Pressure restored to normal.','2026-06-17 23:03:35','2026-06-17 23:03:35');

--
-- Table structure for table `media`
--

CREATE TABLE `media` (
  `id` bigint(20) unsigned NOT NULL AUTO_INCREMENT,
  `path` varchar(255) NOT NULL,
  `disk` varchar(255) NOT NULL DEFAULT 'public',
  `mime` varchar(255) DEFAULT NULL,
  `size` bigint(20) unsigned NOT NULL DEFAULT 0,
  `width` int(10) unsigned DEFAULT NULL,
  `height` int(10) unsigned DEFAULT NULL,
  `alt_text` varchar(255) DEFAULT NULL,
  `title` varchar(255) DEFAULT NULL,
  `uploaded_by` bigint(20) unsigned DEFAULT NULL,
  `created_at` timestamp NULL DEFAULT NULL,
  `updated_at` timestamp NULL DEFAULT NULL,
  PRIMARY KEY (`id`),
  KEY `media_uploaded_by_foreign` (`uploaded_by`),
  CONSTRAINT `media_uploaded_by_foreign` FOREIGN KEY (`uploaded_by`) REFERENCES `users` (`id`) ON DELETE SET NULL
) ENGINE=InnoDB DEFAULT CHARSET=utf8mb4 COLLATE=utf8mb4_unicode_ci;

--
-- Dumping data for table `media`
--


--
-- Table structure for table `migrations`
--

CREATE TABLE `migrations` (
  `id` int(10) unsigned NOT NULL AUTO_INCREMENT,
  `migration` varchar(255) NOT NULL,
  `batch` int(11) NOT NULL,
  PRIMARY KEY (`id`)
) ENGINE=InnoDB AUTO_INCREMENT=57 DEFAULT CHARSET=utf8mb4 COLLATE=utf8mb4_unicode_ci;

--
-- Dumping data for table `migrations`
--

INSERT INTO `migrations` VALUES
(1,'0001_01_01_000000_create_users_table',1),
(2,'0001_01_01_000001_create_cache_table',1),
(3,'0001_01_01_000002_create_jobs_table',1),
(4,'2026_06_14_064431_create_maintenance_requests_table',1),
(5,'2026_06_14_100000_create_rooms_table',1),
(6,'2026_06_14_110000_create_settings_table',1),
(7,'2026_06_14_120000_create_reservations_table',1),
(8,'2026_06_14_204245_create_reservation_payments_table',1),
(9,'2026_06_14_230000_create_folio_charges_table',1),
(10,'2026_06_14_250000_create_guests_table',1),
(11,'2026_06_14_251000_add_guest_id_to_reservations_table',1),
(12,'2026_06_14_260000_add_id_image_to_guests_table',1),
(13,'2026_06_14_270000_create_pos_products_table',1),
(14,'2026_06_14_271000_create_pos_transactions_table',1),
(15,'2026_06_14_272000_create_pos_transaction_items_table',1),
(16,'2026_06_14_280000_create_rate_plans_table',1),
(17,'2026_06_14_281000_create_rate_plan_rates_table',1),
(18,'2026_06_14_282000_add_rate_plan_id_to_reservations_table',1),
(19,'2026_06_15_020208_create_channel_configs_table',1),
(20,'2026_06_15_100000_create_roles_table',1),
(21,'2026_06_15_100001_create_permissions_table',1),
(22,'2026_06_15_100002_create_role_permission_table',1),
(23,'2026_06_15_100003_update_users_table',1),
(24,'2026_06_15_200000_create_website_contents_table',1),
(25,'2026_06_15_200001_create_room_photos_table',1),
(26,'2026_06_15_210000_add_pos_transaction_id_to_folio_charges',1),
(27,'2026_06_15_212840_add_image_path_to_pos_products_table',1),
(28,'2026_06_15_214307_create_shifts_table',1),
(29,'2026_06_15_220000_create_newsletter_subscribers_table',1),
(30,'2026_06_15_221906_add_tutorial_completed_at_to_users_table',1),
(31,'2026_06_15_230000_create_activity_logs_table',1),
(32,'2026_06_15_230001_create_reservation_groups_table',1),
(33,'2026_06_15_230002_add_group_id_to_reservations_table',1),
(34,'2026_06_15_240000_create_guest_reminders_table',1),
(35,'2026_06_16_000001_add_soft_deletes_to_tables',1),
(36,'2026_06_18_155737_add_performance_indexes',2),
(37,'2026_07_02_000001_add_checked_in_at_to_reservations',3),
(38,'2026_07_02_000002_add_checked_out_at_to_reservations',4),
(39,'2026_07_12_000001_create_inquiries_table',5),
(40,'2026_07_12_000002_create_faqs_table',5),
(41,'2026_07_12_000003_create_promotions_table',5),
(42,'2026_07_12_000004_create_testimonials_table',5),
(43,'2026_07_12_000005_create_trust_badges_table',5),
(44,'2026_07_12_000006_create_attractions_table',5),
(45,'2026_07_12_000007_create_hero_slides_table',5),
(46,'2026_07_12_000008_create_posts_table',5),
(47,'2026_07_12_000009_create_website_content_revisions_table',5),
(48,'2026_07_12_000010_create_media_table',5),
(49,'2026_07_12_000011_add_locale_to_website_contents',5),
(50,'2026_07_12_000012_add_locale_to_website_content_revisions',5),
(51,'2026_07_16_100000_add_senior_pwd_discount_to_reservations',5),
(52,'2026_07_16_100001_add_or_number_to_reservation_payments',5),
(53,'2026_07_16_100002_add_nationality_to_reservations',5),
(54,'2026_07_16_120000_add_or_number_to_pos_transactions',5),
(55,'2026_07_17_000001_create_translations_table',5),
(56,'2026_07_17_000002_add_confirmation_token_to_reservations',5);

--
-- Table structure for table `newsletter_subscribers`
--

CREATE TABLE `newsletter_subscribers` (
  `id` bigint(20) unsigned NOT NULL AUTO_INCREMENT,
  `email` varchar(255) NOT NULL,
  `name` varchar(255) DEFAULT NULL,
  `ip_address` varchar(45) DEFAULT NULL,
  `active` tinyint(1) NOT NULL DEFAULT 1,
  `subscribed_at` timestamp NOT NULL,
  `unsubscribed_at` timestamp NULL DEFAULT NULL,
  `created_at` timestamp NULL DEFAULT NULL,
  `updated_at` timestamp NULL DEFAULT NULL,
  PRIMARY KEY (`id`),
  UNIQUE KEY `newsletter_subscribers_email_unique` (`email`)
) ENGINE=InnoDB DEFAULT CHARSET=utf8mb4 COLLATE=utf8mb4_unicode_ci;

--
-- Dumping data for table `newsletter_subscribers`
--


--
-- Table structure for table `password_reset_tokens`
--

CREATE TABLE `password_reset_tokens` (
  `email` varchar(255) NOT NULL,
  `token` varchar(255) NOT NULL,
  `created_at` timestamp NULL DEFAULT NULL,
  PRIMARY KEY (`email`)
) ENGINE=InnoDB DEFAULT CHARSET=utf8mb4 COLLATE=utf8mb4_unicode_ci;

--
-- Dumping data for table `password_reset_tokens`
--


--
-- Table structure for table `permissions`
--

CREATE TABLE `permissions` (
  `id` bigint(20) unsigned NOT NULL AUTO_INCREMENT,
  `module` varchar(255) NOT NULL,
  `key` varchar(255) NOT NULL,
  `label` varchar(255) NOT NULL,
  `created_at` timestamp NULL DEFAULT NULL,
  `updated_at` timestamp NULL DEFAULT NULL,
  PRIMARY KEY (`id`),
  UNIQUE KEY `permissions_key_unique` (`key`)
) ENGINE=InnoDB AUTO_INCREMENT=41 DEFAULT CHARSET=utf8mb4 COLLATE=utf8mb4_unicode_ci;

--
-- Dumping data for table `permissions`
--

INSERT INTO `permissions` VALUES
(1,'Dashboard','dashboard.view','View Dashboard','2026-06-17 23:03:36','2026-06-17 23:03:36'),
(2,'Rooms','rooms.view','View Rooms','2026-06-17 23:03:36','2026-06-17 23:03:36'),
(3,'Rooms','rooms.create','Create Rooms','2026-06-17 23:03:36','2026-06-17 23:03:36'),
(4,'Rooms','rooms.edit','Edit Rooms','2026-06-17 23:03:36','2026-06-17 23:03:36'),
(5,'Reservations','reservations.view','View Reservations','2026-06-17 23:03:36','2026-06-17 23:03:36'),
(6,'Reservations','reservations.create','Create Reservations','2026-06-17 23:03:36','2026-06-17 23:03:36'),
(7,'Reservations','reservations.edit','Edit Reservations','2026-06-17 23:03:36','2026-06-17 23:03:36'),
(8,'Reservations','reservations.check_in','Check In','2026-06-17 23:03:36','2026-06-17 23:03:36'),
(9,'Reservations','reservations.check_out','Check Out','2026-06-17 23:03:36','2026-06-17 23:03:36'),
(10,'Reservations','reservations.cancel','Cancel / No-show','2026-06-17 23:03:36','2026-06-17 23:03:36'),
(11,'Reservations','reservations.payments','Manage Payments','2026-06-17 23:03:36','2026-06-17 23:03:36'),
(12,'Front Desk','front_desk.view','View Front Desk (Check-in/out Queues, Room Rack)','2026-06-17 23:03:36','2026-06-17 23:03:36'),
(13,'Housekeeping','housekeeping.view','View Housekeeping','2026-06-17 23:03:36','2026-06-17 23:03:36'),
(14,'Housekeeping','housekeeping.update','Update Room Status','2026-06-17 23:03:36','2026-06-17 23:03:36'),
(15,'Maintenance','maintenance.view','View Maintenance','2026-06-17 23:03:36','2026-06-17 23:03:36'),
(16,'Maintenance','maintenance.create','Create Work Orders','2026-06-17 23:03:36','2026-06-17 23:03:36'),
(17,'Maintenance','maintenance.resolve','Resolve Work Orders','2026-06-17 23:03:36','2026-06-17 23:03:36'),
(18,'Rate Plans','rate_plans.view','View Rate Plans','2026-06-17 23:03:36','2026-06-17 23:03:36'),
(19,'Rate Plans','rate_plans.manage','Manage Rate Plans','2026-06-17 23:03:36','2026-06-17 23:03:36'),
(20,'Channel Manager','channel_manager.view','View Channel Manager','2026-06-17 23:03:36','2026-06-17 23:03:36'),
(21,'Channel Manager','channel_manager.manage','Manage Channel Mappings','2026-06-17 23:03:36','2026-06-17 23:03:36'),
(22,'Calendar','calendar.view','View Calendar','2026-06-17 23:03:36','2026-06-17 23:03:36'),
(23,'Reports','reports.occupancy','Occupancy Report','2026-06-17 23:03:36','2026-06-17 23:03:36'),
(24,'Reports','reports.revenue','Revenue Report','2026-06-17 23:03:36','2026-06-17 23:03:36'),
(25,'Reports','reports.night_audit','Night Audit Report','2026-06-17 23:03:36','2026-06-17 23:03:36'),
(26,'Guests','guests.view','View Guest Profiles','2026-06-17 23:03:36','2026-06-17 23:03:36'),
(27,'Guests','guests.manage','Manage Guests','2026-06-17 23:03:36','2026-06-17 23:03:36'),
(28,'Point of Sale','pos.view','View POS','2026-06-17 23:03:36','2026-06-17 23:03:36'),
(29,'Point of Sale','pos.transactions','Process Transactions','2026-06-17 23:03:36','2026-06-17 23:03:36'),
(30,'Point of Sale','pos.products','Manage Products','2026-06-17 23:03:36','2026-06-17 23:03:36'),
(31,'Billing','billing.view','View Billing & Folios','2026-06-17 23:03:36','2026-06-17 23:03:36'),
(32,'Settings','settings.view','View Settings','2026-06-17 23:03:36','2026-06-17 23:03:36'),
(33,'Settings','settings.edit','Edit Settings','2026-06-17 23:03:36','2026-06-17 23:03:36'),
(34,'Staff','staff.view','View Staff','2026-06-17 23:03:36','2026-06-17 23:03:36'),
(35,'Staff','staff.manage','Manage Staff','2026-06-17 23:03:36','2026-06-17 23:03:36'),
(36,'Roles','roles.view','View Roles','2026-06-17 23:03:36','2026-06-17 23:03:36'),
(37,'Roles','roles.manage','Manage Roles & Permissions','2026-06-17 23:03:36','2026-06-17 23:03:36'),
(38,'Website','website.manage','Manage Website Content','2026-06-17 23:03:36','2026-06-17 23:03:36'),
(39,'Shifts','shifts.view','View Shift Log','2026-06-17 23:03:36','2026-06-17 23:03:36'),
(40,'Shifts','shifts.manage','Manage All Shifts','2026-06-17 23:03:36','2026-06-17 23:03:36');

--
-- Table structure for table `pos_products`
--

CREATE TABLE `pos_products` (
  `id` bigint(20) unsigned NOT NULL AUTO_INCREMENT,
  `name` varchar(255) NOT NULL,
  `description` text DEFAULT NULL,
  `image_path` varchar(255) DEFAULT NULL,
  `price` decimal(10,2) NOT NULL,
  `category` varchar(255) NOT NULL DEFAULT 'other',
  `active` tinyint(1) NOT NULL DEFAULT 1,
  `created_at` timestamp NULL DEFAULT NULL,
  `updated_at` timestamp NULL DEFAULT NULL,
  PRIMARY KEY (`id`)
) ENGINE=InnoDB AUTO_INCREMENT=29 DEFAULT CHARSET=utf8mb4 COLLATE=utf8mb4_unicode_ci;

--
-- Dumping data for table `pos_products`
--

INSERT INTO `pos_products` VALUES
(1,'Coffee (Hot)',NULL,NULL,65.00,'food_beverage',1,'2026-06-17 23:03:36','2026-06-17 23:03:36'),
(2,'Hot Chocolate',NULL,NULL,75.00,'food_beverage',1,'2026-06-17 23:03:36','2026-06-17 23:03:36'),
(3,'Orange Juice',NULL,NULL,85.00,'food_beverage',1,'2026-06-17 23:03:36','2026-06-17 23:03:36'),
(4,'Bottled Water (500ml)',NULL,NULL,25.00,'food_beverage',1,'2026-06-17 23:03:36','2026-06-17 23:03:36'),
(5,'Softdrinks (Regular)',NULL,NULL,45.00,'food_beverage',1,'2026-06-17 23:03:36','2026-06-17 23:03:36'),
(6,'Breakfast Set A',NULL,NULL,250.00,'food_beverage',1,'2026-06-17 23:03:36','2026-06-17 23:03:36'),
(7,'Filipino Breakfast Set',NULL,NULL,280.00,'food_beverage',1,'2026-06-17 23:03:36','2026-06-17 23:03:36'),
(8,'Lunch Set',NULL,NULL,350.00,'food_beverage',1,'2026-06-17 23:03:36','2026-06-17 23:03:36'),
(9,'Dinner Set',NULL,NULL,450.00,'food_beverage',1,'2026-06-17 23:03:36','2026-06-17 23:03:36'),
(10,'Rice (per serving)',NULL,NULL,30.00,'food_beverage',1,'2026-06-17 23:03:36','2026-06-17 23:03:36'),
(11,'Toast & Butter',NULL,NULL,75.00,'food_beverage',1,'2026-06-17 23:03:36','2026-06-17 23:03:36'),
(12,'Beer – San Miguel Pale',NULL,NULL,85.00,'minibar',1,'2026-06-17 23:03:36','2026-06-17 23:03:36'),
(13,'Beer – San Miguel Light',NULL,NULL,90.00,'minibar',1,'2026-06-17 23:03:36','2026-06-17 23:03:36'),
(14,'Pringles Original',NULL,NULL,120.00,'minibar',1,'2026-06-17 23:03:36','2026-06-17 23:03:36'),
(15,'Snickers Bar',NULL,NULL,55.00,'minibar',1,'2026-06-17 23:03:36','2026-06-17 23:03:36'),
(16,'Nuts & Crackers',NULL,NULL,75.00,'minibar',1,'2026-06-17 23:03:36','2026-06-17 23:03:36'),
(17,'T-Shirt / Polo',NULL,NULL,35.00,'laundry',1,'2026-06-17 23:03:36','2026-06-17 23:03:36'),
(18,'Pants / Jeans',NULL,NULL,50.00,'laundry',1,'2026-06-17 23:03:36','2026-06-17 23:03:36'),
(19,'Dress / Blouse',NULL,NULL,45.00,'laundry',1,'2026-06-17 23:03:36','2026-06-17 23:03:36'),
(20,'Underwear / Socks',NULL,NULL,20.00,'laundry',1,'2026-06-17 23:03:36','2026-06-17 23:03:36'),
(21,'Bedsheet Set',NULL,NULL,120.00,'laundry',1,'2026-06-17 23:03:36','2026-06-17 23:03:36'),
(22,'Local Call (per call)',NULL,NULL,15.00,'telephone',1,'2026-06-17 23:03:36','2026-06-17 23:03:36'),
(23,'Long Distance (per min)',NULL,NULL,25.00,'telephone',1,'2026-06-17 23:03:36','2026-06-17 23:03:36'),
(24,'Extra Pillow',NULL,NULL,100.00,'other',1,'2026-06-17 23:03:36','2026-06-17 23:03:36'),
(25,'Extra Blanket',NULL,NULL,150.00,'other',1,'2026-06-17 23:03:36','2026-06-17 23:03:36'),
(26,'Baby Cot',NULL,NULL,300.00,'other',1,'2026-06-17 23:03:36','2026-06-17 23:03:36'),
(27,'Internet Day Pass',NULL,NULL,100.00,'other',1,'2026-06-17 23:03:36','2026-06-17 23:03:36'),
(28,'Printing (per page)',NULL,NULL,5.00,'other',1,'2026-06-17 23:03:36','2026-06-17 23:03:36');

--
-- Table structure for table `pos_transaction_items`
--

CREATE TABLE `pos_transaction_items` (
  `id` bigint(20) unsigned NOT NULL AUTO_INCREMENT,
  `pos_transaction_id` bigint(20) unsigned NOT NULL,
  `pos_product_id` bigint(20) unsigned DEFAULT NULL,
  `description` varchar(255) NOT NULL,
  `unit_price` decimal(10,2) NOT NULL,
  `quantity` smallint(5) unsigned NOT NULL DEFAULT 1,
  `category` varchar(255) NOT NULL DEFAULT 'other',
  `created_at` timestamp NULL DEFAULT NULL,
  `updated_at` timestamp NULL DEFAULT NULL,
  PRIMARY KEY (`id`),
  KEY `pos_transaction_items_pos_transaction_id_index` (`pos_transaction_id`)
) ENGINE=InnoDB AUTO_INCREMENT=72 DEFAULT CHARSET=utf8mb4 COLLATE=utf8mb4_unicode_ci;

--
-- Dumping data for table `pos_transaction_items`
--

INSERT INTO `pos_transaction_items` VALUES
(1,1,1,'Coffee (Hot)',65.00,2,'food_beverage','2026-06-17 23:03:36','2026-06-17 23:03:36'),
(2,1,6,'Breakfast Set A',250.00,2,'food_beverage','2026-06-17 23:03:36','2026-06-17 23:03:36'),
(3,1,4,'Bottled Water (500ml)',25.00,2,'food_beverage','2026-06-17 23:03:36','2026-06-17 23:03:36'),
(4,2,12,'Beer – San Miguel Pale',85.00,3,'minibar','2026-06-17 23:03:36','2026-06-17 23:03:36'),
(5,2,14,'Pringles Original',120.00,2,'minibar','2026-06-17 23:03:36','2026-06-17 23:03:36'),
(6,2,16,'Nuts & Crackers',75.00,1,'minibar','2026-06-17 23:03:36','2026-06-17 23:03:36'),
(7,3,17,'T-Shirt / Polo',35.00,4,'laundry','2026-06-17 23:03:36','2026-06-17 23:03:36'),
(8,3,18,'Pants / Jeans',50.00,2,'laundry','2026-06-17 23:03:36','2026-06-17 23:03:36'),
(9,3,19,'Dress / Blouse',45.00,2,'laundry','2026-06-17 23:03:36','2026-06-17 23:03:36'),
(10,3,20,'Underwear / Socks',20.00,3,'laundry','2026-06-17 23:03:36','2026-06-17 23:03:36'),
(11,4,8,'Lunch Set',350.00,1,'food_beverage','2026-06-17 23:03:36','2026-06-17 23:03:36'),
(12,4,10,'Rice (per serving)',30.00,2,'food_beverage','2026-06-17 23:03:36','2026-06-17 23:03:36'),
(13,4,3,'Orange Juice',85.00,1,'food_beverage','2026-06-17 23:03:36','2026-06-17 23:03:36'),
(14,4,5,'Softdrinks (Regular)',45.00,2,'food_beverage','2026-06-17 23:03:36','2026-06-17 23:03:36'),
(15,5,27,'Internet Day Pass',100.00,1,'other','2026-06-17 23:03:36','2026-06-17 23:03:36'),
(16,5,28,'Printing (per page)',5.00,8,'other','2026-06-17 23:03:36','2026-06-17 23:03:36'),
(17,6,9,'Dinner Set',450.00,2,'food_beverage','2026-06-17 23:03:36','2026-06-17 23:03:36'),
(18,6,10,'Rice (per serving)',30.00,3,'food_beverage','2026-06-17 23:03:36','2026-06-17 23:03:36'),
(19,6,2,'Hot Chocolate',75.00,2,'food_beverage','2026-06-17 23:03:36','2026-06-17 23:03:36'),
(20,7,7,'Filipino Breakfast Set',280.00,1,'food_beverage','2026-06-17 23:03:36','2026-06-17 23:03:36'),
(21,7,1,'Coffee (Hot)',65.00,2,'food_beverage','2026-06-17 23:03:36','2026-06-17 23:03:36'),
(22,7,11,'Toast & Butter',75.00,1,'food_beverage','2026-06-17 23:03:36','2026-06-17 23:03:36'),
(23,7,3,'Orange Juice',85.00,1,'food_beverage','2026-06-17 23:03:36','2026-06-17 23:03:36'),
(24,8,21,'Bedsheet Set',120.00,1,'laundry','2026-06-17 23:03:36','2026-06-17 23:03:36'),
(25,8,17,'T-Shirt / Polo',35.00,3,'laundry','2026-06-17 23:03:36','2026-06-17 23:03:36'),
(26,8,18,'Pants / Jeans',50.00,2,'laundry','2026-06-17 23:03:36','2026-06-17 23:03:36'),
(27,9,24,'Extra Pillow',100.00,2,'other','2026-06-17 23:03:36','2026-06-17 23:03:36'),
(28,9,25,'Extra Blanket',150.00,1,'other','2026-06-17 23:03:36','2026-06-17 23:03:36'),
(29,9,26,'Baby Cot',300.00,1,'other','2026-06-17 23:03:36','2026-06-17 23:03:36'),
(30,10,13,'Beer – San Miguel Light',90.00,2,'minibar','2026-06-17 23:03:36','2026-06-17 23:03:36'),
(31,10,14,'Pringles Original',120.00,1,'minibar','2026-06-17 23:03:36','2026-06-17 23:03:36'),
(32,10,15,'Snickers Bar',55.00,3,'minibar','2026-06-17 23:03:36','2026-06-17 23:03:36'),
(33,10,4,'Bottled Water (500ml)',25.00,4,'food_beverage','2026-06-17 23:03:36','2026-06-17 23:03:36'),
(34,11,1,'Coffee (Hot)',65.00,3,'food_beverage','2026-06-17 23:03:36','2026-06-17 23:03:36'),
(35,11,11,'Toast & Butter',75.00,2,'food_beverage','2026-06-17 23:03:36','2026-06-17 23:03:36'),
(36,11,4,'Bottled Water (500ml)',25.00,2,'food_beverage','2026-06-17 23:03:36','2026-06-17 23:03:36'),
(37,12,5,'Softdrinks (Regular)',45.00,4,'food_beverage','2026-06-17 23:03:36','2026-06-17 23:03:36'),
(38,12,4,'Bottled Water (500ml)',25.00,6,'food_beverage','2026-06-17 23:03:36','2026-06-17 23:03:36'),
(39,12,15,'Snickers Bar',55.00,2,'minibar','2026-06-17 23:03:36','2026-06-17 23:03:36'),
(40,13,6,'Breakfast Set A',250.00,2,'food_beverage','2026-06-17 23:03:36','2026-06-17 23:03:36'),
(41,13,3,'Orange Juice',85.00,2,'food_beverage','2026-06-17 23:03:36','2026-06-17 23:03:36'),
(42,13,1,'Coffee (Hot)',65.00,2,'food_beverage','2026-06-17 23:03:36','2026-06-17 23:03:36'),
(43,14,17,'T-Shirt / Polo',35.00,5,'laundry','2026-06-17 23:03:36','2026-06-17 23:03:36'),
(44,14,18,'Pants / Jeans',50.00,3,'laundry','2026-06-17 23:03:36','2026-06-17 23:03:36'),
(45,14,19,'Dress / Blouse',45.00,2,'laundry','2026-06-17 23:03:36','2026-06-17 23:03:36'),
(46,14,21,'Bedsheet Set',120.00,1,'laundry','2026-06-17 23:03:36','2026-06-17 23:03:36'),
(47,15,2,'Hot Chocolate',75.00,1,'food_beverage','2026-06-17 23:03:36','2026-06-17 23:03:36'),
(48,15,14,'Pringles Original',120.00,1,'minibar','2026-06-17 23:03:36','2026-06-17 23:03:36'),
(49,15,16,'Nuts & Crackers',75.00,2,'minibar','2026-06-17 23:03:36','2026-06-17 23:03:36'),
(50,16,8,'Lunch Set',350.00,4,'food_beverage','2026-06-17 23:03:36','2026-06-17 23:03:36'),
(51,16,10,'Rice (per serving)',30.00,6,'food_beverage','2026-06-17 23:03:36','2026-06-17 23:03:36'),
(52,16,5,'Softdrinks (Regular)',45.00,4,'food_beverage','2026-06-17 23:03:36','2026-06-17 23:03:36'),
(53,16,4,'Bottled Water (500ml)',25.00,4,'food_beverage','2026-06-17 23:03:36','2026-06-17 23:03:36'),
(54,17,12,'Beer – San Miguel Pale',85.00,6,'minibar','2026-06-17 23:03:36','2026-06-17 23:03:36'),
(55,17,13,'Beer – San Miguel Light',90.00,3,'minibar','2026-06-17 23:03:36','2026-06-17 23:03:36'),
(56,17,16,'Nuts & Crackers',75.00,4,'minibar','2026-06-17 23:03:36','2026-06-17 23:03:36'),
(57,18,9,'Dinner Set',450.00,2,'food_beverage','2026-06-17 23:03:36','2026-06-17 23:03:36'),
(58,18,10,'Rice (per serving)',30.00,4,'food_beverage','2026-06-17 23:03:36','2026-06-17 23:03:36'),
(59,18,3,'Orange Juice',85.00,2,'food_beverage','2026-06-17 23:03:36','2026-06-17 23:03:36'),
(60,18,2,'Hot Chocolate',75.00,1,'food_beverage','2026-06-17 23:03:36','2026-06-17 23:03:36'),
(61,19,27,'Internet Day Pass',100.00,2,'other','2026-06-17 23:03:36','2026-06-17 23:03:36'),
(62,19,28,'Printing (per page)',5.00,15,'other','2026-06-17 23:03:36','2026-06-17 23:03:36'),
(63,20,2,'Hot Chocolate',75.00,2,'food_beverage','2026-06-17 23:03:36','2026-06-17 23:03:36'),
(64,20,15,'Snickers Bar',55.00,3,'minibar','2026-06-17 23:03:36','2026-06-17 23:03:36'),
(65,20,1,'Coffee (Hot)',65.00,1,'food_beverage','2026-06-17 23:03:36','2026-06-17 23:03:36'),
(66,20,4,'Bottled Water (500ml)',25.00,3,'food_beverage','2026-06-17 23:03:36','2026-06-17 23:03:36'),
(67,21,4,'Bottled Water (500ml)',25.00,1,'food_beverage','2026-06-18 13:48:47','2026-06-18 13:48:47'),
(68,21,1,'Coffee (Hot)',65.00,1,'food_beverage','2026-06-18 13:48:47','2026-06-18 13:48:47'),
(69,21,7,'Filipino Breakfast Set',280.00,1,'food_beverage','2026-06-18 13:48:47','2026-06-18 13:48:47'),
(70,21,2,'Hot Chocolate',75.00,1,'food_beverage','2026-06-18 13:48:47','2026-06-18 13:48:47'),
(71,21,10,'Rice (per serving)',30.00,1,'food_beverage','2026-06-18 13:48:47','2026-06-18 13:48:47');

--
-- Table structure for table `pos_transactions`
--

CREATE TABLE `pos_transactions` (
  `id` bigint(20) unsigned NOT NULL AUTO_INCREMENT,
  `reservation_id` bigint(20) unsigned DEFAULT NULL,
  `cashier` varchar(255) NOT NULL DEFAULT 'Front Desk',
  `total` decimal(10,2) NOT NULL,
  `payment_method` varchar(255) DEFAULT NULL,
  `reference` varchar(255) DEFAULT NULL,
  `or_number` varchar(255) DEFAULT NULL,
  `notes` text DEFAULT NULL,
  `transaction_date` date NOT NULL,
  `created_at` timestamp NULL DEFAULT NULL,
  `updated_at` timestamp NULL DEFAULT NULL,
  PRIMARY KEY (`id`),
  UNIQUE KEY `pos_transactions_or_number_unique` (`or_number`),
  KEY `pos_transactions_reservation_id_index` (`reservation_id`)
) ENGINE=InnoDB AUTO_INCREMENT=22 DEFAULT CHARSET=utf8mb4 COLLATE=utf8mb4_unicode_ci;

--
-- Dumping data for table `pos_transactions`
--

INSERT INTO `pos_transactions` VALUES
(1,1,'Front Desk',680.00,NULL,NULL,NULL,'Room service — breakfast for 2','2026-06-13','2026-06-17 23:03:36','2026-06-17 23:03:36'),
(2,1,'Front Desk',570.00,NULL,NULL,NULL,'Minibar restock','2026-06-14','2026-06-17 23:03:36','2026-06-17 23:03:36'),
(3,34,'Front Desk',390.00,NULL,NULL,NULL,'Laundry batch #1','2026-06-13','2026-06-17 23:03:36','2026-06-17 23:03:36'),
(4,2,'Front Desk',585.00,NULL,NULL,NULL,'In-room lunch','2026-06-13','2026-06-17 23:03:36','2026-06-17 23:03:36'),
(5,2,'Front Desk',140.00,NULL,NULL,NULL,NULL,'2026-06-14','2026-06-17 23:03:36','2026-06-17 23:03:36'),
(6,4,'Front Desk',1140.00,NULL,NULL,NULL,'Room service — dinner','2026-06-12','2026-06-17 23:03:36','2026-06-17 23:03:36'),
(7,27,'Front Desk',570.00,NULL,NULL,NULL,'Room service — breakfast','2026-06-14','2026-06-17 23:03:36','2026-06-17 23:03:36'),
(8,28,'Front Desk',325.00,NULL,NULL,NULL,'Laundry & bedsheet','2026-06-13','2026-06-17 23:03:36','2026-06-17 23:03:36'),
(9,29,'Front Desk',650.00,NULL,NULL,NULL,'Extra amenities','2026-06-12','2026-06-17 23:03:36','2026-06-17 23:03:36'),
(10,30,'Front Desk',565.00,NULL,NULL,NULL,NULL,'2026-06-14','2026-06-17 23:03:36','2026-06-17 23:03:36'),
(11,NULL,'Front Desk',395.00,'Cash',NULL,NULL,NULL,'2026-06-12','2026-06-17 23:03:36','2026-06-17 23:03:36'),
(12,NULL,'Front Desk',440.00,'GCash','GC-20260612-0041',NULL,NULL,'2026-06-12','2026-06-17 23:03:36','2026-06-17 23:03:36'),
(13,NULL,'Front Desk',800.00,'Cash',NULL,NULL,'Walk-in breakfast — 2 guests','2026-06-13','2026-06-17 23:03:36','2026-06-17 23:03:36'),
(14,NULL,'Front Desk',535.00,'Maya','MAYA-5512-8834',NULL,'External laundry walk-in','2026-06-13','2026-06-17 23:03:36','2026-06-17 23:03:36'),
(15,NULL,'Front Desk',345.00,'Cash',NULL,NULL,NULL,'2026-06-13','2026-06-17 23:03:36','2026-06-17 23:03:36'),
(16,NULL,'Front Desk',1860.00,'Credit Card','CC-XXXX-5291',NULL,'Corporate lunch — meeting group','2026-06-13','2026-06-17 23:03:36','2026-06-17 23:03:36'),
(17,NULL,'Front Desk',1080.00,'GCash','GC-20260614-0019',NULL,NULL,'2026-06-14','2026-06-17 23:03:36','2026-06-17 23:03:36'),
(18,NULL,'Front Desk',1265.00,'Cash',NULL,NULL,NULL,'2026-06-14','2026-06-17 23:03:36','2026-06-17 23:03:36'),
(19,NULL,'Front Desk',275.00,'Debit Card','DBT-9872',NULL,'Business center usage','2026-06-14','2026-06-17 23:03:36','2026-06-17 23:03:36'),
(20,NULL,'Front Desk',455.00,'Cash',NULL,NULL,NULL,'2026-06-14','2026-06-17 23:03:36','2026-06-17 23:03:36'),
(21,47,'Front Desk',475.00,NULL,NULL,NULL,'Room Charge','2026-06-18','2026-06-18 13:48:47','2026-06-18 13:48:47');

--
-- Table structure for table `posts`
--

CREATE TABLE `posts` (
  `id` bigint(20) unsigned NOT NULL AUTO_INCREMENT,
  `title` varchar(255) NOT NULL,
  `slug` varchar(255) NOT NULL,
  `excerpt` varchar(255) DEFAULT NULL,
  `body` text NOT NULL,
  `cover_image` varchar(255) DEFAULT NULL,
  `category` varchar(255) DEFAULT NULL,
  `author_id` bigint(20) unsigned DEFAULT NULL,
  `status` varchar(255) NOT NULL DEFAULT 'draft',
  `published_at` timestamp NULL DEFAULT NULL,
  `deleted_at` timestamp NULL DEFAULT NULL,
  `created_at` timestamp NULL DEFAULT NULL,
  `updated_at` timestamp NULL DEFAULT NULL,
  PRIMARY KEY (`id`),
  UNIQUE KEY `posts_slug_unique` (`slug`),
  KEY `posts_author_id_foreign` (`author_id`),
  CONSTRAINT `posts_author_id_foreign` FOREIGN KEY (`author_id`) REFERENCES `users` (`id`) ON DELETE SET NULL
) ENGINE=InnoDB DEFAULT CHARSET=utf8mb4 COLLATE=utf8mb4_unicode_ci;

--
-- Dumping data for table `posts`
--


--
-- Table structure for table `promotions`
--

CREATE TABLE `promotions` (
  `id` bigint(20) unsigned NOT NULL AUTO_INCREMENT,
  `title` varchar(255) NOT NULL,
  `slug` varchar(255) DEFAULT NULL,
  `subtitle` varchar(255) DEFAULT NULL,
  `body` text DEFAULT NULL,
  `image_path` varchar(255) DEFAULT NULL,
  `badge_label` varchar(255) DEFAULT NULL,
  `promo_code` varchar(255) DEFAULT NULL,
  `price_from` decimal(10,2) DEFAULT NULL,
  `cta_url` varchar(255) DEFAULT NULL,
  `valid_from` date DEFAULT NULL,
  `valid_until` date DEFAULT NULL,
  `sort_order` int(11) NOT NULL DEFAULT 0,
  `active` tinyint(1) NOT NULL DEFAULT 1,
  `deleted_at` timestamp NULL DEFAULT NULL,
  `created_at` timestamp NULL DEFAULT NULL,
  `updated_at` timestamp NULL DEFAULT NULL,
  PRIMARY KEY (`id`)
) ENGINE=InnoDB DEFAULT CHARSET=utf8mb4 COLLATE=utf8mb4_unicode_ci;

--
-- Dumping data for table `promotions`
--


--
-- Table structure for table `rate_plan_rates`
--

CREATE TABLE `rate_plan_rates` (
  `id` bigint(20) unsigned NOT NULL AUTO_INCREMENT,
  `rate_plan_id` bigint(20) unsigned NOT NULL,
  `room_type` varchar(255) NOT NULL,
  `rate` decimal(10,2) NOT NULL,
  `created_at` timestamp NULL DEFAULT NULL,
  `updated_at` timestamp NULL DEFAULT NULL,
  PRIMARY KEY (`id`),
  UNIQUE KEY `rate_plan_rates_rate_plan_id_room_type_unique` (`rate_plan_id`,`room_type`),
  KEY `rate_plan_rates_rate_plan_id_index` (`rate_plan_id`)
) ENGINE=InnoDB AUTO_INCREMENT=161 DEFAULT CHARSET=utf8mb4 COLLATE=utf8mb4_unicode_ci;

--
-- Dumping data for table `rate_plan_rates`
--

INSERT INTO `rate_plan_rates` VALUES
(1,5,'Economy Twin',599.00,'2026-06-17 23:03:36','2026-06-17 23:03:36'),
(2,5,'Economy Double',599.00,'2026-06-17 23:03:36','2026-06-17 23:03:36'),
(3,5,'Ordinary Twin',469.00,'2026-06-17 23:03:36','2026-06-17 23:03:36'),
(4,5,'Ordinary Double',469.00,'2026-06-17 23:03:36','2026-06-17 23:03:36'),
(5,5,'Standard Twin',729.00,'2026-06-17 23:03:36','2026-06-17 23:03:36'),
(6,5,'Standard Double',729.00,'2026-06-17 23:03:36','2026-06-17 23:03:36'),
(7,5,'Junior Deluxe',599.00,'2026-06-17 23:03:36','2026-06-17 23:03:36'),
(8,5,'Superior Deluxe',729.00,'2026-06-17 23:03:36','2026-06-17 23:03:36'),
(9,5,'Deluxe Twin',769.00,'2026-06-17 23:03:36','2026-06-17 23:03:36'),
(10,5,'Deluxe Double',769.00,'2026-06-17 23:03:36','2026-06-17 23:03:36'),
(11,5,'Deluxe Trio',1069.00,'2026-06-17 23:03:36','2026-06-17 23:03:36'),
(12,5,'Barkadahan',1299.00,'2026-06-17 23:03:36','2026-06-17 23:03:36'),
(13,5,'Family Room',1399.00,'2026-06-17 23:03:36','2026-06-17 23:03:36'),
(14,5,'Family Room 2',1399.00,'2026-06-17 23:03:36','2026-06-17 23:03:36'),
(15,5,'Executive Suite',1499.00,'2026-06-17 23:03:36','2026-06-17 23:03:36'),
(16,6,'Economy Twin',559.00,'2026-06-17 23:03:36','2026-06-17 23:03:36'),
(17,6,'Economy Double',559.00,'2026-06-17 23:03:36','2026-06-17 23:03:36'),
(18,6,'Ordinary Twin',439.00,'2026-06-17 23:03:36','2026-06-17 23:03:36'),
(19,6,'Ordinary Double',439.00,'2026-06-17 23:03:36','2026-06-17 23:03:36'),
(20,6,'Standard Twin',679.00,'2026-06-17 23:03:36','2026-06-17 23:03:36'),
(21,6,'Standard Double',679.00,'2026-06-17 23:03:36','2026-06-17 23:03:36'),
(22,6,'Junior Deluxe',559.00,'2026-06-17 23:03:36','2026-06-17 23:03:36'),
(23,6,'Superior Deluxe',679.00,'2026-06-17 23:03:36','2026-06-17 23:03:36'),
(24,6,'Deluxe Twin',719.00,'2026-06-17 23:03:36','2026-06-17 23:03:36'),
(25,6,'Deluxe Double',719.00,'2026-06-17 23:03:36','2026-06-17 23:03:36'),
(26,6,'Deluxe Trio',999.00,'2026-06-17 23:03:36','2026-06-17 23:03:36'),
(27,6,'Barkadahan',1199.00,'2026-06-17 23:03:36','2026-06-17 23:03:36'),
(28,6,'Family Room',1319.00,'2026-06-17 23:03:36','2026-06-17 23:03:36'),
(29,6,'Family Room 2',1319.00,'2026-06-17 23:03:36','2026-06-17 23:03:36'),
(30,6,'Executive Suite',1399.00,'2026-06-17 23:03:36','2026-06-17 23:03:36'),
(81,31,'Economy Junior',569.00,'2026-06-30 23:50:15','2026-06-30 23:50:15'),
(82,31,'Ordinary Twin',522.00,'2026-06-30 23:50:15','2026-06-30 23:50:15'),
(83,31,'Ordinary Double',522.00,'2026-06-30 23:50:15','2026-06-30 23:50:15'),
(84,31,'Junior Deluxe',664.00,'2026-06-30 23:50:15','2026-06-30 23:50:15'),
(85,31,'Economy Twin',664.00,'2026-06-30 23:50:15','2026-06-30 23:50:15'),
(86,31,'Economy Double',664.00,'2026-06-30 23:50:15','2026-06-30 23:50:15'),
(87,31,'Superior Deluxe',807.00,'2026-06-30 23:50:15','2026-06-30 23:50:15'),
(88,31,'Standard Twin',807.00,'2026-06-30 23:50:15','2026-06-30 23:50:15'),
(89,31,'Standard Double',807.00,'2026-06-30 23:50:15','2026-06-30 23:50:15'),
(90,31,'Deluxe Twin',854.00,'2026-06-30 23:50:15','2026-06-30 23:50:15'),
(91,31,'Deluxe Double',854.00,'2026-06-30 23:50:15','2026-06-30 23:50:15'),
(92,31,'Deluxe Trio',1287.00,'2026-06-30 23:50:15','2026-06-30 23:50:15'),
(93,31,'Barkadahan',1377.00,'2026-06-30 23:50:16','2026-06-30 23:50:16'),
(94,31,'Family Room',1567.00,'2026-06-30 23:50:16','2026-06-30 23:50:16'),
(95,31,'Family Room 2',1567.00,'2026-06-30 23:50:16','2026-06-30 23:50:16'),
(96,31,'Executive Suite',1662.00,'2026-06-30 23:50:16','2026-06-30 23:50:16'),
(129,35,'Economy Junior',599.00,'2026-07-18 21:19:12','2026-07-18 21:19:12'),
(130,35,'Ordinary Twin',549.00,'2026-07-18 21:19:12','2026-07-18 21:19:12'),
(131,35,'Ordinary Double',549.00,'2026-07-18 21:19:12','2026-07-18 21:19:12'),
(132,35,'Junior Deluxe',699.00,'2026-07-18 21:19:12','2026-07-18 21:19:12'),
(133,35,'Economy Twin',699.00,'2026-07-18 21:19:12','2026-07-18 21:19:12'),
(134,35,'Economy Double',699.00,'2026-07-18 21:19:12','2026-07-18 21:19:12'),
(135,35,'Standard Double',849.00,'2026-07-18 21:19:12','2026-07-18 21:19:12'),
(136,35,'Superior Deluxe',849.00,'2026-07-18 21:19:12','2026-07-18 21:19:12'),
(137,35,'Standard Twin',849.00,'2026-07-18 21:19:12','2026-07-18 21:19:12'),
(138,35,'Deluxe Double',899.00,'2026-07-18 21:19:12','2026-07-18 21:19:12'),
(139,35,'Deluxe Twin',899.00,'2026-07-18 21:19:12','2026-07-18 21:19:12'),
(140,35,'Deluxe Trio',1249.00,'2026-07-18 21:19:12','2026-07-18 21:19:12'),
(141,35,'Barkadahan',1449.00,'2026-07-18 21:19:12','2026-07-18 21:19:12'),
(142,35,'Family Room 2',1649.00,'2026-07-18 21:19:12','2026-07-18 21:19:12'),
(143,35,'Family Room',1649.00,'2026-07-18 21:19:12','2026-07-18 21:19:12'),
(144,35,'Executive Suite',1749.00,'2026-07-18 21:19:12','2026-07-18 21:19:12'),
(145,36,'Economy Junior',479.00,'2026-07-18 21:30:08','2026-07-18 21:30:08'),
(146,36,'Ordinary Twin',494.00,'2026-07-18 21:30:08','2026-07-18 21:30:08'),
(147,36,'Ordinary Double',494.00,'2026-07-18 21:30:08','2026-07-18 21:30:08'),
(148,36,'Junior Deluxe',559.00,'2026-07-18 21:30:08','2026-07-18 21:30:08'),
(149,36,'Economy Twin',629.00,'2026-07-18 21:30:08','2026-07-18 21:30:08'),
(150,36,'Economy Double',629.00,'2026-07-18 21:30:08','2026-07-18 21:30:08'),
(151,36,'Superior Deluxe',764.00,'2026-07-18 21:30:08','2026-07-18 21:30:08'),
(152,36,'Standard Twin',764.00,'2026-07-18 21:30:08','2026-07-18 21:30:08'),
(153,36,'Standard Double',764.00,'2026-07-18 21:30:08','2026-07-18 21:30:08'),
(154,36,'Deluxe Twin',809.00,'2026-07-18 21:30:08','2026-07-18 21:30:08'),
(155,36,'Deluxe Double',809.00,'2026-07-18 21:30:08','2026-07-18 21:30:08'),
(156,36,'Deluxe Trio',1166.00,'2026-07-18 21:30:08','2026-07-18 21:30:08'),
(157,36,'Barkadahan',1377.00,'2026-07-18 21:30:08','2026-07-18 21:30:08'),
(158,36,'Family Room',1567.00,'2026-07-18 21:30:08','2026-07-18 21:30:08'),
(159,36,'Family Room 2',1567.00,'2026-07-18 21:30:08','2026-07-18 21:30:08'),
(160,36,'Executive Suite',1662.00,'2026-07-18 21:30:08','2026-07-18 21:30:08');

--
-- Table structure for table `rate_plans`
--

CREATE TABLE `rate_plans` (
  `id` bigint(20) unsigned NOT NULL AUTO_INCREMENT,
  `name` varchar(255) NOT NULL,
  `code` varchar(20) NOT NULL,
  `type` enum('percent_off','amount_off','fixed') NOT NULL,
  `value` decimal(8,2) DEFAULT NULL,
  `description` text DEFAULT NULL,
  `min_nights` smallint(5) unsigned DEFAULT NULL,
  `valid_from` date DEFAULT NULL,
  `valid_until` date DEFAULT NULL,
  `active` tinyint(1) NOT NULL DEFAULT 1,
  `created_at` timestamp NULL DEFAULT NULL,
  `updated_at` timestamp NULL DEFAULT NULL,
  `deleted_at` timestamp NULL DEFAULT NULL,
  PRIMARY KEY (`id`),
  UNIQUE KEY `rate_plans_code_unique` (`code`)
) ENGINE=InnoDB AUTO_INCREMENT=37 DEFAULT CHARSET=utf8mb4 COLLATE=utf8mb4_unicode_ci;

--
-- Dumping data for table `rate_plans`
--

INSERT INTO `rate_plans` VALUES
(1,'Advance Purchase Rate','ARP','percent_off',10.00,'10% discount for bookings made 7 or more days in advance.',NULL,NULL,NULL,1,'2026-06-17 23:03:36','2026-06-29 15:10:47','2026-06-29 15:10:47'),
(2,'Long Stay Discount','LSD','percent_off',15.00,'15% discount for stays of 7 nights or more.',7,NULL,NULL,1,'2026-06-17 23:03:36','2026-06-17 23:03:36',NULL),
(3,'Senior Citizen / PWD Rate','SCPWD','percent_off',20.00,'20% mandatory discount for Senior Citizens and PWDs (RA 9994 / RA 7277).',NULL,NULL,NULL,1,'2026-06-17 23:03:36','2026-06-17 23:03:36',NULL),
(4,'Group Rate','GRP','percent_off',10.00,'10% discount for group bookings of 5 rooms or more.',NULL,NULL,NULL,1,'2026-06-17 23:03:36','2026-06-17 23:03:36',NULL),
(5,'Corporate Rate','CORP','fixed',NULL,'Contracted rates for corporate accounts and business travellers.',NULL,NULL,NULL,1,'2026-06-17 23:03:36','2026-06-17 23:03:36',NULL),
(6,'Government / DepEd Rate','GOV','fixed',NULL,'Preferential rates for government employees and DepEd personnel.',NULL,NULL,NULL,1,'2026-06-17 23:03:36','2026-06-17 23:03:36',NULL),
(7,'Agoda 20%','AGD20','percent_off',20.00,NULL,NULL,NULL,NULL,1,'2026-06-29 12:32:30','2026-06-29 12:33:04','2026-06-29 12:33:04'),
(18,'AGODA','AGD','percent_off',20.00,NULL,1,'2026-06-01','2028-06-01',1,'2026-06-29 15:12:47','2026-06-29 15:17:14','2026-06-29 15:17:14'),
(22,'Agoda 20 Discount','AGD-20','percent_off',20.00,NULL,1,'2026-06-01','2028-06-01',1,'2026-06-29 15:22:35','2026-06-29 15:22:35',NULL),
(23,'Agoda 25 Discount','AGD-25','percent_off',25.00,NULL,1,'2026-06-01','2028-06-01',1,'2026-06-29 15:23:06','2026-06-29 15:23:06',NULL),
(24,'LESS 100','CSH100','amount_off',100.00,NULL,NULL,'2026-06-30','2028-06-30',1,'2026-06-30 18:02:35','2026-06-30 23:15:20','2026-06-30 23:15:20'),
(25,'EXE SUITE','EXST','fixed',NULL,NULL,NULL,'2026-06-30','2028-06-30',1,'2026-06-30 18:04:22','2026-06-30 18:24:15','2026-06-30 18:24:15'),
(26,'SUITE ROOM','402','fixed',NULL,NULL,NULL,'2026-06-30','2028-06-30',1,'2026-06-30 18:25:42','2026-06-30 23:14:43','2026-06-30 23:14:43'),
(27,'Agoda 40 Discount','agd40','percent_off',40.00,NULL,NULL,'2026-06-30','2028-06-30',1,'2026-06-30 22:40:10','2026-06-30 23:12:09','2026-06-30 23:12:09'),
(28,'Walk in Rates','wir','fixed',NULL,NULL,NULL,'2026-06-30','2028-06-30',1,'2026-06-30 23:17:00','2026-06-30 23:41:38','2026-06-30 23:41:38'),
(29,'Regular Guest Discounts','rgD','fixed',NULL,NULL,NULL,'2026-06-30','2028-06-30',1,'2026-06-30 23:40:41','2026-06-30 23:41:01','2026-06-30 23:41:01'),
(30,'Walk in Rate','Wr','fixed',NULL,NULL,NULL,'2026-06-30','2028-06-30',1,'2026-06-30 23:44:58','2026-07-18 20:57:49','2026-07-18 20:57:49'),
(31,'Regular Guest Discount','RG','fixed',5.00,NULL,NULL,'2026-06-30','2028-06-30',1,'2026-06-30 23:50:15','2026-06-30 23:50:15',NULL),
(32,'Booking 10 Discount','B-10','percent_off',10.00,NULL,NULL,'2026-07-02','2028-07-02',1,'2026-07-02 22:10:27','2026-07-02 22:10:27',NULL),
(33,'Walk in Rates','WkIR','fixed',NULL,NULL,NULL,'2026-07-01','2028-07-01',1,'2026-07-18 21:06:08','2026-07-18 21:06:29','2026-07-18 21:06:29'),
(34,'Walk in Rates','WI-R','fixed',NULL,NULL,NULL,'2026-07-01','2028-07-01',1,'2026-07-18 21:08:44','2026-07-18 21:15:36','2026-07-18 21:15:36'),
(35,'Walk-in Rate','WLKNR','fixed',NULL,NULL,NULL,'2026-07-01','2028-07-01',1,'2026-07-18 21:19:12','2026-07-18 21:19:12',NULL),
(36,'Senior Citizen / PWD Discount Rate','RG-SCPWD','fixed',NULL,'20% mandatory discount for Senior Citizens and PWDs (RA 9994 / RA 7277).',NULL,'2026-07-01','2028-07-01',1,'2026-07-18 21:30:08','2026-07-18 21:30:08',NULL);

--
-- Table structure for table `reservation_groups`
--

CREATE TABLE `reservation_groups` (
  `id` bigint(20) unsigned NOT NULL AUTO_INCREMENT,
  `group_no` varchar(255) NOT NULL,
  `guest_name` varchar(255) NOT NULL,
  `guest_phone` varchar(255) DEFAULT NULL,
  `guest_email` varchar(255) DEFAULT NULL,
  `check_in` date NOT NULL,
  `check_out` date NOT NULL,
  `notes` text DEFAULT NULL,
  `created_at` timestamp NULL DEFAULT NULL,
  `updated_at` timestamp NULL DEFAULT NULL,
  `deleted_at` timestamp NULL DEFAULT NULL,
  PRIMARY KEY (`id`),
  UNIQUE KEY `reservation_groups_group_no_unique` (`group_no`)
) ENGINE=InnoDB AUTO_INCREMENT=9 DEFAULT CHARSET=utf8mb4 COLLATE=utf8mb4_unicode_ci;

--
-- Dumping data for table `reservation_groups`
--

INSERT INTO `reservation_groups` VALUES
(1,'GRP-2026-000001','Juan Santos','+63 9170000000','juansantos@gmail.com','2026-06-19','2026-06-21',NULL,'2026-06-18 13:37:47','2026-06-18 13:37:47',NULL),
(2,'GRP-2026-000002','Chabby Ann Dela Cruz','+63 09088851235',NULL,'2026-07-01','2026-07-02',NULL,'2026-07-01 21:29:12','2026-07-01 21:29:12',NULL),
(3,'GRP-2026-000003','Waldemar Padla','+63 09775188347',NULL,'2026-07-07','2026-07-08',NULL,'2026-07-07 02:28:34','2026-07-07 02:28:34',NULL),
(4,'GRP-2026-000004','DENVER DALIGIDIG','+63 9066592650',NULL,'2026-07-09','2026-07-10',NULL,'2026-07-09 19:39:33','2026-07-09 19:39:33',NULL),
(5,'GRP-2026-000005','Klarizz Sheena Lagas','+63 9551836016',NULL,'2026-07-10','2026-07-12',NULL,'2026-07-10 20:39:47','2026-07-10 20:39:47',NULL),
(6,'GRP-2026-000006','KHEM LAMION','+63 ',NULL,'2026-07-11','2026-07-12',NULL,'2026-07-11 20:09:02','2026-07-11 20:09:02',NULL),
(7,'GRP-2026-000007','Adelah & Alioden Maruhom','+63 9702318680',NULL,'2026-07-17','2026-07-18',NULL,'2026-07-17 19:49:12','2026-07-17 19:49:12',NULL),
(8,'GRP-2026-000008','RONALD NANQUIL','+63 9096747282',NULL,'2026-07-22','2026-07-23',NULL,'2026-07-22 20:26:09','2026-07-22 20:26:09',NULL);

--
-- Table structure for table `reservation_payments`
--

CREATE TABLE `reservation_payments` (
  `id` bigint(20) unsigned NOT NULL AUTO_INCREMENT,
  `reservation_id` bigint(20) unsigned NOT NULL,
  `amount` decimal(10,2) NOT NULL,
  `method` varchar(255) NOT NULL,
  `reference` varchar(255) DEFAULT NULL,
  `or_number` varchar(255) DEFAULT NULL,
  `payment_date` date NOT NULL,
  `notes` varchar(255) DEFAULT NULL,
  `created_at` timestamp NULL DEFAULT NULL,
  `updated_at` timestamp NULL DEFAULT NULL,
  `deleted_at` timestamp NULL DEFAULT NULL,
  PRIMARY KEY (`id`),
  UNIQUE KEY `reservation_payments_or_number_unique` (`or_number`),
  KEY `reservation_payments_reservation_id_index` (`reservation_id`)
) ENGINE=InnoDB AUTO_INCREMENT=672 DEFAULT CHARSET=utf8mb4 COLLATE=utf8mb4_unicode_ci;

--
-- Dumping data for table `reservation_payments`
--

INSERT INTO `reservation_payments` VALUES
(1,1,700.00,'GCash','GC-20260612-001',NULL,'2026-06-12',NULL,'2026-06-17 23:03:35','2026-06-17 23:03:35',NULL),
(2,2,1500.00,'Bank Transfer','BT-BDO-20260610-882',NULL,'2026-06-10',NULL,'2026-06-17 23:03:35','2026-06-17 23:03:35',NULL),
(3,4,1698.00,'Cash','OR-2026-0041',NULL,'2026-06-13',NULL,'2026-06-17 23:03:35','2026-06-17 23:03:35',NULL),
(4,5,1500.00,'Maya','MY-20260611-4421',NULL,'2026-06-11',NULL,'2026-06-17 23:03:35','2026-06-17 23:03:35',NULL),
(5,6,3498.00,'Credit Card','CC-VISA-20260612-7721',NULL,'2026-06-12',NULL,'2026-06-17 23:03:35','2026-06-17 23:03:35',NULL),
(6,8,6596.00,'Credit Card','CC-MC-20260610-3341',NULL,'2026-06-10',NULL,'2026-06-17 23:03:35','2026-06-17 23:03:35',NULL),
(7,9,899.00,'GCash','GC-20260613-991',NULL,'2026-06-13',NULL,'2026-06-17 23:03:35','2026-06-17 23:03:35',NULL),
(8,10,3000.00,'Bank Transfer','BT-BPI-20260610-5521',NULL,'2026-06-10',NULL,'2026-06-17 23:03:35','2026-06-17 23:03:35',NULL),
(9,11,699.00,'GCash','GC-20260608-774',NULL,'2026-06-08',NULL,'2026-06-17 23:03:35','2026-06-17 23:03:35',NULL),
(10,12,1698.00,'Credit Card','CC-VISA-20260611-1201',NULL,'2026-06-11',NULL,'2026-06-17 23:03:35','2026-06-17 23:03:35',NULL),
(11,13,1698.00,'GCash','GC-20260612-3312',NULL,'2026-06-12',NULL,'2026-06-17 23:03:35','2026-06-17 23:03:35',NULL),
(12,14,1698.00,'Maya','MY-20260612-8821',NULL,'2026-06-12',NULL,'2026-06-17 23:03:35','2026-06-17 23:03:35',NULL),
(13,15,1398.00,'Cash','OR-2026-0038',NULL,'2026-06-11',NULL,'2026-06-17 23:03:35','2026-06-17 23:03:35',NULL),
(14,16,899.00,'Cash','OR-2026-0039',NULL,'2026-06-13',NULL,'2026-06-17 23:03:35','2026-06-17 23:03:35',NULL),
(15,17,1798.00,'Credit Card','CC-MC-20260611-4409',NULL,'2026-06-11',NULL,'2026-06-17 23:03:35','2026-06-17 23:03:35',NULL),
(16,18,1698.00,'GCash','GC-20260612-5678',NULL,'2026-06-12',NULL,'2026-06-17 23:03:35','2026-06-17 23:03:35',NULL),
(17,19,2097.00,'Cash','OR-2026-0029',NULL,'2026-06-05',NULL,'2026-06-17 23:03:35','2026-06-17 23:03:35',NULL),
(18,20,3396.00,'Bank Transfer','BT-BDO-20260603-2201',NULL,'2026-06-03',NULL,'2026-06-17 23:03:35','2026-06-17 23:03:35',NULL),
(19,21,2097.00,'Maya','MY-20260602-1109',NULL,'2026-06-02',NULL,'2026-06-17 23:03:35','2026-06-17 23:03:35',NULL),
(20,22,2097.00,'Credit Card','CC-VISA-20260601-0088',NULL,'2026-06-01',NULL,'2026-06-17 23:03:35','2026-06-17 23:03:35',NULL),
(21,23,1398.00,'Cash','OR-2026-0033',NULL,'2026-06-08',NULL,'2026-06-17 23:03:35','2026-06-17 23:03:35',NULL),
(22,24,3596.00,'Bank Transfer','BT-BPI-20260605-3301',NULL,'2026-06-05',NULL,'2026-06-17 23:03:35','2026-06-17 23:03:35',NULL),
(23,25,3596.00,'GCash','GC-20260607-7734',NULL,'2026-06-07',NULL,'2026-06-17 23:03:35','2026-06-17 23:03:35',NULL),
(24,26,3396.00,'Credit Card','CC-MC-20260606-5519',NULL,'2026-06-06',NULL,'2026-06-17 23:03:35','2026-06-17 23:03:35',NULL),
(25,27,1000.00,'GCash','GC-20260610-2288',NULL,'2026-06-10',NULL,'2026-06-17 23:03:35','2026-06-17 23:03:35',NULL),
(26,28,1500.00,'Maya','MY-20260609-6612',NULL,'2026-06-09',NULL,'2026-06-17 23:03:35','2026-06-17 23:03:35',NULL),
(27,29,2000.00,'Bank Transfer','BT-BDO-20260611-9914',NULL,'2026-06-11',NULL,'2026-06-17 23:03:35','2026-06-17 23:03:35',NULL),
(28,30,3000.00,'Credit Card','CC-VISA-20260608-1133',NULL,'2026-06-08',NULL,'2026-06-17 23:03:35','2026-06-17 23:03:35',NULL),
(29,32,2697.00,'GCash','GC-20260610-4491',NULL,'2026-06-10',NULL,'2026-06-17 23:03:35','2026-06-17 23:03:35',NULL),
(30,33,2000.00,'Maya','MY-20260611-8812',NULL,'2026-06-11',NULL,'2026-06-17 23:03:35','2026-06-17 23:03:35',NULL),
(31,34,700.00,'GCash','GC-20260612-7701',NULL,'2026-06-12',NULL,'2026-06-17 23:03:35','2026-06-17 23:03:35',NULL),
(32,36,1000.00,'Bank Transfer','BT-BPI-20260611-6630',NULL,'2026-06-11',NULL,'2026-06-17 23:03:35','2026-06-17 23:03:35',NULL),
(33,37,1249.00,'Credit Card','CC-VISA-20260613-9911',NULL,'2026-06-13',NULL,'2026-06-17 23:03:35','2026-06-17 23:03:35',NULL),
(34,38,1500.00,'Maya','MY-20260612-1145',NULL,'2026-06-12',NULL,'2026-06-17 23:03:35','2026-06-17 23:03:35',NULL),
(35,40,1000.00,'GCash','GC-20260613-3301',NULL,'2026-06-13',NULL,'2026-06-17 23:03:35','2026-06-17 23:03:35',NULL),
(36,41,1000.00,'Bank Transfer','BT-BDO-20260613-4482',NULL,'2026-06-13',NULL,'2026-06-17 23:03:35','2026-06-17 23:03:35',NULL),
(37,43,1000.00,'GCash','GC-20260613-5590',NULL,'2026-06-13',NULL,'2026-06-17 23:03:35','2026-06-17 23:03:35',NULL),
(38,47,1700.00,'Maya','MY-20260613-2278',NULL,'2026-06-13',NULL,'2026-06-17 23:03:35','2026-06-17 23:03:35',NULL),
(39,48,1000.00,'GCash','GC-20260613-8823',NULL,'2026-06-13',NULL,'2026-06-17 23:03:35','2026-06-17 23:03:35',NULL),
(40,49,3500.00,'Bank Transfer','BT-BPI-20260612-7701',NULL,'2026-06-12',NULL,'2026-06-17 23:03:35','2026-06-17 23:03:35',NULL),
(41,51,1700.00,'Credit Card','CC-VISA-20260613-4412',NULL,'2026-06-13',NULL,'2026-06-17 23:03:35','2026-06-17 23:03:35',NULL),
(42,52,2000.00,'GCash','GC-20260613-6634',NULL,'2026-06-13',NULL,'2026-06-17 23:03:35','2026-06-17 23:03:35',NULL),
(43,54,1700.00,'Maya','MY-20260613-9956',NULL,'2026-06-13',NULL,'2026-06-17 23:03:35','2026-06-17 23:03:35',NULL),
(44,56,1700.00,'GCash','GC-20260614-1101',NULL,'2026-06-14',NULL,'2026-06-17 23:03:35','2026-06-17 23:03:35',NULL),
(45,57,1700.00,'Bank Transfer','BT-BDO-20260614-2202',NULL,'2026-06-14',NULL,'2026-06-17 23:03:35','2026-06-17 23:03:35',NULL),
(46,58,1800.00,'Credit Card','CC-VISA-20260614-3303',NULL,'2026-06-14',NULL,'2026-06-17 23:03:35','2026-06-17 23:03:35',NULL),
(47,59,3300.00,'Bank Transfer','BT-BPI-20260614-4404',NULL,'2026-06-14',NULL,'2026-06-17 23:03:35','2026-06-17 23:03:35',NULL),
(48,60,3500.00,'Credit Card','CC-MC-20260614-5505',NULL,'2026-06-14',NULL,'2026-06-17 23:03:35','2026-06-17 23:03:35',NULL),
(49,62,1350.00,'GCash','GC-20260614-6606',NULL,'2026-06-14',NULL,'2026-06-17 23:03:35','2026-06-17 23:03:35',NULL),
(50,63,1875.00,'Maya','MY-20260614-7707',NULL,'2026-06-14',NULL,'2026-06-17 23:03:35','2026-06-17 23:03:35',NULL),
(51,64,1400.00,'GCash','GC-20260614-8808',NULL,'2026-06-14',NULL,'2026-06-17 23:03:35','2026-06-17 23:03:35',NULL),
(52,66,3300.00,'Bank Transfer','BT-BDO-20260614-9909',NULL,'2026-06-14',NULL,'2026-06-17 23:03:35','2026-06-17 23:03:35',NULL),
(53,67,3500.00,'Credit Card','CC-VISA-20260614-0010',NULL,'2026-06-14',NULL,'2026-06-17 23:03:35','2026-06-17 23:03:35',NULL),
(54,69,3300.00,'Maya','MY-20260614-1111',NULL,'2026-06-14',NULL,'2026-06-17 23:03:35','2026-06-17 23:03:35',NULL),
(55,71,3500.00,'Credit Card','CC-MC-20260614-2222',NULL,'2026-06-14',NULL,'2026-06-17 23:03:35','2026-06-17 23:03:35',NULL),
(56,72,3300.00,'Bank Transfer','BT-BPI-20260614-3333',NULL,'2026-06-14',NULL,'2026-06-17 23:03:35','2026-06-17 23:03:35',NULL),
(57,4,555.00,'Cash',NULL,NULL,'2026-06-18',NULL,'2026-06-18 11:59:02','2026-06-18 11:59:02',NULL),
(58,70,100.00,'Cash',NULL,NULL,'2026-06-18',NULL,'2026-06-18 12:01:00','2026-06-18 12:01:00',NULL),
(59,70,500.00,'GCash',NULL,NULL,'2026-06-18',NULL,'2026-06-18 12:01:00','2026-06-18 12:01:00',NULL),
(60,42,100.00,'Cash',NULL,NULL,'2026-06-18',NULL,'2026-06-18 12:05:30','2026-06-18 12:05:30',NULL),
(61,1,500.00,'Cash',NULL,NULL,'2026-06-18',NULL,'2026-06-18 13:06:10','2026-06-18 13:06:10',NULL),
(62,28,1252.00,'Cash',NULL,NULL,'2026-06-18',NULL,'2026-06-18 13:07:31','2026-06-18 13:07:31',NULL),
(63,46,1000.00,'Cash',NULL,NULL,'2026-06-18',NULL,'2026-06-18 13:10:47','2026-06-18 13:10:47',NULL),
(64,71,1000.00,'Cash',NULL,NULL,'2026-06-18',NULL,'2026-06-18 13:40:54','2026-06-18 13:40:54',NULL),
(65,71,300.00,'GCash',NULL,NULL,'2026-06-18',NULL,'2026-06-18 13:40:54','2026-06-18 13:40:54',NULL),
(66,45,1098.00,'Cash',NULL,NULL,'2026-06-18',NULL,'2026-06-18 13:52:57','2026-06-18 13:52:57',NULL),
(67,30,3886.00,'Cash',NULL,NULL,'2026-06-18',NULL,'2026-06-18 13:55:03','2026-06-18 13:55:03',NULL),
(68,1,818.00,'Cash',NULL,NULL,'2026-06-18',NULL,'2026-06-18 15:58:14','2026-06-18 15:58:14',NULL),
(69,38,1047.00,'Cash',NULL,NULL,'2026-06-18',NULL,'2026-06-18 18:03:32','2026-06-18 18:03:32',NULL),
(70,47,2371.00,'Cash',NULL,NULL,'2026-06-18',NULL,'2026-06-18 18:19:36','2026-06-18 18:19:36',NULL),
(71,34,848.00,'Cash',NULL,NULL,'2026-06-18',NULL,'2026-06-18 18:20:11','2026-06-18 18:20:11',NULL),
(72,2,1662.00,'Cash',NULL,NULL,'2026-06-18',NULL,'2026-06-18 18:22:26','2026-06-18 18:22:26',NULL),
(73,27,2052.00,'Cash',NULL,NULL,'2026-06-18',NULL,'2026-06-18 18:23:33','2026-06-18 18:23:33',NULL),
(74,29,1946.00,'Cash',NULL,NULL,'2026-06-18',NULL,'2026-06-18 18:26:48','2026-06-18 18:26:48',NULL),
(75,7,699.00,'Cash',NULL,NULL,'2026-06-18',NULL,'2026-06-18 18:28:02','2026-06-18 18:28:02',NULL),
(76,40,1796.00,'Cash',NULL,NULL,'2026-06-18',NULL,'2026-06-18 18:28:39','2026-06-18 18:28:39',NULL),
(77,5,1197.00,'Cash',NULL,NULL,'2026-06-18',NULL,'2026-06-18 18:30:43','2026-06-18 18:30:43',NULL),
(78,42,1997.00,'Cash',NULL,NULL,'2026-06-18',NULL,'2026-06-18 18:31:35','2026-06-18 18:31:35',NULL),
(79,35,1647.00,'Cash',NULL,NULL,'2026-06-18',NULL,'2026-06-18 18:32:13','2026-06-18 18:32:13',NULL),
(80,36,1196.00,'Cash',NULL,NULL,'2026-06-18',NULL,'2026-06-18 18:33:02','2026-06-18 18:33:02',NULL),
(81,31,2547.00,'Cash',NULL,NULL,'2026-06-18',NULL,'2026-06-18 18:33:49','2026-06-18 18:33:49',NULL),
(82,33,1596.00,'Cash',NULL,NULL,'2026-06-18',NULL,'2026-06-18 18:38:16','2026-06-18 18:38:16',NULL),
(83,10,3245.00,'Cash',NULL,NULL,'2026-06-18',NULL,'2026-06-18 18:45:28','2026-06-18 18:45:28',NULL),
(84,103,899.00,'Cash',NULL,NULL,'2026-06-30',NULL,'2026-06-30 20:37:02','2026-06-30 20:37:02',NULL),
(85,104,899.00,'Cash',NULL,NULL,'2026-06-30',NULL,'2026-06-30 22:14:05','2026-06-30 22:14:05',NULL),
(86,105,799.20,'Bank Transfer',NULL,NULL,'2026-06-30',NULL,'2026-06-30 22:22:32','2026-06-30 22:22:32',NULL),
(87,107,3320.00,'GCash','0042385443072',NULL,'2026-06-30',NULL,'2026-06-30 23:55:14','2026-06-30 23:55:14',NULL),
(88,106,1438.40,'Agoda Settlement',NULL,NULL,'2026-07-01',NULL,'2026-07-01 00:18:11','2026-07-01 00:18:11',NULL),
(89,110,487.00,'Agoda Settlement',NULL,NULL,'2026-07-01',NULL,'2026-07-01 00:28:26','2026-07-01 00:28:26',NULL),
(90,111,899.00,'Cash',NULL,NULL,'2026-07-01',NULL,'2026-07-01 00:35:49','2026-07-01 00:35:49',NULL),
(91,112,549.00,'Cash',NULL,NULL,'2026-07-01',NULL,'2026-07-01 00:42:43','2026-07-01 00:42:43',NULL),
(92,114,549.00,'GCash','963670',NULL,'2026-07-01',NULL,'2026-07-01 01:01:43','2026-07-01 01:01:43',NULL),
(93,116,699.00,'Cash',NULL,NULL,'2026-07-01',NULL,'2026-07-01 01:03:51','2026-07-01 01:03:51',NULL),
(94,117,562.00,'Agoda Settlement',NULL,NULL,'2026-07-01',NULL,'2026-07-01 01:07:19','2026-07-01 01:07:19',NULL),
(95,118,2049.00,'Cash',NULL,NULL,'2026-07-01',NULL,'2026-07-01 01:10:25','2026-07-01 01:10:25',NULL),
(96,109,1087.00,'Agoda Settlement',NULL,NULL,'2026-07-01',NULL,'2026-07-01 01:13:18','2026-07-01 01:13:18',NULL),
(97,108,719.20,'Agoda Settlement',NULL,NULL,'2026-07-01',NULL,'2026-07-01 01:14:28','2026-07-01 01:14:28',NULL),
(98,113,719.20,'Agoda Settlement',NULL,NULL,'2026-07-01',NULL,'2026-07-01 01:15:19','2026-07-01 01:15:19',NULL),
(99,119,2547.00,'Cash',NULL,NULL,'2026-07-01',NULL,'2026-07-01 01:19:37','2026-07-01 01:19:37',NULL),
(100,115,1438.00,'Agoda Settlement',NULL,NULL,'2026-07-01',NULL,'2026-07-01 01:21:55','2026-07-01 01:21:55',NULL),
(101,120,799.20,'Agoda Settlement',NULL,NULL,'2026-07-01',NULL,'2026-07-01 01:29:04','2026-07-01 01:29:04',NULL),
(102,121,1079.20,'Agoda Settlement',NULL,NULL,'2026-07-01',NULL,'2026-07-01 01:48:33','2026-07-01 01:48:33',NULL),
(103,122,674.25,'Agoda Settlement',NULL,NULL,'2026-07-01',NULL,'2026-07-01 01:50:51','2026-07-01 01:50:51',NULL),
(104,123,849.00,'Cash',NULL,NULL,'2026-07-01',NULL,'2026-07-01 01:52:34','2026-07-01 01:52:34',NULL),
(105,124,674.25,'Agoda Settlement',NULL,NULL,'2026-07-01',NULL,'2026-07-01 03:10:44','2026-07-01 03:10:44',NULL),
(106,125,1079.20,'Agoda Settlement',NULL,NULL,'2026-07-01',NULL,'2026-07-01 03:18:02','2026-07-01 03:18:02',NULL),
(107,126,1079.20,'Agoda Settlement',NULL,NULL,'2026-07-01',NULL,'2026-07-01 03:45:26','2026-07-01 03:45:26',NULL),
(108,112,549.00,'Cash',NULL,NULL,'2026-07-01',NULL,'2026-07-01 16:06:23','2026-07-01 16:06:23',NULL),
(109,127,899.00,'Cash',NULL,NULL,'2026-07-01',NULL,'2026-07-01 20:15:03','2026-07-01 20:15:03',NULL),
(110,128,699.00,'Cash',NULL,NULL,'2026-07-01',NULL,'2026-07-01 20:16:06','2026-07-01 20:16:06',NULL),
(111,129,899.00,'Cash',NULL,NULL,'2026-07-01',NULL,'2026-07-01 20:16:28','2026-07-01 20:16:28',NULL),
(112,130,699.00,'Cash',NULL,NULL,'2026-07-01',NULL,'2026-07-01 20:16:50','2026-07-01 20:16:50',NULL),
(113,132,674.25,'Agoda Settlement',NULL,NULL,'2026-07-01',NULL,'2026-07-01 20:17:20','2026-07-01 20:17:20',NULL),
(114,133,674.25,'Agoda Settlement',NULL,NULL,'2026-07-01',NULL,'2026-07-01 20:17:42','2026-07-01 20:17:42',NULL),
(115,134,849.00,'Cash',NULL,NULL,'2026-07-01',NULL,'2026-07-01 20:18:02','2026-07-01 20:18:02',NULL),
(116,135,849.00,'Cash',NULL,NULL,'2026-07-01',NULL,'2026-07-01 20:18:20','2026-07-01 20:18:20',NULL),
(117,149,1449.00,'Cash',NULL,NULL,'2026-07-01',NULL,'2026-07-01 21:33:01','2026-07-01 21:33:01',NULL),
(118,131,849.00,'Cash',NULL,NULL,'2026-07-01',NULL,'2026-07-01 21:34:38','2026-07-01 21:34:38',NULL),
(119,137,749.25,'Agoda Settlement',NULL,NULL,'2026-07-01',NULL,'2026-07-01 21:35:09','2026-07-01 21:35:09',NULL),
(120,138,1249.00,'Cash',NULL,NULL,'2026-07-01',NULL,'2026-07-01 21:35:24','2026-07-01 21:35:24',NULL),
(121,139,549.00,'Cash',NULL,NULL,'2026-07-01',NULL,'2026-07-01 21:35:38','2026-07-01 21:35:38',NULL),
(122,140,699.00,'Cash',NULL,NULL,'2026-07-01',NULL,'2026-07-01 21:35:51','2026-07-01 21:35:51',NULL),
(123,141,899.00,'Cash',NULL,NULL,'2026-07-01',NULL,'2026-07-01 21:36:13','2026-07-01 21:36:13',NULL),
(124,142,486.75,'Agoda Settlement',NULL,NULL,'2026-07-01',NULL,'2026-07-01 21:36:33','2026-07-01 21:36:33',NULL),
(125,143,849.00,'Cash',NULL,NULL,'2026-07-01',NULL,'2026-07-01 21:36:47','2026-07-01 21:36:47',NULL),
(126,144,549.00,'GCash','461114',NULL,'2026-07-01',NULL,'2026-07-01 21:37:37','2026-07-01 21:37:37',NULL),
(127,145,549.00,'Cash',NULL,NULL,'2026-07-01',NULL,'2026-07-01 21:37:51','2026-07-01 21:37:51',NULL),
(128,146,749.25,'Agoda Settlement',NULL,NULL,'2026-07-01',NULL,'2026-07-01 21:38:13','2026-07-01 21:38:13',NULL),
(129,147,699.00,'Cash',NULL,NULL,'2026-07-01',NULL,'2026-07-01 21:38:28','2026-07-01 21:38:28',NULL),
(130,148,849.00,'Cash',NULL,NULL,'2026-07-01',NULL,'2026-07-01 21:38:40','2026-07-01 21:38:40',NULL),
(131,150,674.25,'Agoda Settlement',NULL,NULL,'2026-07-01',NULL,'2026-07-01 21:41:07','2026-07-01 21:41:07',NULL),
(132,151,1449.00,'Cash',NULL,NULL,'2026-07-01',NULL,'2026-07-01 22:45:02','2026-07-01 22:45:02',NULL),
(133,152,1086.75,'Agoda Settlement',NULL,NULL,'2026-07-01',NULL,'2026-07-01 22:47:09','2026-07-01 22:47:09',NULL),
(134,153,849.00,'Cash',NULL,NULL,'2026-07-01',NULL,'2026-07-01 22:49:58','2026-07-01 22:49:58',NULL),
(135,154,700.00,'GCash',NULL,NULL,'2026-07-01',NULL,'2026-07-01 22:53:20','2026-07-01 22:53:20',NULL),
(136,155,849.00,'Cash',NULL,NULL,'2026-07-01',NULL,'2026-07-01 23:05:12','2026-07-01 23:05:12',NULL),
(137,156,1099.00,'Cash',NULL,NULL,'2026-07-02',NULL,'2026-07-02 00:04:48','2026-07-02 00:04:48',NULL),
(138,157,486.75,'Agoda Settlement',NULL,NULL,'2026-07-02',NULL,'2026-07-02 18:31:08','2026-07-02 18:31:08',NULL),
(139,157,762.25,'Cash',NULL,NULL,'2026-07-02',NULL,'2026-07-02 18:32:19','2026-07-02 18:32:19',NULL),
(140,130,699.00,'Cash',NULL,NULL,'2026-07-02',NULL,'2026-07-02 19:14:23','2026-07-02 19:14:23',NULL),
(141,155,849.00,'Cash',NULL,NULL,'2026-07-02',NULL,'2026-07-02 19:15:11','2026-07-02 19:15:11',NULL),
(142,134,849.00,'Cash',NULL,NULL,'2026-07-02',NULL,'2026-07-02 19:16:38','2026-07-02 19:16:38',NULL),
(143,154,599.00,'Cash',NULL,NULL,'2026-07-02',NULL,'2026-07-02 19:17:18','2026-07-02 19:17:18',NULL),
(144,159,1685.25,'Agoda Settlement',NULL,NULL,'2026-07-02',NULL,'2026-07-02 19:28:34','2026-07-02 19:28:34',NULL),
(145,159,200.00,'GCash',NULL,NULL,'2026-07-02',NULL,'2026-07-02 19:28:45','2026-07-02 19:28:45',NULL),
(146,160,849.00,'Cash',NULL,NULL,'2026-07-02',NULL,'2026-07-02 19:34:52','2026-07-02 19:34:52',NULL),
(147,140,1398.00,'GCash',NULL,NULL,'2026-07-02',NULL,'2026-07-02 20:26:17','2026-07-02 20:26:17',NULL),
(148,164,674.25,'Agoda Settlement',NULL,NULL,'2026-07-02',NULL,'2026-07-02 20:51:23','2026-07-02 20:51:23',NULL),
(149,165,749.25,'Agoda Settlement',NULL,NULL,'2026-07-02',NULL,'2026-07-02 22:03:57','2026-07-02 22:03:57',NULL),
(150,166,899.00,'Cash',NULL,NULL,'2026-07-02',NULL,'2026-07-02 22:06:26','2026-07-02 22:06:26',NULL),
(151,167,809.10,'Booking.com Settlement',NULL,NULL,'2026-07-02',NULL,'2026-07-02 22:13:10','2026-07-02 22:13:10',NULL),
(152,168,849.00,'Cash',NULL,NULL,'2026-07-02',NULL,'2026-07-02 22:15:14','2026-07-02 22:15:14',NULL),
(153,169,2697.00,'Agoda Settlement',NULL,NULL,'2026-07-02',NULL,'2026-07-02 22:18:01','2026-07-02 22:18:01',NULL),
(154,170,674.25,'Agoda Settlement',NULL,NULL,'2026-07-02',NULL,'2026-07-02 22:22:20','2026-07-02 22:22:20',NULL),
(155,171,1079.20,'Agoda Settlement',NULL,NULL,'2026-07-02',NULL,'2026-07-02 22:26:09','2026-07-02 22:26:09',NULL),
(156,172,899.00,'Cash',NULL,NULL,'2026-07-02',NULL,'2026-07-02 22:29:18','2026-07-02 22:29:18',NULL),
(157,173,486.75,'Agoda Settlement',NULL,NULL,'2026-07-02',NULL,'2026-07-02 22:35:22','2026-07-02 22:35:22',NULL),
(158,173,762.25,'Cash',NULL,NULL,'2026-07-02',NULL,'2026-07-02 22:35:38','2026-07-02 22:35:38',NULL),
(159,174,1049.00,'Cash',NULL,NULL,'2026-07-02',NULL,'2026-07-02 22:41:51','2026-07-02 22:41:51',NULL),
(160,175,699.00,'Cash',NULL,NULL,'2026-07-02',NULL,'2026-07-02 22:44:09','2026-07-02 22:44:09',NULL),
(161,176,899.00,'Cash',NULL,NULL,'2026-07-02',NULL,'2026-07-02 22:49:51','2026-07-02 22:49:51',NULL),
(162,177,899.00,'Cash',NULL,NULL,'2026-07-02',NULL,'2026-07-02 22:51:58','2026-07-02 22:51:58',NULL),
(163,161,674.25,'Agoda Settlement',NULL,NULL,'2026-07-02',NULL,'2026-07-02 22:54:47','2026-07-02 22:54:47',NULL),
(164,162,719.20,'Agoda Settlement',NULL,NULL,'2026-07-02',NULL,'2026-07-02 22:56:49','2026-07-02 22:56:49',NULL),
(165,163,486.75,'Agoda Settlement',NULL,NULL,'2026-07-02',NULL,'2026-07-02 22:58:46','2026-07-02 22:58:46',NULL),
(166,178,2397.60,'Cash',NULL,NULL,'2026-07-02',NULL,'2026-07-02 23:09:08','2026-07-02 23:09:08',NULL),
(167,179,1438.40,'Agoda Settlement',NULL,NULL,'2026-07-02',NULL,'2026-07-02 23:11:27','2026-07-02 23:11:27',NULL),
(168,119,849.00,'Cash',NULL,NULL,'2026-07-03',NULL,'2026-07-03 01:18:19','2026-07-03 01:18:19',NULL),
(169,180,849.00,'Cash',NULL,NULL,'2026-07-03',NULL,'2026-07-03 03:07:32','2026-07-03 03:07:32',NULL),
(170,181,849.00,'GCash','4042483342627',NULL,'2026-07-03',NULL,'2026-07-03 03:49:46','2026-07-03 03:49:46',NULL),
(171,160,549.00,'Cash',NULL,NULL,'2026-07-03',NULL,'2026-07-03 06:18:35','2026-07-03 06:18:35',NULL),
(172,134,849.00,'Cash',NULL,NULL,'2026-07-03',NULL,'2026-07-03 10:40:42','2026-07-03 10:40:42',NULL),
(173,128,1398.00,'Cash',NULL,NULL,'2026-07-03',NULL,'2026-07-03 12:34:08','2026-07-03 12:34:08',NULL),
(174,130,699.00,'Cash',NULL,NULL,'2026-07-03',NULL,'2026-07-03 12:34:44','2026-07-03 12:34:44',NULL),
(175,182,899.00,'Cash',NULL,NULL,'2026-07-03',NULL,'2026-07-03 12:37:05','2026-07-03 12:37:05',NULL),
(176,183,1079.20,'Agoda Settlement',NULL,NULL,'2026-07-03',NULL,'2026-07-03 14:11:22','2026-07-03 14:11:22',NULL),
(177,185,899.00,'Cash',NULL,NULL,'2026-07-03',NULL,'2026-07-03 14:25:26','2026-07-03 14:25:26',NULL),
(178,184,674.25,'Agoda Settlement',NULL,NULL,'2026-07-03',NULL,'2026-07-03 14:26:20','2026-07-03 14:26:20',NULL),
(179,186,1198.40,'Agoda Settlement',NULL,NULL,'2026-07-03',NULL,'2026-07-03 14:42:11','2026-07-03 14:42:11',NULL),
(180,187,899.00,'Cash',NULL,NULL,'2026-07-03',NULL,'2026-07-03 15:14:17','2026-07-03 15:14:17',NULL),
(181,188,1159.20,'Agoda Settlement',NULL,NULL,'2026-07-03',NULL,'2026-07-03 15:32:16','2026-07-03 15:32:16',NULL),
(182,189,1449.00,'Cash',NULL,NULL,'2026-07-03',NULL,'2026-07-03 18:03:03','2026-07-03 18:03:03',NULL),
(183,130,699.00,'Cash',NULL,NULL,'2026-07-03',NULL,'2026-07-03 18:38:19','2026-07-03 18:53:04','2026-07-03 18:53:04'),
(184,190,2196.00,'Cash',NULL,NULL,'2026-07-03',NULL,'2026-07-03 18:45:23','2026-07-03 18:45:23',NULL),
(185,130,699.00,'Cash',NULL,NULL,'2026-07-03',NULL,'2026-07-03 18:59:46','2026-07-03 18:59:46',NULL),
(186,191,899.00,'Cash',NULL,NULL,'2026-07-03',NULL,'2026-07-03 19:10:06','2026-07-03 19:10:06',NULL),
(187,192,519.20,'Agoda Settlement',NULL,NULL,'2026-07-03',NULL,'2026-07-03 19:58:43','2026-07-03 19:58:43',NULL),
(188,193,849.00,'Cash',NULL,NULL,'2026-07-03',NULL,'2026-07-03 20:06:04','2026-07-03 20:06:04',NULL),
(189,194,849.00,'Cash',NULL,NULL,'2026-07-03',NULL,'2026-07-03 22:00:05','2026-07-03 22:00:05',NULL),
(190,195,849.00,'Maya','4E4F17558616',NULL,'2026-07-03',NULL,'2026-07-03 23:29:36','2026-07-03 23:29:36',NULL),
(191,196,1849.00,'Cash',NULL,NULL,'2026-07-04',NULL,'2026-07-04 00:45:00','2026-07-04 00:45:00',NULL),
(192,197,149.00,'Cash',NULL,NULL,'2026-07-04',NULL,'2026-07-04 04:51:47','2026-07-04 04:51:47',NULL),
(193,197,1500.00,'GCash','0042519434719',NULL,'2026-07-04',NULL,'2026-07-04 04:52:09','2026-07-04 04:52:09',NULL),
(194,140,1398.00,'GCash','9042537194124',NULL,'2026-07-04',NULL,'2026-07-04 19:51:03','2026-07-04 19:51:03',NULL),
(195,198,749.25,'Agoda Settlement',NULL,NULL,'2026-07-04',NULL,'2026-07-04 22:12:39','2026-07-04 22:12:39',NULL),
(196,199,749.25,'Agoda Settlement',NULL,NULL,'2026-07-04',NULL,'2026-07-04 22:14:03','2026-07-04 22:14:03',NULL),
(197,107,3320.00,'GCash','2042538062805',NULL,'2026-07-04',NULL,'2026-07-04 22:17:26','2026-07-04 22:17:26',NULL),
(198,158,2097.00,'Cash',NULL,NULL,'2026-07-05',NULL,'2026-07-05 11:11:00','2026-07-05 11:11:00',NULL),
(199,200,387.25,'GCash','8042 561 289326',NULL,'2026-07-05',NULL,'2026-07-05 11:32:41','2026-07-05 11:32:41',NULL),
(200,200,561.75,'Agoda Settlement',NULL,NULL,'2026-07-05',NULL,'2026-07-05 11:32:41','2026-07-05 11:32:41',NULL),
(201,201,561.75,'Agoda Settlement',NULL,NULL,'2026-07-05',NULL,'2026-07-05 20:35:25','2026-07-05 20:35:25',NULL),
(202,202,674.25,'Agoda Settlement',NULL,NULL,'2026-07-05',NULL,'2026-07-05 22:01:49','2026-07-05 22:01:49',NULL),
(203,203,899.00,'Cash',NULL,NULL,'2026-07-05',NULL,'2026-07-05 22:03:33','2026-07-05 22:03:33',NULL),
(204,204,899.00,'Cash',NULL,NULL,'2026-07-05',NULL,'2026-07-05 22:04:51','2026-07-05 22:04:51',NULL),
(205,205,899.00,'Cash',NULL,NULL,'2026-07-05',NULL,'2026-07-05 22:06:38','2026-07-05 22:06:38',NULL),
(206,206,1649.00,'Cash',NULL,NULL,'2026-07-05',NULL,'2026-07-05 23:28:44','2026-07-05 23:28:44',NULL),
(207,207,1011.75,'Agoda Settlement',NULL,NULL,'2026-07-05',NULL,'2026-07-05 23:29:57','2026-07-05 23:29:57',NULL),
(208,208,899.00,'Maya','D9BC FD3B 368E',NULL,'2026-07-06',NULL,'2026-07-06 03:02:01','2026-07-06 03:02:01',NULL),
(209,209,674.25,'Agoda Settlement',NULL,NULL,'2026-07-06',NULL,'2026-07-06 03:29:16','2026-07-06 03:29:16',NULL),
(210,210,1698.00,'GCash',NULL,NULL,'2026-07-06',NULL,'2026-07-06 04:55:22','2026-07-06 04:55:22',NULL),
(211,211,549.00,'Cash',NULL,NULL,'2026-07-06',NULL,'2026-07-06 06:24:55','2026-07-06 06:24:55',NULL),
(212,212,2897.00,'Cash',NULL,NULL,'2026-07-06',NULL,'2026-07-06 08:24:32','2026-07-06 08:24:32',NULL),
(213,214,849.00,'Cash',NULL,NULL,'2026-07-06',NULL,'2026-07-06 10:25:23','2026-07-06 10:25:23',NULL),
(214,215,1449.00,'Cash',NULL,NULL,'2026-07-06',NULL,'2026-07-06 11:29:57','2026-07-06 11:29:57',NULL),
(215,216,899.00,'GCash','1042593823692',NULL,'2026-07-06',NULL,'2026-07-06 13:25:52','2026-07-06 13:25:52',NULL),
(216,217,1685.25,'GCash',NULL,NULL,'2026-07-06',NULL,'2026-07-06 14:09:52','2026-07-06 14:09:52',NULL),
(217,205,400.00,'Cash',NULL,NULL,'2026-07-06',NULL,'2026-07-06 16:39:42','2026-07-06 16:39:42',NULL),
(218,218,549.00,'Cash',NULL,NULL,'2026-07-06',NULL,'2026-07-06 16:43:12','2026-07-06 16:43:12',NULL),
(219,219,699.00,'Cash',NULL,NULL,'2026-07-06',NULL,'2026-07-06 19:49:30','2026-07-06 19:49:30',NULL),
(220,220,849.00,'Cash',NULL,NULL,'2026-07-06',NULL,'2026-07-06 19:52:42','2026-07-06 19:52:42',NULL),
(221,140,300.00,'Cash',NULL,NULL,'2026-07-06',NULL,'2026-07-06 19:56:02','2026-07-06 19:56:02',NULL),
(222,221,849.00,'Cash',NULL,NULL,'2026-07-06',NULL,'2026-07-06 19:59:03','2026-07-06 19:59:03',NULL),
(223,222,549.00,'Cash',NULL,NULL,'2026-07-06',NULL,'2026-07-06 20:08:32','2026-07-06 20:08:32',NULL),
(224,223,1698.00,'Cash',NULL,NULL,'2026-07-06',NULL,'2026-07-06 20:11:33','2026-07-06 20:11:33',NULL),
(225,224,2318.40,'Agoda Settlement',NULL,NULL,'2026-07-06',NULL,'2026-07-06 20:15:02','2026-07-06 20:15:02',NULL),
(226,225,2158.40,'Agoda Settlement',NULL,NULL,'2026-07-06',NULL,'2026-07-06 20:17:00','2026-07-06 20:17:00',NULL),
(227,226,749.25,'Agoda Settlement',NULL,NULL,'2026-07-06',NULL,'2026-07-06 20:19:47','2026-07-06 20:19:47',NULL),
(228,227,899.00,'Cash',NULL,NULL,'2026-07-06',NULL,'2026-07-06 20:22:23','2026-07-06 20:22:23',NULL),
(229,228,849.00,'Cash',NULL,NULL,'2026-07-06',NULL,'2026-07-06 20:23:43','2026-07-06 20:23:43',NULL),
(230,229,2247.75,'Cash',NULL,NULL,'2026-07-06',NULL,'2026-07-06 20:25:54','2026-07-06 20:25:54',NULL),
(231,232,719.20,'Agoda Settlement',NULL,NULL,'2026-07-07',NULL,'2026-07-07 02:33:25','2026-07-07 02:33:25',NULL),
(232,231,719.20,'Agoda Settlement',NULL,NULL,'2026-07-07',NULL,'2026-07-07 02:33:50','2026-07-07 02:33:50',NULL),
(233,230,599.20,'Agoda Settlement',NULL,NULL,'2026-07-07',NULL,'2026-07-07 02:34:14','2026-07-07 02:34:14',NULL),
(234,228,849.00,'Cash',NULL,NULL,'2026-07-07',NULL,'2026-07-07 07:41:53','2026-07-07 07:41:53',NULL),
(235,211,549.00,'Cash',NULL,NULL,'2026-07-07',NULL,'2026-07-07 08:08:03','2026-07-07 08:08:03',NULL),
(236,235,3446.00,'Cash',NULL,NULL,'2026-07-07',NULL,'2026-07-07 11:30:39','2026-07-07 11:30:39',NULL),
(237,236,899.00,'Cash',NULL,NULL,'2026-07-07',NULL,'2026-07-07 12:11:30','2026-07-07 12:11:30',NULL),
(238,237,1449.00,'GCash',NULL,NULL,'2026-07-07',NULL,'2026-07-07 12:25:53','2026-07-07 12:25:53',NULL),
(239,136,10626.00,'GCash','3388996097697',NULL,'2026-07-07',NULL,'2026-07-07 12:28:06','2026-07-07 12:28:06',NULL),
(240,238,674.25,'Agoda Settlement',NULL,NULL,'2026-07-07',NULL,'2026-07-07 12:36:30','2026-07-07 12:36:30',NULL),
(241,239,699.00,'Cash',NULL,NULL,'2026-07-07',NULL,'2026-07-07 12:43:53','2026-07-07 12:43:53',NULL),
(242,240,1198.40,'Agoda Settlement','1744677322',NULL,'2026-07-07',NULL,'2026-07-07 13:05:37','2026-07-07 13:05:37',NULL),
(243,219,699.00,'Cash',NULL,NULL,'2026-07-07',NULL,'2026-07-07 19:40:28','2026-07-07 19:40:28',NULL),
(244,241,674.25,'Agoda Settlement',NULL,NULL,'2026-07-07',NULL,'2026-07-07 19:50:53','2026-07-07 19:50:53',NULL),
(245,242,849.00,'Cash',NULL,NULL,'2026-07-07',NULL,'2026-07-07 19:54:15','2026-07-07 19:54:15',NULL),
(246,243,674.25,'GCash','4042636809308',NULL,'2026-07-07',NULL,'2026-07-07 19:57:12','2026-07-07 19:57:12',NULL),
(247,244,899.00,'Cash',NULL,NULL,'2026-07-07',NULL,'2026-07-07 19:59:14','2026-07-07 19:59:14',NULL),
(248,245,849.00,'Cash',NULL,NULL,'2026-07-07',NULL,'2026-07-07 20:00:39','2026-07-07 20:00:39',NULL),
(249,246,1311.75,'Agoda Settlement',NULL,NULL,'2026-07-07',NULL,'2026-07-07 20:03:03','2026-07-07 20:03:03',NULL),
(250,247,1649.00,'Cash',NULL,NULL,'2026-07-07',NULL,'2026-07-07 20:04:41','2026-07-07 20:04:41',NULL),
(251,248,719.20,'Agoda Settlement',NULL,NULL,'2026-07-07',NULL,'2026-07-07 20:06:03','2026-07-07 20:06:03',NULL),
(252,249,899.00,'Cash',NULL,NULL,'2026-07-07',NULL,'2026-07-07 20:32:23','2026-07-07 20:32:23',NULL),
(253,250,1249.00,'Cash',NULL,NULL,'2026-07-08',NULL,'2026-07-08 02:32:57','2026-07-08 02:32:57',NULL),
(254,251,699.00,'Cash',NULL,NULL,'2026-07-08',NULL,'2026-07-08 02:35:02','2026-07-08 02:35:02',NULL),
(255,252,749.25,'Agoda Settlement',NULL,NULL,'2026-07-08',NULL,'2026-07-08 02:37:48','2026-07-08 02:37:48',NULL),
(256,239,699.00,'GCash','0003000115810',NULL,'2026-07-08',NULL,'2026-07-08 11:12:33','2026-07-08 11:12:33',NULL),
(257,253,899.00,'Cash',NULL,NULL,'2026-07-08',NULL,'2026-07-08 12:16:24','2026-07-08 12:16:24',NULL),
(258,219,699.00,'Cash',NULL,NULL,'2026-07-08',NULL,'2026-07-08 15:26:31','2026-07-08 15:26:31',NULL),
(259,236,899.00,'Cash',NULL,NULL,'2026-07-08',NULL,'2026-07-08 16:22:05','2026-07-08 16:22:05',NULL),
(260,254,719.20,'Cash',NULL,NULL,'2026-07-08',NULL,'2026-07-08 19:27:16','2026-07-08 19:27:16',NULL),
(261,255,439.20,'Agoda Settlement',NULL,NULL,'2026-07-08',NULL,'2026-07-08 19:29:34','2026-07-08 19:29:34',NULL),
(262,256,899.00,'Cash',NULL,NULL,'2026-07-08',NULL,'2026-07-08 19:33:56','2026-07-08 19:33:56',NULL),
(263,257,899.00,'Agoda Settlement',NULL,NULL,'2026-07-08',NULL,'2026-07-08 19:36:09','2026-07-08 19:36:09',NULL),
(264,258,849.00,'Cash',NULL,NULL,'2026-07-08',NULL,'2026-07-08 19:37:59','2026-07-08 19:37:59',NULL),
(265,259,899.00,'Cash',NULL,NULL,'2026-07-08',NULL,'2026-07-08 19:39:06','2026-07-08 19:39:06',NULL),
(266,260,1250.00,'GCash',NULL,NULL,'2026-07-08',NULL,'2026-07-08 19:40:21','2026-07-08 19:40:21',NULL),
(267,261,850.00,'GCash',NULL,NULL,'2026-07-08',NULL,'2026-07-08 19:44:33','2026-07-08 19:44:33',NULL),
(268,262,561.75,'Agoda Settlement',NULL,NULL,'2026-07-08',NULL,'2026-07-08 19:46:38','2026-07-08 19:46:38',NULL),
(269,263,899.00,'GCash','7042680842063',NULL,'2026-07-08',NULL,'2026-07-08 19:54:15','2026-07-08 19:54:15',NULL),
(270,264,1449.00,'GCash','7042680257730',NULL,'2026-07-08',NULL,'2026-07-08 19:58:51','2026-07-08 19:58:51',NULL),
(271,265,899.00,'Cash',NULL,NULL,'2026-07-08',NULL,'2026-07-08 22:58:19','2026-07-08 22:58:19',NULL),
(272,266,749.25,'Agoda Settlement',NULL,NULL,'2026-07-08',NULL,'2026-07-08 23:01:08','2026-07-08 23:01:08',NULL),
(273,267,674.25,'Cash',NULL,NULL,'2026-07-08',NULL,'2026-07-08 23:02:59','2026-07-08 23:02:59',NULL),
(274,268,1011.75,'Agoda Settlement',NULL,NULL,'2026-07-08',NULL,'2026-07-08 23:04:27','2026-07-08 23:04:27',NULL),
(275,263,288.00,'Cash',NULL,NULL,'2026-07-09',NULL,'2026-07-09 07:46:00','2026-07-09 07:46:00',NULL),
(276,213,2529.00,'Cash',NULL,NULL,'2026-07-09',NULL,'2026-07-09 08:51:12','2026-07-09 08:51:12',NULL),
(277,233,1099.00,'Cash',NULL,NULL,'2026-07-09',NULL,'2026-07-09 08:56:07','2026-07-09 08:56:07',NULL),
(278,269,3396.00,'GCash','8042695062218',NULL,'2026-07-09',NULL,'2026-07-09 09:14:58','2026-07-09 09:14:58',NULL),
(279,260,1249.00,'Cash',NULL,NULL,'2026-07-09',NULL,'2026-07-09 10:23:39','2026-07-09 10:23:39',NULL),
(280,261,849.00,'Cash',NULL,NULL,'2026-07-09',NULL,'2026-07-09 10:24:13','2026-07-09 10:24:13',NULL),
(281,270,849.00,'Cash',NULL,NULL,'2026-07-09',NULL,'2026-07-09 12:59:21','2026-07-09 12:59:21',NULL),
(282,240,674.25,'Agoda Settlement',NULL,NULL,'2026-07-09',NULL,'2026-07-09 16:33:21','2026-07-09 16:33:21',NULL),
(283,271,1159.20,'Agoda Settlement',NULL,NULL,'2026-07-09',NULL,'2026-07-09 19:20:44','2026-07-09 19:20:44',NULL),
(284,272,674.25,'Agoda Settlement',NULL,NULL,'2026-07-09',NULL,'2026-07-09 19:23:40','2026-07-09 19:23:40',NULL),
(285,273,849.00,'Cash',NULL,NULL,'2026-07-09',NULL,'2026-07-09 19:25:40','2026-07-09 19:25:40',NULL),
(286,274,561.75,'Agoda Settlement',NULL,NULL,'2026-07-09',NULL,'2026-07-09 19:37:47','2026-07-09 19:37:47',NULL),
(287,276,2157.60,'Cash',NULL,NULL,'2026-07-09',NULL,'2026-07-09 19:50:26','2026-07-09 19:50:26',NULL),
(288,275,1797.60,'Agoda Settlement',NULL,NULL,'2026-07-09',NULL,'2026-07-09 20:02:58','2026-07-09 20:02:58',NULL),
(289,277,849.00,'Cash',NULL,NULL,'2026-07-09',NULL,'2026-07-09 20:06:49','2026-07-09 20:06:49',NULL),
(290,278,7496.25,'Agoda Settlement',NULL,NULL,'2026-07-09',NULL,'2026-07-09 20:29:52','2026-07-09 20:29:52',NULL),
(291,279,2498.00,'Cash',NULL,NULL,'2026-07-09',NULL,'2026-07-09 20:35:28','2026-07-09 20:35:28',NULL),
(292,253,899.00,'Cash',NULL,NULL,'2026-07-09',NULL,'2026-07-09 20:49:04','2026-07-09 20:49:04',NULL),
(293,280,674.25,'Agoda Settlement',NULL,NULL,'2026-07-09',NULL,'2026-07-09 22:39:51','2026-07-09 22:39:51',NULL),
(294,281,1749.00,'Cash',NULL,NULL,'2026-07-09',NULL,'2026-07-09 22:42:19','2026-07-09 22:42:19',NULL),
(295,282,899.00,'Cash',NULL,NULL,'2026-07-09',NULL,'2026-07-09 22:43:34','2026-07-09 22:43:34',NULL),
(296,283,899.00,'Cash',NULL,NULL,'2026-07-09',NULL,'2026-07-09 22:45:53','2026-07-09 22:45:53',NULL),
(297,284,561.75,'Agoda Settlement',NULL,NULL,'2026-07-10',NULL,'2026-07-10 05:25:59','2026-07-10 05:25:59',NULL),
(298,237,1449.00,'GCash','5042725284884',NULL,'2026-07-10',NULL,'2026-07-10 08:17:04','2026-07-10 08:17:04',NULL),
(299,285,899.00,'Cash',NULL,NULL,'2026-07-10',NULL,'2026-07-10 09:47:49','2026-07-10 09:47:49',NULL),
(300,286,799.00,'Cash',NULL,NULL,'2026-07-10',NULL,'2026-07-10 10:08:03','2026-07-10 10:08:03',NULL),
(301,286,200.00,'Cash',NULL,NULL,'2026-07-10',NULL,'2026-07-10 10:13:10','2026-07-10 10:13:10',NULL),
(302,270,849.00,'Cash',NULL,NULL,'2026-07-10',NULL,'2026-07-10 11:54:15','2026-07-10 11:54:15',NULL),
(303,287,699.00,'Cash',NULL,NULL,'2026-07-10',NULL,'2026-07-10 12:19:19','2026-07-10 12:19:19',NULL),
(304,277,100.00,'Cash',NULL,NULL,'2026-07-10',NULL,'2026-07-10 13:01:35','2026-07-10 13:01:35',NULL),
(305,284,100.00,'Cash',NULL,NULL,'2026-07-10',NULL,'2026-07-10 13:03:08','2026-07-10 13:03:08',NULL),
(306,216,899.00,'Cash',NULL,NULL,'2026-07-10',NULL,'2026-07-10 16:04:18','2026-07-10 16:04:18',NULL),
(307,288,699.00,'GCash','UB952491',NULL,'2026-07-10',NULL,'2026-07-10 19:50:41','2026-07-10 19:50:41',NULL),
(308,233,899.00,'Cash',NULL,NULL,'2026-07-10',NULL,'2026-07-10 19:51:51','2026-07-10 19:51:51',NULL),
(309,289,899.00,'Cash',NULL,NULL,'2026-07-10',NULL,'2026-07-10 20:09:00','2026-07-10 20:09:00',NULL),
(310,290,719.20,'Agoda Settlement',NULL,NULL,'2026-07-10',NULL,'2026-07-10 20:12:48','2026-07-10 20:12:48',NULL),
(311,291,899.00,'Cash',NULL,NULL,'2026-07-10',NULL,'2026-07-10 20:19:52','2026-07-10 20:19:52',NULL),
(312,292,549.00,'Cash',NULL,NULL,'2026-07-10',NULL,'2026-07-10 20:25:37','2026-07-10 20:25:37',NULL),
(313,294,1038.40,'Agoda Settlement',NULL,NULL,'2026-07-10',NULL,'2026-07-10 22:02:09','2026-07-10 22:02:09',NULL),
(314,293,2318.40,'Agoda Settlement',NULL,NULL,'2026-07-10',NULL,'2026-07-10 22:02:40','2026-07-10 22:02:40',NULL),
(315,295,699.00,'Cash',NULL,NULL,'2026-07-10',NULL,'2026-07-10 22:13:14','2026-07-10 22:13:14',NULL),
(316,296,1557.60,'Cash',NULL,NULL,'2026-07-11',NULL,'2026-07-11 00:17:53','2026-07-11 00:17:53',NULL),
(317,285,899.00,'GCash','00089400',NULL,'2026-07-11',NULL,'2026-07-11 09:42:05','2026-07-11 09:42:05',NULL),
(318,107,3495.00,'GCash',NULL,NULL,'2026-07-11',NULL,'2026-07-11 14:52:17','2026-07-11 14:52:17',NULL),
(319,292,1000.00,'Cash',NULL,NULL,'2026-07-11',NULL,'2026-07-11 14:54:21','2026-07-11 14:54:21',NULL),
(320,297,719.20,'Agoda Settlement',NULL,NULL,'2026-07-11',NULL,'2026-07-11 14:55:45','2026-07-11 14:55:45',NULL),
(321,233,899.00,'Cash',NULL,NULL,'2026-07-11',NULL,'2026-07-11 16:37:47','2026-07-11 16:37:47',NULL),
(322,295,700.00,'GCash','2042777604832',NULL,'2026-07-11',NULL,'2026-07-11 18:54:53','2026-07-11 18:54:53',NULL),
(323,298,1274.00,'GCash','2042782623236',NULL,'2026-07-11',NULL,'2026-07-11 19:57:21','2026-07-11 19:57:21',NULL),
(324,299,899.00,'Cash',NULL,NULL,'2026-07-11',NULL,'2026-07-11 20:00:10','2026-07-11 20:00:10',NULL),
(325,300,899.00,'Cash',NULL,NULL,'2026-07-11',NULL,'2026-07-11 20:09:31','2026-07-11 20:09:31',NULL),
(326,301,899.00,'Cash',NULL,NULL,'2026-07-11',NULL,'2026-07-11 20:10:42','2026-07-11 20:10:42',NULL),
(327,302,1399.20,'Agoda Settlement',NULL,NULL,'2026-07-11',NULL,'2026-07-11 20:24:06','2026-07-11 20:24:06',NULL),
(328,303,1399.20,'Agoda Settlement',NULL,NULL,'2026-07-11',NULL,'2026-07-11 20:26:05','2026-07-11 20:26:05',NULL),
(329,304,625.00,'GCash','1042684422521',NULL,'2026-07-11',NULL,'2026-07-11 20:28:26','2026-07-11 20:28:26',NULL),
(330,304,624.00,'Cash',NULL,NULL,'2026-07-11',NULL,'2026-07-11 20:28:26','2026-07-11 20:28:26',NULL),
(331,305,849.00,'Cash',NULL,NULL,'2026-07-11',NULL,'2026-07-11 20:30:37','2026-07-11 20:30:37',NULL),
(332,306,719.20,'Agoda Settlement',NULL,NULL,'2026-07-11',NULL,'2026-07-11 20:32:29','2026-07-11 20:32:29',NULL),
(333,307,1199.00,'Cash',NULL,NULL,'2026-07-11',NULL,'2026-07-11 20:34:38','2026-07-11 20:34:38',NULL),
(334,307,50.00,'Cash',NULL,NULL,'2026-07-11',NULL,'2026-07-11 21:33:00','2026-07-11 21:33:00',NULL),
(335,308,1123.50,'Agoda Settlement',NULL,NULL,'2026-07-11',NULL,'2026-07-11 22:09:45','2026-07-11 22:09:45',NULL),
(336,309,1449.00,'Cash',NULL,NULL,'2026-07-11',NULL,'2026-07-11 23:44:28','2026-07-11 23:44:28',NULL),
(337,310,699.00,'GCash','1042791099550',NULL,'2026-07-11',NULL,'2026-07-11 23:45:45','2026-07-11 23:45:45',NULL),
(338,311,899.00,'Cash',NULL,NULL,'2026-07-12',NULL,'2026-07-12 05:05:12','2026-07-12 05:05:12',NULL),
(339,234,2097.00,'Cash',NULL,NULL,'2026-07-12',NULL,'2026-07-12 10:03:39','2026-07-12 10:03:39',NULL),
(340,310,699.00,'GCash','1042801271387',NULL,'2026-07-12',NULL,'2026-07-12 13:14:09','2026-07-12 13:14:09',NULL),
(341,307,1249.00,'Cash',NULL,NULL,'2026-07-12',NULL,'2026-07-12 13:16:12','2026-07-12 13:16:12',NULL),
(342,316,549.00,'Cash',NULL,NULL,'2026-07-12',NULL,'2026-07-12 17:40:34','2026-07-12 17:40:34',NULL),
(343,317,899.00,'Cash',NULL,NULL,'2026-07-12',NULL,'2026-07-12 19:42:19','2026-07-12 19:42:19',NULL),
(344,298,424.00,'Cash',NULL,NULL,'2026-07-12',NULL,'2026-07-12 19:43:20','2026-07-12 19:43:20',NULL),
(345,318,674.25,'Cash',NULL,NULL,'2026-07-12',NULL,'2026-07-12 19:44:57','2026-07-12 19:44:57',NULL),
(346,319,849.00,'Cash',NULL,NULL,'2026-07-12',NULL,'2026-07-12 20:47:37','2026-07-12 20:47:37',NULL),
(347,320,749.25,'GCash',NULL,NULL,'2026-07-12',NULL,'2026-07-12 22:48:59','2026-07-12 22:48:59',NULL),
(348,321,549.00,'Cash',NULL,NULL,'2026-07-12',NULL,'2026-07-12 22:51:27','2026-07-12 22:51:27',NULL),
(349,322,899.00,'Cash',NULL,NULL,'2026-07-12',NULL,'2026-07-12 22:53:18','2026-07-12 22:53:18',NULL),
(350,323,899.00,'GCash',NULL,NULL,'2026-07-12',NULL,'2026-07-12 23:31:19','2026-07-12 23:31:19',NULL),
(351,314,849.00,'Cash',NULL,NULL,'2026-07-13',NULL,'2026-07-13 00:10:33','2026-07-13 00:10:33',NULL),
(352,315,1698.00,'Cash',NULL,NULL,'2026-07-13',NULL,'2026-07-13 00:11:45','2026-07-13 00:11:45',NULL),
(353,313,899.00,'Cash',NULL,NULL,'2026-07-13',NULL,'2026-07-13 00:12:39','2026-07-13 00:12:39',NULL),
(354,312,949.00,'GCash',NULL,NULL,'2026-07-13',NULL,'2026-07-13 00:16:12','2026-07-13 00:16:12',NULL),
(355,292,98.00,'Cash',NULL,NULL,'2026-07-13',NULL,'2026-07-13 11:29:23','2026-07-13 11:29:23',NULL),
(356,314,849.00,'Cash',NULL,NULL,'2026-07-13',NULL,'2026-07-13 11:37:38','2026-07-13 11:37:38',NULL),
(357,324,2157.60,'Cash',NULL,NULL,'2026-07-13',NULL,'2026-07-13 11:43:01','2026-07-13 11:43:01',NULL),
(358,325,749.00,'Cash',NULL,NULL,'2026-07-13',NULL,'2026-07-13 12:21:05','2026-07-13 12:21:05',NULL),
(359,326,50.00,'Cash',NULL,NULL,'2026-07-13',NULL,'2026-07-13 13:02:02','2026-07-13 13:02:02',NULL),
(360,326,674.25,'Agoda Settlement',NULL,NULL,'2026-07-13',NULL,'2026-07-13 13:02:02','2026-07-13 13:02:02',NULL),
(361,327,2828.20,'GCash','00060747',NULL,'2026-07-13',NULL,'2026-07-13 15:10:03','2026-07-13 15:10:03',NULL),
(362,328,899.00,'Cash',NULL,NULL,'2026-07-13',NULL,'2026-07-13 15:42:44','2026-07-13 15:42:44',NULL),
(363,329,674.25,'Agoda Settlement',NULL,NULL,'2026-07-13',NULL,'2026-07-13 15:44:02','2026-07-13 15:44:02',NULL),
(364,330,699.00,'Cash',NULL,NULL,'2026-07-13',NULL,'2026-07-13 15:45:08','2026-07-13 15:45:08',NULL),
(365,331,849.00,'Cash',NULL,NULL,'2026-07-13',NULL,'2026-07-13 15:46:13','2026-07-13 15:46:13',NULL),
(366,332,899.00,'Cash',NULL,NULL,'2026-07-13',NULL,'2026-07-13 16:04:07','2026-07-13 16:04:07',NULL),
(367,333,1049.00,'Cash',NULL,NULL,'2026-07-13',NULL,'2026-07-13 17:25:43','2026-07-13 17:25:43',NULL),
(368,308,1123.50,'Agoda Settlement',NULL,NULL,'2026-07-13',NULL,'2026-07-13 18:13:29','2026-07-13 18:13:29',NULL),
(369,308,699.00,'GCash','UB1320226',NULL,'2026-07-13',NULL,'2026-07-13 18:14:30','2026-07-13 18:14:30',NULL),
(370,334,849.00,'Cash',NULL,NULL,'2026-07-13',NULL,'2026-07-13 19:53:37','2026-07-13 19:53:37',NULL),
(371,327,0.32,'GCash',NULL,NULL,'2026-07-13',NULL,'2026-07-13 19:59:34','2026-07-13 19:59:34',NULL),
(372,331,849.00,'Cash',NULL,NULL,'2026-07-14',NULL,'2026-07-14 05:04:31','2026-07-14 05:04:31',NULL),
(373,335,1498.50,'Agoda Settlement',NULL,NULL,'2026-07-14',NULL,'2026-07-14 05:08:47','2026-07-14 05:08:47',NULL),
(374,336,1086.75,'Agoda Settlement',NULL,NULL,'2026-07-14',NULL,'2026-07-14 05:16:04','2026-07-14 05:16:04',NULL),
(375,337,1498.50,'Agoda Settlement',NULL,NULL,'2026-07-14',NULL,'2026-07-14 05:19:25','2026-07-14 05:19:25',NULL),
(376,338,899.00,'Cash',NULL,NULL,'2026-07-14',NULL,'2026-07-14 05:21:03','2026-07-14 05:21:03',NULL),
(377,314,849.00,'Cash',NULL,NULL,'2026-07-14',NULL,'2026-07-14 08:03:11','2026-07-14 08:03:11',NULL),
(378,339,1574.10,'Booking.com Settlement',NULL,NULL,'2026-07-14',NULL,'2026-07-14 13:13:06','2026-07-14 13:13:06',NULL),
(379,340,699.00,'Cash',NULL,NULL,'2026-07-14',NULL,'2026-07-14 16:52:26','2026-07-14 16:52:26',NULL),
(380,333,1049.00,'Cash',NULL,NULL,'2026-07-14',NULL,'2026-07-14 19:04:17','2026-07-14 19:04:17',NULL),
(381,341,3370.50,'Agoda Settlement',NULL,NULL,'2026-07-14',NULL,'2026-07-14 19:09:11','2026-07-14 19:09:11',NULL),
(382,342,899.00,'Cash',NULL,NULL,'2026-07-14',NULL,'2026-07-14 19:12:30','2026-07-14 19:12:30',NULL),
(383,343,899.00,'Cash',NULL,NULL,'2026-07-14',NULL,'2026-07-14 19:13:58','2026-07-14 19:13:58',NULL),
(384,344,899.00,'GCash','7042884993627',NULL,'2026-07-14',NULL,'2026-07-14 19:26:23','2026-07-14 19:26:23',NULL),
(385,345,1249.00,'Cash',NULL,NULL,'2026-07-14',NULL,'2026-07-14 21:02:22','2026-07-14 21:02:22',NULL),
(386,346,674.25,'Agoda Settlement',NULL,NULL,'2026-07-14',NULL,'2026-07-14 22:42:36','2026-07-14 22:42:36',NULL),
(387,347,561.75,'Agoda Settlement',NULL,NULL,'2026-07-14',NULL,'2026-07-14 23:11:29','2026-07-14 23:11:29',NULL),
(388,347,337.25,'Cash',NULL,NULL,'2026-07-15',NULL,'2026-07-15 05:31:02','2026-07-15 05:31:02',NULL),
(389,314,849.00,'GCash',NULL,NULL,'2026-07-15',NULL,'2026-07-15 11:45:34','2026-07-15 11:45:34',NULL),
(390,308,1123.50,'Agoda Settlement',NULL,NULL,'2026-07-15',NULL,'2026-07-15 18:47:28','2026-07-15 18:47:28',NULL),
(391,333,1049.00,'Cash',NULL,NULL,'2026-07-15',NULL,'2026-07-15 18:48:08','2026-07-15 18:48:08',NULL),
(392,348,699.00,'Cash',NULL,NULL,'2026-07-15',NULL,'2026-07-15 18:49:54','2026-07-15 18:49:54',NULL),
(393,349,674.25,'Agoda Settlement',NULL,NULL,'2026-07-15',NULL,'2026-07-15 18:51:08','2026-07-15 18:51:08',NULL),
(394,350,699.00,'Cash',NULL,NULL,'2026-07-15',NULL,'2026-07-15 18:52:17','2026-07-15 18:52:17',NULL),
(395,351,899.00,'Cash',NULL,NULL,'2026-07-15',NULL,'2026-07-15 18:54:16','2026-07-15 18:54:16',NULL),
(396,352,699.00,'Cash',NULL,NULL,'2026-07-15',NULL,'2026-07-15 18:55:22','2026-07-15 18:55:22',NULL),
(397,344,899.00,'GCash',NULL,NULL,'2026-07-15',NULL,'2026-07-15 22:16:42','2026-07-15 22:16:42',NULL),
(398,353,599.20,'Agoda Settlement',NULL,NULL,'2026-07-15',NULL,'2026-07-15 22:18:39','2026-07-15 22:18:39',NULL),
(399,354,1649.00,'Cash',NULL,NULL,'2026-07-15',NULL,'2026-07-15 23:03:39','2026-07-15 23:03:39',NULL),
(400,355,674.25,'Agoda Settlement',NULL,NULL,'2026-07-15',NULL,'2026-07-15 23:04:56','2026-07-15 23:04:56',NULL),
(401,356,699.00,'Cash',NULL,NULL,'2026-07-15',NULL,'2026-07-15 23:05:51','2026-07-15 23:05:51',NULL),
(402,357,849.00,'GCash',NULL,NULL,'2026-07-16',NULL,'2026-07-16 05:08:53','2026-07-16 05:08:53',NULL),
(403,358,849.00,'Cash',NULL,NULL,'2026-07-16',NULL,'2026-07-16 05:10:48','2026-07-16 05:10:48',NULL),
(404,314,849.00,'GCash',NULL,NULL,'2026-07-16',NULL,'2026-07-16 12:20:26','2026-07-16 12:20:26',NULL),
(405,360,749.25,'Agoda Settlement',NULL,NULL,'2026-07-16',NULL,'2026-07-16 12:49:33','2026-07-16 12:49:33',NULL),
(406,360,50.00,'Cash',NULL,NULL,'2026-07-16',NULL,'2026-07-16 12:50:08','2026-07-16 12:50:08',NULL),
(407,361,2147.00,'Cash',NULL,NULL,'2026-07-16',NULL,'2026-07-16 12:53:37','2026-07-16 12:53:37',NULL),
(408,333,1049.00,'Cash',NULL,NULL,'2026-07-16',NULL,'2026-07-16 13:04:56','2026-07-16 13:04:56',NULL),
(409,355,100.00,'Cash',NULL,NULL,'2026-07-16',NULL,'2026-07-16 15:25:30','2026-07-16 15:25:30',NULL),
(410,362,899.00,'Cash',NULL,NULL,'2026-07-16',NULL,'2026-07-16 15:27:45','2026-07-16 15:27:45',NULL),
(411,363,2049.00,'GCash',NULL,NULL,'2026-07-16',NULL,'2026-07-16 15:29:29','2026-07-16 15:29:29',NULL),
(412,364,1698.00,'Cash',NULL,NULL,'2026-07-16',NULL,'2026-07-16 15:30:48','2026-07-16 15:30:48',NULL),
(413,365,674.25,'Cash',NULL,NULL,'2026-07-16',NULL,'2026-07-16 15:32:04','2026-07-16 15:32:04',NULL),
(414,366,899.00,'Cash',NULL,NULL,'2026-07-16',NULL,'2026-07-16 15:32:52','2026-07-16 15:32:52',NULL),
(415,367,5312.00,'GCash','2042956798627',NULL,'2026-07-16',NULL,'2026-07-16 17:44:12','2026-07-16 17:44:12',NULL),
(416,356,699.00,'Cash',NULL,NULL,'2026-07-16',NULL,'2026-07-16 18:32:44','2026-07-16 18:32:44',NULL),
(417,368,674.25,'Agoda Settlement',NULL,NULL,'2026-07-16',NULL,'2026-07-16 19:08:04','2026-07-16 19:08:04',NULL),
(418,369,1011.75,'Cash',NULL,NULL,'2026-07-16',NULL,'2026-07-16 19:09:13','2026-07-16 19:09:13',NULL),
(419,370,849.00,'Cash',NULL,NULL,'2026-07-16',NULL,'2026-07-16 19:28:43','2026-07-16 19:28:43',NULL),
(420,371,809.10,'Booking.com Settlement',NULL,NULL,'2026-07-16',NULL,'2026-07-16 19:45:41','2026-07-16 19:45:41',NULL),
(421,344,899.00,'GCash','7042962493817',NULL,'2026-07-16',NULL,'2026-07-16 19:50:04','2026-07-16 19:50:04',NULL),
(422,372,749.25,'Agoda Settlement',NULL,NULL,'2026-07-16',NULL,'2026-07-16 20:23:51','2026-07-16 20:23:51',NULL),
(423,373,1449.00,'Cash',NULL,NULL,'2026-07-16',NULL,'2026-07-16 23:03:21','2026-07-16 23:03:21',NULL),
(424,374,674.25,'Agoda Settlement',NULL,NULL,'2026-07-17',NULL,'2026-07-17 04:56:31','2026-07-17 04:56:31',NULL),
(425,356,150.00,'Cash',NULL,NULL,'2026-07-17',NULL,'2026-07-17 04:58:10','2026-07-17 04:58:10',NULL),
(426,327,999.00,'GCash',NULL,NULL,'2026-07-17',NULL,'2026-07-17 11:03:38','2026-07-17 11:03:38',NULL),
(427,375,4316.80,'GCash',NULL,NULL,'2026-07-17',NULL,'2026-07-17 12:49:26','2026-07-17 12:49:26',NULL),
(428,377,719.20,'Agoda Settlement',NULL,NULL,'2026-07-17',NULL,'2026-07-17 14:43:31','2026-07-17 14:43:31',NULL),
(429,378,4045.50,'Agoda Settlement',NULL,NULL,'2026-07-17',NULL,'2026-07-17 14:45:07','2026-07-17 14:45:07',NULL),
(430,379,849.00,'Cash',NULL,NULL,'2026-07-17',NULL,'2026-07-17 14:47:35','2026-07-17 14:47:35',NULL),
(431,380,719.20,'Agoda Settlement',NULL,NULL,'2026-07-17',NULL,'2026-07-17 14:48:50','2026-07-17 14:48:50',NULL),
(432,376,899.00,'Cash',NULL,NULL,'2026-07-17',NULL,'2026-07-17 14:53:06','2026-07-17 14:53:06',NULL),
(433,381,719.20,'Agoda Settlement',NULL,NULL,'2026-07-17',NULL,'2026-07-17 17:44:07','2026-07-17 17:44:07',NULL),
(434,382,849.00,'Cash',NULL,NULL,'2026-07-17',NULL,'2026-07-17 17:45:35','2026-07-17 17:45:35',NULL),
(435,344,899.00,'GCash','7042996041782',NULL,'2026-07-17',NULL,'2026-07-17 19:05:59','2026-07-17 19:05:59',NULL),
(436,383,899.00,'Cash',NULL,NULL,'2026-07-17',NULL,'2026-07-17 19:15:30','2026-07-17 19:15:30',NULL),
(437,384,1159.20,'Agoda Settlement',NULL,NULL,'2026-07-17',NULL,'2026-07-17 19:49:38','2026-07-17 19:49:38',NULL),
(438,385,719.20,'Agoda Settlement',NULL,NULL,'2026-07-17',NULL,'2026-07-17 19:50:16','2026-07-17 19:50:16',NULL),
(439,386,1099.00,'Cash',NULL,NULL,'2026-07-17',NULL,'2026-07-17 20:03:38','2026-07-17 20:03:38',NULL),
(440,380,100.00,'Cash',NULL,NULL,'2026-07-17',NULL,'2026-07-17 20:34:04','2026-07-17 20:34:04',NULL),
(441,387,719.20,'Cash',NULL,NULL,'2026-07-18',NULL,'2026-07-18 01:56:29','2026-07-18 01:56:29',NULL),
(442,388,899.00,'Cash',NULL,NULL,'2026-07-18',NULL,'2026-07-18 02:01:21','2026-07-18 02:01:21',NULL),
(443,389,899.00,'Cash',NULL,NULL,'2026-07-18',NULL,'2026-07-18 02:04:02','2026-07-18 02:04:02',NULL),
(444,390,899.00,'Cash',NULL,NULL,'2026-07-18',NULL,'2026-07-18 02:07:29','2026-07-18 02:07:29',NULL),
(445,391,1049.00,'Cash',NULL,NULL,'2026-07-18',NULL,'2026-07-18 03:06:55','2026-07-18 03:06:55',NULL),
(446,392,1797.60,'Agoda Settlement',NULL,NULL,'2026-07-18',NULL,'2026-07-18 08:45:26','2026-07-18 08:45:26',NULL),
(447,392,949.40,'Cash',NULL,NULL,'2026-07-18',NULL,'2026-07-18 08:45:26','2026-07-18 08:45:26',NULL),
(448,393,1748.00,'Cash',NULL,NULL,'2026-07-18',NULL,'2026-07-18 11:58:01','2026-07-18 11:58:01',NULL),
(449,394,2022.30,'Booking.com Settlement',NULL,NULL,'2026-07-18',NULL,'2026-07-18 13:24:21','2026-07-18 13:24:21',NULL),
(450,394,50.00,'Cash',NULL,NULL,'2026-07-18',NULL,'2026-07-18 13:24:21','2026-07-18 13:24:21',NULL),
(451,395,719.20,'Agoda Settlement',NULL,NULL,'2026-07-18',NULL,'2026-07-18 13:36:00','2026-07-18 13:36:00',NULL),
(452,395,50.00,'Cash',NULL,NULL,'2026-07-18',NULL,'2026-07-18 13:36:00','2026-07-18 13:36:00',NULL),
(453,396,1198.40,'Agoda Settlement',NULL,NULL,'2026-07-18',NULL,'2026-07-18 13:44:32','2026-07-18 13:44:32',NULL),
(454,389,899.00,'Cash',NULL,NULL,'2026-07-18',NULL,'2026-07-18 14:16:01','2026-07-18 14:16:01',NULL),
(455,344,899.00,'Cash',NULL,NULL,'2026-07-18',NULL,'2026-07-18 17:50:23','2026-07-18 21:39:33','2026-07-18 21:39:33'),
(456,308,699.00,'GCash',NULL,NULL,'2026-07-18',NULL,'2026-07-18 20:20:18','2026-07-18 20:20:18',NULL),
(457,308,749.25,'Agoda Settlement',NULL,NULL,'2026-07-18',NULL,'2026-07-18 20:21:25','2026-07-18 20:21:25',NULL),
(458,397,799.20,'Agoda Settlement',NULL,NULL,'2026-07-18',NULL,'2026-07-18 20:27:54','2026-07-18 20:27:54',NULL),
(459,398,699.00,'Cash',NULL,NULL,'2026-07-18',NULL,'2026-07-18 20:31:54','2026-07-18 20:31:54',NULL),
(460,399,719.20,'Agoda Settlement',NULL,NULL,'2026-07-18',NULL,'2026-07-18 20:34:40','2026-07-18 20:34:40',NULL),
(461,400,849.00,'Cash',NULL,NULL,'2026-07-18',NULL,'2026-07-18 20:36:04','2026-07-18 20:36:04',NULL),
(462,401,849.00,'Cash',NULL,NULL,'2026-07-18',NULL,'2026-07-18 20:37:09','2026-07-18 20:37:09',NULL),
(463,402,1598.40,'Cash',NULL,NULL,'2026-07-18',NULL,'2026-07-18 21:00:39','2026-07-18 21:00:39',NULL),
(464,403,849.00,'Cash',NULL,NULL,'2026-07-18',NULL,'2026-07-18 21:13:00','2026-07-18 21:13:00',NULL),
(465,406,1749.00,'Cash',NULL,NULL,'2026-07-18',NULL,'2026-07-18 21:20:55','2026-07-18 21:20:55',NULL),
(466,404,899.00,'Cash',NULL,NULL,'2026-07-18',NULL,'2026-07-18 21:36:40','2026-07-18 21:36:40',NULL),
(467,405,899.00,'Cash',NULL,NULL,'2026-07-18',NULL,'2026-07-18 21:38:04','2026-07-18 21:38:04',NULL),
(468,407,1249.00,'Cash',NULL,NULL,'2026-07-18',NULL,'2026-07-18 21:38:58','2026-07-18 21:38:58',NULL),
(469,344,899.00,'GCash',NULL,NULL,'2026-07-18',NULL,'2026-07-18 21:39:55','2026-07-18 21:39:55',NULL),
(470,408,899.00,'Cash',NULL,NULL,'2026-07-19',NULL,'2026-07-19 03:09:18','2026-07-19 03:09:18',NULL),
(471,409,849.00,'Cash',NULL,NULL,'2026-07-19',NULL,'2026-07-19 03:10:35','2026-07-19 03:10:35',NULL),
(472,410,1849.00,'Cash',NULL,NULL,'2026-07-19',NULL,'2026-07-19 03:12:32','2026-07-19 03:12:32',NULL),
(473,411,849.00,'Cash',NULL,NULL,'2026-07-19',NULL,'2026-07-19 03:13:46','2026-07-19 03:13:46',NULL),
(474,412,749.25,'Agoda Settlement',NULL,NULL,'2026-07-19',NULL,'2026-07-19 05:59:24','2026-07-19 05:59:24',NULL),
(475,359,2097.00,'Cash',NULL,NULL,'2026-07-19',NULL,'2026-07-19 09:57:46','2026-07-19 09:57:46',NULL),
(476,413,719.20,'Agoda Settlement',NULL,NULL,'2026-07-19',NULL,'2026-07-19 11:02:31','2026-07-19 11:02:31',NULL),
(477,406,100.00,'Cash',NULL,NULL,'2026-07-19',NULL,'2026-07-19 11:52:08','2026-07-19 11:52:08',NULL),
(478,414,674.25,'Agoda Settlement',NULL,NULL,'2026-07-19',NULL,'2026-07-19 12:24:12','2026-07-19 12:24:12',NULL),
(479,344,899.00,'GCash','7043051083248',NULL,'2026-07-19',NULL,'2026-07-19 12:27:48','2026-07-19 12:27:48',NULL),
(480,415,1249.00,'Cash',NULL,NULL,'2026-07-19',NULL,'2026-07-19 20:12:24','2026-07-19 20:12:24',NULL),
(481,416,4636.80,'Cash',NULL,NULL,'2026-07-19',NULL,'2026-07-19 20:14:51','2026-07-19 20:14:51',NULL),
(482,416,4636.80,'Cash',NULL,NULL,'2026-07-19',NULL,'2026-07-19 20:15:07','2026-07-19 20:31:46','2026-07-19 20:31:46'),
(483,417,1348.50,'Agoda Settlement',NULL,NULL,'2026-07-19',NULL,'2026-07-19 20:20:15','2026-07-19 20:20:15',NULL),
(484,418,599.20,'Agoda Settlement',NULL,NULL,'2026-07-19',NULL,'2026-07-19 20:27:35','2026-07-19 20:27:35',NULL),
(485,419,719.20,'Agoda Settlement',NULL,NULL,'2026-07-19',NULL,'2026-07-19 20:29:31','2026-07-19 20:29:31',NULL),
(486,420,1398.00,'Cash',NULL,NULL,'2026-07-19',NULL,'2026-07-19 23:45:40','2026-07-19 23:45:40',NULL),
(487,421,849.00,'Cash',NULL,NULL,'2026-07-19',NULL,'2026-07-19 23:47:09','2026-07-19 23:47:09',NULL),
(488,422,749.25,'Agoda Settlement',NULL,NULL,'2026-07-19',NULL,'2026-07-19 23:49:14','2026-07-19 23:49:14',NULL),
(489,423,899.00,'Cash',NULL,NULL,'2026-07-19',NULL,'2026-07-19 23:51:00','2026-07-19 23:51:00',NULL),
(490,424,899.00,'Cash',NULL,NULL,'2026-07-19',NULL,'2026-07-19 23:52:31','2026-07-19 23:52:31',NULL),
(491,425,899.00,'Cash',NULL,NULL,'2026-07-20',NULL,'2026-07-20 00:03:56','2026-07-20 00:03:56',NULL),
(492,344,1728.00,'GCash','7043075736803',NULL,'2026-07-20',NULL,'2026-07-20 06:55:51','2026-07-20 06:55:51',NULL),
(493,402,200.00,'Cash',NULL,NULL,'2026-07-20',NULL,'2026-07-20 08:35:24','2026-07-20 08:35:24',NULL),
(494,426,2396.80,'Cash',NULL,NULL,'2026-07-20',NULL,'2026-07-20 12:59:23','2026-07-20 12:59:23',NULL),
(495,427,500.00,'GCash',NULL,NULL,'2026-07-20',NULL,'2026-07-20 19:17:22','2026-07-20 19:17:22',NULL),
(496,428,3196.80,'Agoda Settlement',NULL,NULL,'2026-07-20',NULL,'2026-07-20 19:19:13','2026-07-20 19:19:13',NULL),
(497,430,849.00,'Cash',NULL,NULL,'2026-07-20',NULL,'2026-07-20 19:32:48','2026-07-20 19:32:48',NULL),
(498,431,1698.00,'Cash',NULL,NULL,'2026-07-20',NULL,'2026-07-20 19:34:07','2026-07-20 19:34:07',NULL),
(499,432,599.20,'Agoda Settlement',NULL,NULL,'2026-07-20',NULL,'2026-07-20 19:36:09','2026-07-20 19:36:09',NULL),
(500,433,899.00,'GCash',NULL,NULL,'2026-07-20',NULL,'2026-07-20 19:37:29','2026-07-20 19:37:29',NULL),
(501,434,674.25,'Cash',NULL,NULL,'2026-07-20',NULL,'2026-07-20 19:40:16','2026-07-20 19:40:16',NULL),
(502,435,899.00,'Cash',NULL,NULL,'2026-07-20',NULL,'2026-07-20 19:42:48','2026-07-20 19:42:48',NULL),
(503,429,2396.80,'Agoda Settlement',NULL,NULL,'2026-07-20',NULL,'2026-07-20 20:52:38','2026-07-20 20:52:38',NULL),
(504,436,899.00,'Cash',NULL,NULL,'2026-07-20',NULL,'2026-07-20 23:34:13','2026-07-20 23:34:13',NULL),
(505,437,849.00,'Cash',NULL,NULL,'2026-07-20',NULL,'2026-07-20 23:35:21','2026-07-20 23:35:21',NULL),
(506,438,799.20,'Agoda Settlement',NULL,NULL,'2026-07-21',NULL,'2026-07-21 01:38:03','2026-07-21 01:38:03',NULL),
(507,439,849.00,'GCash',NULL,NULL,'2026-07-21',NULL,'2026-07-21 01:41:56','2026-07-21 01:41:56',NULL),
(508,440,699.00,'Cash',NULL,NULL,'2026-07-21',NULL,'2026-07-21 05:24:31','2026-07-21 05:24:31',NULL),
(509,441,899.00,'Cash',NULL,NULL,'2026-07-21',NULL,'2026-07-21 05:26:44','2026-07-21 05:26:44',NULL),
(510,420,699.00,'Cash',NULL,NULL,'2026-07-21',NULL,'2026-07-21 06:42:32','2026-07-21 06:42:32',NULL),
(511,442,799.20,'Agoda Settlement',NULL,NULL,'2026-07-21',NULL,'2026-07-21 08:42:44','2026-07-21 08:42:44',NULL),
(512,442,200.00,'Cash',NULL,NULL,'2026-07-21',NULL,'2026-07-21 08:42:52','2026-07-21 08:42:52',NULL),
(513,443,8111.20,'Cash',NULL,NULL,'2026-07-21',NULL,'2026-07-21 08:52:25','2026-07-21 08:52:25',NULL),
(514,435,899.00,'Cash',NULL,NULL,'2026-07-21',NULL,'2026-07-21 19:17:07','2026-07-21 19:17:07',NULL),
(515,444,1011.75,'Agoda Settlement',NULL,NULL,'2026-07-21',NULL,'2026-07-21 20:16:08','2026-07-21 20:16:08',NULL),
(516,445,561.75,'Agoda Settlement',NULL,NULL,'2026-07-21',NULL,'2026-07-21 20:18:32','2026-07-21 20:18:32',NULL),
(517,446,1797.60,'Agoda Settlement',NULL,NULL,'2026-07-21',NULL,'2026-07-21 20:22:16','2026-07-21 20:22:16',NULL),
(518,446,749.40,'Cash',NULL,NULL,'2026-07-21',NULL,'2026-07-21 20:22:16','2026-07-21 20:22:16',NULL),
(519,447,849.00,'Cash',NULL,NULL,'2026-07-21',NULL,'2026-07-21 20:24:42','2026-07-21 20:24:42',NULL),
(520,448,849.00,'Cash',NULL,NULL,'2026-07-21',NULL,'2026-07-21 20:26:08','2026-07-21 20:26:08',NULL),
(521,449,899.00,'GCash',NULL,NULL,'2026-07-21',NULL,'2026-07-21 20:27:23','2026-07-21 20:27:23',NULL),
(522,450,1398.00,'Cash',NULL,NULL,'2026-07-21',NULL,'2026-07-21 20:28:27','2026-07-21 20:28:27',NULL),
(523,451,674.25,'Agoda Settlement',NULL,NULL,'2026-07-21',NULL,'2026-07-21 20:43:35','2026-07-21 20:43:35',NULL),
(524,452,899.00,'Cash',NULL,NULL,'2026-07-21',NULL,'2026-07-21 22:11:30','2026-07-21 22:11:30',NULL),
(525,453,1398.00,'Cash',NULL,NULL,'2026-07-21',NULL,'2026-07-21 23:13:43','2026-07-21 23:13:43',NULL),
(526,454,849.00,'Cash',NULL,NULL,'2026-07-22',NULL,'2026-07-22 01:18:20','2026-07-22 01:18:20',NULL),
(527,420,699.00,'Cash',NULL,NULL,'2026-07-22',NULL,'2026-07-22 10:41:28','2026-07-22 10:41:28',NULL),
(528,456,699.00,'Cash',NULL,NULL,'2026-07-22',NULL,'2026-07-22 10:52:56','2026-07-22 10:52:56',NULL),
(529,448,849.00,'Cash',NULL,NULL,'2026-07-22',NULL,'2026-07-22 10:54:20','2026-07-22 10:54:20',NULL),
(530,455,2158.40,'Agoda Settlement',NULL,NULL,'2026-07-22',NULL,'2026-07-22 10:55:51','2026-07-22 10:55:51',NULL),
(531,457,674.25,'Agoda Settlement',NULL,NULL,'2026-07-22',NULL,'2026-07-22 12:42:35','2026-07-22 12:42:35',NULL),
(532,449,288.00,'Cash',NULL,NULL,'2026-07-22',NULL,'2026-07-22 12:58:39','2026-07-22 12:58:39',NULL),
(533,458,599.20,'Agoda Settlement',NULL,NULL,'2026-07-22',NULL,'2026-07-22 13:51:08','2026-07-22 13:51:08',NULL),
(534,458,150.00,'Cash',NULL,NULL,'2026-07-22',NULL,'2026-07-22 13:51:17','2026-07-22 13:51:17',NULL),
(535,459,899.00,'Cash',NULL,NULL,'2026-07-22',NULL,'2026-07-22 20:27:05','2026-07-22 20:27:05',NULL),
(536,460,849.00,'Cash',NULL,NULL,'2026-07-22',NULL,'2026-07-22 20:27:59','2026-07-22 20:27:59',NULL),
(537,461,849.00,'Cash',NULL,NULL,'2026-07-22',NULL,'2026-07-22 20:29:24','2026-07-22 20:29:24',NULL),
(538,462,899.00,'Cash',NULL,NULL,'2026-07-22',NULL,'2026-07-22 20:30:52','2026-07-22 20:30:52',NULL),
(539,463,899.00,'Cash',NULL,NULL,'2026-07-22',NULL,'2026-07-22 20:34:03','2026-07-22 20:34:03',NULL),
(540,464,899.00,'Cash',NULL,NULL,'2026-07-22',NULL,'2026-07-22 20:35:05','2026-07-22 20:35:05',NULL),
(541,453,699.00,'Cash',NULL,NULL,'2026-07-22',NULL,'2026-07-22 20:36:38','2026-07-22 20:36:38',NULL),
(542,448,849.00,'Cash',NULL,NULL,'2026-07-23',NULL,'2026-07-23 12:03:35','2026-07-23 12:03:35',NULL),
(543,462,899.00,'Cash',NULL,NULL,'2026-07-23',NULL,'2026-07-23 12:04:09','2026-07-23 12:04:09',NULL),
(544,466,949.00,'Cash',NULL,NULL,'2026-07-23',NULL,'2026-07-23 12:15:39','2026-07-23 12:15:39',NULL),
(545,467,699.00,'GCash',NULL,NULL,'2026-07-23',NULL,'2026-07-23 16:16:32','2026-07-23 16:16:32',NULL),
(546,457,674.25,'Agoda Settlement',NULL,NULL,'2026-07-23',NULL,'2026-07-23 19:56:30','2026-07-23 19:56:30',NULL),
(547,459,1798.00,'Cash',NULL,NULL,'2026-07-23',NULL,'2026-07-23 19:57:22','2026-07-23 19:57:22',NULL),
(548,460,1698.00,'Cash',NULL,NULL,'2026-07-23',NULL,'2026-07-23 19:57:50','2026-07-23 19:57:50',NULL),
(549,468,849.00,'Cash',NULL,NULL,'2026-07-23',NULL,'2026-07-23 20:00:16','2026-07-23 20:00:16',NULL),
(550,469,899.00,'Cash',NULL,NULL,'2026-07-23',NULL,'2026-07-23 20:09:25','2026-07-23 20:09:25',NULL),
(551,470,899.00,'Cash',NULL,NULL,'2026-07-23',NULL,'2026-07-23 20:10:38','2026-07-23 20:10:38',NULL),
(552,471,2022.75,'Agoda Settlement',NULL,NULL,'2026-07-23',NULL,'2026-07-23 20:14:11','2026-07-23 20:14:11',NULL),
(553,472,749.25,'Agoda Settlement',NULL,NULL,'2026-07-23',NULL,'2026-07-23 23:08:16','2026-07-23 23:08:16',NULL),
(554,473,849.00,'Cash',NULL,NULL,'2026-07-23',NULL,'2026-07-23 23:09:23','2026-07-23 23:09:23',NULL),
(555,474,719.20,'Agoda Settlement',NULL,NULL,'2026-07-23',NULL,'2026-07-23 23:10:24','2026-07-23 23:10:24',NULL),
(556,475,1049.00,'Cash',NULL,NULL,'2026-07-23',NULL,'2026-07-23 23:11:47','2026-07-23 23:11:47',NULL),
(557,476,1438.40,'Agoda Settlement',NULL,NULL,'2026-07-23',NULL,'2026-07-23 23:12:51','2026-07-23 23:12:51',NULL),
(558,477,2049.00,'Cash',NULL,NULL,'2026-07-24',NULL,'2026-07-24 00:28:52','2026-07-24 00:28:52',NULL),
(559,478,849.00,'Cash',NULL,NULL,'2026-07-24',NULL,'2026-07-24 03:24:39','2026-07-24 03:24:39',NULL),
(560,478,674.25,'Agoda Settlement',NULL,NULL,'2026-07-24',NULL,'2026-07-24 03:24:52','2026-07-24 03:24:52',NULL),
(561,448,849.00,'Cash',NULL,NULL,'2026-07-24',NULL,'2026-07-24 11:12:51','2026-07-24 11:12:51',NULL),
(562,466,849.00,'Cash',NULL,NULL,'2026-07-24',NULL,'2026-07-24 11:13:24','2026-07-24 11:13:24',NULL),
(563,479,1049.00,'Cash',NULL,NULL,'2026-07-24',NULL,'2026-07-24 11:38:43','2026-07-24 11:38:43',NULL),
(564,480,899.00,'Cash',NULL,NULL,'2026-07-24',NULL,'2026-07-24 11:55:53','2026-07-24 11:55:53',NULL),
(565,481,549.00,'Cash',NULL,NULL,'2026-07-24',NULL,'2026-07-24 12:59:28','2026-07-24 12:59:28',NULL),
(566,482,899.00,'Cash',NULL,NULL,'2026-07-24',NULL,'2026-07-24 17:20:33','2026-07-24 17:20:33',NULL),
(567,483,899.00,'Cash',NULL,NULL,'2026-07-24',NULL,'2026-07-24 20:34:48','2026-07-24 20:34:48',NULL),
(568,484,849.00,'Cash',NULL,NULL,'2026-07-24',NULL,'2026-07-24 20:36:11','2026-07-24 20:36:11',NULL),
(569,485,899.00,'GCash',NULL,NULL,'2026-07-24',NULL,'2026-07-24 20:37:37','2026-07-24 20:37:37',NULL),
(570,486,849.00,'Cash',NULL,NULL,'2026-07-24',NULL,'2026-07-24 20:38:52','2026-07-24 20:38:52',NULL),
(571,487,599.20,'Agoda Settlement',NULL,NULL,'2026-07-24',NULL,'2026-07-24 20:40:06','2026-07-24 20:40:06',NULL),
(572,488,849.00,'Cash',NULL,NULL,'2026-07-24',NULL,'2026-07-24 20:43:12','2026-07-24 20:43:12',NULL),
(573,489,849.00,'Cash',NULL,NULL,'2026-07-24',NULL,'2026-07-24 20:44:02','2026-07-24 20:44:02',NULL),
(574,490,699.00,'Cash',NULL,NULL,'2026-07-24',NULL,'2026-07-24 20:46:14','2026-07-24 20:46:14',NULL),
(575,491,599.20,'Agoda Settlement',NULL,NULL,'2026-07-25',NULL,'2026-07-25 02:45:49','2026-07-25 02:45:49',NULL),
(576,491,150.00,'GCash',NULL,NULL,'2026-07-25',NULL,'2026-07-25 02:46:33','2026-07-25 02:46:33',NULL),
(577,492,599.20,'Agoda Settlement',NULL,NULL,'2026-07-25',NULL,'2026-07-25 02:48:09','2026-07-25 02:48:09',NULL),
(578,493,1598.40,'Agoda Settlement',NULL,NULL,'2026-07-25',NULL,'2026-07-25 02:49:49','2026-07-25 02:49:49',NULL),
(579,494,719.20,'Agoda Settlement',NULL,NULL,'2026-07-25',NULL,'2026-07-25 08:51:04','2026-07-25 08:51:04',NULL),
(580,494,200.00,'Cash',NULL,NULL,'2026-07-25',NULL,'2026-07-25 08:51:04','2026-07-25 08:51:04',NULL),
(581,448,849.00,'Cash',NULL,NULL,'2026-07-25',NULL,'2026-07-25 11:03:23','2026-07-25 11:03:23',NULL),
(582,466,849.00,'Cash',NULL,NULL,'2026-07-25',NULL,'2026-07-25 11:04:56','2026-07-25 11:04:56',NULL),
(583,489,300.00,'Cash',NULL,NULL,'2026-07-25',NULL,'2026-07-25 14:52:37','2026-07-25 14:52:37',NULL),
(584,484,849.00,'Cash',NULL,NULL,'2026-07-25',NULL,'2026-07-25 15:20:59','2026-07-25 15:20:59',NULL),
(585,367,664.00,'GCash','204259085140',NULL,'2026-07-25',NULL,'2026-07-25 15:38:04','2026-07-25 15:38:04',NULL),
(586,459,1798.00,'Cash',NULL,NULL,'2026-07-25',NULL,'2026-07-25 16:42:36','2026-07-25 16:42:36',NULL),
(587,460,1698.00,'Cash',NULL,NULL,'2026-07-25',NULL,'2026-07-25 16:43:02','2026-07-25 16:43:02',NULL),
(588,492,898.80,'Agoda Settlement',NULL,NULL,'2026-07-25',NULL,'2026-07-25 17:52:57','2026-07-25 17:52:57',NULL),
(589,495,1449.00,'Cash',NULL,NULL,'2026-07-25',NULL,'2026-07-25 20:02:17','2026-07-25 20:02:17',NULL),
(590,496,2157.60,'Agoda Settlement',NULL,NULL,'2026-07-25',NULL,'2026-07-25 20:04:30','2026-07-25 20:04:30',NULL),
(591,497,2397.60,'Agoda Settlement',NULL,NULL,'2026-07-25',NULL,'2026-07-25 20:05:45','2026-07-25 20:05:45',NULL),
(592,498,599.20,'Cash',NULL,NULL,'2026-07-25',NULL,'2026-07-25 20:07:09','2026-07-25 20:07:09',NULL),
(593,499,2513.00,'GCash',NULL,NULL,'2026-07-25',NULL,'2026-07-25 22:26:43','2026-07-25 22:26:43',NULL),
(594,499,2513.00,'GCash',NULL,NULL,'2026-07-25',NULL,'2026-07-25 22:26:43','2026-07-25 22:26:43',NULL),
(595,499,2513.00,'Cash',NULL,NULL,'2026-07-25',NULL,'2026-07-25 22:26:43','2026-07-25 22:26:43',NULL),
(596,485,899.00,'GCash',NULL,NULL,'2026-07-25',NULL,'2026-07-25 22:29:09','2026-07-25 22:29:09',NULL),
(597,500,749.00,'Agoda Settlement',NULL,NULL,'2026-07-25',NULL,'2026-07-25 22:34:00','2026-07-25 22:34:00',NULL),
(598,500,150.00,'Cash',NULL,NULL,'2026-07-25',NULL,'2026-07-25 22:34:00','2026-07-25 22:34:00',NULL),
(599,501,849.00,'Cash',NULL,NULL,'2026-07-25',NULL,'2026-07-25 22:37:43','2026-07-25 22:37:43',NULL),
(600,502,1049.00,'Cash',NULL,NULL,'2026-07-26',NULL,'2026-07-26 05:35:40','2026-07-26 05:35:40',NULL),
(601,503,1998.00,'Cash',NULL,NULL,'2026-07-26',NULL,'2026-07-26 09:01:36','2026-07-26 09:01:36',NULL),
(602,504,599.20,'Agoda Settlement',NULL,NULL,'2026-07-26',NULL,'2026-07-26 09:04:42','2026-07-26 09:04:42',NULL),
(603,504,150.00,'Cash',NULL,NULL,'2026-07-26',NULL,'2026-07-26 09:11:30','2026-07-26 09:11:30',NULL),
(604,465,2097.00,'Cash',NULL,NULL,'2026-07-26',NULL,'2026-07-26 10:08:30','2026-07-26 10:08:30',NULL),
(605,448,849.00,'Cash',NULL,NULL,'2026-07-26',NULL,'2026-07-26 12:17:10','2026-07-26 12:17:10',NULL),
(606,505,699.00,'Cash',NULL,NULL,'2026-07-26',NULL,'2026-07-26 12:42:13','2026-07-26 12:42:13',NULL),
(607,485,899.00,'GCash',NULL,NULL,'2026-07-26',NULL,'2026-07-26 19:56:37','2026-07-26 19:56:37',NULL),
(608,506,674.25,'Agoda Settlement',NULL,NULL,'2026-07-26',NULL,'2026-07-26 20:04:22','2026-07-26 20:04:22',NULL),
(609,507,899.00,'Cash',NULL,NULL,'2026-07-26',NULL,'2026-07-26 20:06:57','2026-07-26 20:06:57',NULL),
(610,508,749.40,'Cash',NULL,NULL,'2026-07-26',NULL,'2026-07-26 20:08:44','2026-07-26 20:08:44',NULL),
(611,508,1797.60,'Agoda Settlement',NULL,NULL,'2026-07-26',NULL,'2026-07-26 20:08:44','2026-07-26 20:08:44',NULL),
(612,510,1449.00,'Cash',NULL,NULL,'2026-07-26',NULL,'2026-07-26 20:12:36','2026-07-26 20:12:36',NULL),
(613,511,674.10,'Booking.com Settlement',NULL,NULL,'2026-07-26',NULL,'2026-07-26 20:26:06','2026-07-26 20:26:06',NULL),
(614,512,1449.00,'GCash',NULL,NULL,'2026-07-26',NULL,'2026-07-26 20:27:16','2026-07-26 20:27:16',NULL),
(615,513,719.20,'Agoda Settlement',NULL,NULL,'2026-07-26',NULL,'2026-07-26 20:29:32','2026-07-26 20:29:32',NULL),
(616,514,1399.20,'Agoda Settlement',NULL,NULL,'2026-07-26',NULL,'2026-07-26 20:30:44','2026-07-26 20:30:44',NULL),
(617,509,749.00,'Agoda Settlement',NULL,NULL,'2026-07-26',NULL,'2026-07-26 20:35:06','2026-07-26 20:35:06',NULL),
(618,515,749.25,'Agoda Settlement',NULL,NULL,'2026-07-26',NULL,'2026-07-26 23:13:57','2026-07-26 23:13:57',NULL),
(619,516,1011.75,'Agoda Settlement',NULL,NULL,'2026-07-26',NULL,'2026-07-26 23:15:12','2026-07-26 23:15:12',NULL),
(620,517,599.20,'Agoda Settlement',NULL,NULL,'2026-07-27',NULL,'2026-07-27 11:13:15','2026-07-27 11:13:15',NULL),
(621,517,549.80,'Cash',NULL,NULL,'2026-07-27',NULL,'2026-07-27 11:13:15','2026-07-27 11:13:15',NULL),
(622,519,2457.60,'Cash',NULL,NULL,'2026-07-27',NULL,'2026-07-27 11:34:36','2026-07-27 11:34:36',NULL),
(623,520,719.20,'Agoda Settlement',NULL,NULL,'2026-07-27',NULL,'2026-07-27 12:10:57','2026-07-27 12:10:57',NULL),
(624,504,1198.40,'Agoda Settlement',NULL,NULL,'2026-07-27',NULL,'2026-07-27 18:25:31','2026-07-27 18:25:31',NULL),
(625,485,899.00,'GCash',NULL,NULL,'2026-07-27',NULL,'2026-07-27 18:28:35','2026-07-27 18:28:35',NULL),
(626,521,749.25,'Agoda Settlement',NULL,NULL,'2026-07-27',NULL,'2026-07-27 19:40:19','2026-07-27 19:40:19',NULL),
(627,522,674.10,'Booking.com Settlement',NULL,NULL,'2026-07-27',NULL,'2026-07-27 19:41:57','2026-07-27 19:41:57',NULL),
(628,523,699.00,'Cash',NULL,NULL,'2026-07-27',NULL,'2026-07-27 19:42:59','2026-07-27 19:42:59',NULL),
(629,524,849.00,'Cash',NULL,NULL,'2026-07-27',NULL,'2026-07-27 19:44:23','2026-07-27 19:44:23',NULL),
(630,525,4033.00,'Cash',NULL,NULL,'2026-07-27',NULL,'2026-07-27 20:02:08','2026-07-27 20:02:08',NULL),
(631,526,849.00,'Cash',NULL,NULL,'2026-07-27',NULL,'2026-07-27 20:04:27','2026-07-27 20:04:27',NULL),
(632,527,899.00,'Cash',NULL,NULL,'2026-07-27',NULL,'2026-07-27 20:06:09','2026-07-27 20:06:09',NULL),
(633,528,1011.75,'Agoda Settlement',NULL,NULL,'2026-07-27',NULL,'2026-07-27 20:07:51','2026-07-27 20:07:51',NULL),
(634,459,1798.00,'Cash',NULL,NULL,'2026-07-27',NULL,'2026-07-27 20:27:05','2026-07-27 20:27:05',NULL),
(635,460,1698.00,'Cash',NULL,NULL,'2026-07-27',NULL,'2026-07-27 20:27:39','2026-07-27 20:27:39',NULL),
(636,510,1449.00,'Cash',NULL,NULL,'2026-07-28',NULL,'2026-07-28 04:44:09','2026-07-28 04:44:09',NULL),
(637,529,549.00,'Cash',NULL,NULL,'2026-07-28',NULL,'2026-07-28 04:52:49','2026-07-28 04:52:49',NULL),
(638,530,849.00,'Cash',NULL,NULL,'2026-07-28',NULL,'2026-07-28 04:56:32','2026-07-28 04:56:32',NULL),
(639,525,2.00,'Cash',NULL,NULL,'2026-07-28',NULL,'2026-07-28 05:21:35','2026-07-28 05:21:35',NULL),
(640,485,1152.00,'GCash','7043346421286',NULL,'2026-07-28',NULL,'2026-07-28 08:18:47','2026-07-28 08:18:47',NULL),
(641,531,2747.00,'Cash',NULL,NULL,'2026-07-28',NULL,'2026-07-28 09:21:27','2026-07-28 09:21:27',NULL),
(642,532,899.00,'Cash',NULL,NULL,'2026-07-28',NULL,'2026-07-28 11:09:37','2026-07-28 11:09:37',NULL),
(643,467,699.00,'GCash','5210764355136',NULL,'2026-07-28',NULL,'2026-07-28 12:11:15','2026-07-28 12:11:15',NULL),
(644,523,699.00,'Cash',NULL,NULL,'2026-07-28',NULL,'2026-07-28 12:12:33','2026-07-28 12:12:33',NULL),
(645,503,849.00,'Cash',NULL,NULL,'2026-07-28',NULL,'2026-07-28 12:19:56','2026-07-28 12:19:56',NULL),
(646,533,719.20,'Agoda Settlement',NULL,NULL,'2026-07-28',NULL,'2026-07-28 13:06:17','2026-07-28 13:06:17',NULL),
(647,510,200.00,'Cash',NULL,NULL,'2026-07-28',NULL,'2026-07-28 19:33:13','2026-07-28 19:33:13',NULL),
(648,522,699.00,'Cash',NULL,NULL,'2026-07-28',NULL,'2026-07-28 19:37:09','2026-07-28 19:37:09',NULL),
(649,534,699.00,'Cash',NULL,NULL,'2026-07-28',NULL,'2026-07-28 19:47:13','2026-07-28 19:47:13',NULL),
(650,535,2997.00,'Agoda Settlement',NULL,NULL,'2026-07-28',NULL,'2026-07-28 19:50:03','2026-07-28 19:50:03',NULL),
(651,536,849.00,'Cash',NULL,'PH-00000001','2026-07-28',NULL,'2026-07-28 20:15:19','2026-07-28 20:15:19',NULL),
(652,537,1079.20,'Agoda Settlement',NULL,'PH-00000002','2026-07-28',NULL,'2026-07-28 20:22:02','2026-07-28 20:22:02',NULL),
(653,538,849.00,'Cash',NULL,'PH-00000003','2026-07-28',NULL,'2026-07-28 20:29:40','2026-07-28 20:29:40',NULL),
(654,539,561.75,'Agoda Settlement',NULL,'PH-00000004','2026-07-28',NULL,'2026-07-28 20:32:02','2026-07-28 20:32:02',NULL),
(655,540,899.00,'Cash',NULL,'PH-00000005','2026-07-28',NULL,'2026-07-28 20:33:58','2026-07-28 20:33:58',NULL),
(656,541,1649.00,'Cash',NULL,'PH-00000006','2026-07-28',NULL,'2026-07-28 20:36:53','2026-07-28 20:36:53',NULL),
(657,542,987.00,'GCash','4043371388105','PH-00000007','2026-07-29',NULL,'2026-07-29 03:26:07','2026-07-29 03:26:07',NULL),
(658,543,1086.75,'Cash',NULL,'PH-00000008','2026-07-29',NULL,'2026-07-29 03:32:16','2026-07-29 03:32:16',NULL),
(659,544,899.00,'Cash',NULL,'PH-00000009','2026-07-29',NULL,'2026-07-29 03:38:50','2026-07-29 03:38:50',NULL),
(660,545,699.00,'Cash',NULL,'PH-00000010','2026-07-29',NULL,'2026-07-29 03:44:11','2026-07-29 03:44:11',NULL),
(661,546,749.25,'Agoda Settlement',NULL,'PH-00000011','2026-07-29',NULL,'2026-07-29 03:47:38','2026-07-29 03:47:38',NULL),
(662,547,1086.75,'GCash','7043369461253','PH-00000012','2026-07-29',NULL,'2026-07-29 03:56:41','2026-07-29 03:56:41',NULL),
(663,548,549.00,'Cash',NULL,'PH-00000013','2026-07-29',NULL,'2026-07-29 04:00:32','2026-07-29 04:00:32',NULL),
(664,549,1549.00,'Cash',NULL,'PH-00000014','2026-07-29',NULL,'2026-07-29 07:21:47','2026-07-29 07:21:47',NULL),
(665,550,1199.00,'Cash',NULL,'PH-00000015','2026-07-29',NULL,'2026-07-29 10:00:29','2026-07-29 10:00:29',NULL),
(666,542,987.00,'GCash','4043383123024','PH-00000016','2026-07-29',NULL,'2026-07-29 11:11:04','2026-07-29 11:11:04',NULL),
(667,551,809.10,'Booking.com Settlement',NULL,'PH-00000017','2026-07-29',NULL,'2026-07-29 11:25:16','2026-07-29 11:25:16',NULL),
(668,534,699.00,'Cash',NULL,'PH-00000018','2026-07-29',NULL,'2026-07-29 11:26:31','2026-07-29 11:26:31',NULL),
(669,552,674.25,'Agoda Settlement',NULL,'PH-00000019','2026-07-29',NULL,'2026-07-29 11:36:25','2026-07-29 11:36:25',NULL),
(670,503,849.00,'Cash',NULL,'PH-00000020','2026-07-29',NULL,'2026-07-29 11:41:10','2026-07-29 11:41:10',NULL),
(671,553,3996.00,'Agoda Settlement',NULL,'PH-00000021','2026-07-29',NULL,'2026-07-29 11:49:18','2026-07-29 11:49:18',NULL);

--
-- Table structure for table `reservations`
--

CREATE TABLE `reservations` (
  `id` bigint(20) unsigned NOT NULL AUTO_INCREMENT,
  `group_id` bigint(20) unsigned DEFAULT NULL,
  `guest_id` bigint(20) unsigned DEFAULT NULL,
  `rate_plan_id` bigint(20) unsigned DEFAULT NULL,
  `booking_no` varchar(20) NOT NULL,
  `confirmation_token` varchar(64) DEFAULT NULL,
  `guest_name` varchar(255) NOT NULL,
  `guest_email` varchar(255) DEFAULT NULL,
  `guest_phone` varchar(30) DEFAULT NULL,
  `room_no` varchar(10) NOT NULL,
  `room_type` varchar(50) NOT NULL,
  `check_in` date NOT NULL,
  `check_out` date NOT NULL,
  `nights` smallint(5) unsigned NOT NULL,
  `pax` tinyint(3) unsigned NOT NULL DEFAULT 1,
  `nationality` varchar(255) NOT NULL DEFAULT 'Filipino',
  `rate` decimal(10,2) NOT NULL,
  `amount` decimal(10,2) NOT NULL,
  `discount_type` varchar(255) DEFAULT NULL,
  `discount_id_number` varchar(255) DEFAULT NULL,
  `discount_amount` decimal(12,2) NOT NULL DEFAULT 0.00,
  `status` varchar(20) NOT NULL DEFAULT 'pending',
  `checked_in_at` datetime DEFAULT NULL,
  `checked_out_at` datetime DEFAULT NULL,
  `source` varchar(50) DEFAULT NULL,
  `notes` text DEFAULT NULL,
  `deposit_amount` decimal(10,2) NOT NULL DEFAULT 0.00,
  `deposit_paid` tinyint(1) NOT NULL DEFAULT 0,
  `deposit_date` date DEFAULT NULL,
  `deposit_method` varchar(30) DEFAULT NULL,
  `deposit_reference` varchar(60) DEFAULT NULL,
  `created_at` timestamp NULL DEFAULT NULL,
  `updated_at` timestamp NULL DEFAULT NULL,
  `deleted_at` timestamp NULL DEFAULT NULL,
  PRIMARY KEY (`id`),
  UNIQUE KEY `reservations_booking_no_unique` (`booking_no`),
  UNIQUE KEY `reservations_confirmation_token_unique` (`confirmation_token`),
  KEY `reservations_group_id_foreign` (`group_id`),
  KEY `idx_reservations_status` (`status`),
  KEY `idx_reservations_check_in` (`check_in`),
  KEY `idx_reservations_check_out` (`check_out`),
  KEY `idx_reservations_room_no` (`room_no`),
  KEY `idx_reservations_guest_id` (`guest_id`),
  KEY `idx_reservations_conflict` (`room_no`,`status`,`check_in`,`check_out`),
  CONSTRAINT `reservations_group_id_foreign` FOREIGN KEY (`group_id`) REFERENCES `reservation_groups` (`id`) ON DELETE SET NULL
) ENGINE=InnoDB AUTO_INCREMENT=554 DEFAULT CHARSET=utf8mb4 COLLATE=utf8mb4_unicode_ci;

--
-- Dumping data for table `reservations`
--

INSERT INTO `reservations` VALUES
(1,NULL,1,NULL,'2026-06-000001','gJOvsPngJ2DRkyjzn1DzX26rpYd2JSuwYaJJQ0NC','Maria Santos','maria.santos@gmail.com','+63 917 123 4567','103','Junior Deluxe','2026-06-14','2026-06-16',2,1,'Filipino',699.00,1398.00,NULL,NULL,0.00,'checked_out',NULL,NULL,'Walk-in',NULL,700.00,1,'2026-06-12','GCash','GC-20260612-001','2026-06-17 23:03:35','2026-06-18 18:48:44','2026-06-18 18:48:44'),
(2,NULL,2,NULL,'2026-06-000002','mUWDDgufWHoDZurwaLpTFpIV8BmgCD7oVVC1X1ta','Juan dela Cruz','jdelacruz@yahoo.com','+63 918 234 5678','105','Superior Deluxe','2026-06-14','2026-06-17',3,1,'Filipino',849.00,2547.00,NULL,NULL,0.00,'checked_out',NULL,NULL,'Booking.com','Early check-in requested',1500.00,1,'2026-06-10','Bank Transfer','BT-BDO-20260610-882','2026-06-17 23:03:35','2026-06-18 18:48:35','2026-06-18 18:48:35'),
(3,NULL,3,NULL,'2026-06-000003','9TsnO1yujrZ0zQGK3rZSAciM0cOiYDH3zQCPAI2k','Anna Reyes','anna.reyes@email.com','+63 919 345 6789','312','Ordinary Twin','2026-06-15','2026-06-17',2,2,'Filipino',549.00,1098.00,NULL,NULL,0.00,'pending',NULL,NULL,'Agoda','Honeymoon setup requested',0.00,0,NULL,NULL,NULL,'2026-06-17 23:03:35','2026-06-18 18:47:44','2026-06-18 18:47:44'),
(4,NULL,4,NULL,'2026-06-000004','KEXAPxi50wygS7MNLlr7AXrHrzYCzyld9uvGCE64','Robert Chen','rchen@business.ph','+63 920 456 7890','108','Superior Deluxe','2026-06-13','2026-06-15',2,1,'Filipino',849.00,1698.00,NULL,NULL,0.00,'checked_out',NULL,NULL,'Direct',NULL,1698.00,1,'2026-06-13','Cash','OR-2026-0041','2026-06-17 23:03:35','2026-06-18 18:49:04','2026-06-18 18:49:04'),
(5,NULL,5,NULL,'2026-06-000005','5PqQNSPlXnNeSEExYqHvwhVT1glClYMa1TIdnUZD','Jennifer Lim','jlim@corp.com','+63 921 567 8901','201','Deluxe Twin','2026-06-15','2026-06-18',3,2,'Filipino',899.00,2697.00,NULL,NULL,0.00,'checked_out',NULL,NULL,'Airbnb',NULL,1500.00,1,'2026-06-11','Maya','MY-20260611-4421','2026-06-17 23:03:35','2026-06-18 18:47:40','2026-06-18 18:47:40'),
(6,NULL,6,NULL,'2026-06-000006','lbp2jhAcqKR743H4qzvNNjXznROnYEdERnX7VnRq','Michael Tan','mtan@gmail.com','+63 922 678 9012','402','Executive Suite','2026-06-12','2026-06-14',2,2,'Filipino',1749.00,3498.00,NULL,NULL,0.00,'checked_out',NULL,NULL,'Booking.com','Late checkout approved',3498.00,1,'2026-06-12','Credit Card','CC-VISA-20260612-7721','2026-06-17 23:03:35','2026-06-30 20:28:08','2026-06-30 20:28:08'),
(7,NULL,7,NULL,'2026-06-000007','GYkZ5S89eXqmojOUx6fOjvBVYgoHrMvks70rIq4H','Patricia Aquino','paquino@email.ph','+63 923 789 0123','116','Junior Deluxe','2026-06-16','2026-06-17',1,1,'Filipino',699.00,699.00,NULL,NULL,0.00,'checked_out',NULL,NULL,'Walk-in','Senior citizen discount applied',0.00,0,NULL,NULL,NULL,'2026-06-17 23:03:35','2026-06-18 18:47:14','2026-06-18 18:47:14'),
(8,NULL,8,NULL,'2026-06-000008','QHDhOC9xlEE7L8OB7mxUB9PFOLIc6Gp0BYX9eikI','David Wong','dwong@hk.com','+852 9123 4567','302','Family Room 2','2026-06-10','2026-06-14',4,4,'Filipino',1649.00,6596.00,NULL,NULL,0.00,'checked_out',NULL,NULL,'Agoda',NULL,6596.00,1,'2026-06-10','Credit Card','CC-MC-20260610-3341','2026-06-17 23:03:35','2026-06-30 20:27:40','2026-06-30 20:27:40'),
(9,NULL,9,NULL,'2026-06-000009','u8VnBX9XWs4VP6HjCHp74D6QgPK0IbTcRlqQdgvA','Sarah Magno','smagno@gmail.com','+63 924 890 1234','307','Deluxe Double','2026-06-14','2026-06-15',1,1,'Filipino',899.00,899.00,NULL,NULL,0.00,'no_show',NULL,NULL,'Direct',NULL,899.00,1,'2026-06-13','GCash','GC-20260613-991','2026-06-17 23:03:35','2026-06-18 18:48:30','2026-06-18 18:48:30'),
(10,NULL,10,NULL,'2026-06-000010','nHQifzbKwTbgcWywXft1jFwKp0szbA5bWr6o3YeS','Jose Mercado','jose.mercado@corp.ph','+63 925 901 2345','401','Deluxe Trio','2026-06-15','2026-06-20',5,3,'Filipino',1249.00,6245.00,NULL,NULL,0.00,'checked_out',NULL,NULL,'Direct','VIP guest — airport pickup required',3000.00,1,'2026-06-10','Bank Transfer','BT-BPI-20260610-5521','2026-06-17 23:03:35','2026-06-18 18:47:32','2026-06-18 18:47:32'),
(11,NULL,11,NULL,'2026-06-000011','zphyh01DRxqV88ie2G8fH7V8PH7ATmGb7ULca1mO','Luz Bautista','luz.b@email.com','+63 926 012 3456','103','Junior Deluxe','2026-06-14','2026-06-16',2,1,'Filipino',699.00,1398.00,NULL,NULL,0.00,'cancelled',NULL,NULL,'Booking.com','Cancelled by guest',699.00,1,'2026-06-08','GCash','GC-20260608-774','2026-06-17 23:03:35','2026-06-18 18:48:26','2026-06-18 18:48:26'),
(12,NULL,12,NULL,'2026-06-000012','L79ORdmzNeOQlQbSh6hMxuQGCCHlI72lHwkmOMcc','Kristopher Dela Rosa','kdelarosa@gmail.com','+63 917 201 3344','111','Superior Deluxe','2026-06-11','2026-06-13',2,2,'Filipino',849.00,1698.00,NULL,NULL,0.00,'checked_out',NULL,NULL,'Booking.com',NULL,1698.00,1,'2026-06-11','Credit Card','CC-VISA-20260611-1201','2026-06-17 23:03:35','2026-06-30 20:28:34','2026-06-30 20:28:34'),
(13,NULL,13,NULL,'2026-06-000013','jMCXawBSSLp0bbZtIhjFNK41coTRrDIZphXScZiJ','Maribel Flores','mflores@yahoo.com','+63 918 302 4455','113','Superior Deluxe','2026-06-12','2026-06-14',2,1,'Filipino',849.00,1698.00,NULL,NULL,0.00,'checked_out',NULL,NULL,'Direct',NULL,1698.00,1,'2026-06-12','GCash','GC-20260612-3312','2026-06-17 23:03:35','2026-06-30 20:22:09','2026-06-30 20:22:09'),
(14,NULL,14,NULL,'2026-06-000014','gVaZ2DVPwwnJN9vY0gHjVjRPWPwBDjGE0DvUfOG8','Ramon Soriano','rsoriano@corp.ph','+63 919 403 5566','206','Standard Twin','2026-06-12','2026-06-14',2,2,'Filipino',849.00,1698.00,NULL,NULL,0.00,'checked_out',NULL,NULL,'Agoda',NULL,1698.00,1,'2026-06-12','Maya','MY-20260612-8821','2026-06-17 23:03:35','2026-06-29 16:14:57','2026-06-29 16:14:57'),
(15,NULL,15,NULL,'2026-06-000015','hM0TGCtTtQnkqGDedXCUUbZxvdouwBJ2i2tQiTbk','Cynthia Padua','cpadua@email.ph','+63 920 504 6677','207','Economy Twin','2026-06-11','2026-06-13',2,2,'Filipino',699.00,1398.00,NULL,NULL,0.00,'checked_out',NULL,NULL,'Walk-in',NULL,1398.00,1,'2026-06-11','Cash','OR-2026-0038','2026-06-17 23:03:35','2026-06-30 20:28:22','2026-06-30 20:28:22'),
(16,NULL,16,NULL,'2026-06-000016','On30GelHrC9fJhgbutcEzc8GQThhZ6HHNniBgm8E','Bonifacio Manalo','bmanalo@gmail.com','+63 921 605 7788','304','Deluxe Twin','2026-06-13','2026-06-14',1,2,'Filipino',899.00,899.00,NULL,NULL,0.00,'checked_out',NULL,NULL,'Walk-in',NULL,899.00,1,'2026-06-13','Cash','OR-2026-0039','2026-06-17 23:03:35','2026-06-18 18:49:00','2026-06-18 18:49:00'),
(17,NULL,17,NULL,'2026-06-000017','axhHOTySBQUz5V5oFiNCkFidRolK9caUL2H9K7LJ','Teresita Buenaventura','tbuenaventura@yahoo.com','+63 922 706 8899','403','Deluxe Twin','2026-06-11','2026-06-13',2,2,'Filipino',899.00,1798.00,NULL,NULL,0.00,'checked_out',NULL,NULL,'Booking.com',NULL,1798.00,1,'2026-06-11','Credit Card','CC-MC-20260611-4409','2026-06-17 23:03:35','2026-06-30 20:28:18','2026-06-30 20:28:18'),
(18,NULL,18,NULL,'2026-06-000018','JiBVrZg5KX0te5jcuMUfLLTgSsKgDX8QK1YO6i7Q','Gerardo Mateo','gmateo@email.com','+63 923 807 9900','408','Standard Double','2026-06-12','2026-06-14',2,2,'Filipino',849.00,1698.00,NULL,NULL,0.00,'checked_out',NULL,NULL,'Airbnb',NULL,1698.00,1,'2026-06-12','GCash','GC-20260612-5678','2026-06-17 23:03:35','2026-06-29 16:14:53','2026-06-29 16:14:53'),
(19,NULL,19,NULL,'2026-06-000019','B4hDxXBjfpUleLRKSVWbrmkzLvh2G1OdIlv8vS48','Eduardo Castillo','ecastillo@gmail.com','+63 924 908 1011','104','Junior Deluxe','2026-06-05','2026-06-08',3,1,'Filipino',699.00,2097.00,NULL,NULL,0.00,'checked_out',NULL,NULL,'Walk-in',NULL,2097.00,1,'2026-06-05','Cash','OR-2026-0029','2026-06-17 23:03:35','2026-06-30 20:28:01','2026-06-30 20:28:01'),
(20,NULL,20,NULL,'2026-06-000020','CzDdTIROmDc0RrG0m969qKItmDY9kRVlQ7ZZR0OL','Lourdes Macasaet','lmacasaet@yahoo.com','+63 925 109 1122','109','Superior Deluxe','2026-06-03','2026-06-07',4,1,'Filipino',849.00,3396.00,NULL,NULL,0.00,'checked_out',NULL,NULL,'Agoda',NULL,3396.00,1,'2026-06-03','Bank Transfer','BT-BDO-20260603-2201','2026-06-17 23:03:35','2026-06-30 20:27:56','2026-06-30 20:27:56'),
(21,NULL,21,NULL,'2026-06-000021','hskCdm1Q58hIy2xl8JTKHaBw8Ha4fcuhKsaTALbm','Rolando Navarro','rnavarro@corp.ph','+63 926 210 2233','202','Economy Twin','2026-06-02','2026-06-05',3,2,'Filipino',699.00,2097.00,NULL,NULL,0.00,'checked_out',NULL,NULL,'Direct',NULL,2097.00,1,'2026-06-02','Maya','MY-20260602-1109','2026-06-17 23:03:35','2026-06-30 20:27:45','2026-06-30 20:27:45'),
(22,NULL,22,NULL,'2026-06-000022','oJ68vIFaE75dfBDOdRDpGARFn7RposKUksXbxNZV','Yolanda Alcantara','yalcantara@email.ph','+63 917 311 3344','204','Economy Twin','2026-06-01','2026-06-04',3,2,'Filipino',699.00,2097.00,NULL,NULL,0.00,'checked_out',NULL,NULL,'Booking.com',NULL,2097.00,1,'2026-06-01','Credit Card','CC-VISA-20260601-0088','2026-06-17 23:03:35','2026-06-30 20:27:36','2026-06-30 20:27:36'),
(23,NULL,23,NULL,'2026-06-000023','fxdYQxNDY5duwYM48WkQsWWMHTFgwr3N8Af4ESE0','Hernando Pascual','hpascual@gmail.com','+63 918 412 4455','205','Economy Double','2026-06-08','2026-06-10',2,2,'Filipino',699.00,1398.00,NULL,NULL,0.00,'checked_out',NULL,NULL,'Walk-in',NULL,1398.00,1,'2026-06-08','Cash','OR-2026-0033','2026-06-17 23:03:35','2026-06-30 20:28:37','2026-06-30 20:28:37'),
(24,NULL,24,NULL,'2026-06-000024','s9YoQXi6MnycSXQmjUqFNitFhYMg8QZ0zbGCdgIT','Florencia Abad','fabad@email.com','+63 919 513 5566','301','Deluxe Twin','2026-06-05','2026-06-09',4,2,'Filipino',899.00,3596.00,NULL,NULL,0.00,'checked_out',NULL,NULL,'Airbnb',NULL,3596.00,1,'2026-06-05','Bank Transfer','BT-BPI-20260605-3301','2026-06-17 23:03:35','2026-06-30 20:28:49','2026-06-30 20:28:49'),
(25,NULL,25,NULL,'2026-06-000025','CgpZdxR0XBh2MrSDKr9ovV1cnxorxymsupyenUDP','Danilo Enriquez','denriquez@yahoo.com','+63 920 614 6677','303','Deluxe Twin','2026-06-07','2026-06-11',4,2,'Filipino',899.00,3596.00,NULL,NULL,0.00,'checked_out',NULL,NULL,'Agoda',NULL,3596.00,1,'2026-06-07','GCash','GC-20260607-7734','2026-06-17 23:03:35','2026-06-30 20:28:41','2026-06-30 20:28:41'),
(26,NULL,26,NULL,'2026-06-000026','G41uqn6yvjuuFSnvPk3Xo1JcK0lJcArQfylUfenK','Natividad Villanueva','nvillanueva@corp.ph','+63 921 715 7788','404','Standard Twin','2026-06-06','2026-06-10',4,2,'Filipino',849.00,3396.00,NULL,NULL,0.00,'checked_out',NULL,NULL,'Direct',NULL,3396.00,1,'2026-06-06','Credit Card','CC-MC-20260606-5519','2026-06-17 23:03:35','2026-06-30 20:28:44','2026-06-30 20:28:44'),
(27,NULL,27,NULL,'2026-06-000027','FVmnhLJfxBeQOpOYXAPakG4B6ZBUL1XFafTahKdQ','Arturo Sabado','asabado@gmail.com','+63 922 816 8899','110','Superior Deluxe','2026-06-13','2026-06-16',3,2,'Filipino',849.00,2547.00,NULL,NULL,0.00,'checked_out',NULL,NULL,'Booking.com',NULL,1000.00,1,'2026-06-10','GCash','GC-20260610-2288','2026-06-17 23:03:35','2026-06-18 18:48:56','2026-06-18 18:48:56'),
(28,NULL,28,NULL,'2026-06-000028','MqaWlaT9d8kBVgd8UjbkNL5LlKazrrDCyQgRDQDA','Concepcion Batangan','cbatangan@yahoo.com','+63 923 917 9900','112','Superior Deluxe','2026-06-12','2026-06-15',3,1,'Filipino',849.00,2547.00,NULL,NULL,0.00,'checked_out',NULL,NULL,'Agoda',NULL,1500.00,1,'2026-06-09','Maya','MY-20260609-6612','2026-06-17 23:03:35','2026-06-29 16:14:47','2026-06-29 16:14:47'),
(29,NULL,29,NULL,'2026-06-000029','kulYcin941T7JtCLyjlJOCVYosCDyF305FHUtnES','Federico Espiritu','fespiritu@email.ph','+63 924 018 0011','114','Superior Deluxe','2026-06-13','2026-06-17',4,2,'Filipino',849.00,3396.00,NULL,NULL,0.00,'checked_out',NULL,NULL,'Direct','Corporate rate — HR Dept of Gokongwei Group',2000.00,1,'2026-06-11','Bank Transfer','BT-BDO-20260611-9914','2026-06-17 23:03:35','2026-06-18 18:48:52','2026-06-18 18:48:52'),
(30,NULL,30,NULL,'2026-06-000030','85mai9npTkwHgTpCcLPcvpWIT7EozpIpoakeUMam','Gloria Ocampo','gocampo@gmail.com','+63 925 119 1122','203','Family Room','2026-06-11','2026-06-15',4,4,'Filipino',1649.00,6596.00,NULL,NULL,0.00,'checked_out',NULL,NULL,'Airbnb','Family reunion — extra rollaway requested',3000.00,1,'2026-06-08','Credit Card','CC-VISA-20260608-1133','2026-06-17 23:03:35','2026-06-30 20:28:11','2026-06-30 20:28:11'),
(31,NULL,31,NULL,'2026-06-000031','2ev3SHtzr00tKVwGPPGrILU2zoU8iJ7FW0qRh1Nw','Honesto Lacsamana','hlacsamana@corp.ph','+63 926 220 2233','315','Standard Twin','2026-06-14','2026-06-17',3,2,'Filipino',849.00,2547.00,NULL,NULL,0.00,'checked_out',NULL,NULL,'Walk-in',NULL,0.00,0,NULL,NULL,NULL,'2026-06-17 23:03:35','2026-06-18 18:48:19','2026-06-18 18:48:19'),
(32,NULL,32,NULL,'2026-06-000032','aP4DxBpq47oKYuFlwn35WdhMotMKtHnZIWnIzeie','Imelda Bernal','ibernal@email.com','+63 917 321 3344','405','Deluxe Twin','2026-06-13','2026-06-16',3,2,'Filipino',899.00,2697.00,NULL,NULL,0.00,'checked_out',NULL,NULL,'Booking.com',NULL,2697.00,1,'2026-06-10','GCash','GC-20260610-4491','2026-06-17 23:03:35','2026-06-18 18:48:47','2026-06-18 18:48:47'),
(33,NULL,33,NULL,'2026-06-000033','IKqHZj4jJ5IQZuHYBMozdnWSwBQHFFdojCGMUU43','Jorge Tiangco','jtiangco@yahoo.com','+63 918 422 4455','407','Deluxe Twin','2026-06-14','2026-06-18',4,2,'Filipino',899.00,3596.00,NULL,NULL,0.00,'checked_out',NULL,NULL,'Agoda',NULL,2000.00,1,'2026-06-11','Maya','MY-20260611-8812','2026-06-17 23:03:35','2026-06-18 18:48:13','2026-06-18 18:48:13'),
(34,NULL,34,NULL,'2026-06-000034','dxjGGC6aUTk8hDOrf5Q1SZCF0p1b83ECkFaorHNQ','Carmelita Umali','cumali@gmail.com','+63 919 523 5566','104','Junior Deluxe','2026-06-14','2026-06-16',2,1,'Filipino',699.00,1398.00,NULL,NULL,0.00,'checked_out',NULL,NULL,'Direct',NULL,700.00,1,'2026-06-12','GCash','GC-20260612-7701','2026-06-17 23:03:35','2026-06-18 18:48:08','2026-06-18 18:48:08'),
(35,NULL,35,NULL,'2026-06-000035','fy1juXVzP8FsyN5u8NkjugVOGYtEBzZvR3YLYuVG','Nelson Omamalin','nomamalin@email.ph','+63 920 624 6677','208','Ordinary Twin','2026-06-14','2026-06-17',3,2,'Filipino',549.00,1647.00,NULL,NULL,0.00,'checked_out',NULL,NULL,'Agoda',NULL,0.00,0,NULL,NULL,NULL,'2026-06-17 23:03:35','2026-06-18 18:48:04','2026-06-18 18:48:04'),
(36,NULL,36,NULL,'2026-06-000036','gWCc316lh0Ie5bX7igDUWbJvErjzBCKtN5jS1jwt','Perla Macaraeg','pmacaraeg@corp.ph','+63 921 725 7788','305','Ordinary Twin','2026-06-14','2026-06-18',4,2,'Filipino',549.00,2196.00,NULL,NULL,0.00,'checked_out',NULL,NULL,'Booking.com',NULL,1000.00,1,'2026-06-11','Bank Transfer','BT-BPI-20260611-6630','2026-06-17 23:03:35','2026-06-18 18:47:56','2026-06-18 18:47:56'),
(37,NULL,37,NULL,'2026-06-000037','HC0yEWHIxunZ2TTFeYO98NY49EXqsuespuCoqL7V','Ricky Simbahan','rsimbahan@gmail.com','+63 922 826 8899','406','Deluxe Trio','2026-06-14','2026-06-15',1,3,'Filipino',1249.00,1249.00,NULL,NULL,0.00,'checked_out',NULL,NULL,'Walk-in',NULL,1249.00,1,'2026-06-13','Credit Card','CC-VISA-20260613-9911','2026-06-17 23:03:35','2026-06-18 18:47:51','2026-06-18 18:47:51'),
(38,NULL,38,NULL,'2026-06-000038','sXI53F5Vyrr4SUIiVNdPgt9J84VNzs4Vbjy2aAfV','Annaliza Cruz','acruz@yahoo.com','+63 923 927 9900','106','Superior Deluxe','2026-06-15','2026-06-18',3,2,'Filipino',849.00,2547.00,NULL,NULL,0.00,'checked_out',NULL,NULL,'Booking.com',NULL,1500.00,1,'2026-06-12','Maya','MY-20260612-1145','2026-06-17 23:03:35','2026-06-18 18:47:27','2026-06-18 18:47:27'),
(39,NULL,39,NULL,'2026-06-000039','eljhRkxQI47tWEzzr07RS9geAUMSZXusvfyXlSF7','Benito Domingo','bdomingo@email.ph','+63 924 028 0011','115','Superior Deluxe','2026-06-15','2026-06-17',2,1,'Filipino',849.00,1698.00,NULL,NULL,0.00,'pending',NULL,NULL,'Agoda',NULL,0.00,0,NULL,NULL,NULL,'2026-06-17 23:03:35','2026-06-18 18:47:23','2026-06-18 18:47:23'),
(40,NULL,40,NULL,'2026-06-000040','sUQfGRpZjevBzKtGwRhZpB7MpfOkaj3mlxQsYHWZ','Carlo Esteban','cesteban@gmail.com','+63 925 129 1122','117','Junior Deluxe','2026-06-16','2026-06-20',4,1,'Filipino',699.00,2796.00,NULL,NULL,0.00,'checked_out',NULL,NULL,'Direct',NULL,1000.00,1,'2026-06-13','GCash','GC-20260613-3301','2026-06-17 23:03:35','2026-06-18 18:47:10','2026-06-18 18:47:10'),
(41,NULL,41,NULL,'2026-06-000041','130rb9HRaLg25kJq8S4W3PuHUwfDkvzW3xCtZGms','Dolores Fernandez','dfernandez@corp.ph','+63 926 230 2233','202','Economy Twin','2026-06-16','2026-06-19',3,2,'Filipino',699.00,2097.00,NULL,NULL,0.00,'confirmed',NULL,NULL,'Airbnb',NULL,1000.00,1,'2026-06-13','Bank Transfer','BT-BDO-20260613-4482','2026-06-17 23:03:35','2026-06-18 18:46:59','2026-06-18 18:46:59'),
(42,NULL,42,NULL,'2026-06-000042','cId5jUTRdLSHArTVRMqd7z4hnofYD1y53VeXdivv','Ernesto Garcia','egarcia@yahoo.com','+63 917 331 3344','204','Economy Twin','2026-06-18','2026-06-21',3,2,'Filipino',699.00,2097.00,NULL,NULL,0.00,'checked_out',NULL,NULL,'Booking.com',NULL,0.00,0,NULL,NULL,NULL,'2026-06-17 23:03:35','2026-06-18 18:46:10','2026-06-18 18:46:10'),
(43,NULL,43,NULL,'2026-06-000043','rgsLsYDAJQ2H7uW7KyrUz5GSndGSktmEjKIeUfAD','Felicitas Hernandez','fhernandez@gmail.com','+63 918 432 4455','209','Economy Twin','2026-06-17','2026-06-20',3,2,'Filipino',699.00,2097.00,NULL,NULL,0.00,'confirmed',NULL,NULL,'Agoda',NULL,1000.00,1,'2026-06-13','GCash','GC-20260613-5590','2026-06-17 23:03:35','2026-06-18 18:46:40','2026-06-18 18:46:40'),
(44,NULL,44,NULL,'2026-06-000044','ymo6jZd65bihrKnF24V6n1IcG06IqQboTEnu62vS','Gilberto Ignacio','gignacio@email.com','+63 919 533 5566','210','Economy Twin','2026-06-16','2026-06-18',2,2,'Filipino',699.00,1398.00,NULL,NULL,0.00,'confirmed',NULL,NULL,'Walk-in',NULL,0.00,0,NULL,NULL,NULL,'2026-06-17 23:03:35','2026-06-18 18:46:55','2026-06-18 18:46:55'),
(45,NULL,45,NULL,'2026-06-000045','RJTAEtZzFsTLoiy90Rutn4S7olTuhHZhpqs4xmkz','Herminia Javellana','hjavellana@yahoo.com','+63 920 634 6677','309','Ordinary Twin','2026-06-15','2026-06-17',2,2,'Filipino',549.00,1098.00,NULL,NULL,0.00,'checked_out',NULL,NULL,'Walk-in',NULL,0.00,0,NULL,NULL,NULL,'2026-06-17 23:03:35','2026-06-18 18:47:18','2026-06-18 18:47:18'),
(46,NULL,46,NULL,'2026-06-000046','tsSLViu93hVI5ks3RqINxOfLoo7oyllGj5KhcOwd','Ireneo Kintanar','ikintanar@corp.ph','+63 921 735 7788','311','Standard Twin','2026-06-16','2026-06-20',4,2,'Filipino',849.00,3396.00,NULL,NULL,0.00,'confirmed',NULL,NULL,'Booking.com',NULL,0.00,0,NULL,NULL,NULL,'2026-06-17 23:03:35','2026-06-18 18:46:50','2026-06-18 18:46:50'),
(47,NULL,47,NULL,'2026-06-000047','F3MAoFHFmi4Btb6am5lnT4DEKCaZyfV7wB4lgKKX','Josephina Luna','jluna@gmail.com','+63 922 836 8899','101','Junior Deluxe','2026-06-18','2026-06-22',4,2,'Filipino',849.00,3396.00,NULL,NULL,0.00,'checked_out',NULL,NULL,'Direct',NULL,1700.00,1,'2026-06-13','Maya','MY-20260613-2278','2026-06-17 23:03:35','2026-06-18 18:46:00','2026-06-18 18:46:00'),
(48,NULL,48,NULL,'2026-06-000048','sP3dhQp0ftIIKpu2Zv18pF6zsiir7oJsSdYMZVMX','Kristina Marasigan','kmarasigan@email.ph','+63 923 937 9900','316','Ordinary Twin','2026-06-17','2026-06-21',4,2,'Filipino',549.00,2196.00,NULL,NULL,0.00,'confirmed',NULL,NULL,'Airbnb',NULL,1000.00,1,'2026-06-13','GCash','GC-20260613-8823','2026-06-17 23:03:35','2026-06-18 18:46:30','2026-06-18 18:46:30'),
(49,NULL,49,NULL,'2026-06-000049','yxzwUHy3B67Ul536wVOHMQWfna7nZVlQqSSIiyL8','Lorenzo Nacpil','lnacpil@yahoo.com','+63 924 038 0011','402','Executive Suite','2026-06-18','2026-06-22',4,2,'Filipino',1749.00,6996.00,NULL,NULL,0.00,'confirmed',NULL,NULL,'Direct','Anniversary stay — turndown service requested',3500.00,1,'2026-06-12','Bank Transfer','BT-BPI-20260612-7701','2026-06-17 23:03:35','2026-06-18 15:55:27','2026-06-18 15:55:27'),
(50,NULL,50,NULL,'2026-06-000050','vsWtru0OwLxI6m03BmdbtFUE08I9EWB6RnZ2Y60l','Melinda Ongpin','mongpin@corp.ph','+63 925 139 1122','404','Standard Twin','2026-06-19','2026-06-23',4,2,'Filipino',849.00,3396.00,NULL,NULL,0.00,'pending',NULL,NULL,'Agoda',NULL,0.00,0,NULL,NULL,NULL,'2026-06-17 23:03:35','2026-06-18 15:55:17','2026-06-18 15:55:17'),
(51,NULL,51,NULL,'2026-06-000051','y7WiDMKkdyuzBRjQ4KJIJfQJuv53yUcO9foLTH3v','Narciso Palma','npalma@gmail.com','+63 926 240 2233','409','Standard Double','2026-06-20','2026-06-24',4,2,'Filipino',849.00,3396.00,NULL,NULL,0.00,'confirmed',NULL,NULL,'Booking.com',NULL,1700.00,1,'2026-06-13','Credit Card','CC-VISA-20260613-4412','2026-06-17 23:03:35','2026-06-18 15:54:30','2026-06-18 15:54:30'),
(52,NULL,52,NULL,'2026-06-000052','s0xrRMqJLJrEEMFRFSdEuBZF4wZKMtEI211Xuiuh','Ofelia Quijano','oquijano@email.ph','+63 917 341 3344','107','Barkadahan','2026-06-22','2026-06-25',3,4,'Filipino',1499.00,4497.00,NULL,NULL,0.00,'confirmed',NULL,NULL,'Walk-in','Barkada group — 4 adults',2000.00,1,'2026-06-13','GCash','GC-20260613-6634','2026-06-17 23:03:35','2026-06-18 15:54:26','2026-06-18 15:54:26'),
(53,NULL,53,NULL,'2026-06-000053','p3TL3eUglOCmGVmqGq6bNAnETyeG2Hm8A25hOAfY','Perfecto Reyes','preyes@yahoo.com','+63 918 442 4455','310','Barkadahan','2026-06-19','2026-06-23',4,4,'Filipino',1499.00,5996.00,NULL,NULL,0.00,'pending',NULL,NULL,'Airbnb',NULL,0.00,0,NULL,NULL,NULL,'2026-06-17 23:03:35','2026-06-18 15:55:06','2026-06-18 15:55:06'),
(54,NULL,54,NULL,'2026-06-000054','hgewRfOKUwUXL4oqcJD2tBkcAg5r3vBi2itaTxsR','Quirino Santiago','qsantiago@corp.ph','+63 919 543 5566','411','Standard Double','2026-06-23','2026-06-27',4,2,'Filipino',849.00,3396.00,NULL,NULL,0.00,'confirmed',NULL,NULL,'Direct',NULL,1700.00,1,'2026-06-13','Maya','MY-20260613-9956','2026-06-17 23:03:35','2026-06-18 15:54:21','2026-06-18 15:54:21'),
(56,NULL,56,NULL,'2026-06-000056','QwdrGc7auXl9B4Uzi8in6aLzSRAB8D1OXCqQcAE5','Serafin Untalan','suntalan@email.ph','+63 921 745 7788','109','Superior Deluxe','2026-07-03','2026-07-07',4,1,'Filipino',849.00,3396.00,NULL,NULL,0.00,'confirmed',NULL,NULL,'Booking.com',NULL,1700.00,1,'2026-06-14','GCash','GC-20260614-1101','2026-06-17 23:03:35','2026-06-18 15:54:11','2026-06-18 15:54:11'),
(57,NULL,57,NULL,'2026-06-000057','aNngnAdFlNkqm3WtkEd5Z9hYMkHFqAK9WcGXXngJ','Teodora Velasco','tvelasco@yahoo.com','+63 922 846 8899','115','Superior Deluxe','2026-07-08','2026-07-12',4,2,'Filipino',849.00,3396.00,NULL,NULL,0.00,'confirmed',NULL,NULL,'Agoda',NULL,1700.00,1,'2026-06-14','Bank Transfer','BT-BDO-20260614-2202','2026-06-17 23:03:35','2026-06-18 15:46:46','2026-06-18 15:46:46'),
(58,NULL,58,NULL,'2026-06-000058','L8wVfIvL9q5P5ivCHHhrYk6n8pYm7q9exboaeKoz','Uldarico Wenceslao','uwenceslao@gmail.com','+63 923 947 9900','201','Deluxe Twin','2026-07-05','2026-07-09',4,2,'Filipino',899.00,3596.00,NULL,NULL,0.00,'confirmed',NULL,NULL,'Direct',NULL,1800.00,1,'2026-06-14','Credit Card','CC-VISA-20260614-3303','2026-06-17 23:03:35','2026-06-18 15:53:51','2026-06-18 15:53:51'),
(59,NULL,59,NULL,'2026-06-000059','N8qf9xFffFQ9MtCYS5lLOh7IeFt9IY4PODRoLuVj','Virginia Ybarra','vybarra@corp.ph','+63 924 048 0011','302','Family Room 2','2026-07-04','2026-07-08',4,4,'Filipino',1649.00,6596.00,NULL,NULL,0.00,'confirmed',NULL,NULL,'Airbnb','Family with 2 children',3300.00,1,'2026-06-14','Bank Transfer','BT-BPI-20260614-4404','2026-06-17 23:03:35','2026-06-18 15:53:58','2026-06-18 15:53:58'),
(60,NULL,60,NULL,'2026-06-000060','P3unfdpSLRYcnr7H8tdyzTardaMXl8jLWNc9WYRj','Wilfredo Zapanta','wzapanta@email.com','+63 925 149 1122','402','Executive Suite','2026-07-06','2026-07-10',4,2,'Filipino',1749.00,6996.00,NULL,NULL,0.00,'confirmed',NULL,NULL,'Direct','Corporate booking — Cebu Pacific executive',3500.00,1,'2026-06-14','Credit Card','CC-MC-20260614-5505','2026-06-17 23:03:35','2026-06-18 15:53:30','2026-06-18 15:53:30'),
(61,NULL,61,NULL,'2026-06-000061','mH3LK2WfIX6xBumCkZvnf1Q4BWkVRdn2O7pVYFzH','Xenia Aquino','xaquino@yahoo.com','+63 926 250 2233','203','Family Room','2026-07-10','2026-07-14',4,4,'Filipino',1649.00,6596.00,NULL,NULL,0.00,'pending',NULL,NULL,'Booking.com',NULL,0.00,0,NULL,NULL,NULL,'2026-06-17 23:03:35','2026-06-18 15:46:29','2026-06-18 15:46:29'),
(62,NULL,62,NULL,'2026-06-000062','Qdq11b3ERbFmKF96D4W1y75ZsKDARjRy4yzchKB2','Yolanda Bautista','ybautista@gmail.com','+63 917 351 3344','405','Deluxe Twin','2026-07-05','2026-07-08',3,2,'Filipino',899.00,2697.00,NULL,NULL,0.00,'confirmed',NULL,NULL,'Agoda',NULL,1350.00,1,'2026-06-14','GCash','GC-20260614-6606','2026-06-17 23:03:35','2026-06-18 15:53:38','2026-06-18 15:53:38'),
(63,NULL,63,NULL,'2026-06-000063','ijjTTkBbjn42PZ7Cha2tAz7V4ip4eJZnivOBnZzR','Zenaida Castillo','zcastillo@email.ph','+63 918 452 4455','406','Deluxe Trio','2026-07-09','2026-07-12',3,3,'Filipino',1249.00,3747.00,NULL,NULL,0.00,'confirmed',NULL,NULL,'Walk-in',NULL,1875.00,1,'2026-06-14','Maya','MY-20260614-7707','2026-06-17 23:03:35','2026-06-18 15:46:35','2026-06-18 15:46:35'),
(64,NULL,64,NULL,'2026-06-000064','2HI54AniHfB3eb31B8xL5wlE21EadvIDVqNv5WCY','Alfredo Dela Cruz','adelacruz@gmail.com','+63 919 553 5566','101','Junior Deluxe','2026-08-02','2026-08-06',4,1,'Filipino',699.00,2796.00,NULL,NULL,0.00,'confirmed',NULL,NULL,'Direct',NULL,1400.00,1,'2026-06-14','GCash','GC-20260614-8808','2026-06-17 23:03:35','2026-06-18 15:42:59','2026-06-18 15:42:59'),
(65,NULL,65,NULL,'2026-06-000065','TdkqltL2LqxcmnQPax0pEbUbxq524cEbWAIree9v','Bernardo Estrada','bestrada@yahoo.com','+63 920 654 6677','201','Deluxe Twin','2026-08-08','2026-08-12',4,2,'Filipino',899.00,3596.00,NULL,NULL,0.00,'pending',NULL,NULL,'Booking.com',NULL,0.00,0,NULL,NULL,NULL,'2026-06-17 23:03:35','2026-06-18 15:42:40','2026-06-18 15:42:40'),
(66,NULL,66,NULL,'2026-06-000066','PPL641URcfpJgoLcCq1mDIBlqZFg77LGniOGjmdr','Catalina Ferrer','cferrer@corp.ph','+63 921 755 7788','302','Family Room 2','2026-08-05','2026-08-09',4,4,'Filipino',1649.00,6596.00,NULL,NULL,0.00,'confirmed',NULL,NULL,'Agoda',NULL,3300.00,1,'2026-06-14','Bank Transfer','BT-BDO-20260614-9909','2026-06-17 23:03:35','2026-06-18 15:42:43','2026-06-18 15:42:43'),
(67,NULL,67,NULL,'2026-06-000067','Fx3aUKfc0JXEBbDlfsIGGw4fw6zfI9gerrfSKyBI','Domingo Gonzalez','dgonzalez@gmail.com','+63 922 856 8899','402','Executive Suite','2026-08-08','2026-08-12',4,2,'Filipino',1749.00,6996.00,NULL,NULL,0.00,'confirmed',NULL,NULL,'Direct','VIP return guest',3500.00,1,'2026-06-14','Credit Card','CC-VISA-20260614-0010','2026-06-17 23:03:35','2026-06-18 15:42:35','2026-06-18 15:42:35'),
(68,NULL,68,NULL,'2026-06-000068','c2l6acJghnqK4IrA4sPYT5e0MjbSayIvxknKiPlt','Esperanza Herrero','eherrero@email.ph','+63 923 957 9900','310','Barkadahan','2026-08-10','2026-08-14',4,4,'Filipino',1499.00,5996.00,NULL,NULL,0.00,'pending',NULL,NULL,'Airbnb',NULL,0.00,0,NULL,NULL,NULL,'2026-06-17 23:03:35','2026-06-18 15:42:27','2026-06-18 15:42:27'),
(69,NULL,69,NULL,'2026-06-000069','DBeWX6hj43diBW4Y0wScgf5w9dhzzC4x8YPdYOgl','Faustino Ibarra','fibarra@yahoo.com','+63 924 058 0011','203','Family Room','2026-08-15','2026-08-19',4,4,'Filipino',1649.00,6596.00,NULL,NULL,0.00,'confirmed',NULL,NULL,'Direct',NULL,3300.00,1,'2026-06-14','Maya','MY-20260614-1111','2026-06-17 23:03:35','2026-06-18 15:42:20','2026-06-18 15:42:20'),
(70,NULL,70,NULL,'2026-06-000070','7zsH0TU4WKys4DMmkMGuqDF5mYJGx8208DozgI6t','Gliceria Jimenez','gjimenez@gmail.com','+63 925 159 1122','201','Deluxe Twin','2026-09-05','2026-09-09',4,2,'Filipino',899.00,3596.00,NULL,NULL,0.00,'confirmed',NULL,NULL,'Booking.com',NULL,0.00,0,NULL,NULL,NULL,'2026-06-17 23:03:35','2026-06-18 15:41:52','2026-06-18 15:41:52'),
(71,NULL,71,NULL,'2026-06-000071','GIabZJGESAMvCHHBM0kGjovnCmljnkmVxz47TKnT','Horacio Kho','hkho@corp.ph','+63 926 260 2233','402','Executive Suite','2026-09-06','2026-09-10',4,2,'Filipino',1749.00,6996.00,NULL,NULL,0.00,'confirmed',NULL,NULL,'Direct','Anniversary booking — champagne setup',3500.00,1,'2026-06-14','Credit Card','CC-MC-20260614-2222','2026-06-17 23:03:35','2026-06-18 15:41:47','2026-06-18 15:41:47'),
(72,NULL,72,NULL,'2026-06-000072','39xeV6ngkcEjQK7nLbd38TzepMUNNeZpV9ZOdsvN','Isidro Legaspi','ilegaspi@email.com','+63 917 361 3344','302','Family Room 2','2026-09-04','2026-09-08',4,4,'Filipino',1649.00,6596.00,NULL,NULL,0.00,'confirmed',NULL,NULL,'Airbnb',NULL,3300.00,1,'2026-06-14','Bank Transfer','BT-BPI-20260614-3333','2026-06-17 23:03:35','2026-06-18 15:42:15','2026-06-18 15:42:15'),
(73,1,73,NULL,'2026-06-000073','g4DbHbURBxA6kaMXD0nRnLxWn0RLpB80Hd8yo1M8','Juan Santos','juansantos@gmail.com','+63 9170000000','101','Junior Deluxe','2026-06-19','2026-06-21',2,3,'Filipino',699.00,1398.00,NULL,NULL,0.00,'cancelled',NULL,NULL,'Walk-in',NULL,0.00,0,NULL,NULL,NULL,'2026-06-18 13:37:47','2026-06-18 15:54:58','2026-06-18 15:54:58'),
(74,1,73,NULL,'2026-06-000074','AEAg6HNErR5FBiyFDRw5w9pyQLWv4WCLf0S0sVBF','Juan Santos','juansantos@gmail.com','+63 9170000000','202','Economy Twin','2026-06-19','2026-06-21',2,3,'Filipino',699.00,1398.00,NULL,NULL,0.00,'confirmed',NULL,NULL,'Walk-in',NULL,0.00,0,NULL,NULL,NULL,'2026-06-18 13:37:47','2026-06-18 15:54:37','2026-06-18 15:54:37'),
(102,NULL,79,NULL,'2026-06-000075','rMHsaWTs7gY2ZhB7TGAwb6x3Sh89Ar3LDx2gGmW8','Clark Justine Ty','clarkt@emberspec.com','+63 9278676687','101','Junior Deluxe','2026-06-30','2026-07-01',1,1,'Filipino',799.00,799.00,NULL,NULL,0.00,'confirmed',NULL,NULL,'Walk-in',NULL,100.00,1,'2026-06-30','Cash',NULL,'2026-06-30 20:35:34','2026-06-30 20:36:06','2026-06-30 20:36:06'),
(103,NULL,77,30,'2026-06-000076','hr476xSW1WtTu62ApyjTLtMktP5FiesTWeQtDKOr','Miguelito Mercado',NULL,'+63 9618305679','308','Deluxe Double','2026-07-02','2026-07-03',1,1,'Filipino',899.00,899.00,NULL,NULL,0.00,'checked_out',NULL,NULL,'Walk-in','Extend for July 2-3, 2026',0.00,0,NULL,NULL,NULL,'2026-06-30 20:35:59','2026-07-02 20:13:02',NULL),
(104,NULL,77,30,'2026-06-000077','PJpccPdxWsApRAiZ6GDu48eOAawaUZdqvWDXAL4Z','Jerome Salmoria',NULL,'+63 9618305679','201','Deluxe Twin','2026-06-30','2026-07-01',1,1,'Filipino',899.00,899.00,NULL,NULL,0.00,'checked_out',NULL,NULL,'Walk-in',NULL,100.00,1,'2026-06-30','Cash',NULL,'2026-06-30 22:13:09','2026-07-01 15:50:03',NULL),
(105,NULL,81,22,'2026-06-000078','TyJbqA9JFPMjZyrz6vqs3PN7Hey9DWlIK3OulIpI','Jecile Oyan',NULL,'+63 9067926188','303','Deluxe Twin','2026-06-30','2026-07-01',1,1,'Filipino',799.00,799.00,NULL,NULL,0.00,'confirmed',NULL,NULL,'Agoda',NULL,0.00,0,NULL,NULL,NULL,'2026-06-30 22:20:14','2026-07-01 01:27:49','2026-07-01 01:27:49'),
(106,NULL,82,22,'2026-06-000079','14tktqxP6XTCgnngFryE7olbIPLFCKMitISFghjY','ANTONIO GALANG',NULL,'+63 9628446416','314','Standard Twin','2026-06-30','2026-07-02',2,2,'Filipino',719.00,1438.00,NULL,NULL,0.00,'confirmed',NULL,NULL,'Agoda',NULL,100.00,1,'2026-06-30','Cash',NULL,'2026-06-30 23:19:32','2026-07-01 00:51:57','2026-07-01 00:51:57'),
(107,NULL,83,31,'2026-06-000080','wwz23CtBBp63sPsI9UpfZKBthCk73uNsSrILoHOQ','June Rex Legabados',NULL,'+63 9672272300','104','Junior Deluxe','2026-06-30','2026-07-15',15,1,'Filipino',664.00,9960.00,NULL,NULL,0.00,'checked_out',NULL,'2026-07-15 11:04:00','Walk-in',NULL,0.00,0,NULL,NULL,NULL,'2026-06-30 23:29:53','2026-07-15 11:43:54',NULL),
(108,NULL,84,22,'2026-06-000081','UV6yhsTmPMJPRNOIbmOaWgPF8ItumnrAIqOKgpmf','Daniel Obeso',NULL,'+63 9317883437','414','Standard Double','2026-06-30','2026-07-01',1,2,'Filipino',719.00,719.00,NULL,NULL,0.00,'checked_out',NULL,NULL,'Agoda',NULL,100.00,1,'2026-06-30','Cash',NULL,'2026-06-30 23:59:24','2026-07-01 16:01:14',NULL),
(109,NULL,85,23,'2026-07-000082','I4nEkPGFxuoFz308SZbpk4uL1d8vAVc02YNlFO7b','Danelle Sagomis',NULL,'+63 9751537350','107','Barkadahan','2026-06-30','2026-07-01',1,4,'Filipino',1087.00,1087.00,NULL,NULL,0.00,'checked_out',NULL,NULL,'Agoda',NULL,0.00,0,NULL,NULL,NULL,'2026-07-01 00:03:22','2026-07-01 05:40:34',NULL),
(110,NULL,85,23,'2026-07-000083','P7Si4CHbmTmyVAq87gK5BbCXL8D53Fp1F5ut3lOc','Danelle Sagomis',NULL,'+63 9751537350','309','Ordinary Twin','2026-06-30','2026-07-01',1,2,'Filipino',487.00,487.00,NULL,NULL,0.00,'checked_out',NULL,NULL,'Agoda',NULL,0.00,0,NULL,NULL,NULL,'2026-07-01 00:27:51','2026-07-01 05:39:13',NULL),
(111,NULL,86,30,'2026-07-000084','MQJFNjTvnzOTocvyMnvYeYzuCF976goqjeSwGXdu','Henry Hequilan',NULL,'+63 09487604584','407','Deluxe Twin','2026-06-30','2026-07-01',1,3,'Filipino',899.00,899.00,NULL,NULL,0.00,'checked_out',NULL,NULL,'Walk-in',NULL,100.00,1,'2026-07-01','Cash',NULL,'2026-07-01 00:35:30','2026-07-01 16:07:18',NULL),
(112,NULL,87,30,'2026-07-000085','nqJmPHd56DJDyg8zNnfaWebp7KxpQRbYyGyxjAMx','Gerry Cainglet',NULL,'+63 9356190083','208','Ordinary Twin','2026-06-30','2026-07-02',2,2,'Filipino',549.00,1098.00,NULL,NULL,0.00,'checked_out',NULL,NULL,'Walk-in',NULL,100.00,1,'2026-07-01','Cash',NULL,'2026-07-01 00:42:20','2026-07-02 18:13:13',NULL),
(113,NULL,88,22,'2026-07-000086','YJvK7Bzx41jLDJDj7Wo8V3jj9O44kXFHbA9hu6um','Vince Clyde Talingting',NULL,'+63 9602602342','110','Superior Deluxe','2026-06-30','2026-07-01',1,2,'Filipino',719.00,719.00,NULL,NULL,0.00,'checked_out',NULL,NULL,'Agoda',NULL,100.00,1,'2026-06-30','Cash',NULL,'2026-07-01 00:44:31','2026-07-01 16:08:59',NULL),
(114,NULL,89,30,'2026-07-000087','GW1zs8IWslq54bPwvtucFVPC1tVBdBiEOLywsI25','Adrianne Dalisay',NULL,'+63 9484705563','305','Ordinary Twin','2026-06-30','2026-07-01',1,2,'Filipino',549.00,549.00,NULL,NULL,0.00,'checked_out',NULL,NULL,'Walk-in',NULL,0.00,0,NULL,NULL,NULL,'2026-07-01 00:48:11','2026-07-01 16:09:16',NULL),
(115,NULL,90,22,'2026-07-000088','xq9jvSgxhW3dnsxXcqjZedVS5sIO0AzxE36YV1Q6','Antonio Galang',NULL,'+63 9638446416','314','Standard Twin','2026-06-30','2026-07-02',2,2,'Filipino',719.00,1438.00,NULL,NULL,0.00,'checked_out',NULL,NULL,'Agoda',NULL,100.00,1,'2026-06-30','Cash',NULL,'2026-07-01 00:53:44','2026-07-01 22:41:17',NULL),
(116,NULL,91,30,'2026-07-000089','F5IdDptiCmJDbu8vbNlXRCYriVetMaAbJ7de9CED','Michael Angelo Gorrero',NULL,'+63 9129169538','117','Junior Deluxe','2026-06-30','2026-07-01',1,1,'Filipino',699.00,699.00,NULL,NULL,0.00,'checked_out',NULL,NULL,'Direct (Phone)',NULL,100.00,1,'2026-06-30','Cash',NULL,'2026-07-01 01:03:33','2026-07-01 16:09:37',NULL),
(117,NULL,92,23,'2026-07-000090','AuKIUXTzSdmYGW0DGWXYUAiOiAdxFlM8jijPMILY','Omer Jr. Martinez',NULL,'+63 9684178960','205','Economy Double','2026-06-30','2026-07-01',1,1,'Filipino',562.00,562.00,NULL,NULL,0.00,'checked_out',NULL,NULL,'Agoda',NULL,100.00,1,'2026-06-30','Cash',NULL,'2026-07-01 01:05:51','2026-07-01 01:22:13',NULL),
(118,NULL,93,30,'2026-07-000091','pf4piuSMHnTH70ESwculcKr1ubfbX3LGx5wE624r','Anecita Hequilan',NULL,'+63 9483889801','203','Family Room','2026-06-30','2026-07-01',1,6,'Filipino',1649.00,1649.00,NULL,NULL,0.00,'checked_out',NULL,NULL,'Walk-in',NULL,100.00,1,NULL,'Cash',NULL,'2026-07-01 01:08:51','2026-07-01 16:09:54',NULL),
(119,NULL,94,30,'2026-07-000092','27noWz8YfMzdp3cHzHpo7JtqXBpCaIBDro5tHqn6','Lito Santiago',NULL,'+63 9666607499','114','Superior Deluxe','2026-06-30','2026-07-04',4,1,'Filipino',849.00,3396.00,NULL,NULL,0.00,'checked_out',NULL,'2026-07-04 12:00:00','Walk-in',NULL,0.00,0,NULL,NULL,NULL,'2026-07-01 01:19:04','2026-07-04 19:46:21',NULL),
(120,NULL,81,22,'2026-07-000093','9kSVxrmgKXW42UWHdlZyQ21FQIpIRXmAbKB9X93e','Jecille Oyan',NULL,'+63 9067926188','303','Deluxe Twin','2026-06-30','2026-07-01',1,1,'Filipino',799.00,799.00,NULL,NULL,0.00,'checked_out',NULL,NULL,'Agoda',NULL,0.00,0,NULL,NULL,NULL,'2026-07-01 01:28:51','2026-07-01 19:42:40',NULL),
(121,NULL,95,22,'2026-07-000094','2chu5iVhhiDfPKYlRtkwd4sAvvYYULhlWG59qRmJ','Melanie Jane Luntian',NULL,'+63 9859937879','406','Deluxe Trio','2026-07-01','2026-07-02',1,1,'Filipino',1079.00,1079.00,NULL,NULL,0.00,'confirmed',NULL,NULL,'Agoda',NULL,100.00,1,'2026-07-01','Cash',NULL,'2026-07-01 01:47:53','2026-07-01 03:44:09','2026-07-01 03:44:09'),
(122,NULL,95,23,'2026-07-000095','4dauEOWd3SvKnoq13Zf4xEQq0smTEU9DDDArgKsA','Olive Dumanig',NULL,'+63 9977431179','315','Standard Twin','2026-07-01','2026-07-02',1,1,'Filipino',674.00,674.00,NULL,NULL,0.00,'cancelled',NULL,NULL,'Agoda',NULL,0.00,0,NULL,NULL,NULL,'2026-07-01 01:50:37','2026-07-01 03:32:04','2026-07-01 03:32:04'),
(123,NULL,96,30,'2026-07-000096','avOT5WVDTTI2WVM2OloBBgOy7DdvB3xjuDGPjmLv','Lucky Edgar Potente',NULL,'+63 9702674817','112','Superior Deluxe','2026-06-30','2026-07-01',1,1,'Filipino',849.00,849.00,NULL,NULL,0.00,'checked_out',NULL,NULL,'Walk-in',NULL,100.00,1,NULL,NULL,NULL,'2026-07-01 01:52:20','2026-07-01 19:16:36',NULL),
(124,NULL,97,23,'2026-07-000097','u2k71q1TTnThfTcuDaDTeNNy4fAGwslbXfmteGxa','Olive Dumanig',NULL,'+63 997','315','Standard Twin','2026-06-30','2026-07-01',1,1,'Filipino',674.25,674.25,NULL,NULL,0.00,'checked_out',NULL,NULL,'Agoda',NULL,0.00,0,NULL,NULL,NULL,'2026-07-01 03:10:12','2026-07-01 19:42:49',NULL),
(125,NULL,95,22,'2026-07-000098','IPJvhONbYVpY3FRpUarUQteRQaXo2FJFGaeLveZH','Melanie Jane Luntian',NULL,'+63 9859937879','406','Deluxe Trio','2026-06-30','2026-07-01',1,1,'Filipino',1079.20,1079.20,NULL,NULL,0.00,'confirmed',NULL,NULL,'Agoda',NULL,0.00,0,NULL,NULL,NULL,'2026-07-01 03:17:42','2026-07-01 03:25:47','2026-07-01 03:25:47'),
(126,NULL,95,22,'2026-07-000099','X69j7FFONfl2sHF7E8n7c0ti0qEBnoPleFXuLYJO','Melanie Jane Luntian',NULL,'+63 9859937879','406','Deluxe Trio','2026-06-30','2026-07-01',1,3,'Filipino',1079.20,1079.20,NULL,NULL,0.00,'checked_out',NULL,NULL,'Agoda',NULL,100.00,1,NULL,NULL,NULL,'2026-07-01 03:45:05','2026-07-01 19:16:53',NULL),
(127,NULL,81,30,'2026-07-000100','wZgdIOswSzPOVZmkX4K1rZffw6tiZeUHTuNpEUlG','Jecille Oyan',NULL,'+63 9067926188','303','Deluxe Twin','2026-07-01','2026-07-02',1,1,'Filipino',899.00,899.00,NULL,NULL,0.00,'checked_out',NULL,NULL,'Walk-in','Payment for Extend',0.00,0,NULL,NULL,NULL,'2026-07-01 19:54:35','2026-07-02 18:14:29',NULL),
(128,NULL,98,30,'2026-07-000101','C7VGuC5jUAPp874MEbVuRNYvNmWXAlc149eXEeRw','Jepson Mazon',NULL,'+63 95444221391','207','Economy Twin','2026-07-01','2026-07-04',3,1,'Filipino',699.00,2097.00,NULL,NULL,0.00,'checked_out',NULL,'2026-07-04 12:00:00','Walk-in',NULL,0.00,0,NULL,NULL,NULL,'2026-07-01 20:01:51','2026-07-04 19:48:38',NULL),
(129,NULL,99,30,'2026-07-000102','bJFqBu7DUx4CVnYwD3YyTLLZeCtBurw1ik3Krxj2','Wyndell Pagnamitan',NULL,'+63 9361425600','307','Deluxe Double','2026-07-01','2026-07-02',1,1,'Filipino',899.00,899.00,NULL,NULL,0.00,'checked_out',NULL,NULL,'Walk-in',NULL,0.00,0,NULL,NULL,NULL,'2026-07-01 20:03:19','2026-07-02 18:15:40',NULL),
(130,NULL,89,30,'2026-07-000103','1sbKYpZc41Mm4T2xL9zMfSH6ahHHM2pFS5oA7Eol','Mel Castro',NULL,'+63 9484705563','101','Junior Deluxe','2026-07-01','2026-07-05',4,1,'Filipino',699.00,2796.00,NULL,NULL,0.00,'checked_out',NULL,'2026-07-05 12:02:00','Walk-in',NULL,0.00,0,NULL,NULL,NULL,'2026-07-01 20:04:17','2026-07-05 12:02:30',NULL),
(131,NULL,100,30,'2026-07-000104','F3Q9t0FNlt2jdl7FnTWImviiMZxUOWVzfHG22Qj0','Mark Palad',NULL,'+63 9','206','Standard Twin','2026-07-01','2026-07-02',1,1,'Filipino',849.00,849.00,NULL,NULL,0.00,'checked_out',NULL,NULL,'Walk-in',NULL,0.00,0,NULL,NULL,NULL,'2026-07-01 20:05:06','2026-07-02 02:53:26',NULL),
(132,NULL,101,23,'2026-07-000105','A2b1qUvQsfxABQlEFMvX5vpuib3x7yEfcauyYMEM','Regino Paclibar',NULL,'+63 9776832370','110','Superior Deluxe','2026-07-01','2026-07-02',1,2,'Filipino',674.25,674.25,NULL,NULL,0.00,'checked_out',NULL,NULL,'Walk-in',NULL,0.00,0,NULL,NULL,NULL,'2026-07-01 20:06:37','2026-07-02 18:19:40',NULL),
(133,NULL,102,23,'2026-07-000106','nENbO3xyZeQSD8W8DJOQ7QFhzpJ0HikZAs3nO4oV','Clarissa De Leon',NULL,'+63 9562812687','411','Standard Double','2026-07-01','2026-07-02',1,2,'Filipino',674.25,674.25,NULL,NULL,0.00,'checked_out',NULL,NULL,'Walk-in',NULL,0.00,0,NULL,NULL,NULL,'2026-07-01 20:07:46','2026-07-02 18:20:40',NULL),
(134,NULL,103,30,'2026-07-000107','ZZOJI8AiPsWer9X1cE5tIfAI674TzIsI25o1B0PD','Evelyn Lantayao',NULL,'+63 9561833482','413','Standard Double','2026-06-30','2026-07-03',3,1,'Filipino',849.00,2547.00,NULL,NULL,0.00,'checked_out',NULL,'2026-07-03 10:03:00','Walk-in',NULL,0.00,0,NULL,NULL,NULL,'2026-07-01 20:08:44','2026-07-03 10:41:03',NULL),
(135,NULL,104,30,'2026-07-000108','y6LPfmwqFJmm4XlKyHQDHLmsvqQgBZLn62BdlL2P','John Ramel Lundayan',NULL,'+63 9262908175','408','Standard Double','2026-07-01','2026-07-02',1,2,'Filipino',849.00,849.00,NULL,NULL,0.00,'checked_out',NULL,NULL,'Walk-in',NULL,0.00,0,NULL,NULL,NULL,'2026-07-01 20:09:54','2026-07-02 18:20:50',NULL),
(136,NULL,105,30,'2026-07-000109','4oogsGef6DSS5c0djI0uDXR0iezsGjLgeL9otZy8','Jul-asin Nor Wana',NULL,'+63 9657638306','204','Economy Twin','2026-07-01','2026-07-15',14,1,'Filipino',699.00,9786.00,NULL,NULL,0.00,'checked_out',NULL,'2026-07-14 23:38:00','Walk-in',NULL,0.00,0,NULL,NULL,NULL,'2026-07-01 20:12:28','2026-07-15 11:44:36',NULL),
(137,NULL,106,23,'2026-07-000110','JlGBD8qyhA8KjKFsvV7rC3XETb3LVl9hpXZVeeEt','Lemuel Natividad',NULL,'+63 09393752920','301','Deluxe Twin','2026-07-01','2026-07-02',1,1,'Filipino',749.25,749.25,NULL,NULL,0.00,'checked_out',NULL,NULL,'Agoda',NULL,0.00,0,NULL,NULL,NULL,'2026-07-01 20:50:05','2026-07-02 18:22:35',NULL),
(138,NULL,107,30,'2026-07-000111','EAOQ5cTfBNLQTZkit2k17NXcdUI7AV3iT5rCy9k0','Divina Serrano',NULL,'+63 09455796106','401','Deluxe Trio','2026-07-01','2026-07-02',1,1,'Filipino',1249.00,1249.00,NULL,NULL,0.00,'checked_out',NULL,NULL,'Walk-in',NULL,100.00,1,'2026-07-01','Cash',NULL,'2026-07-01 20:55:03','2026-07-02 18:24:27',NULL),
(139,NULL,108,30,'2026-07-000112','qIjuUj6RANBw3hDAWAyG61y2xezjO0Dx3wS85Ek3','Chas Omer Madlos',NULL,'+63 09927484694','305','Ordinary Twin','2026-07-01','2026-07-02',1,1,'Filipino',549.00,549.00,NULL,NULL,0.00,'checked_out',NULL,NULL,'Walk-in',NULL,100.00,1,'2026-07-01','Cash',NULL,'2026-07-01 20:59:56','2026-07-02 18:48:01',NULL),
(140,NULL,109,30,'2026-07-000113','4gQ95S6IbmbnsX5Wt3Lcffg3fjli9TzkduH3M59V','Jocelyn Lumogdang',NULL,'+63 09270772870','205','Economy Double','2026-07-01','2026-07-06',5,1,'Filipino',699.00,3495.00,NULL,NULL,0.00,'checked_out',NULL,'2026-07-06 19:56:00','Walk-in',NULL,100.00,1,'2026-07-01','Cash',NULL,'2026-07-01 21:03:06','2026-07-06 19:56:09',NULL),
(141,NULL,100,30,'2026-07-000114','9pksOOxFEwNuFdi4DNvA1FbhVkUgLwkf55UOA7oG','Alex Solar',NULL,'+63 9','201','Deluxe Twin','2026-07-01','2026-07-02',1,2,'Filipino',899.00,899.00,NULL,NULL,0.00,'checked_out',NULL,NULL,'Walk-in',NULL,0.00,0,NULL,NULL,NULL,'2026-07-01 21:04:10','2026-07-02 22:48:12',NULL),
(142,NULL,110,23,'2026-07-000115','QMicOHXmjSLhpPodTvQDjxBij7aOJVNcVJu75Esv','Chrislit Liza Dorado',NULL,'+63 09518516972','211','Ordinary Double','2026-07-01','2026-07-02',1,1,'Filipino',486.75,486.75,NULL,NULL,0.00,'checked_out',NULL,NULL,'Agoda',NULL,100.00,1,'2026-07-01','Cash',NULL,'2026-07-01 21:07:27','2026-07-02 19:02:36',NULL),
(143,NULL,111,30,'2026-07-000116','jnIxeWDUFBQAbgL36Bhdoir8aplRZ1GYXUjaYy07','Rio Ann Saramosing',NULL,'+63 9125024015','112','Superior Deluxe','2026-07-01','2026-07-02',1,2,'Filipino',849.00,849.00,NULL,NULL,0.00,'checked_out',NULL,NULL,'Walk-in',NULL,100.00,1,'2026-07-01','Cash',NULL,'2026-07-01 21:09:06','2026-07-02 19:03:05',NULL),
(144,NULL,100,30,'2026-07-000117','8WKh73aOzyvPvs9S7PeTu8khOxH6dmsu76tWHwPb','Adrianne Dalisay',NULL,'+63 9','309','Ordinary Twin','2026-07-01','2026-07-02',1,1,'Filipino',549.00,549.00,NULL,NULL,0.00,'checked_out',NULL,NULL,'Walk-in',NULL,0.00,0,NULL,NULL,NULL,'2026-07-01 21:22:35','2026-07-02 19:09:15',NULL),
(145,NULL,112,30,'2026-07-000118','Y88H7FwU72uF8qbAy7GYxB8TanCd1sLElykikgtM','Athony Jhay Caduyac',NULL,'+63 09091719227','313','Ordinary Twin','2026-07-01','2026-07-02',1,1,'Filipino',549.00,549.00,NULL,NULL,0.00,'checked_out',NULL,NULL,'Walk-in',NULL,0.00,0,NULL,NULL,NULL,'2026-07-01 21:24:33','2026-07-02 19:08:39',NULL),
(146,NULL,113,23,'2026-07-000119','XkFS4wIxtAvauCZqKVjiue0pIeFNv2mF1I0vXrbD','Gyra Marie Ucab',NULL,'+63 09534380608','403','Deluxe Twin','2026-07-01','2026-07-02',1,1,'Filipino',749.25,749.25,NULL,NULL,0.00,'checked_out',NULL,NULL,'Walk-in',NULL,100.00,1,'2026-07-01','Cash',NULL,'2026-07-01 21:26:40','2026-07-02 19:08:22',NULL),
(147,2,114,30,'2026-07-000120','JuH9lL1i65Nh85BPAjn5Jotf2OuSd3TLG4y4E96a','Chabby Ann Dela Cruz',NULL,'+63 09088851235','103','Junior Deluxe','2026-07-01','2026-07-02',1,1,'Filipino',699.00,699.00,NULL,NULL,0.00,'checked_out',NULL,NULL,'Walk-in',NULL,0.00,0,NULL,NULL,NULL,'2026-07-01 21:29:12','2026-07-02 19:07:30',NULL),
(148,2,114,30,'2026-07-000121','n38P0OjLdKSBui470uFEUIWyJuXWBwiAOXf1tMdx','Chabby Ann Dela Cruz',NULL,'+63 09088851235','113','Superior Deluxe','2026-07-01','2026-07-02',1,1,'Filipino',849.00,849.00,NULL,NULL,0.00,'checked_out',NULL,NULL,'Walk-in',NULL,0.00,0,NULL,NULL,NULL,'2026-07-01 21:29:12','2026-07-02 19:07:41',NULL),
(149,NULL,111,30,'2026-07-000122','qvpJEuBep4sIW67nUNAqGJWrQOUclmnU0WXVpdaG','Rio Ann Saramosing',NULL,'+63 9125024015','107','Barkadahan','2026-07-02','2026-07-03',1,4,'Filipino',1449.00,1449.00,NULL,NULL,0.00,'checked_out',NULL,'2026-07-03 07:11:00','Walk-in',NULL,0.00,0,NULL,NULL,NULL,'2026-07-01 21:32:41','2026-07-03 07:42:06',NULL),
(150,NULL,97,23,'2026-07-000123','SSElqEFOEzdUmLeoW9MkcNhuEg2pcPOevheRByTd','Olive Dumanig',NULL,'+63 997','311','Standard Twin','2026-07-01','2026-07-02',1,2,'Filipino',674.25,674.25,NULL,NULL,0.00,'checked_out',NULL,NULL,'Walk-in',NULL,0.00,0,NULL,NULL,NULL,'2026-07-01 21:40:55','2026-07-02 19:07:06',NULL),
(151,NULL,115,30,'2026-07-000124','AJZ47KmVM8uEtABHMgIOgtOk8ZM6TPglIJ32jaYJ','Rosita Nopueto',NULL,'+63 9755903978','107','Barkadahan','2026-07-01','2026-07-02',1,4,'Filipino',1449.00,1449.00,NULL,NULL,0.00,'checked_out',NULL,NULL,'Walk-in',NULL,100.00,1,'2026-07-01','Cash',NULL,'2026-07-01 22:44:50','2026-07-02 19:06:41',NULL),
(152,NULL,116,23,'2026-07-000125','BLqEA8RdxYaO45QHrABLbQ7Hmtu9FnS5itXoJu0y','Leah Mae Pugoy',NULL,'+63 9750561242','310','Barkadahan','2026-07-01','2026-07-02',1,4,'Filipino',1086.75,1086.75,NULL,NULL,0.00,'checked_out',NULL,NULL,'Agoda',NULL,100.00,1,'2026-07-01','Agoda Settlement',NULL,'2026-07-01 22:46:54','2026-07-02 19:06:13',NULL),
(153,NULL,111,30,'2026-07-000126','8AZqoBGKJR2hVIhkBBMHv6gbovT8I5zT1YgVt409','Rio Ann Saramosing',NULL,'+63 9125024015','315','Standard Twin','2026-07-01','2026-07-02',1,2,'Filipino',849.00,849.00,NULL,NULL,0.00,'checked_out',NULL,NULL,'Walk-in',NULL,0.00,0,NULL,NULL,NULL,'2026-07-01 22:49:41','2026-07-02 19:05:52',NULL),
(154,NULL,117,30,'2026-07-000127','TdftX5y4pWSgPInYa2tOBWSX1sAhYqoJPZE0WDH3','Jason Cimena',NULL,'+63 9569269948','407','Deluxe Twin','2026-07-02','2026-07-03',1,2,'Filipino',899.00,899.00,NULL,NULL,0.00,'checked_out',NULL,'2026-07-03 11:54:00','Direct (Phone)',NULL,0.00,0,NULL,NULL,NULL,'2026-07-01 22:52:37','2026-07-03 12:04:31',NULL),
(155,NULL,118,30,'2026-07-000128','orFvjWIicIBAu0dcj2Bnnuumr07AdmmgX31Z6Uyy','Sunny Sumalpong',NULL,'+63 9381461869','414','Standard Double','2026-07-01','2026-07-03',2,2,'Filipino',849.00,1698.00,NULL,NULL,0.00,'checked_out',NULL,'2026-07-03 09:11:00','Walk-in',NULL,100.00,1,'2026-07-01','Cash',NULL,'2026-07-01 23:05:03','2026-07-03 09:47:33',NULL),
(156,NULL,119,30,'2026-07-000129','qEVLBlpqX1yZ5dXaNgHkGMknaqhrbDZp7yZtR1GO','Joemark Acas',NULL,'+63 9456435743','405','Deluxe Twin','2026-07-01','2026-07-02',1,3,'Filipino',899.00,899.00,NULL,NULL,0.00,'checked_out',NULL,NULL,'Walk-in',NULL,0.00,0,NULL,NULL,NULL,'2026-07-02 00:04:15','2026-07-02 19:04:59',NULL),
(157,NULL,120,23,'2026-07-000130','EHkjDefUNZMk8iabXiGBBNaJE3zinRDI5EiJ80Rj','Quennie Gulay',NULL,'+63 9976058722','406','Deluxe Trio','2026-07-02','2026-07-03',1,2,'Filipino',486.75,486.75,NULL,NULL,0.00,'confirmed',NULL,NULL,'Agoda',NULL,0.00,0,NULL,NULL,NULL,'2026-07-02 18:27:28','2026-07-02 19:48:45','2026-07-02 19:48:45'),
(158,NULL,100,30,'2026-07-000131','6hBGKhdpPIfQs0hqo8lIzk96w24n55PrWo3pCZX2','Frederick Gomez',NULL,'+63 9','117','Junior Deluxe','2026-07-02','2026-07-05',3,1,'Filipino',699.00,2097.00,NULL,NULL,0.00,'checked_out',NULL,'2026-07-05 11:11:00','Walk-in',NULL,0.00,0,NULL,NULL,NULL,'2026-07-02 19:22:27','2026-07-05 11:11:21',NULL),
(159,NULL,121,23,'2026-07-000132','C1mtYGzAzhVxvjcNGEsBzzDxLKvtLLHCIiog6Jm8','Risabel Dayondon',NULL,'+63 9516399280','204','Economy Twin','2026-07-02','2026-07-05',3,2,'Filipino',561.75,1685.25,NULL,NULL,0.00,'checked_out',NULL,'2026-07-05 13:02:00','Agoda',NULL,0.00,0,NULL,NULL,NULL,'2026-07-02 19:26:47','2026-07-05 13:03:01',NULL),
(160,NULL,122,30,'2026-07-000133','LlawIfCWczJGSfm1ttHCIC7nE7rMfr1NvMl46o05','Prexedes Ortiz',NULL,'+63 9694337462','211','Ordinary Double','2026-07-04','2026-07-06',2,2,'Filipino',549.00,1098.00,NULL,NULL,0.00,'checked_out',NULL,'2026-07-06 06:23:00','Walk-in',NULL,0.00,0,NULL,NULL,NULL,'2026-07-02 19:29:50','2026-07-06 06:23:08',NULL),
(161,NULL,97,23,'2026-07-000134','Q3u52hrzxXH6MoCbZsPhNKgDKTe8xCDeP80kA8tq','Olive Dumanig',NULL,'+63 997','311','Standard Twin','2026-07-02','2026-07-03',1,1,'Filipino',674.25,674.25,NULL,NULL,0.00,'checked_out',NULL,'2026-07-03 09:03:00','Walk-in',NULL,0.00,0,NULL,NULL,NULL,'2026-07-02 19:31:05','2026-07-03 09:47:57',NULL),
(162,NULL,123,22,'2026-07-000135','Hr3ryU8B5V2Q7yZtwwnxD00nvrFkH3tAS88veqJl','Aiza Rodriguez',NULL,'+63 9564473778','202','Economy Twin','2026-07-05','2026-07-06',1,2,'Filipino',599.20,599.20,NULL,NULL,0.00,'checked_out',NULL,'2026-07-06 12:00:00','Agoda',NULL,0.00,0,NULL,NULL,NULL,'2026-07-02 20:23:24','2026-07-07 13:03:33',NULL),
(163,NULL,124,23,'2026-07-000136','5Cmypdu2tFejiTkA0liWkEDO2cVPV7GJdCU6GzrK','Jaymar Sabulao',NULL,'+63 9702712472','312','Ordinary Twin','2026-07-02','2026-07-03',1,2,'Filipino',486.75,486.75,NULL,NULL,0.00,'checked_out','2026-07-02 13:39:00','2026-07-03 08:10:00','Walk-in',NULL,0.00,0,NULL,NULL,NULL,'2026-07-02 20:40:46','2026-07-03 09:48:29',NULL),
(164,NULL,125,23,'2026-07-000137','tk6dEX52MDzHjwZVRZXiUxZdJZ79jQwFFKdOnuYR','Lorie Jane Penaflor',NULL,'+63 9532734428','110','Superior Deluxe','2026-07-02','2026-07-03',1,2,'Filipino',674.25,674.25,NULL,NULL,0.00,'checked_out','2026-07-02 13:43:00','2026-07-03 10:54:00','Walk-in',NULL,0.00,0,NULL,NULL,NULL,'2026-07-02 20:50:52','2026-07-03 11:06:21',NULL),
(165,NULL,126,23,'2026-07-000138','mDTS1lcN2bp5h6MjjImUvOgg59AfpqCiYEUu1ns6','Jen Magsubol',NULL,'+63 911944147','403','Deluxe Twin','2026-07-02','2026-07-03',1,2,'Filipino',749.25,749.25,NULL,NULL,0.00,'checked_out','2026-07-02 14:05:00','2026-07-02 19:00:00','Agoda',NULL,0.00,0,NULL,NULL,NULL,'2026-07-02 22:02:47','2026-07-02 22:38:34',NULL),
(166,NULL,127,30,'2026-07-000139','NLDRBfRPh0W31VoKYhxKXF3Mm1HfhP25W6QNqfz8','Rey Requina',NULL,'+63 956239853','201','Deluxe Twin','2026-07-02','2026-07-03',1,2,'Filipino',899.00,899.00,NULL,NULL,0.00,'checked_out','2026-07-02 14:11:00','2026-07-03 03:53:00','Walk-in',NULL,0.00,0,NULL,NULL,NULL,'2026-07-02 22:05:23','2026-07-03 03:55:32',NULL),
(167,NULL,128,32,'2026-07-000140','WhhNRiKUYYmnHjO8ziWLNRsFnL9s1GUI3WLB2rCT','Peter Pischke',NULL,'+63 9554350692','113','Superior Deluxe','2026-07-02','2026-07-03',1,2,'Filipino',809.10,809.10,NULL,NULL,0.00,'checked_out','2026-07-02 14:26:00','2026-07-02 16:37:00','Walk-in',NULL,0.00,0,NULL,NULL,NULL,'2026-07-02 22:12:22','2026-07-02 22:37:19',NULL),
(168,NULL,129,30,'2026-07-000141','oTElt325eCd5Iy5qyQhramupzTXFB18Rw2TQN8n2','Jesiel Sugalang',NULL,'+63 9533599633','410','Standard Twin','2026-07-02','2026-07-03',1,2,'Filipino',849.00,849.00,NULL,NULL,0.00,'checked_out','2026-07-02 14:56:00','2026-07-03 07:19:00','Walk-in',NULL,0.00,0,NULL,NULL,NULL,'2026-07-02 22:14:40','2026-07-03 07:42:46',NULL),
(169,NULL,130,23,'2026-07-000142','u89rd8D1AIRQGViYtT7lF6QQ9eTlXw8r0anVac1g','Jim Jim Dumangcal',NULL,'+63 984862145','314','Standard Twin','2026-07-02','2026-07-06',4,2,'Filipino',674.25,2697.00,NULL,NULL,0.00,'checked_out','2026-07-02 15:23:00','2026-07-06 12:00:00','Agoda',NULL,0.00,0,NULL,NULL,NULL,'2026-07-02 22:17:34','2026-07-06 19:50:48',NULL),
(170,NULL,131,23,'2026-07-000143','ixYNqd5JOAM1twCDdQY833dfdg2BUmSS5itDbFz0','Dimple Joy Suarez',NULL,'+63 9167604496','408','Standard Double','2026-07-02','2026-07-03',1,2,'Filipino',674.25,674.25,NULL,NULL,0.00,'checked_out','2026-07-02 16:05:00','2026-07-03 06:52:00','Agoda',NULL,0.00,0,NULL,NULL,NULL,'2026-07-02 22:21:38','2026-07-03 06:58:43',NULL),
(171,NULL,132,22,'2026-07-000144','pRQtImBy5na3lral1ECr8o2toxKKDdBfZs2I6YsO','Yesha Cabilla',NULL,'+63 9162025966','401','Deluxe Trio','2026-07-02','2026-07-03',1,2,'Filipino',1079.20,1079.20,NULL,NULL,0.00,'checked_out','2026-07-02 16:15:00','2026-07-03 05:32:00','Agoda',NULL,0.00,0,NULL,NULL,NULL,'2026-07-02 22:25:01','2026-07-03 05:33:54',NULL),
(172,NULL,100,30,'2026-07-000145','7Bev3CPa6JUqwQkU0sWZ2OzMyAh8ePrDWPXqCpUj','Ma. Gemalyn Dagatan',NULL,'+63 9','405','Deluxe Twin','2026-07-02','2026-07-03',1,2,'Filipino',899.00,899.00,NULL,NULL,0.00,'checked_out','2026-07-02 16:22:00','2026-07-03 08:30:00','Walk-in',NULL,0.00,0,NULL,NULL,NULL,'2026-07-02 22:29:01','2026-07-03 09:48:56',NULL),
(173,NULL,120,23,'2026-07-000146','v45ZAotT6M2Qh3hkRQYHglQEra4wul3k0nshMGsK','Queenie Gulay',NULL,'+63 9976058722','406','Deluxe Trio','2026-07-02','2026-07-03',1,3,'Filipino',486.75,486.75,NULL,NULL,0.00,'checked_out','2026-07-02 16:22:00','2026-07-03 12:14:00','Agoda',NULL,0.00,0,NULL,NULL,NULL,'2026-07-02 22:31:36','2026-07-03 13:10:16',NULL),
(174,NULL,133,30,'2026-07-000147','jQ21MqShzoLkha000F5wQfOxiqxf4k5WIycyNboF','Ma. Luisa Ganzon',NULL,'+63 9756006637','113','Superior Deluxe','2026-07-02','2026-07-03',1,3,'Filipino',849.00,849.00,NULL,NULL,0.00,'checked_out','2026-07-02 17:43:00','2026-07-03 10:29:00','Walk-in',NULL,0.00,0,NULL,NULL,NULL,'2026-07-02 22:40:50','2026-07-03 10:39:42',NULL),
(175,NULL,134,30,'2026-07-000148','0fXGwhjYMQCHejNiai1GCzthwMo0gbQ02CN078Od','Dan Avella',NULL,'+63 935970142','210','Economy Twin','2026-07-02','2026-07-03',1,2,'Filipino',699.00,699.00,NULL,NULL,0.00,'checked_out','2026-07-02 18:01:00','2026-07-02 19:55:00','Walk-in',NULL,0.00,0,NULL,NULL,NULL,'2026-07-02 22:43:19','2026-07-02 22:50:31',NULL),
(176,NULL,135,30,'2026-07-000149','sDwVfsRhZnlxQBhn34YRS7uTgv57ey3Je5Mnc91Y','Alex Solar',NULL,'+63 09','303','Deluxe Twin','2026-07-02','2026-07-03',1,1,'Filipino',899.00,899.00,NULL,NULL,0.00,'checked_out','2026-07-02 19:21:00','2026-07-03 08:18:00','Walk-in',NULL,0.00,0,NULL,NULL,NULL,'2026-07-02 22:49:07','2026-07-03 09:49:31',NULL),
(177,NULL,136,30,'2026-07-000150','Whv7y2bBZj8Irx97tgfozrZuGCIj6o4oog75Qi99','Ma. Fe Timbal',NULL,'+63 9357532091','301','Deluxe Twin','2026-07-02','2026-07-03',1,2,'Filipino',899.00,899.00,NULL,NULL,0.00,'checked_out','2026-07-02 19:50:00','2026-07-03 05:53:00','Walk-in',NULL,0.00,0,NULL,NULL,NULL,'2026-07-02 22:51:25','2026-07-03 11:04:11',NULL),
(178,NULL,137,22,'2026-07-000151','A2tWwao2c8znFnvqcZRJlrA3lI4Dc8f6uSmjnW8B','Rainier Manigsaca',NULL,'+63 9304977147','307','Deluxe Double','2026-07-02','2026-07-05',3,2,'Filipino',799.20,2397.60,NULL,NULL,0.00,'checked_out','2026-07-02 21:02:00','2026-07-05 12:01:00','Agoda','Property Collect',100.00,1,'2026-07-02','Agoda Settlement',NULL,'2026-07-02 23:08:26','2026-07-05 12:01:39',NULL),
(179,NULL,138,22,'2026-07-000152','bw773wnFWzsEgXcLl2aaSzPcLdfIEbug2LNcDnme','Genesa Cedillo',NULL,'+63 9859065214','411','Standard Double','2026-07-02','2026-07-04',2,2,'Filipino',719.20,1438.40,NULL,NULL,0.00,'checked_out','2026-07-02 22:55:00','2026-07-04 07:22:00','Agoda',NULL,0.00,0,NULL,NULL,NULL,'2026-07-02 23:11:04','2026-07-04 19:53:25',NULL),
(180,NULL,139,30,'2026-07-000153','q5qjCxDR4nMPTEdkhOnb4dSHRb7p4ktFUCr5QdI3','Christian Mark Tanda',NULL,'+63 9356524491','112','Superior Deluxe','2026-07-02','2026-07-03',1,2,'Filipino',849.00,849.00,NULL,NULL,0.00,'checked_out','2026-07-02 03:04:00','2026-07-03 09:01:00','Walk-in',NULL,0.00,0,NULL,NULL,NULL,'2026-07-03 03:07:17','2026-07-03 09:49:57',NULL),
(181,NULL,140,30,'2026-07-000154','C5JbbL1lK5arFpGxfsV7InQzQyQ3E1ETIdXXNTfr','Chris Yu',NULL,'+63 9673772269','315','Standard Twin','2026-07-02','2026-07-03',1,2,'Filipino',849.00,849.00,NULL,NULL,0.00,'checked_out','2026-07-03 03:49:00','2026-07-03 12:00:00','Walk-in',NULL,0.00,0,NULL,NULL,NULL,'2026-07-03 03:49:08','2026-07-04 19:45:52',NULL),
(182,NULL,141,30,'2026-07-000155','S8PYo772VP3UWqUGzvJHgnoYEPkw4neM0Sf3RyBH','Xanthy Culot',NULL,'+63 9774541380','308','Deluxe Double','2026-07-03','2026-07-04',1,2,'Filipino',899.00,899.00,NULL,NULL,0.00,'checked_out','2026-07-03 12:37:00','2026-07-04 11:38:00','Walk-in',NULL,100.00,1,'2026-07-03','Cash',NULL,'2026-07-03 12:36:42','2026-07-04 21:59:54',NULL),
(183,NULL,142,22,'2026-07-000156','gWLNaRDwxhrmuULjEpPkXcxNcdfzyU6dmD1E2AID','XIAN VICTAMIER TACANG',NULL,'+63 9562057981','107','Barkadahan','2026-07-05','2026-07-06',1,3,'Filipino',1159.20,1159.20,NULL,NULL,0.00,'cancelled','2026-07-03 13:50:00',NULL,'Agoda',NULL,0.00,0,NULL,NULL,NULL,'2026-07-03 14:09:54','2026-07-06 11:28:10',NULL),
(184,NULL,143,23,'2026-07-000157','5iLl8aWCRi8OVqeyfVfhV94whLdZOREgoUxYP737','JASPER KENT DAGARAGA',NULL,'+63 9658045530','206','Standard Twin','2026-07-03','2026-07-04',1,3,'Filipino',674.25,674.25,NULL,NULL,0.00,'checked_out','2026-07-03 14:13:00','2026-07-04 11:59:00','Agoda',NULL,0.00,0,NULL,NULL,NULL,'2026-07-03 14:22:52','2026-07-04 22:01:47',NULL),
(185,NULL,144,30,'2026-07-000158','gwdTTURJS4tWy6mpx0li5W50f7boV1GOIEoGzawe','VIJIE CARL CODILLA',NULL,'+63 9456083153','403','Deluxe Twin','2026-07-03','2026-07-04',1,2,'Filipino',899.00,899.00,NULL,NULL,0.00,'checked_out','2026-07-03 13:55:00','2026-07-04 05:32:00','Walk-in',NULL,0.00,0,NULL,NULL,NULL,'2026-07-03 14:24:25','2026-07-04 05:33:34',NULL),
(186,NULL,145,22,'2026-07-000159','h3haAXRGLFxLL2URIpGwhHtlZ5oHivjDD1GnuAMO','JAY MARTIN DIONALDO',NULL,'+63 9360250830','103','Junior Deluxe','2026-07-03','2026-07-05',2,1,'Filipino',599.20,1198.40,NULL,NULL,0.00,'checked_out','2026-07-03 14:39:00','2026-07-05 11:06:00','Agoda',NULL,0.00,0,NULL,NULL,NULL,'2026-07-03 14:41:51','2026-07-05 11:06:14',NULL),
(187,NULL,146,30,'2026-07-000160','fBkMSZtpJgzEg0qWMHFSPZTWKTVaNlgfJs7XM4W2','DARREN HAYES AGUIRRE',NULL,'+63 9978665705','301','Deluxe Twin','2026-07-03','2026-07-04',1,2,'Filipino',899.00,899.00,NULL,NULL,0.00,'checked_out','2026-07-03 15:08:00','2026-07-04 09:20:00','Walk-in',NULL,0.00,0,NULL,NULL,NULL,'2026-07-03 15:13:47','2026-07-04 22:00:26',NULL),
(188,NULL,147,22,'2026-07-000161','NoeZGPyhd7ZNlkpGU1j7JUujsygD63uINnINzZMk','MATTHEW REY RAGANOT',NULL,'+63 9603305909','310','Barkadahan','2026-07-03','2026-07-04',1,4,'Filipino',1159.20,1159.20,NULL,NULL,0.00,'checked_out','2026-07-03 15:30:00','2026-07-04 11:04:00','Agoda',NULL,0.00,0,NULL,NULL,NULL,'2026-07-03 15:31:57','2026-07-04 19:55:51',NULL),
(189,NULL,148,30,'2026-07-000162','0UbmJVpD7GkWANrNNdnKrzuYqkpC5oEASsNVVTAX','TERESITA REVANO',NULL,'+63 9071796418','107','Barkadahan','2026-07-03','2026-07-04',1,4,'Filipino',1449.00,1449.00,NULL,NULL,0.00,'checked_out','2026-07-03 17:57:00','2026-07-04 10:24:00','Walk-in',NULL,0.00,0,NULL,NULL,NULL,'2026-07-03 18:02:39','2026-07-04 22:02:21',NULL),
(190,NULL,149,30,'2026-07-000163','pxSgU0Jotg65LgPgm1ziG1KjNgndmFbJPdSSMzOw','MU ENGINEERING',NULL,'+63','305','Ordinary Twin','2026-07-03','2026-07-07',4,1,'Filipino',549.00,2196.00,NULL,NULL,0.00,'checked_out','2026-07-03 19:00:00','2026-07-07 07:41:00','Walk-in',NULL,0.00,0,NULL,NULL,NULL,'2026-07-03 18:45:03','2026-07-07 07:41:07',NULL),
(191,NULL,150,30,'2026-07-000164','AYyvVBNthwxaWDVbVphe4UJKcljvsdESJezDI79L','NOELITO VILLAROJO',NULL,'+63 9265432683','303','Deluxe Twin','2026-07-03','2026-07-04',1,2,'Filipino',899.00,899.00,NULL,NULL,0.00,'checked_out','2026-07-03 18:40:00','2026-07-04 23:47:00','Walk-in',NULL,0.00,0,NULL,NULL,NULL,'2026-07-03 19:08:48','2026-07-04 22:03:05',NULL),
(192,NULL,151,22,'2026-07-000165','tm52gBE8ajy9I6Coz9sTOTZbpzdKQwqCB55eGAoX','JOWIE SAAGUNDO',NULL,'+63 9214449163','208','Ordinary Twin','2026-07-03','2026-07-04',1,1,'Filipino',519.20,519.20,NULL,NULL,0.00,'checked_out','2026-07-03 19:58:00','2026-07-04 11:08:00','Agoda',NULL,0.00,0,NULL,NULL,NULL,'2026-07-03 19:58:22','2026-07-04 22:04:21',NULL),
(193,NULL,152,30,'2026-07-000166','YuUXlZGt9lUzyZ88Jr2oqTLAd5u7g5QwkmMpNtjn','CHARMAINE PALLUGA',NULL,'+63 9166873880','113','Superior Deluxe','2026-07-03','2026-07-04',1,2,'Filipino',849.00,849.00,NULL,NULL,0.00,'checked_out','2026-07-03 20:02:00','2026-07-04 06:36:00','Walk-in',NULL,0.00,0,NULL,NULL,NULL,'2026-07-03 20:05:53','2026-07-04 22:02:44',NULL),
(194,NULL,153,30,'2026-07-000167','cu6BDVoV2ldTVRiv7u3sbcYwptrt6BOBK2zik5HY','DARYL GAY NANO',NULL,'+63 9319940369','311','Standard Twin','2026-07-03','2026-07-04',1,1,'Filipino',849.00,849.00,NULL,NULL,0.00,'checked_out','2026-07-03 20:52:00','2026-07-04 13:50:00','Walk-in',NULL,0.00,0,NULL,NULL,NULL,'2026-07-03 20:56:37','2026-07-04 22:03:29',NULL),
(195,NULL,154,30,'2026-07-000168','vny6CfawhYVoxdP418xYGrVqYkduiA7zV1RK8eW2','Justine Cornelio',NULL,'+63 9555803681','110','Superior Deluxe','2026-07-03','2026-07-04',1,2,'Filipino',849.00,849.00,NULL,NULL,0.00,'checked_out','2026-07-03 23:26:00','2026-07-04 04:07:00','Walk-in',NULL,0.00,0,NULL,NULL,NULL,'2026-07-03 23:28:47','2026-07-04 04:07:07',NULL),
(196,NULL,155,30,'2026-07-000169','umefyandvEAPT9wzlQZjjXT4oEkapqVha5i7loq9','Ernel Josol',NULL,'+63 9989880352','203','Family Room','2026-07-03','2026-07-04',1,5,'Filipino',1649.00,1649.00,NULL,NULL,0.00,'checked_out','2026-07-03 00:42:00','2026-07-04 08:32:00','Walk-in',NULL,0.00,0,NULL,NULL,NULL,'2026-07-04 00:44:34','2026-07-04 22:04:39',NULL),
(197,NULL,156,30,'2026-07-000170','T6VNXD3XSfsxnIFx0VaiUZMcOLckzcsSsqGTSZXs','Calvin Roquero',NULL,'+63 9267246211','302','Family Room 2','2026-07-03','2026-07-04',1,4,'Filipino',1649.00,1649.00,NULL,NULL,0.00,'checked_out','2026-07-03 04:32:00','2026-07-04 23:25:00','Walk-in',NULL,0.00,0,NULL,NULL,NULL,'2026-07-04 04:51:37','2026-07-04 22:04:54',NULL),
(198,NULL,157,23,'2026-07-000171','GlwASQBclnf6Tu556XVsyjZZXitVq1eUuRMbkw5d','Mac Brian Go',NULL,'+63 9676651113','303','Deluxe Twin','2026-07-04','2026-07-05',1,2,'Filipino',749.25,749.25,NULL,NULL,0.00,'checked_out','2026-07-04 22:12:00','2026-07-05 12:02:00','Agoda',NULL,0.00,0,NULL,NULL,NULL,'2026-07-04 22:12:23','2026-07-05 12:02:15',NULL),
(199,NULL,158,23,'2026-07-000172','tpRaKzIC1Fbo2HwxLXiHjsqt9qPUbZqIHE6Vs9Ms','John Christian Porte',NULL,'+63 9519076449','405','Deluxe Twin','2026-07-04','2026-07-05',1,2,'Filipino',749.25,749.25,NULL,NULL,0.00,'checked_out','2026-07-04 21:45:00','2026-07-05 04:10:00','Agoda',NULL,0.00,0,NULL,NULL,NULL,'2026-07-04 22:13:51','2026-07-05 04:10:54',NULL),
(200,NULL,159,30,'2026-07-000173','3IbLC2SAxSv0yguqcChE1QrCd32dci2O2P6P6H9h','Rio  Ritchie Pasco',NULL,'+63 9667683250','413','Standard Double','2026-07-05','2026-07-06',1,1,'Filipino',849.00,849.00,NULL,NULL,0.00,'checked_out','2026-07-05 10:44:00','2026-07-06 09:45:00','Agoda','Room Upgrade : ₱287.25 Early Check-In : ₱100',0.00,0,NULL,NULL,NULL,'2026-07-05 11:25:25','2026-07-06 09:45:07',NULL),
(201,NULL,160,23,'2026-07-000174','2TOp1HDq9RAZdy0km3SQXQo4GCypgTenMQ5lZXD5','KYLE ARTHUR MOTAUS',NULL,'+63 9943626783','210','Economy Twin','2026-07-05','2026-07-06',1,2,'Filipino',561.75,561.75,NULL,NULL,0.00,'checked_out','2026-07-05 14:48:00','2026-07-06 06:04:00','Agoda',NULL,0.00,0,NULL,NULL,NULL,'2026-07-05 20:34:09','2026-07-06 10:01:41',NULL),
(202,NULL,161,23,'2026-07-000175','PlX8hJVB0vrXFengOuGjpixxbjUhAka078YKfxYT','ROGOR CABILAO',NULL,'+63 9163253992','408','Standard Double','2026-07-05','2026-07-06',1,2,'Filipino',674.25,674.25,NULL,NULL,0.00,'checked_out','2026-07-05 21:24:00','2026-07-06 12:02:00','Agoda',NULL,0.00,0,NULL,NULL,NULL,'2026-07-05 22:01:37','2026-07-06 12:02:50',NULL),
(203,NULL,162,30,'2026-07-000176','5VaexYXe9nAWpuA2XyPKNpYU3Bn13kaCm5LTc6T8','IBERSON CABATANA',NULL,'+63 9977246600','308','Deluxe Double','2026-07-05','2026-07-06',1,2,'Filipino',899.00,899.00,NULL,NULL,0.00,'checked_out','2026-07-05 21:26:00','2026-07-06 12:00:00','Walk-in',NULL,0.00,0,NULL,NULL,NULL,'2026-07-05 22:03:22','2026-07-06 12:03:12',NULL),
(204,NULL,163,30,'2026-07-000177','pH6pkFZwB7PKOCg9wpc31zpW9wAaGCnsDcqPycBa','ROEL MAGBUNUA',NULL,'+63 9772448205','301','Deluxe Twin','2026-07-05','2026-07-06',1,2,'Filipino',899.00,899.00,NULL,NULL,0.00,'checked_out','2026-07-05 21:29:00','2026-07-06 11:53:00','Walk-in',NULL,0.00,0,NULL,NULL,NULL,'2026-07-05 22:04:42','2026-07-06 11:53:58',NULL),
(205,NULL,164,30,'2026-07-000178','SAjvz0TPe8Xpk6W5qeyHOiFBFPbwC7dWMM9ixGZz','FRENCH VILLAS',NULL,'+63 9631438299','307','Deluxe Double','2026-07-05','2026-07-06',1,2,'Filipino',899.00,899.00,NULL,NULL,0.00,'checked_out','2026-07-05 21:54:00','2026-07-06 16:14:00','Walk-in',NULL,0.00,0,NULL,NULL,NULL,'2026-07-05 22:06:28','2026-07-06 16:39:56',NULL),
(206,NULL,165,30,'2026-07-000179','oRwyJenzx6IlBWz4wOjO2RLRuUUVuCaXBUG1JsUH','ALIMODIN PANT\'KAN',NULL,'+63 9814247601','203','Family Room','2026-07-05','2026-07-06',1,4,'Filipino',1649.00,1649.00,NULL,NULL,0.00,'checked_out','2026-07-05 23:19:00','2026-07-06 23:41:00','Walk-in',NULL,0.00,0,NULL,NULL,NULL,'2026-07-05 23:28:33','2026-07-06 14:24:38',NULL),
(207,NULL,166,23,'2026-07-000180','DLCCjBg6YH0Uh0cP3wCYYAFPKoqVB4BKSerFzSGK','ALIMODIN PANT\'KAN',NULL,'+63 981','406','Deluxe Trio','2026-07-05','2026-07-06',1,3,'Filipino',1011.75,1011.75,NULL,NULL,0.00,'checked_out','2026-07-05 23:19:00','2026-07-06 11:41:00','Agoda',NULL,0.00,0,NULL,NULL,NULL,'2026-07-05 23:29:44','2026-07-06 11:41:50',NULL),
(208,NULL,149,30,'2026-07-000181','Ap4zHFHkhxh3TGKE2zq9u4OaV5YIjy4E2ay5y9pu','RALPH OLIVER',NULL,'NA','201','Deluxe Twin','2026-07-05','2026-07-06',1,2,'Filipino',899.00,899.00,NULL,NULL,0.00,'checked_out','2026-07-06 02:54:00','2026-07-06 06:24:00','Walk-in',NULL,0.00,0,NULL,NULL,NULL,'2026-07-06 02:57:55','2026-07-06 06:25:19',NULL),
(209,NULL,167,23,'2026-07-000182','7zUy8SEjrLTkcYAsIchxcG6m5Sufjj78tQh56rWv','JESREAL SERINO',NULL,'+63 9958930390','112','Superior Deluxe','2026-07-05','2026-07-06',1,1,'Filipino',674.25,674.25,NULL,NULL,0.00,'checked_out','2026-07-06 03:25:00','2026-07-06 08:15:00','Agoda',NULL,0.00,0,NULL,NULL,NULL,'2026-07-06 03:28:56','2026-07-06 08:16:14',NULL),
(210,NULL,169,30,'2026-07-000183','yFMGZnm3XcCqNwmwhN2TDBqAAPlt21DFoOBdZjuC','MICHAEL CHAVEZ',NULL,'+63 9213405410','114','Superior Deluxe','2026-07-05','2026-07-07',2,1,'Filipino',849.00,1698.00,NULL,NULL,0.00,'checked_out','2026-07-06 04:20:00','2026-07-07 12:00:00','Walk-in',NULL,0.00,0,NULL,NULL,NULL,'2026-07-06 04:55:07','2026-07-07 14:14:50',NULL),
(211,NULL,122,30,'2026-07-000184','kXIXrmVahHUiqsOBkr9Ey3gKtvDyCFZuZSSyeFOH','Prexedes Ortiz',NULL,'+63 9694337462','211','Ordinary Double','2026-07-06','2026-07-08',2,2,'Filipino',549.00,1098.00,NULL,NULL,0.00,'checked_out','2026-07-06 06:24:00','2026-07-08 10:34:00','Walk-in',NULL,0.00,0,NULL,NULL,NULL,'2026-07-06 06:24:40','2026-07-08 10:34:23',NULL),
(212,NULL,170,30,'2026-07-000185','U65lobTVBECupzbTAEDL6OkbuXLhufUM6dvL0aWi','Jonas Belarmino',NULL,'+63 9303300361','407','Deluxe Twin','2026-07-06','2026-07-09',3,2,'Filipino',899.00,2697.00,NULL,NULL,0.00,'checked_out','2026-07-06 08:22:00','2026-07-09 10:01:00','Walk-in',NULL,0.00,0,NULL,NULL,NULL,'2026-07-06 08:24:03','2026-07-09 10:01:57',NULL),
(213,NULL,171,30,'2026-07-000186','hOiIG4rApSvamhQwxcOAHOFCmB60tCA3CtGV72TJ','Geovani Campano',NULL,'+63 9171161697','103','Junior Deluxe','2026-07-06','2026-07-09',3,1,'Filipino',699.00,2097.00,NULL,NULL,0.00,'checked_out','2026-07-06 09:20:00','2026-07-09 08:51:00','Walk-in',NULL,0.00,0,NULL,NULL,NULL,'2026-07-06 09:40:06','2026-07-09 08:51:21',NULL),
(214,NULL,172,30,'2026-07-000187','grwIJVPpDGwwlhL6KkFjfCcO5aHjDPtwqKdOec31','Johnnyne Caay',NULL,'+63 9516801101','210','Economy Twin','2026-07-06','2026-07-07',1,2,'Filipino',699.00,699.00,NULL,NULL,0.00,'checked_out','2026-07-06 09:28:00','2026-07-07 10:06:00','Walk-in',NULL,0.00,0,NULL,NULL,NULL,'2026-07-06 10:25:01','2026-07-07 10:06:02',NULL),
(215,NULL,142,30,'2026-07-000188','9T1fPZihls4pb9qyVYRZukZFW3Oy9m4D1HOh8qyT','Xian Victamier',NULL,'+63 9562057981','107','Barkadahan','2026-07-06','2026-07-07',1,4,'Filipino',1449.00,1449.00,NULL,NULL,0.00,'checked_out','2026-07-06 11:30:00','2026-07-07 11:43:00','Walk-in',NULL,0.00,0,NULL,NULL,NULL,'2026-07-06 11:29:44','2026-07-07 11:43:30',NULL),
(216,NULL,173,30,'2026-07-000189','biokN3cgrt2D4qs9lFQXq5W8wZ5DU6l9v6ZVZvUw','Josie Ariel Sagayan',NULL,'+63 9978257157','407','Deluxe Twin','2026-07-10','2026-07-12',2,2,'Filipino',899.00,1798.00,NULL,NULL,0.00,'checked_out','2026-07-10 15:33:00','2026-07-12 10:14:00','Walk-in',NULL,0.00,0,NULL,NULL,NULL,'2026-07-06 13:23:35','2026-07-12 13:12:07',NULL),
(217,NULL,174,23,'2026-07-000190','wKG0kNgr2qW8bWEUPF8n0yUsErzVvzxDQEj2Zp7b','Joylyn Peral',NULL,'+63 9155969943','318','Economy Double','2026-07-06','2026-07-09',3,2,'Filipino',561.75,1685.25,NULL,NULL,0.00,'checked_out','2026-07-06 13:40:00','2026-07-09 09:51:00','Agoda',NULL,0.00,0,NULL,NULL,NULL,'2026-07-06 14:09:21','2026-07-09 09:51:12',NULL),
(218,NULL,175,30,'2026-07-000191','slXeJZnDeaMAwtBC6HAMjI0a4taBAXoQXMuWAk5w','MARICEL JAMISOLA',NULL,'+63 9268186295','208','Ordinary Twin','2026-07-06','2026-07-07',1,2,'Filipino',549.00,549.00,NULL,NULL,0.00,'checked_out','2026-07-06 14:20:00','2026-07-07 07:06:00','Walk-in',NULL,0.00,0,NULL,NULL,NULL,'2026-07-06 16:42:47','2026-07-07 07:06:16',NULL),
(219,NULL,98,30,'2026-07-000192','FoBHzODW8zOtutRgV6wL5g76vg95rRy8BHkESM0w','JERSON MAZON ORILLA',NULL,'+63 95444221391','207','Economy Twin','2026-07-06','2026-07-09',3,2,'Filipino',699.00,2097.00,NULL,NULL,0.00,'checked_out','2026-07-06 14:00:00','2026-07-09 11:30:00','Walk-in',NULL,0.00,0,NULL,NULL,NULL,'2026-07-06 19:48:03','2026-07-09 11:30:14',NULL),
(220,NULL,176,30,'2026-07-000193','kpvyKjCIeVN1dbbBCWBjBO1lldTcd1pvZSo8OSDY','Jim Jim Dumangcal',NULL,'+63 9984862145','314','Standard Twin','2026-07-06','2026-07-07',1,1,'Filipino',849.00,849.00,NULL,NULL,0.00,'checked_out','2026-07-06 12:00:00','2026-07-07 02:25:00','Walk-in',NULL,0.00,0,NULL,NULL,NULL,'2026-07-06 19:52:32','2026-07-07 02:34:42',NULL),
(221,NULL,177,30,'2026-07-000194','fhGCAYu5QuKkE4uN4CteF9DXTcKD3xQcROxaIEbo','DIANA RHEA PINAR',NULL,'+63 9622507970','110','Superior Deluxe','2026-07-06','2026-07-07',1,2,'Filipino',849.00,849.00,NULL,NULL,0.00,'checked_out','2026-07-06 14:40:00','2026-07-07 11:44:00','Walk-in',NULL,0.00,0,NULL,NULL,NULL,'2026-07-06 19:58:54','2026-07-07 11:44:25',NULL),
(222,NULL,178,30,'2026-07-000195','WcSd6iThFvbbixsr1c9LAxessPNO9AOAc0MxrJdo','ARNIEL MANALOTO',NULL,'+63 9648896763','309','Ordinary Twin','2026-07-06','2026-07-07',1,1,'Filipino',549.00,549.00,NULL,NULL,0.00,'checked_out','2026-07-06 15:03:00','2026-07-07 12:00:00','Walk-in',NULL,0.00,0,NULL,NULL,NULL,'2026-07-06 20:08:22','2026-07-07 17:49:51',NULL),
(223,NULL,179,30,'2026-07-000196','Xiqm4orvXuq8858twYWaupDLWAgiUHO4k8qbhMzo','JOSEPH ESPADILLA',NULL,'+63 9064217934','206','Standard Twin','2026-07-05','2026-07-07',2,1,'Filipino',849.00,1698.00,NULL,NULL,0.00,'checked_out','2026-07-05 14:00:00','2026-07-07 06:30:00','Walk-in',NULL,0.00,0,NULL,NULL,NULL,'2026-07-06 20:11:20','2026-07-07 06:31:12',NULL),
(224,NULL,180,22,'2026-07-000197','BPhQRzbhfWcSHgTqGTkU7FNBrdch4UY2crs0rGCX','MARICHU OBSID',NULL,'+63 9551252915','310','Barkadahan','2026-07-06','2026-07-08',2,4,'Filipino',1159.20,2318.40,NULL,NULL,0.00,'checked_out','2026-07-06 17:29:00','2026-07-08 07:46:00','Agoda',NULL,0.00,0,NULL,NULL,NULL,'2026-07-06 20:14:45','2026-07-08 07:52:32',NULL),
(225,NULL,180,22,'2026-07-000198','wOOWsGr1iUMj4o83JTa860K1owTyp0rk9Yv9ojXO','MARICHU OBSID',NULL,'+63 9551252915','406','Deluxe Trio','2026-07-06','2026-07-08',2,3,'Filipino',1079.20,2158.40,NULL,NULL,0.00,'checked_out','2026-07-06 17:29:00','2026-07-08 08:12:00','Agoda',NULL,0.00,0,NULL,NULL,NULL,'2026-07-06 20:16:45','2026-07-08 08:12:13',NULL),
(226,NULL,181,23,'2026-07-000199','QBdXOjyguoailWTuRnUuk7piteKKfD9OhF3qzvR7','SAID DUMACIL DUMACIL',NULL,'+63 9977268313','301','Deluxe Twin','2026-07-06','2026-07-07',1,1,'Filipino',749.25,749.25,NULL,NULL,0.00,'checked_out','2026-07-06 20:19:00','2026-07-07 05:51:00','Agoda',NULL,0.00,0,NULL,NULL,NULL,'2026-07-06 20:19:26','2026-07-07 05:57:35',NULL),
(227,NULL,182,30,'2026-07-000200','KDx8gbnsiAKtQSNUJJKJfoxuADfH1LJjUGVZyERh','JURREN DIEZ',NULL,'+63 9186894012','303','Deluxe Twin','2026-07-06','2026-07-07',1,2,'Filipino',899.00,899.00,NULL,NULL,0.00,'checked_out','2026-07-06 20:22:00','2026-07-07 07:38:00','Walk-in',NULL,0.00,0,NULL,NULL,NULL,'2026-07-06 20:21:43','2026-07-07 07:39:17',NULL),
(228,NULL,183,30,'2026-07-000201','56Gn88D1f2ui3ZWZfMgWcnXs32GY69DesrPSrPH6','GERLIE BAZAR',NULL,'+63 9078796031','112','Superior Deluxe','2026-07-06','2026-07-08',2,2,'Filipino',849.00,1698.00,NULL,NULL,0.00,'checked_out','2026-07-06 18:36:00','2026-07-08 11:33:00','Walk-in',NULL,0.00,0,NULL,NULL,NULL,'2026-07-06 20:23:32','2026-07-08 11:33:15',NULL),
(229,NULL,184,23,'2026-07-000202','rcKZHOscp2Qu0GusZXlUmgDxo3U6E7FM65OaepoG','NEIL ANTHONY CASSION',NULL,'+63 9165603997','403','Deluxe Twin','2026-07-06','2026-07-09',3,2,'Filipino',749.25,2247.75,NULL,NULL,0.00,'checked_out','2026-07-06 19:02:00','2026-07-09 12:00:00','Agoda',NULL,0.00,0,NULL,NULL,NULL,'2026-07-06 20:25:26','2026-07-10 09:45:48',NULL),
(230,3,185,22,'2026-07-000203','rxAfNPPegIjBCQoHqgFjqER0pgADvmz9egfqRWad','Waldemar Padla',NULL,'+63 09775188347','205','Economy Double','2026-07-06','2026-07-07',1,1,'Filipino',599.20,599.20,NULL,NULL,0.00,'checked_out','2026-07-07 01:24:00','2026-07-07 05:37:00','Agoda',NULL,0.00,0,NULL,NULL,NULL,'2026-07-07 02:28:34','2026-07-07 05:39:04',NULL),
(231,3,185,22,'2026-07-000204','e5jFbXdtO6yjAzUDZpQvz0ZOR5Vn0rVn3NiJgwQf','Waldemar Padla',NULL,'+63 09775188347','410','Standard Twin','2026-07-06','2026-07-07',1,1,'Filipino',719.20,719.20,NULL,NULL,0.00,'checked_out','2026-07-07 01:24:00','2026-07-07 05:37:00','Agoda',NULL,0.00,0,NULL,NULL,NULL,'2026-07-07 02:28:34','2026-07-07 05:39:17',NULL),
(232,3,185,22,'2026-07-000205','H5j698Yt5KPzaiGl5vSAsGL7HOkZ5QPitgaqm5F3','Waldemar Padla',NULL,'+63 09775188347','413','Standard Double','2026-07-06','2026-07-07',1,1,'Filipino',719.20,719.20,NULL,NULL,0.00,'checked_out','2026-07-07 01:24:00','2026-07-07 05:37:00','Agoda',NULL,0.00,0,NULL,NULL,NULL,'2026-07-07 02:28:34','2026-07-07 05:39:30',NULL),
(233,NULL,186,30,'2026-07-000206','znrFHgSqcYcEPO8nfpT9HpqPcXmMUz7YL2OGbUGY','Coy Espinas',NULL,'+63 9485014984','405','Deluxe Twin','2026-07-09','2026-07-12',3,2,'Filipino',899.00,2697.00,NULL,NULL,0.00,'checked_out','2026-07-09 08:53:00','2026-07-12 23:50:00','Walk-in',NULL,0.00,0,NULL,NULL,NULL,'2026-07-07 02:42:39','2026-07-12 12:41:04',NULL),
(234,NULL,100,30,'2026-07-000207','nWLSaXvtucEupbaKuTXqKLavFjsOnuETYItMhXdt','Frederick Gomez',NULL,'+63 9','117','Junior Deluxe','2026-07-09','2026-07-10',1,1,'Filipino',699.00,699.00,NULL,NULL,0.00,'checked_out','2026-07-09 06:05:00','2026-07-12 09:55:00','Walk-in',NULL,0.00,0,NULL,NULL,NULL,'2026-07-07 02:44:09','2026-07-12 10:04:38',NULL),
(235,NULL,187,30,'2026-07-000208','wOUBPOkOXw4ZpwYquj1hlro3jRwpLRwUh0L5pY9b','Rupam (Asliah) Banerjee',NULL,'+63 9260652937','113','Superior Deluxe','2026-07-07','2026-07-11',4,2,'Filipino',849.00,3396.00,NULL,NULL,0.00,'checked_out','2026-07-07 11:25:00','2026-07-11 23:29:00','Walk-in',NULL,0.00,0,NULL,NULL,NULL,'2026-07-07 11:30:14','2026-07-11 12:13:04',NULL),
(236,NULL,188,30,'2026-07-000209','E9ZEkSHrFZuR4940q5Xk0I0iEcBHvv425qZPT1Qc','Lendie Francisco',NULL,'+63 9621994221','201','Deluxe Twin','2026-07-07','2026-07-09',2,2,'Filipino',899.00,1798.00,NULL,NULL,0.00,'checked_out','2026-07-07 12:10:00','2026-07-09 09:27:00','Walk-in',NULL,0.00,0,NULL,NULL,NULL,'2026-07-07 12:11:15','2026-07-09 09:27:22',NULL),
(237,NULL,189,30,'2026-07-000210','pmL4GgELWZmkXLibAYMpMSX8DgclAGfm22XKOgIx','Erwin Melendez',NULL,'+63 9354509939','107','Barkadahan','2026-07-10','2026-07-12',2,3,'Filipino',1449.00,2898.00,NULL,NULL,0.00,'checked_out','2026-07-10 15:54:00','2026-07-12 09:53:00','Walk-in',NULL,0.00,0,NULL,NULL,NULL,'2026-07-07 12:25:42','2026-07-12 09:55:14',NULL),
(238,NULL,190,23,'2026-07-000211','3ZHtJvEctJKEgzP5OadngJE8s35WmQgto6nvkUWD','Christopher Pollo',NULL,'+63 99558322593','414','Standard Double','2026-07-07','2026-07-08',1,1,'Filipino',674.25,674.25,NULL,NULL,0.00,'checked_out','2026-07-07 12:34:00','2026-07-07 19:46:00','Agoda',NULL,0.00,0,NULL,NULL,NULL,'2026-07-07 12:36:17','2026-07-08 07:53:16',NULL),
(239,NULL,191,30,'2026-07-000212','pT5j2p4m5LjkAKIZ0RlgNeMOyM0rxm1LM4KZSv7K','Elmer Jabunillo',NULL,'+63 9956254051','117','Junior Deluxe','2026-07-07','2026-07-09',2,1,'Filipino',699.00,1398.00,NULL,NULL,0.00,'checked_out','2026-07-07 12:42:00','2026-07-09 11:14:00','Walk-in',NULL,0.00,0,NULL,NULL,NULL,'2026-07-07 12:43:44','2026-07-09 11:14:27',NULL),
(240,NULL,123,22,'2026-07-000213','AjKjM4QbDvy5u0VCGrr8eP2IllzhGBVZl0szuS6q','Aiza Rodriguez',NULL,'+63 9564473778','202','Economy Twin','2026-07-07','2026-07-10',3,2,'Filipino',599.20,1797.60,NULL,NULL,0.00,'checked_out','2026-07-07 12:00:00','2026-07-10 14:00:00','Agoda',NULL,0.00,0,NULL,NULL,NULL,'2026-07-07 13:05:02','2026-07-10 19:47:50',NULL),
(241,NULL,192,23,'2026-07-000214','irCs6bizyIKpkaxQoYelBU2as3u6xbp25FMfoQAA','GLENN GABIANNA',NULL,'+63 9655646362','404','Standard Twin','2026-07-07','2026-07-08',1,2,'Filipino',674.25,674.25,NULL,NULL,0.00,'checked_out','2026-07-07 13:50:00','2026-07-07 16:23:00','Agoda',NULL,0.00,0,NULL,NULL,NULL,'2026-07-07 19:50:37','2026-07-07 19:52:13',NULL),
(242,NULL,193,30,'2026-07-000215','DlEbOqD2RTe2uNYt1trW6RDMEGB3dwIlAfcteXCn','SHEILA LABAJO',NULL,'+63 9109002110','311','Standard Twin','2026-07-07','2026-07-08',1,2,'Filipino',849.00,849.00,NULL,NULL,0.00,'checked_out','2026-07-07 13:55:00','2026-07-08 12:32:00','Walk-in',NULL,0.00,0,NULL,NULL,NULL,'2026-07-07 19:53:30','2026-07-08 12:32:12',NULL),
(243,NULL,194,23,'2026-07-000216','wFeEgNFqjYlnRiRLpSYeb9tm55vkluFL9DSv9d3C','MARCO ADECER',NULL,'+63 9635034201','110','Superior Deluxe','2026-07-07','2026-07-08',1,2,'Filipino',674.25,674.25,NULL,NULL,0.00,'checked_out','2026-07-07 14:05:00','2026-07-08 11:23:00','Agoda',NULL,0.00,0,NULL,NULL,NULL,'2026-07-07 19:56:01','2026-07-08 11:23:49',NULL),
(244,NULL,195,30,'2026-07-000217','McFrKMxPpEf63dUREtTI8Seu9Y0haVIDa0RR48A1','COQUILLA SUNIEL BUTAC',NULL,'+63 9656145313','405','Deluxe Twin','2026-07-07','2026-07-08',1,2,'Filipino',899.00,899.00,NULL,NULL,0.00,'checked_out','2026-07-07 19:59:00','2026-07-07 20:22:00','Walk-in',NULL,0.00,0,NULL,NULL,NULL,'2026-07-07 19:59:05','2026-07-07 20:33:12',NULL),
(245,NULL,196,30,'2026-07-000218','G2nDxOgQkMpC8kSeXTH3PpQ3ts7SXremfk3rTXKg','RAMIL ALIN',NULL,'+63 9653159909','315','Standard Twin','2026-07-07','2026-07-08',1,1,'Filipino',849.00,849.00,NULL,NULL,0.00,'checked_out','2026-07-07 15:24:00','2026-07-08 07:51:00','Walk-in',NULL,0.00,0,NULL,NULL,NULL,'2026-07-07 20:00:24','2026-07-08 07:52:21',NULL),
(246,NULL,197,23,'2026-07-000219','cgIzzREtXSACMgeiqG7prkAViVN9ftFkvPEg9MQI','CHERYL LUARDO',NULL,'+63 9279497844','203','Family Room','2026-07-07','2026-07-08',1,4,'Filipino',1311.75,1311.75,NULL,NULL,0.00,'checked_out','2026-07-07 18:06:00','2026-07-08 12:32:00','Agoda',NULL,0.00,0,NULL,NULL,NULL,'2026-07-07 20:02:30','2026-07-08 12:33:00',NULL),
(247,NULL,198,30,'2026-07-000220','ErQd3e0DNFJpWw1CKuxVaEbQQ1f6ih5PqTiSaeZv','ARLEEN FUENTES',NULL,'+63 9106371805','302','Family Room 2','2026-07-07','2026-07-08',1,4,'Filipino',1649.00,1649.00,NULL,NULL,0.00,'checked_out','2026-07-07 19:25:00','2026-07-08 12:33:00','Walk-in',NULL,0.00,0,NULL,NULL,NULL,'2026-07-07 20:04:30','2026-07-08 12:33:12',NULL),
(248,NULL,199,22,'2026-07-000221','DNEwGAAC8gakILC71JIkDqTyDvugbpThSHwQWXik','ANGELEE LEVITA',NULL,'+63 9260910111','413','Standard Double','2026-07-07','2026-07-08',1,2,'Filipino',719.20,719.20,NULL,NULL,0.00,'checked_out','2026-07-07 19:34:00','2026-07-08 12:31:00','Agoda',NULL,0.00,0,NULL,NULL,NULL,'2026-07-07 20:05:48','2026-07-08 12:31:08',NULL),
(249,NULL,200,30,'2026-07-000222','IAf19YDCr2trYgvIzh1aJ34ud9SoodGveIi0cslR','JUN BERT LABIS',NULL,'+63 9155444875','308','Deluxe Double','2026-07-07','2026-07-08',1,1,'Filipino',899.00,899.00,NULL,NULL,0.00,'checked_out','2026-07-07 20:21:00','2026-07-08 08:49:00','Walk-in',NULL,0.00,0,NULL,NULL,NULL,'2026-07-07 20:32:12','2026-07-08 08:49:31',NULL),
(250,NULL,201,30,'2026-07-000223','IIy5otrdL19ifO1O4zlLWrWoaTWXtlbrROODERjz','Mark John Mangas',NULL,'+63 09705961307','401','Deluxe Trio','2026-07-07','2026-07-08',1,3,'Filipino',1249.00,1249.00,NULL,NULL,0.00,'checked_out','2026-07-07 22:07:00','2026-07-08 06:14:00','Walk-in',NULL,0.00,0,NULL,NULL,NULL,'2026-07-08 02:32:13','2026-07-08 06:26:39',NULL),
(251,NULL,202,30,'2026-07-000224','JXThDwct2xQamqLnD9b1ihwVsj5QiYMFtBvLicqh','Dante Soronio',NULL,'+63 09754041723','210','Economy Twin','2026-07-07','2026-07-08',1,2,'Filipino',699.00,699.00,NULL,NULL,0.00,'checked_out','2026-07-07 21:54:00','2026-07-08 05:40:00','Walk-in',NULL,0.00,0,NULL,NULL,NULL,'2026-07-08 02:34:25','2026-07-08 05:42:21',NULL),
(252,NULL,203,23,'2026-07-000225','gLeqUSkws4ObW5HBCl0MLpk7936xs9zhzhlax7nq','Jaber Botawan',NULL,'+63 9625886925','307','Deluxe Double','2026-07-07','2026-07-08',1,2,'Filipino',749.25,749.25,NULL,NULL,0.00,'checked_out','2026-07-07 20:50:00','2026-07-08 10:15:00','Agoda',NULL,0.00,0,NULL,NULL,NULL,'2026-07-08 02:37:07','2026-07-08 10:15:15',NULL),
(253,NULL,204,30,'2026-07-000226','P5vElrnzqnBAWt7EkHiLOSvYHFfMYuWsWr2BMeSc','Helen Leopoldo',NULL,'+63 9655906152','301','Deluxe Twin','2026-07-08','2026-07-10',2,3,'Filipino',899.00,1798.00,NULL,NULL,0.00,'checked_out','2026-07-08 12:14:00','2026-07-10 12:20:00','Walk-in',NULL,0.00,0,NULL,NULL,NULL,'2026-07-08 12:16:15','2026-07-10 12:20:19',NULL),
(254,NULL,205,22,'2026-07-000227','7vRnUz8HPgHM8UnhaZismgvaHHYuuvWwGRfZtpCv','MARK ANTHONY LAVAPIEZ',NULL,'+63 9985359620','110','Superior Deluxe','2026-07-08','2026-07-09',1,2,'Filipino',719.20,719.20,NULL,NULL,0.00,'checked_out','2026-07-08 14:47:00','2026-07-09 11:37:00','Agoda',NULL,0.00,0,NULL,NULL,NULL,'2026-07-08 19:27:01','2026-07-09 11:37:42',NULL),
(255,NULL,206,22,'2026-07-000228','NE6bqLTJniLqgKVkdop9wDfEvunjhYMgr6Niry6I','RENE CARTAGENA',NULL,'+63 9452958151','208','Ordinary Twin','2026-07-08','2026-07-09',1,2,'Filipino',439.20,439.20,NULL,NULL,0.00,'checked_out','2026-07-08 15:56:00','2026-07-09 07:31:00','Agoda',NULL,0.00,0,NULL,NULL,NULL,'2026-07-08 19:29:20','2026-07-09 07:31:37',NULL),
(256,NULL,207,30,'2026-07-000229','lMajhdhXA2OQ9PQdYW108cJkAwdkaB6cycHtwnH1','ERNESTO RECIÑA',NULL,'+63 9157873579','308','Deluxe Double','2026-07-08','2026-07-09',1,2,'Filipino',899.00,899.00,NULL,NULL,0.00,'checked_out','2026-07-08 16:39:00','2026-07-09 08:40:00','Walk-in',NULL,0.00,0,NULL,NULL,NULL,'2026-07-08 19:33:45','2026-07-09 08:40:32',NULL),
(257,NULL,208,NULL,'2026-07-000230','WiqjFt8oGJtEneuNBbAIjgOMy2KRauGm66xe8Xuz','KRIS JANE TAMPEPE',NULL,'+63 9755913887','112','Superior Deluxe','2026-07-08','2026-07-09',1,2,'Filipino',899.00,899.00,NULL,NULL,0.00,'checked_out','2026-07-08 16:47:00','2026-07-09 09:13:00','Agoda',NULL,0.00,0,NULL,NULL,NULL,'2026-07-08 19:35:54','2026-07-09 09:13:19',NULL),
(258,NULL,209,30,'2026-07-000231','U5odUKUyUOv5ghkphb8GqUrkPAWctOAgDBirucsS','EDMUND JAMES SISMUNDO',NULL,'+63 9174217715','311','Standard Twin','2026-07-08','2026-07-09',1,2,'Filipino',849.00,849.00,NULL,NULL,0.00,'checked_out','2026-07-08 17:17:00','2026-07-09 10:06:00','Walk-in',NULL,0.00,0,NULL,NULL,NULL,'2026-07-08 19:37:10','2026-07-09 10:06:21',NULL),
(259,NULL,210,30,'2026-07-000232','7Q1ScH3o1qoGfAKH2FSwPVCe43xqybLoIvqWr4MY','KENNETH JAY AÑANA',NULL,'+63 9069264784','405','Deluxe Twin','2026-07-08','2026-07-09',1,2,'Filipino',899.00,899.00,NULL,NULL,0.00,'checked_out','2026-07-08 18:11:00','2026-07-08 23:21:00','Walk-in',NULL,0.00,0,NULL,NULL,NULL,'2026-07-08 19:38:55','2026-07-09 09:28:22',NULL),
(260,NULL,211,30,'2026-07-000233','QXjdsO2Wlp26k22g9Roc2Yjmmfo7gvgtK1ag7aZy','INTUNG BENZAR',NULL,'+63 9361542545','406','Deluxe Trio','2026-07-08','2026-07-10',2,3,'Filipino',1249.00,2498.00,NULL,NULL,0.00,'checked_out','2026-07-08 18:32:00','2026-07-10 11:52:00','Walk-in',NULL,0.00,0,NULL,NULL,NULL,'2026-07-08 19:40:08','2026-07-10 11:53:08',NULL),
(261,NULL,211,30,'2026-07-000234','7ghSTrFTAcn4rRaMKIt0VI68inpf3dHjjqHGns25','INTUNG BENZAR',NULL,'+63 9361542545','410','Standard Twin','2026-07-08','2026-07-10',2,1,'Filipino',849.00,1698.00,NULL,NULL,0.00,'checked_out','2026-07-08 18:32:00','2026-07-10 23:52:00','Walk-in',NULL,0.00,0,NULL,NULL,NULL,'2026-07-08 19:44:16','2026-07-10 12:02:34',NULL),
(262,NULL,212,23,'2026-07-000235','wwwpDuRT7AmI9Mk8Of0fDccaj7lacMNHWvuaJm9Q','GIAN PESCADERO',NULL,'+63 9471900964','205','Economy Double','2026-07-08','2026-07-09',1,2,'Filipino',561.75,561.75,NULL,NULL,0.00,'checked_out','2026-07-08 18:55:00','2026-07-09 10:08:00','Agoda',NULL,0.00,0,NULL,NULL,NULL,'2026-07-08 19:46:17','2026-07-09 11:51:32',NULL),
(263,NULL,149,30,'2026-07-000236','I53v9WhktvfLGx3UHuswsT1XfN2bHRVLxRzvYoYn','ALLAN YAP',NULL,'+63 ','303','Deluxe Twin','2026-07-08','2026-07-09',1,2,'Filipino',899.00,899.00,NULL,NULL,0.00,'checked_out','2026-07-08 19:12:00','2026-07-09 07:46:00','Walk-in',NULL,0.00,0,NULL,NULL,NULL,'2026-07-08 19:53:27','2026-07-09 07:46:06',NULL),
(264,NULL,213,30,'2026-07-000237','QT8J94wHiF3tkQAJVtCeOKFSI96mlDftfU4KVtpa','MA.ZSAKHARA EDILMAY',NULL,'+63 9161822733','310','Barkadahan','2026-07-08','2026-07-09',1,3,'Filipino',1449.00,1449.00,NULL,NULL,0.00,'checked_out','2026-07-08 19:23:00','2026-07-09 05:25:00','Walk-in',NULL,0.00,0,NULL,NULL,NULL,'2026-07-08 19:57:51','2026-07-09 05:41:05',NULL),
(265,NULL,214,30,'2026-07-000238','2O6jkjslNCuQ8kqmWVQ0gl30a9wR8FPSfYRcgBdO','RENANTE TUBANIA',NULL,'+63 9427020193','307','Deluxe Double','2026-07-08','2026-07-09',1,2,'Filipino',899.00,899.00,NULL,NULL,0.00,'checked_out','2026-07-08 20:16:00','2026-07-09 11:49:00','Walk-in',NULL,0.00,0,NULL,NULL,NULL,'2026-07-08 22:58:09','2026-07-09 11:49:58',NULL),
(266,NULL,215,22,'2026-07-000239','CYI6RdUUHOwncQE4mhOKQs2Lg7JU8P6VGYfVQQO6','GAKIN YAP',NULL,'+63 9291383754','114','Superior Deluxe','2026-07-08','2026-07-09',1,2,'Filipino',719.20,719.20,NULL,NULL,0.00,'checked_out','2026-07-08 21:55:00','2026-07-09 12:05:00','Agoda',NULL,0.00,0,NULL,NULL,NULL,'2026-07-08 23:00:52','2026-07-09 12:05:55',NULL),
(267,NULL,216,23,'2026-07-000240','CCHxKzfkXqgYsCP9vD58GvVc3UrdwOfYuaJLd27G','GESHE ALJAS',NULL,'+63 9660995668','315','Standard Twin','2026-07-08','2026-07-09',1,2,'Filipino',674.25,674.25,NULL,NULL,0.00,'checked_out','2026-07-08 22:15:00','2026-07-09 07:13:00','Agoda',NULL,0.00,0,NULL,NULL,NULL,'2026-07-08 23:02:47','2026-07-09 07:14:07',NULL),
(268,NULL,217,23,'2026-07-000241','ABUZvdsuvVkg4kqZKDHd4ExYfOgRtm1Wl6FSld7j','DENHIL JANE RODRIGUEZ',NULL,'+63 9777871424','401','Deluxe Trio','2026-07-08','2026-07-09',1,3,'Filipino',1011.75,1011.75,NULL,NULL,0.00,'checked_out','2026-07-08 22:52:00','2026-07-09 11:38:00','Agoda',NULL,0.00,0,NULL,NULL,NULL,'2026-07-08 23:04:12','2026-07-09 11:38:45',NULL),
(269,NULL,208,30,'2026-07-000242','XLXM01utEThohNaGbtK1fmcFwl7VFio9jjJbpOyc','Kris Jane Tampepe',NULL,'+63 9755913887','112','Superior Deluxe','2026-07-09','2026-07-13',4,1,'Filipino',849.00,3396.00,NULL,NULL,0.00,'checked_out','2026-07-09 09:15:00','2026-07-13 11:19:00','Walk-in',NULL,0.00,0,NULL,NULL,NULL,'2026-07-09 09:14:26','2026-07-13 11:30:16',NULL),
(270,NULL,218,30,'2026-07-000243','j5RqXyMI7Bi1hwgFgAlyWqdrkkvZ08qaz3u967V2','Arian Aguirre',NULL,'+63 9292070197','404','Standard Twin','2026-07-09','2026-07-11',2,2,'Filipino',849.00,1698.00,NULL,NULL,0.00,'checked_out','2026-07-09 12:13:00','2026-07-11 08:59:00','Walk-in',NULL,0.00,0,NULL,NULL,NULL,'2026-07-09 12:59:13','2026-07-11 09:36:00',NULL),
(271,NULL,219,22,'2026-07-000244','pJ2LZh9ezDnzQEkDyba12yacfYGl0yot1gqlmEL3','JESSA BAGUIO',NULL,'+63 9662410847','310','Barkadahan','2026-07-09','2026-07-10',1,4,'Filipino',1159.20,1159.20,NULL,NULL,0.00,'checked_out','2026-07-09 13:59:00','2026-07-10 08:15:00','Agoda',NULL,0.00,0,NULL,NULL,NULL,'2026-07-09 19:20:32','2026-07-10 08:15:32',NULL),
(272,NULL,220,23,'2026-07-000245','2mzcR0R0n8rFEY2mm6yzeeiLzhj6UhIuL7UEvwtg','NIEL ORVILLE ERMAC',NULL,'+63 9954980713','414','Standard Double','2026-07-09','2026-07-10',1,2,'Filipino',674.25,674.25,NULL,NULL,0.00,'checked_out','2026-07-09 14:05:00','2026-07-10 11:13:00','Agoda',NULL,0.00,0,NULL,NULL,NULL,'2026-07-09 19:23:20','2026-07-10 11:14:01',NULL),
(273,NULL,221,30,'2026-07-000246','qqW4sdaEuwdK4ziwHoGuTAZDXvKrERp6QBwSbpXF','JESIEL SUGALANG',NULL,'+63 9535399633','404','Standard Twin','2026-07-09','2026-07-10',1,2,'Filipino',849.00,849.00,NULL,NULL,0.00,'checked_out','2026-07-09 14:16:00','2026-07-10 07:14:00','Walk-in',NULL,0.00,0,NULL,NULL,NULL,'2026-07-09 19:25:12','2026-07-10 07:14:31',NULL),
(274,NULL,222,23,'2026-07-000247','2TjAef2XuAI0nEld00inRg7n7bcZbU46muErhbOr','MYLENE ABAO',NULL,'+63 9664693362','204','Economy Twin','2026-07-09','2026-07-10',1,2,'Filipino',561.75,561.75,NULL,NULL,0.00,'checked_out','2026-07-09 14:46:00','2026-07-10 08:17:00','Agoda',NULL,0.00,0,NULL,NULL,NULL,'2026-07-09 19:37:29','2026-07-10 08:17:57',NULL),
(275,4,223,22,'2026-07-000248','tiBv3MaNkSi232dau12fdB0yxNi2OmmCRnUnMT1V','DENVER DALIGIDIG',NULL,'+63 9066592650','103','Junior Deluxe','2026-07-09','2026-07-12',3,1,'Filipino',599.20,1797.60,NULL,NULL,0.00,'checked_out','2026-07-09 15:45:00','2026-07-12 07:32:00','Agoda',NULL,0.00,0,NULL,NULL,NULL,'2026-07-09 19:39:33','2026-07-12 09:52:54',NULL),
(276,4,223,22,'2026-07-000249','1aYvYzwjm60pZcWa3gALHqezNg35k994ssE9WYG8','DENVER DALIGIDIG',NULL,'+63 9066592650','114','Superior Deluxe','2026-07-09','2026-07-12',3,2,'Filipino',719.20,2157.60,NULL,NULL,0.00,'checked_out','2026-07-09 15:45:00','2026-07-12 08:12:00','Agoda',NULL,0.00,0,NULL,NULL,NULL,'2026-07-09 19:39:33','2026-07-12 09:55:51',NULL),
(277,NULL,224,30,'2026-07-000250','wTIgGTuVcvs56cWzFSJDm7sCMouC0baUT0S8ouQF','SHEILA LABAJO',NULL,'+63 9109002100','311','Standard Twin','2026-07-09','2026-07-10',1,1,'Filipino',849.00,849.00,NULL,NULL,0.00,'checked_out','2026-07-09 17:29:00','2026-07-10 13:01:00','Walk-in',NULL,0.00,0,NULL,NULL,NULL,'2026-07-09 20:06:39','2026-07-10 13:01:42',NULL),
(278,NULL,225,23,'2026-07-000251','zIFZbtDwI5bW7L6AQlLABXMwdQZmXVfsQ3FGYeiG','ART AGRAVANTE',NULL,'+63 9099549021','402','Executive Suite','2026-07-09','2026-07-14',5,4,'Filipino',1499.25,7496.25,NULL,NULL,0.00,'checked_out','2026-07-09 20:10:00','2026-07-14 10:38:00','Agoda',NULL,0.00,0,NULL,NULL,NULL,'2026-07-09 20:29:36','2026-07-14 10:39:06',NULL),
(279,NULL,226,30,'2026-07-000252','Bu2sqdi3I9IxKGL6Pepjz5T43q3aHelM0CG77KvZ','ARMANDO DEVARAS',NULL,'+63 9070455278','401','Deluxe Trio','2026-07-09','2026-07-11',2,3,'Filipino',1249.00,2498.00,NULL,NULL,0.00,'checked_out','2026-07-09 20:10:00','2026-07-11 10:52:00','Walk-in',NULL,0.00,0,NULL,NULL,NULL,'2026-07-09 20:33:59','2026-07-11 10:59:45',NULL),
(280,NULL,227,23,'2026-07-000253','R2dHjJaW6UvzafC2ZYUFMoF8J8pfbgLgPsTKF9ex','JON HENDRIX BLANCO',NULL,'+63 9700280273','408','Standard Double','2026-07-09','2026-07-10',1,2,'Filipino',674.25,674.25,NULL,NULL,0.00,'checked_out','2026-07-09 21:08:00','2026-07-10 11:22:00','Agoda',NULL,0.00,0,NULL,NULL,NULL,'2026-07-09 22:39:37','2026-07-10 11:52:42',NULL),
(281,NULL,228,30,'2026-07-000254','OCGvFGFJqk2hOrFKuPdkDDjzrTnWDf9xfnUxtWgs','MELFALYN IBNO',NULL,'+63 9978400421','107','Barkadahan','2026-07-09','2026-07-10',1,4,'Filipino',1449.00,1449.00,NULL,NULL,0.00,'checked_out','2026-07-09 22:00:00','2026-07-10 08:36:00','Walk-in',NULL,0.00,0,NULL,NULL,NULL,'2026-07-09 22:41:29','2026-07-10 08:36:22',NULL),
(282,NULL,228,30,'2026-07-000255','VHICmQdnsSTZVartNLLlJCNxKlIBjjFsUunjXuQP','MELFALYN IBNO',NULL,'+63 9978400421','308','Deluxe Double','2026-07-09','2026-07-10',1,2,'Filipino',899.00,899.00,NULL,NULL,0.00,'checked_out','2026-07-09 22:00:00','2026-07-10 08:35:00','Walk-in',NULL,0.00,0,NULL,NULL,NULL,'2026-07-09 22:43:23','2026-07-10 08:35:49',NULL),
(283,NULL,228,30,'2026-07-000256','WtYE1uDMkZG8Wsbmn2dXOwlNw9ioGYcxV44uWU5t','MELFALYN IBNO',NULL,'+63 9978400421','201','Deluxe Twin','2026-07-09','2026-07-10',1,2,'Filipino',899.00,899.00,NULL,NULL,0.00,'checked_out','2026-07-09 22:00:00','2026-07-10 08:35:00','Walk-in',NULL,0.00,0,NULL,NULL,NULL,'2026-07-09 22:45:42','2026-07-10 08:36:13',NULL),
(284,NULL,229,23,'2026-07-000257','ralXrPCJpBu3YjzK9IUjkPOPX5Y2P04S9yHtSlTc','PAUL MARTIN ANDUTAN',NULL,'+63 9177072181','207','Economy Twin','2026-07-10','2026-07-11',1,1,'Filipino',561.75,561.75,NULL,NULL,0.00,'checked_out','2026-07-10 02:59:00','2026-07-10 13:03:00','Agoda',NULL,0.00,0,NULL,NULL,NULL,'2026-07-10 05:25:44','2026-07-10 13:03:13',NULL),
(285,NULL,184,30,'2026-07-000258','w33y7oVEk425u9QewveZqaVLS1EKHJvjoTvnCNpO','Neil Anthony Cassion',NULL,'+63 9165603997','403','Deluxe Twin','2026-07-09','2026-07-11',2,3,'Filipino',899.00,1798.00,NULL,NULL,0.00,'checked_out','2026-07-10 09:47:00','2026-07-11 12:05:00','Walk-in',NULL,0.00,0,NULL,NULL,NULL,'2026-07-10 09:47:27','2026-07-11 12:12:04',NULL),
(286,NULL,230,30,'2026-07-000259','92mlFaaXlZWezUDgPIusAVlCI3BpsJftVYlfh2WC','Edgar Paz',NULL,'+63 9184512465','307','Deluxe Double','2026-07-10','2026-07-11',1,2,'Filipino',699.00,699.00,NULL,NULL,0.00,'checked_out','2026-07-10 10:05:00','2026-07-10 12:28:00','Walk-in',NULL,0.00,0,NULL,NULL,NULL,'2026-07-10 10:07:41','2026-07-10 20:17:59',NULL),
(287,NULL,100,30,'2026-07-000260','vIGNUYY8wpQaKnM3icNxaez07GCACEB6f167q5sJ','Noel Morta',NULL,'+63 9','101','Junior Deluxe','2026-07-10','2026-07-11',1,1,'Filipino',699.00,699.00,NULL,NULL,0.00,'checked_out','2026-07-10 11:46:00','2026-07-11 12:00:00','Walk-in',NULL,0.00,0,NULL,NULL,NULL,'2026-07-10 12:19:06','2026-07-11 16:36:37',NULL),
(288,NULL,123,30,'2026-07-000261','3anMjOxyZyz9jjLgfCSBU5LrpsTqO3HEIX3qjNw8','Aiza Rodriguez',NULL,'+63 9564473778','202','Economy Twin','2026-07-09','2026-07-10',1,2,'Filipino',699.00,699.00,NULL,NULL,0.00,'checked_out','2026-07-09 12:00:00','2026-07-10 12:00:00','Walk-in',NULL,0.00,0,NULL,NULL,NULL,'2026-07-10 19:49:29','2026-07-11 22:07:01',NULL),
(289,NULL,231,30,'2026-07-000262','JfLDLVkZ4jc20W5Rim2XqWKmG38aj423n4vOfL5t','Prince Lloyd Ladera',NULL,'+63 554353755','308','Deluxe Double','2026-07-10','2026-07-11',1,2,'Filipino',899.00,899.00,NULL,NULL,0.00,'checked_out','2026-07-10 13:31:00','2026-07-10 17:53:00','Walk-in',NULL,0.00,0,NULL,NULL,NULL,'2026-07-10 20:08:47','2026-07-10 20:09:47',NULL),
(290,NULL,232,22,'2026-07-000263','TbCkyV0cz0kAtTS6syYZeWBjgdZmEcyyW2Aw5VbC','Parker Bolanio',NULL,'+63 9185125533','110','Superior Deluxe','2026-07-10','2026-07-11',1,2,'Filipino',719.20,719.20,NULL,NULL,0.00,'checked_out','2026-07-10 15:46:00','2026-07-11 08:37:00','Walk-in',NULL,0.00,0,NULL,NULL,NULL,'2026-07-10 20:12:36','2026-07-11 09:34:43',NULL),
(291,NULL,233,30,'2026-07-000264','g06yb3mlcRlYufNiU5wWYr3NNUVmCj4DsBsQepI1','Erwin Valledor',NULL,'+63 09358251159','307','Deluxe Double','2026-07-10','2026-07-11',1,1,'Filipino',899.00,899.00,NULL,NULL,0.00,'checked_out','2026-07-10 17:57:00','2026-07-10 18:09:00','Walk-in',NULL,0.00,0,NULL,NULL,NULL,'2026-07-10 20:19:04','2026-07-10 20:20:30',NULL),
(292,NULL,234,30,'2026-07-000265','8O8FCuWIdY7YjsQB2QLjK4udwfwCISl3bZwVdTc3','Fezy Lendi',NULL,'+63 9949038832','309','Ordinary Twin','2026-07-10','2026-07-13',3,1,'Filipino',549.00,1647.00,NULL,NULL,0.00,'checked_out','2026-07-10 20:02:00','2026-07-13 11:10:00','Walk-in',NULL,0.00,0,NULL,NULL,NULL,'2026-07-10 20:25:08','2026-07-13 11:29:48',NULL),
(293,5,235,22,'2026-07-000266','JDiLz2BeCp84QQIhG6c2S4sTjf8wHhb6JVlo6f2u','Klarizz Sheena Lagas',NULL,'+63 9551836016','310','Barkadahan','2026-07-10','2026-07-12',2,6,'Filipino',1159.20,2318.40,NULL,NULL,0.00,'checked_out','2026-07-10 20:37:00','2026-07-12 07:31:00','Walk-in',NULL,0.00,0,NULL,NULL,NULL,'2026-07-10 20:39:47','2026-07-12 09:56:27',NULL),
(294,5,235,22,'2026-07-000267','4JGc0aHzFWMasom7xgOBDuuQUYmeUWy59hdM9vYK','Klarizz Sheena Lagas',NULL,'+63 9551836016','312','Ordinary Twin','2026-07-10','2026-07-12',2,6,'Filipino',519.20,1038.40,NULL,NULL,0.00,'checked_out','2026-07-10 20:37:00','2026-07-12 12:00:00','Walk-in',NULL,0.00,0,NULL,NULL,NULL,'2026-07-10 20:39:47','2026-07-12 17:35:53',NULL),
(295,NULL,236,30,'2026-07-000268','2wrVnIDgwVz1npDeAquPsIKZxJK9KjLTFMPojueo','TINY ROSHIL MENDOZA',NULL,'+63 9274233888','205','Economy Double','2026-07-10','2026-07-12',2,2,'Filipino',699.00,1398.00,NULL,NULL,0.00,'checked_out','2026-07-10 21:59:00','2026-07-12 12:15:00','Walk-in',NULL,0.00,0,NULL,NULL,NULL,'2026-07-10 22:13:04','2026-07-12 12:41:25',NULL),
(296,NULL,237,22,'2026-07-000269','nuqbBZiJ4g0fJpA1hdvh0sxJbECwOZB7ZR64STz3','JENSAV AGPASA',NULL,'+63 9063085906','305','Ordinary Twin','2026-07-10','2026-07-13',3,2,'Filipino',519.20,1557.60,NULL,NULL,0.00,'checked_out','2026-07-10 00:13:00','2026-07-12 18:47:00','Agoda',NULL,0.00,0,NULL,NULL,NULL,'2026-07-11 00:17:32','2026-07-12 18:47:08',NULL),
(297,NULL,238,22,'2026-07-000270','2DETPB4NWYz8tEVC5LKrNMfcw6XDQyfsS8AfvfLS','SARAH CABIGQUEZ',NULL,'+63 9924135088','314','Standard Twin','2026-07-11','2026-07-12',1,2,'Filipino',719.20,719.20,NULL,NULL,0.00,'checked_out','2026-07-11 13:23:00','2026-07-12 23:54:00','Agoda',NULL,0.00,0,NULL,NULL,NULL,'2026-07-11 13:23:04','2026-07-12 12:38:44',NULL),
(298,NULL,239,30,'2026-07-000271','bLloe35GGCySYTsINwSCj5gEPoZ8D5uS2VJE6h64','CHENIE GRACE JAO',NULL,'+63 9275189714','113','Superior Deluxe','2026-07-12','2026-07-14',2,2,'Filipino',849.00,1698.00,NULL,NULL,0.00,'checked_out','2026-07-12 17:23:00','2026-07-14 09:18:00','Direct (Phone)',NULL,0.00,0,NULL,NULL,NULL,'2026-07-11 19:56:26','2026-07-14 09:18:48',NULL),
(299,NULL,240,30,'2026-07-000272','khfqty2lBWHVeM1QCTIFU7J0ckoek3GbIBngjG1S','EDUARD BAROL',NULL,'+63 9055023274','303','Deluxe Twin','2026-07-11','2026-07-12',1,2,'Filipino',899.00,899.00,NULL,NULL,0.00,'checked_out','2026-07-11 15:32:00','2026-07-12 23:45:00','Walk-in',NULL,0.00,0,NULL,NULL,NULL,'2026-07-11 19:59:41','2026-07-12 12:43:17',NULL),
(300,6,149,30,'2026-07-000273','Clr9XSVFxxhKySw6bcibFuj8m3VqEyubNyaOsLb9','KHEM LAMION',NULL,'+63 ','201','Deluxe Twin','2026-07-11','2026-07-12',1,2,'Filipino',899.00,899.00,NULL,NULL,0.00,'checked_out','2026-07-11 18:25:00','2026-07-12 09:20:00','Walk-in',NULL,0.00,0,NULL,NULL,NULL,'2026-07-11 20:09:02','2026-07-12 09:46:47',NULL),
(301,6,149,30,'2026-07-000274','osywKBB3EyL15I3vRnLJPE9FIwCTu4b3pRLGmrWi','KHEM LAMION',NULL,'+63 ','308','Deluxe Double','2026-07-11','2026-07-12',1,2,'Filipino',899.00,899.00,NULL,NULL,0.00,'checked_out','2026-07-11 18:25:00','2026-07-12 09:29:00','Walk-in',NULL,0.00,0,NULL,NULL,NULL,'2026-07-11 20:09:02','2026-07-12 09:47:51',NULL),
(302,NULL,241,22,'2026-07-000275','zDmED9hwZfV1VObkhYERh0VAoDxtDx6EgGMmY2UM','SHARA BAGARES',NULL,'+63 9550373123','203','Family Room','2026-07-11','2026-07-12',1,4,'Filipino',1399.20,1399.20,NULL,NULL,0.00,'checked_out','2026-07-11 17:26:00','2026-07-12 07:40:00','Agoda',NULL,0.00,0,NULL,NULL,NULL,'2026-07-11 20:23:41','2026-07-12 09:48:42',NULL),
(303,NULL,242,22,'2026-07-000276','fF8BamURBPMTW3ncpw0vxb9huJjWTpZQ3h01UT20','FILY OÑEZ',NULL,'+63 9305210063','302','Family Room 2','2026-07-11','2026-07-12',1,4,'Filipino',1399.20,1399.20,NULL,NULL,0.00,'checked_out','2026-07-11 17:27:00','2026-07-12 07:40:00','Agoda',NULL,0.00,0,NULL,NULL,NULL,'2026-07-11 20:25:44','2026-07-12 09:49:15',NULL),
(304,NULL,243,30,'2026-07-000277','65A3XuMg99ejkH1Bcs5efbtcBETI1MGQ4oJWnoUL','SIMONNE JADE NAVARRO',NULL,'+63 9453769217','406','Deluxe Trio','2026-07-11','2026-07-12',1,3,'Filipino',1249.00,1249.00,NULL,NULL,0.00,'checked_out','2026-07-11 17:36:00','2026-07-12 07:19:00','Walk-in',NULL,0.00,0,NULL,NULL,NULL,'2026-07-11 20:27:18','2026-07-12 09:50:31',NULL),
(305,NULL,244,30,'2026-07-000278','5fHXrIsdKMWsZYIEt5HFtF1ogurCtLKcPSkTHM8C','ZASHLEE GENITA',NULL,'+63 9558709103','413','Standard Double','2026-07-11','2026-07-12',1,2,'Filipino',849.00,849.00,NULL,NULL,0.00,'checked_out','2026-07-11 18:51:00','2026-07-12 12:03:00','Walk-in',NULL,0.00,0,NULL,NULL,NULL,'2026-07-11 20:30:26','2026-07-12 13:05:51',NULL),
(306,NULL,245,22,'2026-07-000279','97PVIOvf0GQo3ZxwROcRUvgfVbls5UqnV98OD0DG','MARY CRISLIN PISCOS',NULL,'+63 9936231757','110','Superior Deluxe','2026-07-11','2026-07-12',1,2,'Filipino',719.20,719.20,NULL,NULL,0.00,'checked_out','2026-07-11 19:08:00','2026-07-12 08:28:00','Agoda',NULL,0.00,0,NULL,NULL,NULL,'2026-07-11 20:32:10','2026-07-12 09:51:41',NULL),
(307,NULL,246,30,'2026-07-000280','9DEsAhgo0jxNlypxyMB7aXqtN7ymyR0oBCmiXLtY','DELSON YUSOP',NULL,'+63 9354340945','301','Deluxe Twin','2026-07-11','2026-07-13',2,4,'Filipino',899.00,1798.00,NULL,NULL,0.00,'checked_out','2026-07-11 19:17:00','2026-07-13 07:26:00','Walk-in',NULL,0.00,0,NULL,NULL,NULL,'2026-07-11 20:33:50','2026-07-13 11:31:19',NULL),
(308,NULL,123,23,'2026-07-000281','PuwgNHdpQDahtrq5Y3EfMMr3sMMREqBvWsgCSM4s','Aiza Rodriguez',NULL,'+63 9564473778','202','Economy Twin','2026-07-11','2026-07-19',8,2,'Filipino',561.75,4494.00,NULL,NULL,0.00,'checked_out','2026-07-11 22:09:00','2026-07-19 12:00:00','Agoda',NULL,0.00,0,NULL,NULL,NULL,'2026-07-11 22:09:26','2026-07-20 15:32:19',NULL),
(309,NULL,247,30,'2026-07-000282','mhfFWF3Bhi9aIsQgGsasZd9eEOcMdPxxw6d1I3P5','Kenneth Loyd Mag-Abo',NULL,'+63 9976575973','401','Deluxe Trio','2026-07-11','2026-07-12',1,4,'Filipino',1249.00,1249.00,NULL,NULL,0.00,'checked_out','2026-07-11 23:07:00','2026-07-12 08:25:00','Walk-in',NULL,0.00,0,NULL,NULL,NULL,'2026-07-11 23:43:41','2026-07-12 09:52:20',NULL),
(310,NULL,248,30,'2026-07-000283','9ARl58dX3opmulwsVxZWf5VsGlczyEHgmbrxRBkl','John Kaye Ortiz',NULL,'+63 9365942638','102','Junior Deluxe','2026-07-11','2026-07-13',2,1,'Filipino',699.00,1398.00,NULL,NULL,0.00,'checked_out','2026-07-11 23:38:00','2026-07-13 05:12:00','Walk-in',NULL,0.00,0,NULL,NULL,NULL,'2026-07-11 23:45:16','2026-07-13 11:32:11',NULL),
(311,NULL,249,30,'2026-07-000284','rTYY4BXwYpCq1cwAz8PvaXObG0aAEROVYt37rw1Q','Guinar Mindalano',NULL,'+63 9262946370','307','Deluxe Double','2026-07-11','2026-07-12',1,2,'Filipino',899.00,899.00,NULL,NULL,0.00,'checked_out','2026-07-12 04:55:00','2026-07-12 12:14:00','Walk-in',NULL,0.00,0,NULL,NULL,NULL,'2026-07-12 05:05:04','2026-07-12 13:00:11',NULL),
(312,NULL,250,30,'2026-07-000285','oXchQY3x9zE5aa9IKMRYl245tV3gLq2sy80JH5uK','MIKAILA SOLON',NULL,'+63 9687723607','315','Standard Twin','2026-07-12','2026-07-13',1,1,'Filipino',849.00,849.00,NULL,NULL,0.00,'checked_out','2026-07-12 10:19:00','2026-07-12 22:01:00','Walk-in','EARLY CHECK-IN :  ₱100',0.00,0,NULL,NULL,NULL,'2026-07-12 13:19:29','2026-07-13 00:19:02',NULL),
(313,NULL,251,30,'2026-07-000286','4NUbueQethkmBnvCUkVTmkxd0xCFzPH0H5acEYMG','JELLY CALLEZA',NULL,'+63 9125824651','408','Standard Double','2026-07-12','2026-07-13',1,1,'Filipino',849.00,849.00,NULL,NULL,0.00,'checked_out','2026-07-12 11:40:00','2026-07-13 11:17:00','Walk-in','EARLY CHECK-IN :  ₱50',0.00,0,NULL,NULL,NULL,'2026-07-12 13:21:10','2026-07-13 11:32:50',NULL),
(314,NULL,252,30,'2026-07-000287','qDfDiPIr8lRCcjyZz0BVlYgVVswtqlJgjMr2sD8K','BEATRICE RADAZA',NULL,'+63 9481880826','414','Standard Double','2026-07-12','2026-07-17',5,1,'Filipino',849.00,4245.00,NULL,NULL,0.00,'checked_out','2026-07-12 12:21:00','2026-07-17 06:23:00','Walk-in',NULL,0.00,0,NULL,NULL,NULL,'2026-07-12 13:24:09','2026-07-17 11:51:13',NULL),
(315,NULL,253,30,'2026-07-000288','xyp2aoOQwc49fkj004kDSQfqUFor3uAmIdNzXq5u','EVANGELINE MAAGAD',NULL,'+63 9649185646','206','Standard Twin','2026-07-12','2026-07-14',2,1,'Filipino',849.00,1698.00,NULL,NULL,0.00,'checked_out','2026-07-12 12:50:00','2026-07-14 07:49:00','Walk-in',NULL,0.00,0,NULL,NULL,NULL,'2026-07-12 13:27:18','2026-07-14 07:53:37',NULL),
(316,NULL,235,30,'2026-07-000289','OOXTnBCCqFndyyslzesXM1ixlV4kEfyroEgHoPfI','KLARRIZ SHEENA LAGAS',NULL,'+63 9551836016','312','Ordinary Twin','2026-07-12','2026-07-13',1,2,'Filipino',549.00,549.00,NULL,NULL,0.00,'checked_out','2026-07-12 14:00:00','2026-07-13 10:20:00','Walk-in',NULL,0.00,0,NULL,NULL,NULL,'2026-07-12 17:40:25','2026-07-13 11:33:46',NULL),
(317,NULL,254,30,'2026-07-000290','DSAFI4CJHvxShVHAioOAoaLS9ecBkeXBoJwDJx2w','JULIET RESULLAR',NULL,'+63 9702985070','307','Deluxe Double','2026-07-12','2026-07-13',1,2,'Filipino',899.00,899.00,NULL,NULL,0.00,'checked_out','2026-07-12 18:39:00','2026-07-13 09:42:00','Walk-in',NULL,0.00,0,NULL,NULL,NULL,'2026-07-12 19:42:06','2026-07-13 11:34:23',NULL),
(318,NULL,255,23,'2026-07-000291','xeYLeuQTwK5Tksehz3VApnd32UnQtN4RMpHzpGSq','JUDI SUNICO',NULL,'+63 9063858045','110','Superior Deluxe','2026-07-12','2026-07-13',1,2,'Filipino',674.25,674.25,NULL,NULL,0.00,'checked_out','2026-07-12 19:14:00','2026-07-13 12:00:00','Walk-in',NULL,0.00,0,NULL,NULL,NULL,'2026-07-12 19:44:45','2026-07-13 11:39:39',NULL),
(319,NULL,256,30,'2026-07-000292','eVjjfYWSZfDMvlrL7sDSptqG686vIbtezje6XVUo','HENRY HEQUILAN',NULL,'+63 9487604884','311','Standard Twin','2026-07-12','2026-07-13',1,1,'Filipino',849.00,849.00,NULL,NULL,0.00,'checked_out','2026-07-12 20:30:00','2026-07-13 07:03:00','Walk-in',NULL,0.00,0,NULL,NULL,NULL,'2026-07-12 20:47:25','2026-07-13 11:35:08',NULL),
(320,NULL,184,23,'2026-07-000293','XehinUS1l4Zl2sOBT9q1vEqWAFjZ7k4ComYe5HPn','NEIL ANTHONY CASSION',NULL,'+63 9165603997','405','Deluxe Twin','2026-07-12','2026-07-13',1,2,'Filipino',749.25,749.25,NULL,NULL,0.00,'checked_out','2026-07-12 21:42:00','2026-07-13 12:00:00','Agoda',NULL,0.00,0,NULL,NULL,NULL,'2026-07-12 22:48:38','2026-07-13 15:01:11',NULL),
(321,NULL,257,30,'2026-07-000294','l4gNxfgwNSdc4S674mEMdHqhupel0DkrgwbzaVF0','ADOLFO ALCORAN',NULL,'+63 9352980593','211','Ordinary Double','2026-07-12','2026-07-13',1,1,'Filipino',549.00,549.00,NULL,NULL,0.00,'checked_out','2026-07-12 22:28:00','2026-07-13 05:27:00','Walk-in',NULL,0.00,0,NULL,NULL,NULL,'2026-07-12 22:51:17','2026-07-13 05:27:14',NULL),
(322,NULL,258,30,'2026-07-000295','E8rXW17UoYraouNld6qzg020yMr9pi4JPqP5CibT','JUANITO ENRIQUEZ',NULL,'+63 9068353916','308','Deluxe Double','2026-07-12','2026-07-13',1,2,'Filipino',899.00,899.00,NULL,NULL,0.00,'checked_out','2026-07-12 22:33:00','2026-07-13 09:53:00','Walk-in',NULL,0.00,0,NULL,NULL,NULL,'2026-07-12 22:53:04','2026-07-13 11:35:54',NULL),
(323,NULL,259,30,'2026-07-000296','dsRPlJ65WgC4ZtrBoBBtr3kZawCzkpAVR6bGERZL','RENANTE TUBANIA',NULL,'+63 9927020193','201','Deluxe Twin','2026-07-12','2026-07-13',1,2,'Filipino',899.00,899.00,NULL,NULL,0.00,'checked_out','2026-07-12 23:29:00','2026-07-13 06:19:00','Walk-in',NULL,0.00,0,NULL,NULL,NULL,'2026-07-12 23:31:08','2026-07-13 11:36:21',NULL),
(324,NULL,255,22,'2026-07-000297','sFc3HsGaQjPYJimNK1ZupCP611XWRqcQESLrL71l','JUDI SUNICO',NULL,'+63 9063858045','110','Superior Deluxe','2026-07-13','2026-07-16',3,1,'Filipino',719.20,2157.60,NULL,NULL,0.00,'checked_out','2026-07-13 14:00:00','2026-07-16 11:19:00','Agoda',NULL,0.00,0,NULL,NULL,NULL,'2026-07-13 11:42:29','2026-07-16 12:19:55',NULL),
(325,NULL,260,30,'2026-07-000298','HPUiUryoaw0jwv3Ktuujne7RuYIOykKAfOpdWjyV','JOHN SUNGA',NULL,'+63 9662962952','211','Ordinary Double','2026-07-13','2026-07-14',1,2,'Filipino',549.00,549.00,NULL,NULL,0.00,'checked_out','2026-07-13 20:12:00','2026-07-13 18:40:00','Walk-in',NULL,0.00,0,NULL,NULL,NULL,'2026-07-13 12:17:18','2026-07-14 06:48:31',NULL),
(326,NULL,261,23,'2026-07-000299','RziHIcWHqmq7ms82TyOzjitkgbqLGpRh3fsIimQi','PRIMO ACERET',NULL,'+63 9911323402','404','Standard Twin','2026-07-13','2026-07-14',1,2,'Filipino',674.25,674.25,NULL,NULL,0.00,'checked_out','2026-07-13 23:49:00','2026-07-14 12:15:00','Agoda',NULL,0.00,0,NULL,NULL,NULL,'2026-07-13 13:01:29','2026-07-14 12:15:29',NULL),
(327,NULL,184,23,'2026-07-000300','CfN2A50R874ZssMHFsBvbpGb9YUmbSWC1L2Kak7j','Neil Anthony Cassion',NULL,'+63 9165603997','405','Deluxe Twin','2026-07-13','2026-07-18',5,2,'Filipino',749.25,3746.25,NULL,NULL,0.00,'checked_out','2026-07-13 15:32:00','2026-07-18 12:00:00','Agoda',NULL,0.00,0,NULL,NULL,NULL,'2026-07-13 15:04:36','2026-07-20 15:36:51',NULL),
(328,NULL,259,30,'2026-07-000301','HtCTEkoLMq8aVBBoyGCtvZTKGyBMXKWawROlEkwK','Renante Tubania',NULL,'+63 9927020193','201','Deluxe Twin','2026-07-13','2026-07-14',1,2,'Filipino',899.00,899.00,NULL,NULL,0.00,'checked_out','2026-07-13 15:34:00','2026-07-14 06:44:00','Walk-in',NULL,0.00,0,NULL,NULL,NULL,'2026-07-13 15:42:33','2026-07-14 06:44:30',NULL),
(329,NULL,262,23,'2026-07-000302','ChXpkDPktOcCdQhyR6xnY7Lc5teA08jLNGD3CYhW','Flory May Demetilla',NULL,'+63 9214325483','413','Standard Double','2026-07-13','2026-07-14',1,2,'Filipino',674.25,674.25,NULL,NULL,0.00,'checked_out','2026-07-13 14:17:00','2026-07-14 11:15:00','Agoda',NULL,0.00,0,NULL,NULL,NULL,'2026-07-13 15:43:48','2026-07-14 11:15:58',NULL),
(330,NULL,263,30,'2026-07-000303','DEgmFlkaaM00BmyvKAovzkIPfuFEc2vqSmFGM03U','Jay Gadgude',NULL,'+63 9202201929','117','Junior Deluxe','2026-07-13','2026-07-14',1,1,'Filipino',699.00,699.00,NULL,NULL,0.00,'checked_out','2026-07-13 13:39:00','2026-07-14 07:49:00','Walk-in',NULL,0.00,0,NULL,NULL,NULL,'2026-07-13 15:44:52','2026-07-14 07:53:22',NULL),
(331,NULL,264,30,'2026-07-000304','vg7dixxidaOt5GTvr5SOpt2uZ29wNrAbFMvzwOq5','Matthew Viray',NULL,'+63 9201226168','114','Superior Deluxe','2026-07-13','2026-07-15',2,2,'Filipino',849.00,1698.00,NULL,NULL,0.00,'checked_out','2026-07-13 12:50:00','2026-07-15 08:28:00','Walk-in',NULL,0.00,0,NULL,NULL,NULL,'2026-07-13 15:46:04','2026-07-15 11:44:14',NULL),
(332,NULL,265,30,'2026-07-000305','mXzevFwyR3NZnkjKle6AXglcTBncS3oCie5beynj','Grace Ebarola',NULL,'+63 9616970820','308','Deluxe Double','2026-07-13','2026-07-14',1,1,'Filipino',899.00,899.00,NULL,NULL,0.00,'checked_out','2026-07-13 15:58:00','2026-07-14 06:33:00','Walk-in',NULL,0.00,0,NULL,NULL,NULL,'2026-07-13 16:03:56','2026-07-14 06:34:38',NULL),
(333,NULL,266,30,'2026-07-000306','dKe8juxyFYVgTHNGVwfLpNhGkgYn8Ba72rWLzXzW','Lena Tesio',NULL,'+63 9124909695','112','Superior Deluxe','2026-07-13','2026-07-17',4,3,'Filipino',849.00,3396.00,NULL,NULL,0.00,'checked_out','2026-07-13 17:19:00','2026-07-17 07:16:00','Walk-in',NULL,0.00,0,NULL,NULL,NULL,'2026-07-13 17:25:10','2026-07-17 11:51:39',NULL),
(334,NULL,267,30,'2026-07-000307','48wrNTZvLNuCKHwV1uFFd1v2bHmdjJoKzFILQ0WV','Eduardo Dino',NULL,'+63 9274166164','315','Standard Twin','2026-07-13','2026-07-14',1,1,'Filipino',849.00,849.00,NULL,NULL,0.00,'checked_out','2026-07-13 19:49:00','2026-07-14 10:54:00','Walk-in',NULL,0.00,0,NULL,NULL,NULL,'2026-07-13 19:53:14','2026-07-14 10:54:44',NULL),
(335,NULL,268,23,'2026-07-000308','03xIAsb74UkvjnWV4JyZ06upwINmIQqcg8xUdeux','Riscris Nebres',NULL,'+63 09515599045','403','Deluxe Twin','2026-07-13','2026-07-15',2,2,'Filipino',749.25,1498.50,NULL,NULL,0.00,'checked_out','2026-07-14 22:26:00','2026-07-15 12:00:00','Agoda',NULL,0.00,0,NULL,NULL,NULL,'2026-07-14 05:08:25','2026-07-15 22:17:22',NULL),
(336,NULL,269,23,'2026-07-000309','vP37eCEjO9QvCK8OiIityXJpp4MYTX6WF50eFXLX','Angelie Bliss Dejadena',NULL,'+63 09541454687','107','Barkadahan','2026-07-13','2026-07-14',1,3,'Filipino',1086.75,1086.75,NULL,NULL,0.00,'checked_out','2026-07-13 00:01:00','2026-07-14 11:29:00','Agoda',NULL,0.00,0,NULL,NULL,NULL,'2026-07-14 05:15:21','2026-07-14 11:29:47',NULL),
(337,NULL,270,23,'2026-07-000310','Ig3QRlHapIqIDUBMW8DAWJKDvP0UHYwyOE86wQLR','Maria Therese Navarro',NULL,'+63 09363953979','407','Deluxe Twin','2026-07-13','2026-07-15',2,2,'Filipino',749.25,1498.50,NULL,NULL,0.00,'checked_out','2026-07-13 00:36:00','2026-07-15 12:05:00','Agoda',NULL,0.00,0,NULL,NULL,NULL,'2026-07-14 05:18:37','2026-07-15 12:15:21',NULL),
(338,NULL,271,30,'2026-07-000311','bBShuXbaVHGHpnutPmqF4htpY1IiMPAb6p2RHaAb','Mark Chester Pidor',NULL,'+63 09498374949','307','Deluxe Double','2026-07-13','2026-07-14',1,2,'Filipino',899.00,899.00,NULL,NULL,0.00,'checked_out','2026-07-13 02:05:00','2026-07-14 06:42:00','Walk-in',NULL,0.00,0,NULL,NULL,NULL,'2026-07-14 05:20:49','2026-07-14 06:42:30',NULL),
(339,NULL,272,32,'2026-07-000312','WN28WBzxDq23mqELX29FpGPsfuR2618mYFNE5zfN','Jonathan Florentino',NULL,'+63 9360311874','203','Family Room','2026-07-14','2026-07-15',1,4,'Filipino',1574.10,1574.10,NULL,NULL,0.00,'checked_out','2026-07-14 13:10:00','2026-07-15 01:44:00','Booking.com',NULL,0.00,0,NULL,NULL,NULL,'2026-07-14 13:12:42','2026-07-15 11:50:13',NULL),
(340,NULL,265,30,'2026-07-000313','nzU4Kgcf5NWw6JdmVdV6sVKQL2tzZzpxGq4NeRNt','Grace Ebarola',NULL,'+63 9616970820','103','Junior Deluxe','2026-07-14','2026-07-15',1,1,'Filipino',699.00,699.00,NULL,NULL,0.00,'checked_out','2026-07-14 15:09:00','2026-07-15 08:35:00','Walk-in',NULL,0.00,0,NULL,NULL,NULL,'2026-07-14 16:51:36','2026-07-15 11:51:16',NULL),
(341,NULL,273,23,'2026-07-000314','EC5Fv7xBFdDgEC3wEMqlXESgb1y4x1pTJuiCQjso','Ivander Paul Jabagat','acehon91@gmail.com','+63 9559810327','205','Economy Double','2026-07-14','2026-07-20',6,2,'Filipino',561.75,3370.50,NULL,NULL,0.00,'checked_out','2026-07-14 16:45:00','2026-07-20 06:05:00','Agoda',NULL,0.00,0,NULL,NULL,NULL,'2026-07-14 19:07:16','2026-07-20 09:43:52',NULL),
(342,NULL,274,30,'2026-07-000315','eJwCEhLwtkgFLo5wYB1yvjCoAptImwxe02a9TdIv','George Daroy',NULL,'+63 09513151560','303','Deluxe Twin','2026-07-14','2026-07-15',1,1,'Filipino',899.00,899.00,NULL,NULL,0.00,'checked_out','2026-07-14 17:55:00','2026-07-15 08:43:00','Walk-in',NULL,0.00,0,NULL,NULL,NULL,'2026-07-14 19:12:02','2026-07-15 11:51:38',NULL),
(343,NULL,275,30,'2026-07-000316','QnjYL9rNPoZcJpoN0TuBHCnlJYMVTJDt8OhREACH','Vergelio Pulgo',NULL,'+63 09278176525','301','Deluxe Twin','2026-07-14','2026-07-15',1,1,'Filipino',899.00,899.00,NULL,NULL,0.00,'checked_out','2026-07-14 18:36:00','2026-07-15 09:35:00','Walk-in',NULL,0.00,0,NULL,NULL,NULL,'2026-07-14 19:13:37','2026-07-15 11:55:43',NULL),
(344,NULL,276,30,'2026-07-000317','staLdkV8GO1vieDm2th6YOUmK6oMXFFIOxiUpS9q','Allan Yap',NULL,'+63 9','201','Deluxe Twin','2026-07-14','2026-07-20',6,1,'Filipino',899.00,5394.00,NULL,NULL,0.00,'checked_out','2026-07-14 19:19:00','2026-07-20 06:56:00','Walk-in',NULL,0.00,0,NULL,NULL,NULL,'2026-07-14 19:25:35','2026-07-20 06:56:03',NULL),
(345,NULL,277,30,'2026-07-000318','coF4Fmgt99CPsKPFf4bXmvo4sfzLYuOx5jAySoM4','Pat Martin Ariem',NULL,'+63 09458259536','406','Deluxe Trio','2026-07-14','2026-07-15',1,1,'Filipino',1249.00,1249.00,NULL,NULL,0.00,'checked_out','2026-07-14 20:55:00','2026-07-15 08:05:00','Walk-in',NULL,0.00,0,NULL,NULL,NULL,'2026-07-14 21:01:04','2026-07-15 12:16:19',NULL),
(346,NULL,278,23,'2026-07-000319','eCTq6xwbDO7BtSBNx3C1T0hPNW6HTEgHl3IWCRSg','MARK LHUEL VIRTUDEZ',NULL,'+63 9065756781','113','Superior Deluxe','2026-07-14','2026-07-15',1,2,'Filipino',674.25,674.25,NULL,NULL,0.00,'checked_out','2026-07-14 21:44:00','2026-07-15 12:00:00','Agoda',NULL,0.00,0,NULL,NULL,NULL,'2026-07-14 22:42:07','2026-07-15 13:57:42',NULL),
(347,NULL,279,23,'2026-07-000320','Kfgqz3RrQlZzrJiiibLMILXQ82LutE4qc6shVN30','KYLE  LAXINA',NULL,'+63 9816240509','308','Deluxe Double','2026-07-14','2026-07-15',1,2,'Filipino',561.75,561.75,NULL,NULL,0.00,'checked_out','2026-07-14 23:07:00','2026-07-15 11:32:00','Agoda',NULL,0.00,0,NULL,NULL,NULL,'2026-07-14 23:11:13','2026-07-15 12:16:35',NULL),
(348,NULL,280,30,'2026-07-000321','IpqX56RfpLRnKXiseJRrfuMLtVGrQ0Byxmh6f27A','Pagtalunan Lormie',NULL,'+63 9482883152','117','Junior Deluxe','2026-07-15','2026-07-16',1,1,'Filipino',699.00,699.00,NULL,NULL,0.00,'checked_out','2026-07-15 13:28:00','2026-07-16 11:21:00','Walk-in',NULL,0.00,0,NULL,NULL,NULL,'2026-07-15 18:49:45','2026-07-16 12:21:26',NULL),
(349,NULL,281,23,'2026-07-000322','7sTLOH5YQXWGdB8k1ykwygJuXHu1iwxo8cvJnxMx','Rex Navidad',NULL,'+63 9178551994','114','Superior Deluxe','2026-07-15','2026-07-16',1,2,'Filipino',674.25,674.25,NULL,NULL,0.00,'checked_out','2026-07-15 13:47:00','2026-07-16 12:00:00','Agoda',NULL,0.00,0,NULL,NULL,NULL,'2026-07-15 18:50:56','2026-07-16 13:25:13',NULL),
(350,NULL,282,30,'2026-07-000323','EVXyUn4lxKmHvz8Jn06GV6YvgeEQzwGoVDRx1rER','Vonne Kyle Valladolid',NULL,'+63 9164126407','207','Economy Twin','2026-07-15','2026-07-16',1,2,'Filipino',699.00,699.00,NULL,NULL,0.00,'checked_out','2026-07-15 14:04:00','2026-07-16 11:58:00','Walk-in',NULL,0.00,0,NULL,NULL,NULL,'2026-07-15 18:52:09','2026-07-16 12:21:44',NULL),
(351,NULL,283,30,'2026-07-000324','6arUMrx2F8FtWskKzGudc0ZPMCIvVt3QRrauSVPq','Judie Marie Jonasan',NULL,'+63 9613880180','308','Deluxe Double','2026-07-15','2026-07-16',1,2,'Filipino',899.00,899.00,NULL,NULL,0.00,'checked_out','2026-07-15 17:14:00','2026-07-16 08:18:00','Walk-in',NULL,0.00,0,NULL,NULL,NULL,'2026-07-15 18:54:04','2026-07-16 12:22:02',NULL),
(352,NULL,284,30,'2026-07-000325','d4ifd848SZCciPH2ZBazsrLt6xrotuazCOngCwvk','Ryan Villanueva',NULL,'+63 9171566443','103','Junior Deluxe','2026-07-15','2026-07-16',1,1,'Filipino',699.00,699.00,NULL,NULL,0.00,'checked_out','2026-07-15 17:47:00','2026-07-16 07:32:00','Walk-in',NULL,0.00,0,NULL,NULL,NULL,'2026-07-15 18:55:09','2026-07-16 12:22:23',NULL),
(353,NULL,285,22,'2026-07-000326','n5Nfa1ooFHdZZ8DzOtr5mtDt6E7zafIK0PzHoqZP','Riscris Nebres',NULL,'+63 9515599045','210','Economy Twin','2026-07-15','2026-07-16',1,1,'Filipino',599.20,599.20,NULL,NULL,0.00,'checked_out','2026-07-15 13:00:00','2026-07-16 12:00:00','Agoda',NULL,0.00,0,NULL,NULL,NULL,'2026-07-15 22:18:24','2026-07-16 13:25:28',NULL),
(354,NULL,286,30,'2026-07-000327','13iJhAjqB6oi7LmeD8gLATdiCYrFb4FqVgxGq8WA','ELISA ADRAINECM',NULL,'+63 9700463405','203','Family Room','2026-07-15','2026-07-16',1,4,'Filipino',1649.00,1649.00,NULL,NULL,0.00,'checked_out','2026-07-15 21:50:00','2026-07-16 20:26:00','Walk-in',NULL,0.00,0,NULL,NULL,NULL,'2026-07-15 23:03:28','2026-07-16 12:22:46',NULL),
(355,NULL,229,23,'2026-07-000328','D7HaFsK2ALxf3QsNwYDjHJ2qbx69l5XYXjW2GjbP','PAUL MARTIN AN',NULL,'+63 9177072181','411','Standard Double','2026-07-15','2026-07-16',1,1,'Filipino',674.25,674.25,NULL,NULL,0.00,'checked_out','2026-07-15 22:48:00','2026-07-16 13:00:00','Agoda',NULL,0.00,0,NULL,NULL,NULL,'2026-07-15 23:04:40','2026-07-16 15:25:37',NULL),
(356,NULL,149,30,'2026-07-000329','LbVUeNqNUAuq2wPreogsmixMrvVf8aHDlWMeuSwa','NORMA FELISA QUISIL',NULL,'+63 ','204','Economy Twin','2026-07-15','2026-07-17',2,1,'Filipino',699.00,1398.00,NULL,NULL,0.00,'checked_out','2026-07-15 22:49:00','2026-07-17 12:40:00','Walk-in',NULL,0.00,0,NULL,NULL,NULL,'2026-07-15 23:05:43','2026-07-17 13:33:05',NULL),
(357,NULL,288,30,'2026-07-000330','Zwci3St6tCfbTfp66ybjtEJcubbof9pJ7Il0FGWJ','NINO GABRIEL PENIERO',NULL,'+63 9551137231','113','Superior Deluxe','2026-07-15','2026-07-16',1,1,'Filipino',849.00,849.00,NULL,NULL,0.00,'checked_out','2026-07-15 23:56:00','2026-07-16 09:37:00','Walk-in',NULL,0.00,0,NULL,NULL,NULL,'2026-07-16 05:08:40','2026-07-16 12:23:24',NULL),
(358,NULL,289,30,'2026-07-000331','y1V7zs6tdxy7AZNcjjdijRJNhbXSZ27TEWgQwcEK','EDUARDO RELI',NULL,'+63 9351825435','311','Standard Twin','2026-07-15','2026-07-16',1,1,'Filipino',849.00,849.00,NULL,NULL,0.00,'checked_out','2026-07-15 23:59:00','2026-07-16 12:23:00','Walk-in',NULL,0.00,0,NULL,NULL,NULL,'2026-07-16 05:10:37','2026-07-16 12:23:35',NULL),
(359,NULL,149,30,'2026-07-000332','gqs3o0LLPVIbhvyfig1INYvnAgLRIC9KXwBGxyBJ','Frederick Gomez',NULL,'+63','117','Junior Deluxe','2026-07-16','2026-07-17',1,1,'Filipino',699.00,699.00,NULL,NULL,0.00,'checked_out','2026-07-16 18:20:00','2026-07-19 09:14:00','Walk-in',NULL,0.00,0,NULL,NULL,NULL,'2026-07-16 12:26:19','2026-07-19 09:58:14',NULL),
(360,NULL,290,23,'2026-07-000333','aQNQ7gceR5R45e4bLr4Wn9a23Q8aJmzrRyq4iK3b','ALBERT  JR. ANTIPALA',NULL,'+63 9497352132','403','Deluxe Twin','2026-07-16','2026-07-17',1,1,'Filipino',749.25,749.25,NULL,NULL,0.00,'checked_out','2026-07-16 11:35:00','2026-07-17 11:23:00','Agoda',NULL,0.00,0,NULL,NULL,NULL,'2026-07-16 12:49:18','2026-07-17 11:51:58',NULL),
(361,NULL,291,30,'2026-07-000334','VEq79pmFYKWEfNx1YMSSAJmy3owZd579GzbsW57e','MINERVA SOBLONO',NULL,'+63 9054451731','102','Junior Deluxe','2026-07-16','2026-07-19',3,1,'Filipino',699.00,2097.00,NULL,NULL,0.00,'checked_out','2026-07-16 11:55:00','2026-07-19 23:30:00','Walk-in',NULL,0.00,0,NULL,NULL,NULL,'2026-07-16 12:52:30','2026-07-19 12:32:38',NULL),
(362,NULL,292,30,'2026-07-000335','gAfPAV5FuXqYGPeYVrcwm85HSFWLIz7wYR2SPHHr','Erick Leopoldo',NULL,'+63 9182913223','307','Deluxe Double','2026-07-16','2026-07-17',1,2,'Filipino',899.00,899.00,NULL,NULL,0.00,'checked_out','2026-07-16 14:07:00','2026-07-17 08:58:00','Walk-in',NULL,0.00,0,NULL,NULL,NULL,'2026-07-16 15:27:21','2026-07-17 11:52:41',NULL),
(363,NULL,293,30,'2026-07-000336','aaP4aLdgGENG4H4QiSFr1fzedyNeKqblXMZXE84E','Rosie Gay Digamon',NULL,'+63 9268290442','203','Family Room','2026-07-16','2026-07-17',1,6,'Filipino',1649.00,1649.00,NULL,NULL,0.00,'checked_out','2026-07-16 14:28:00','2026-07-17 12:17:00','Walk-in',NULL,0.00,0,NULL,NULL,NULL,'2026-07-16 15:28:58','2026-07-17 12:18:18',NULL),
(364,NULL,294,30,'2026-07-000337','nKMSK97uZVPaLYIElZnmjAH8d6ZP2HxAoqTi5M8B','Janus Dapanas',NULL,'+63 9617140786','413','Standard Double','2026-07-16','2026-07-18',2,1,'Filipino',849.00,1698.00,NULL,NULL,0.00,'checked_out','2026-07-16 14:40:00','2026-07-18 04:01:00','Walk-in',NULL,0.00,0,NULL,NULL,NULL,'2026-07-16 15:30:31','2026-07-18 04:01:42',NULL),
(365,NULL,295,23,'2026-07-000338','PuQMbCWFlX3it4rf9ExOp7kulbFxGonL3E6QPglb','Johannes Selirio',NULL,'+63 9121983652','408','Standard Double','2026-07-16','2026-07-17',1,2,'Filipino',674.25,674.25,NULL,NULL,0.00,'checked_out','2026-07-16 14:57:00','2026-07-17 11:27:00','Agoda','Property Collect',0.00,0,NULL,NULL,NULL,'2026-07-16 15:31:54','2026-07-17 11:53:01',NULL),
(366,NULL,296,30,'2026-07-000339','mMzlI8DMWudKBUTO9LYl2vhjQhWuVRYht4N9Lyjv','Jon Tamato',NULL,'+63 9553222422','308','Deluxe Double','2026-07-16','2026-07-17',1,2,'Filipino',899.00,899.00,NULL,NULL,0.00,'checked_out','2026-07-16 15:04:00','2026-07-17 12:00:00','Walk-in',NULL,0.00,0,NULL,NULL,NULL,'2026-07-16 15:32:42','2026-07-17 12:49:54',NULL),
(367,NULL,297,31,'2026-07-000340','GH3mvxtlTx0sB0a51Pkx907NygSTQSYjWo5hpK7X','Rudyard Latorza',NULL,'+63 9912068296','103','Junior Deluxe','2026-07-16','2026-07-25',9,1,'Filipino',664.00,5976.00,NULL,NULL,0.00,'checked_out','2026-07-16 17:36:00','2026-07-25 12:00:00','Walk-in',NULL,0.00,0,NULL,NULL,NULL,'2026-07-16 17:42:43','2026-07-25 15:38:14',NULL),
(368,NULL,298,23,'2026-07-000341','Mr7ubYSLp5gyJGZ5bNiGfjPZS1ETtI6ToXyS5rP5','Ana Jannah Yasser',NULL,'+63 9953693441','404','Standard Twin','2026-07-16','2026-07-17',1,2,'Filipino',674.25,674.25,NULL,NULL,0.00,'checked_out','2026-07-16 18:48:00','2026-07-17 07:11:00','Agoda',NULL,0.00,0,NULL,NULL,NULL,'2026-07-16 19:07:52','2026-07-17 11:53:41',NULL),
(369,NULL,299,23,'2026-07-000342','ENdjDSnvj9o7oVJGVMQxG5nPJzJDzg8IsOpbZHTp','Mariani Madrones',NULL,'+63 9455198249','406','Deluxe Trio','2026-07-16','2026-07-17',1,3,'Filipino',1011.75,1011.75,NULL,NULL,0.00,'checked_out','2026-07-16 19:03:00','2026-07-17 07:07:00','Agoda','Property Collect',0.00,0,NULL,NULL,NULL,'2026-07-16 19:08:58','2026-07-17 11:53:57',NULL),
(370,NULL,300,30,'2026-07-000343','kQW4kF0TCGaVCWzk0vCgIHATgpayAebA17lMdQS4','Kurt Pacanza',NULL,'+63 9267554839','113','Superior Deluxe','2026-07-16','2026-07-17',1,2,'Filipino',849.00,849.00,NULL,NULL,0.00,'checked_out','2026-07-16 19:25:00','2026-07-17 06:02:00','Walk-in',NULL,0.00,0,NULL,NULL,NULL,'2026-07-16 19:28:35','2026-07-17 11:54:20',NULL),
(371,NULL,301,32,'2026-07-000344','gDIO7MscmlT508a13gkf5rbuFLQo3atgokGYyTWL','Rocelyn Ragmac',NULL,'+63 9459723222','110','Superior Deluxe','2026-07-16','2026-07-17',1,2,'Filipino',809.10,809.10,NULL,NULL,0.00,'checked_out','2026-07-16 19:41:00','2026-07-17 07:34:00','Booking.com',NULL,0.00,0,NULL,NULL,NULL,'2026-07-16 19:45:24','2026-07-17 11:54:38',NULL),
(372,NULL,302,23,'2026-07-000345','IMtsrWsJxNcardJbXkYB6VzKddhYKbzVLf0YJOkU','April Grace Arboladura',NULL,'+63 9618644258','301','Deluxe Twin','2026-07-16','2026-07-17',1,2,'Filipino',749.25,749.25,NULL,NULL,0.00,'checked_out','2026-07-16 20:17:00','2026-07-17 06:33:00','Agoda',NULL,0.00,0,NULL,NULL,NULL,'2026-07-16 20:23:17','2026-07-17 11:54:53',NULL),
(373,NULL,303,30,'2026-07-000346','BItXPnAhYdtmT8XdlAOaxCBWHAUqASjWgG2gYwSK','JORDAN GARRISON',NULL,'+63 9278572274','107','Barkadahan','2026-07-16','2026-07-17',1,2,'Filipino',1449.00,1449.00,NULL,NULL,0.00,'checked_out','2026-07-16 21:39:00','2026-07-17 12:00:00','Walk-in',NULL,0.00,0,NULL,NULL,NULL,'2026-07-16 23:03:07','2026-07-17 12:50:04',NULL),
(374,NULL,304,23,'2026-07-000347','Exd58ZFTFwmYNjg6Sjb7oumgNBMrzDmTtLgUBHyB','EDGAR OLACO',NULL,'+63 9171729778','114','Superior Deluxe','2026-07-16','2026-07-17',1,2,'Filipino',674.25,674.25,NULL,NULL,0.00,'checked_out','2026-07-16 23:58:00','2026-07-17 07:28:00','Agoda',NULL,0.00,0,NULL,NULL,NULL,'2026-07-17 04:56:16','2026-07-17 11:55:45',NULL),
(375,NULL,305,22,'2026-07-000348','vZEeAyDcFlqqt8uUMAAQVaTzfPk4YspWAHMnaAIA','SHANIA MAE HUYO-A',NULL,'+63 9603512175','406','Deluxe Trio','2026-07-17','2026-07-21',4,3,'Filipino',1079.20,4316.80,NULL,NULL,0.00,'checked_out','2026-07-17 12:39:00','2026-07-21 12:55:00','Agoda',NULL,0.00,0,NULL,NULL,NULL,'2026-07-17 12:49:09','2026-07-21 12:55:09',NULL),
(376,NULL,306,30,'2026-07-000349','jOuzgMdxJxsNB4Rl4rQRI99hrMgyvUuOKtWVei7A','Chaunchy Clyde Diel',NULL,'+63 9171362781','308','Deluxe Double','2026-07-17','2026-07-18',1,2,'Filipino',899.00,899.00,NULL,NULL,0.00,'checked_out','2026-07-17 13:14:00','2026-07-17 15:42:00','Walk-in',NULL,0.00,0,NULL,NULL,NULL,'2026-07-17 14:41:51','2026-07-17 15:42:21',NULL),
(377,NULL,307,22,'2026-07-000350','8q0vjfuT25Zkgg6T5n39Q9B9VNy6TxUsOlbkQHS9','Helbert Barredo',NULL,'+63 9154469473','114','Superior Deluxe','2026-07-17','2026-07-18',1,2,'Filipino',719.20,719.20,NULL,NULL,0.00,'checked_out','2026-07-17 13:43:00','2026-07-18 08:11:00','Agoda',NULL,0.00,0,NULL,NULL,NULL,'2026-07-17 14:43:09','2026-07-18 09:14:41',NULL),
(378,NULL,308,23,'2026-07-000351','EgXFhvyCxymbiwkRKo0JQcWbhyMhfwBjtzNFLoIA','Franchie Marie Godito',NULL,'+63 9103635335','414','Standard Double','2026-07-17','2026-07-23',6,2,'Filipino',674.25,4045.50,NULL,NULL,0.00,'checked_out','2026-07-17 14:10:00','2026-07-22 11:44:00','Walk-in',NULL,0.00,0,NULL,NULL,NULL,'2026-07-17 14:44:51','2026-07-22 11:51:32',NULL),
(379,NULL,309,30,'2026-07-000352','G2Ra0yO5g1jfTRXXjcpWHtqGy4a0tY0VaApnea66','Veronica Suarez',NULL,'+63 9991503867','315','Standard Twin','2026-07-17','2026-07-18',1,2,'Filipino',849.00,849.00,NULL,NULL,0.00,'checked_out','2026-07-17 14:24:00','2026-07-17 15:23:00','Walk-in',NULL,0.00,0,NULL,NULL,NULL,'2026-07-17 14:47:20','2026-07-17 15:23:05',NULL),
(380,NULL,310,22,'2026-07-000353','nclocROFjud6QjF7CpBsWUbtxny2wLfhwFKetDEV','Aaron John Lapiz',NULL,'+63 9691908175','112','Superior Deluxe','2026-07-17','2026-07-18',1,2,'Filipino',719.20,719.20,NULL,NULL,0.00,'checked_out','2026-07-17 14:34:00','2026-07-18 10:02:00','Agoda',NULL,0.00,0,NULL,NULL,NULL,'2026-07-17 14:48:34','2026-07-18 10:54:38',NULL),
(381,NULL,311,22,'2026-07-000354','5tp2Wo167JQPJaubeMwr5QffW1VjLxPV61XfZlbY','Ruby Leah Caman',NULL,'+63 9616912068','404','Standard Twin','2026-07-17','2026-07-18',1,2,'Filipino',719.20,719.20,NULL,NULL,0.00,'checked_out','2026-07-17 16:46:00','2026-07-18 10:12:00','Agoda',NULL,0.00,0,NULL,NULL,NULL,'2026-07-17 17:43:55','2026-07-18 14:14:20',NULL),
(382,NULL,263,30,'2026-07-000355','bju6iY6JqaWkKED2NDfYZsHte0900SCZ6j47Xm74','Jay Gadgude',NULL,'+63 9202201929','206','Standard Twin','2026-07-17','2026-07-18',1,1,'Filipino',849.00,849.00,NULL,NULL,0.00,'checked_out','2026-07-17 15:53:00','2026-07-18 08:18:00','Walk-in',NULL,0.00,0,NULL,NULL,NULL,'2026-07-17 17:45:28','2026-07-18 09:15:45',NULL),
(383,NULL,312,30,'2026-07-000356','vH48b7kiO3XTkhWJnsgmgekJksucTgYRy80IpNCd','Allen Isaac Sancho',NULL,'+63 912553669','303','Deluxe Twin','2026-07-17','2026-07-18',1,2,'Filipino',899.00,899.00,NULL,NULL,0.00,'checked_out','2026-07-17 19:15:35','2026-07-18 07:12:00','Walk-in',NULL,0.00,0,NULL,NULL,NULL,'2026-07-17 19:15:23','2026-07-18 09:18:46',NULL),
(384,7,313,22,'2026-07-000357','f2RmQ9l4iPNmoN6QodTC2H26FS0XqOuckb9CBa1z','Adelah & Alioden Maruhom',NULL,'+63 9702318680','107','Barkadahan','2026-07-17','2026-07-18',1,6,'Filipino',1159.20,1159.20,NULL,NULL,0.00,'checked_out','2026-07-17 19:45:00','2026-07-18 08:53:00','Agoda',NULL,0.00,0,NULL,NULL,NULL,'2026-07-17 19:49:12','2026-07-18 10:51:27',NULL),
(385,7,313,22,'2026-07-000358','zbueUoTNHts2EBBSZ1MFHImRrkgnZTUHh3YaxqTU','Adelah & Alioden Maruhom',NULL,'+63 9702318680','113','Superior Deluxe','2026-07-17','2026-07-18',1,6,'Filipino',719.20,719.20,NULL,NULL,0.00,'checked_out','2026-07-17 19:45:00','2026-07-18 08:34:00','Agoda',NULL,0.00,0,NULL,NULL,NULL,'2026-07-17 19:49:12','2026-07-18 08:49:53',NULL),
(386,NULL,314,30,'2026-07-000359','vvzL11ufcIwjU1cJo1g5ybq7rWG9feu6IXOnpEka','Samir Kaluang',NULL,'+63 9066684468','407','Deluxe Twin','2026-07-17','2026-07-18',1,3,'Filipino',899.00,899.00,NULL,NULL,0.00,'checked_out','2026-07-17 20:01:00','2026-07-18 09:31:00','Walk-in',NULL,0.00,0,NULL,NULL,NULL,'2026-07-17 20:03:20','2026-07-18 10:49:18',NULL),
(387,NULL,315,22,'2026-07-000360','EaNXRhyoDNhC7XnHNTUqZlzGqB5xWYvOyTYObrvR','Ranelie Jeel Anson',NULL,'+63 09946402422','110','Superior Deluxe','2026-07-17','2026-07-18',1,3,'Filipino',719.20,719.20,NULL,NULL,0.00,'checked_out','2026-07-17 22:41:00','2026-07-18 10:11:00','Agoda','Booking name: Anson Mathew',0.00,0,NULL,NULL,NULL,'2026-07-18 01:55:30','2026-07-18 10:53:00',NULL),
(388,NULL,316,30,'2026-07-000361','J7XuJup9wSnVQpClIS90fxg2GbLDGy9P70GfXvFC','John Ray Torres','torresjohnray@gmail.com','+63 09676659491','308','Deluxe Double','2026-07-17','2026-07-18',1,2,'Filipino',899.00,899.00,NULL,NULL,0.00,'checked_out','2026-07-17 22:09:00','2026-07-18 11:20:00','Walk-in',NULL,0.00,0,NULL,NULL,NULL,'2026-07-18 02:00:46','2026-07-18 14:13:23',NULL),
(389,NULL,317,30,'2026-07-000362','wGFezuSUv2s3OZUmhSvwPROCjpSYvOFgITTHajDd','Richard Villanz',NULL,'+63 9952569355','307','Deluxe Double','2026-07-17','2026-07-19',2,2,'Filipino',899.00,1798.00,NULL,NULL,0.00,'checked_out','2026-07-17 21:31:00','2026-07-19 11:28:00','Walk-in',NULL,0.00,0,NULL,NULL,NULL,'2026-07-18 02:03:38','2026-07-19 11:50:45',NULL),
(390,NULL,319,30,'2026-07-000363','ZSEbmSB6k6lStMEvS6jAdtMqbKOLBAdasFo3AtHz','Antonio Serna Jr.',NULL,'+63 09533966092','301','Deluxe Twin','2026-07-17','2026-07-18',1,2,'Filipino',899.00,899.00,NULL,NULL,0.00,'checked_out','2026-07-17 20:48:00','2026-07-18 06:18:00','Walk-in',NULL,0.00,0,NULL,NULL,NULL,'2026-07-18 02:06:52','2026-07-18 09:17:45',NULL),
(391,NULL,320,30,'2026-07-000364','y9RJBzmR5wYofOeUbokkRvTLQJwgjO5v1pmVl2Zh','Rey Piega',NULL,'+63 09564825500','403','Deluxe Twin','2026-07-17','2026-07-18',1,4,'Filipino',899.00,899.00,NULL,NULL,0.00,'checked_out','2026-07-17 02:54:00','2026-07-18 07:12:00','Walk-in',NULL,0.00,0,NULL,NULL,NULL,'2026-07-18 03:05:54','2026-07-18 10:52:08',NULL),
(392,NULL,321,30,'2026-07-000365','XRW4KWmr3eRRdZN6bpMZ1FlxhDEcm4offPqiYanN','JOSEPH LEGAYADA',NULL,'+63 9956188079','315','Standard Twin','2026-07-18','2026-07-21',3,2,'Filipino',849.00,2547.00,NULL,NULL,0.00,'checked_out','2026-07-18 08:16:00','2026-07-21 08:33:00','Agoda','Room Upgrade : ₱749.40 Early Check-In : ₱200',0.00,0,NULL,NULL,NULL,'2026-07-18 08:40:19','2026-07-21 08:33:25',NULL),
(393,NULL,322,30,'2026-07-000366','rcwo4grza1gWjldR86SoQbcRzF0Ckj6mde7Cr3Cs','RAYMART MANALO',NULL,'+63 9273802094','410','Standard Twin','2026-07-18','2026-07-20',2,2,'Filipino',849.00,1698.00,NULL,NULL,0.00,'checked_out','2026-07-18 11:10:00','2026-07-20 07:59:00','Walk-in','EARLY CHECK-IN :  ₱50',0.00,0,NULL,NULL,NULL,'2026-07-18 11:56:37','2026-07-20 08:00:41',NULL),
(394,NULL,323,32,'2026-07-000367','by4IMoXAu63YBe4u43DaRwQKgJRqm0kPwySx907m','MARIELLA GENOBATA',NULL,'+63 9922334455','101','Junior Deluxe','2026-07-18','2026-07-21',3,1,'Filipino',674.10,2022.30,NULL,NULL,0.00,'checked_out','2026-07-18 11:50:00','2026-07-21 12:00:00','Walk-in','EARLY CHECK-IN :  ₱50',0.00,0,NULL,NULL,NULL,'2026-07-18 13:23:22','2026-07-21 13:32:38',NULL),
(395,NULL,324,22,'2026-07-000368','FoljuoLMOz4FxIixxir2OiFpInDMKHrW4PBFYH5l','MARIO SACRO',NULL,'+63 99944477','112','Superior Deluxe','2026-07-18','2026-07-19',1,2,'Filipino',719.20,719.20,NULL,NULL,0.00,'checked_out','2026-07-18 12:00:00','2026-07-19 12:00:00','Walk-in','EARLY CHECK-IN :  ₱50',0.00,0,NULL,NULL,NULL,'2026-07-18 13:35:29','2026-07-19 12:28:25',NULL),
(396,NULL,325,22,'2026-07-000369','uQx3lj8cReePLrtTLefHJuN36TBha8ckmfaCAUri','JAYVEE DALOGDOG',NULL,'+63 9164343992','104','Junior Deluxe','2026-07-18','2026-07-20',2,1,'Filipino',599.20,1198.40,NULL,NULL,0.00,'checked_out','2026-07-18 12:44:00','2026-07-20 09:08:00','Walk-in',NULL,0.00,0,NULL,NULL,NULL,'2026-07-18 13:37:50','2026-07-20 09:08:04',NULL),
(397,NULL,149,22,'2026-07-000370','sRIth6jgXDGF8qr1r6is0EppNOoCMmFpOvILP8lC','ZASHEE TWAIN GENITA',NULL,'+63 ','308','Deluxe Double','2026-07-18','2026-07-19',1,1,'Filipino',799.20,799.20,NULL,NULL,0.00,'checked_out','2026-07-18 12:57:00','2026-07-19 12:12:00','Agoda',NULL,0.00,0,NULL,NULL,NULL,'2026-07-18 20:27:35','2026-07-19 12:29:08',NULL),
(398,NULL,326,30,'2026-07-000371','ync42KCHhG41T7zhmIoDpcsp8kkRgUsfCxb4vzIY','MUHAMMADNUR MADAYAN',NULL,'+63 9385715710','210','Economy Twin','2026-07-18','2026-07-19',1,2,'Filipino',699.00,699.00,NULL,NULL,0.00,'checked_out','2026-07-18 13:30:00','2026-07-19 12:16:00','Walk-in',NULL,0.00,0,NULL,NULL,NULL,'2026-07-18 20:31:36','2026-07-19 12:30:15',NULL),
(399,NULL,327,22,'2026-07-000372','1RybIynp1aOzJSiUQXEX51RTRXAm461gAB6aUpo1','DANELLE TAN',NULL,'+63 9621305625','311','Standard Twin','2026-07-18','2026-07-19',1,2,'Filipino',719.20,719.20,NULL,NULL,0.00,'checked_out','2026-07-18 13:44:00','2026-07-19 07:37:00','Agoda',NULL,0.00,0,NULL,NULL,NULL,'2026-07-18 20:34:22','2026-07-19 10:01:44',NULL),
(400,NULL,328,30,'2026-07-000373','WbSXLRdWYKrZ2cA4hNORpLPZ1ulRCoeS9L88qlGS','FRECEL MAE ROQUE',NULL,'+63 9069385274','411','Standard Double','2026-07-18','2026-07-19',1,2,'Filipino',849.00,849.00,NULL,NULL,0.00,'checked_out','2026-07-18 13:59:00','2026-07-19 10:56:00','Walk-in',NULL,0.00,0,NULL,NULL,NULL,'2026-07-18 20:35:51','2026-07-19 11:51:20',NULL),
(401,NULL,329,30,'2026-07-000374','9om335cj7v2YIw3W6LYiUimrw9kQWJkDt0ME7FkC','MARC SORIO',NULL,'+63 9615635799','413','Standard Double','2026-07-18','2026-07-19',1,2,'Filipino',849.00,849.00,NULL,NULL,0.00,'checked_out','2026-07-18 15:00:00','2026-07-19 12:00:00','Walk-in',NULL,0.00,0,NULL,NULL,NULL,'2026-07-18 20:36:58','2026-07-19 19:01:28',NULL),
(402,NULL,330,3,'2026-07-000375','QsVa30QIVCEsSCbAOY0u2iPJs9w85pz8AHSM2MJu','RICARDO ANZANO',NULL,'+63 9178781375','303','Deluxe Twin','2026-07-18','2026-07-20',2,2,'Filipino',799.20,1598.40,NULL,NULL,0.00,'checked_out','2026-07-18 15:10:00','2026-07-20 11:15:00','Walk-in',NULL,0.00,0,NULL,NULL,NULL,'2026-07-18 20:58:51','2026-07-20 11:15:49',NULL),
(403,NULL,331,34,'2026-07-000376','RuF47VGknBp2NQNt4aGabd0BX8fsBBqe1s8QnkSR','CREZEL SUGUIHAN',NULL,'+63 9756740176','114','Superior Deluxe','2026-07-18','2026-07-19',1,1,'Filipino',849.00,849.00,NULL,NULL,0.00,'checked_out','2026-07-18 15:43:00','2026-07-19 12:14:00','Walk-in',NULL,0.00,0,NULL,NULL,NULL,'2026-07-18 21:12:47','2026-07-19 12:29:44',NULL),
(404,NULL,332,34,'2026-07-000377','RTCimvEvvQWhbkBvhlqOLfaO0P4lkD64VCFd6zUf','NESMA ABEDIN',NULL,'+63 9649169781','301','Deluxe Twin','2026-07-18','2026-07-19',1,1,'Filipino',899.00,899.00,NULL,NULL,0.00,'checked_out','2026-07-18 15:52:00','2026-07-19 12:00:00','Walk-in',NULL,0.00,0,NULL,NULL,NULL,'2026-07-18 21:14:34','2026-07-19 19:02:01',NULL),
(405,NULL,333,35,'2026-07-000378','DVeCa4ma4WpoyaKj9rMbSQYvcwWOwbdvQr9DmFXm','JOSIE ABOC',NULL,'+63 9956620449','407','Deluxe Twin','2026-07-18','2026-07-19',1,2,'Filipino',899.00,899.00,NULL,NULL,0.00,'checked_out','2026-07-18 17:02:00','2026-07-19 12:00:00','Walk-in',NULL,0.00,0,NULL,NULL,NULL,'2026-07-18 21:16:01','2026-07-19 19:02:10',NULL),
(406,NULL,334,35,'2026-07-000379','ntGAF7DsyzOw3vQaCTKKY33020GUiUC9G3292Kkt','MAURA ABIAN',NULL,'+63 9050355879','203','Family Room','2026-07-18','2026-07-19',1,1,'Filipino',1649.00,1649.00,NULL,NULL,0.00,'checked_out','2026-07-18 18:00:00','2026-07-19 11:26:00','Walk-in',NULL,0.00,0,NULL,NULL,NULL,'2026-07-18 21:20:20','2026-07-19 11:52:28',NULL),
(407,NULL,335,35,'2026-07-000380','p4bBpx8CMmeCcSkmzxxp6L6ni43n8Z8IOXcYQynb','JACENTH RAFAEL',NULL,'+63 9970712232','401','Deluxe Trio','2026-07-18','2026-07-19',1,3,'Filipino',1249.00,1249.00,NULL,NULL,0.00,'checked_out','2026-07-18 20:16:00','2026-07-19 07:34:00','Walk-in',NULL,0.00,0,NULL,NULL,NULL,'2026-07-18 21:22:26','2026-07-19 10:03:55',NULL),
(408,NULL,336,35,'2026-07-000381','4Go8HPkeNiKPLF3JFzn37C8DR2SPA7J8erTaPzuU','EJ Pontillas',NULL,'+63 9952788263','403','Deluxe Twin','2026-07-18','2026-07-19',1,2,'Filipino',899.00,899.00,NULL,NULL,0.00,'checked_out','2026-07-19 21:31:00','2026-07-19 07:42:00','Walk-in',NULL,0.00,0,NULL,NULL,NULL,'2026-07-19 03:09:09','2026-07-19 10:10:09',NULL),
(409,NULL,337,35,'2026-07-000382','e62kzdvs55EGmPVcfPJDNaPP5ZYf8qOlNSFG0SU1','Joseph Macaranas',NULL,'+63 9458257372','408','Standard Double','2026-07-18','2026-07-19',1,2,'Filipino',849.00,849.00,NULL,NULL,0.00,'checked_out','2026-07-18 00:03:00','2026-07-19 06:47:00','Walk-in',NULL,0.00,0,NULL,NULL,NULL,'2026-07-19 03:10:07','2026-07-19 10:11:11',NULL),
(410,NULL,338,35,'2026-07-000383','vgzXZL8IlGioWzFtdRUXhi11gaoUhgcLraaOeNyX','Leonides Dean',NULL,'+63 9184890913','302','Family Room 2','2026-07-18','2026-07-19',1,5,'Filipino',1649.00,1649.00,NULL,NULL,0.00,'checked_out','2026-07-18 00:34:00','2026-07-19 18:47:00','Walk-in',NULL,0.00,0,NULL,NULL,NULL,'2026-07-19 03:11:55','2026-07-19 12:31:35',NULL),
(411,NULL,339,35,'2026-07-000384','9Bt9ReHOax3FiozyOa8WYVT8Yc2yfkRQjB7RNzMO','April Gardo',NULL,'+63 9639449827','110','Superior Deluxe','2026-07-19','2026-07-20',1,2,'Filipino',849.00,849.00,NULL,NULL,0.00,'checked_out','2026-07-18 01:24:00','2026-07-19 09:48:00','Walk-in',NULL,0.00,0,NULL,NULL,NULL,'2026-07-19 03:13:27','2026-07-19 12:22:32',NULL),
(412,NULL,340,23,'2026-07-000385','vikXw3GrGEHEbmQo7I5OzGcZoDzhEQvKEayfdmCZ','Owen Louie Guzman',NULL,'+63 9602795011','113','Superior Deluxe','2026-07-18','2026-07-19',1,1,'Filipino',674.25,674.25,NULL,NULL,0.00,'checked_out','2026-07-18 05:46:00','2026-07-19 12:00:00','Agoda','Booking ID:  1749338737: The guest booked Deluxe Double (Room Downgrade)',0.00,0,NULL,NULL,NULL,'2026-07-19 05:59:11','2026-07-19 19:01:41',NULL),
(413,NULL,341,22,'2026-07-000386','31Z4S1pjMU8cWbb2eil2NI2eKBAWTHxRnVV7dNqH','GUDWARA JAHIB CHAIL',NULL,'+63 9161949260','404','Standard Twin','2026-07-19','2026-07-20',1,2,'Filipino',719.20,719.20,NULL,NULL,0.00,'checked_out','2026-07-19 10:59:00','2026-07-20 05:35:00','Agoda',NULL,0.00,0,NULL,NULL,NULL,'2026-07-19 11:01:53','2026-07-20 06:30:47',NULL),
(414,NULL,342,23,'2026-07-000387','oK5TBwpo7dUaBSVdjnJ8O4ZJZBXaqcpGU9FSfTHR','JUAN UNABIA',NULL,'+63 9178827212','110','Superior Deluxe','2026-07-19','2026-07-20',1,2,'Filipino',674.25,674.25,NULL,NULL,0.00,'checked_out','2026-07-19 12:24:00','2026-07-20 11:36:00','Agoda',NULL,0.00,0,NULL,NULL,NULL,'2026-07-19 12:23:55','2026-07-20 11:36:22',NULL),
(415,NULL,343,35,'2026-07-000388','t4wHq8FfoYaxn2mwCKKcHLdboWc3JpBbm5kP9X79','WALTER ENCARNACION',NULL,'+63 9539460616','401','Deluxe Trio','2026-07-19','2026-07-20',1,3,'Filipino',1249.00,1249.00,NULL,NULL,0.00,'checked_out','2026-07-19 13:52:00','2026-07-20 09:25:00','Walk-in',NULL,0.00,0,NULL,NULL,NULL,'2026-07-19 20:12:01','2026-07-20 09:25:10',NULL),
(416,NULL,344,22,'2026-07-000389','rCU0YXBR2ZKCsl9oMfU1mhMExFz7Pjzr6yiNIZko','MARIBETH SIAO',NULL,'+63 9675667645','310','Barkadahan','2026-07-19','2026-07-23',4,4,'Filipino',1159.20,4636.80,NULL,NULL,0.00,'checked_out','2026-07-19 14:09:00','2026-07-23 05:19:00','Agoda',NULL,0.00,0,NULL,NULL,NULL,'2026-07-19 20:14:31','2026-07-23 05:19:18',NULL),
(417,NULL,345,23,'2026-07-000390','TYFitUBan4WA4SyaXoeAensOC3y1rN1Tph66mMF6','MARIA DORADO',NULL,'+63 9363953979','112','Superior Deluxe','2026-07-19','2026-07-21',2,1,'Filipino',674.25,1348.50,NULL,NULL,0.00,'checked_out','2026-07-19 16:51:00','2026-07-21 08:57:00','Agoda',NULL,0.00,0,NULL,NULL,NULL,'2026-07-19 20:19:42','2026-07-21 08:57:41',NULL),
(418,NULL,346,22,'2026-07-000391','bMPCwM3bhX7zF5h0rUZkXyXpoRPQiYi5pwl4cbe1','DANICA GABOYA',NULL,'+63 9614598417','117','Junior Deluxe','2026-07-19','2026-07-20',1,1,'Filipino',599.20,599.20,NULL,NULL,0.00,'checked_out','2026-07-19 17:31:00','2026-07-20 07:25:00','Agoda',NULL,0.00,0,NULL,NULL,NULL,'2026-07-19 20:27:13','2026-07-20 07:28:15',NULL),
(419,NULL,232,22,'2026-07-000392','B65CsZukXdzIHFafEcE0r65XKuiwSFif5pwZZ8lL','PARKER BOLANIO',NULL,'+63 9185125533','113','Superior Deluxe','2026-07-19','2026-07-20',1,2,'Filipino',719.20,719.20,NULL,NULL,0.00,'checked_out','2026-07-19 18:39:00','2026-07-20 12:02:00','Agoda',NULL,0.00,0,NULL,NULL,NULL,'2026-07-19 20:29:14','2026-07-20 12:02:42',NULL),
(420,NULL,347,35,'2026-07-000393','y88UXraqDplzbAerKampskTaY7PmXCkPrKDPdhxq','RAMIL VALDEZ',NULL,'+63 9457022704','102','Junior Deluxe','2026-07-19','2026-07-23',4,1,'Filipino',699.00,2796.00,NULL,NULL,0.00,'checked_out','2026-07-19 23:42:00','2026-07-23 05:28:00','Walk-in',NULL,0.00,0,NULL,NULL,NULL,'2026-07-19 23:45:30','2026-07-23 05:28:35',NULL),
(421,NULL,348,35,'2026-07-000394','F2FKqTrzboRUj5jQ2Nx4N9kisISskf2gD7RYHS1h','JAMINAH MANOK',NULL,'+63 9541633829','206','Standard Twin','2026-07-19','2026-07-20',1,2,'Filipino',849.00,849.00,NULL,NULL,0.00,'checked_out','2026-07-19 23:03:00','2026-07-20 06:15:00','Walk-in',NULL,0.00,0,NULL,NULL,NULL,'2026-07-19 23:46:59','2026-07-20 06:30:26',NULL),
(422,NULL,349,23,'2026-07-000395','Qhd75317BqXHHhugbTWrziWk6dhpfZUXpwdeon0s','KISHIA BASLOTE',NULL,'+63 9759846827','407','Deluxe Twin','2026-07-19','2026-07-20',1,2,'Filipino',749.25,749.25,NULL,NULL,0.00,'checked_out','2026-07-19 22:00:00','2026-07-20 11:59:00','Agoda',NULL,0.00,0,NULL,NULL,NULL,'2026-07-19 23:49:00','2026-07-20 11:59:33',NULL),
(423,NULL,350,35,'2026-07-000396','f45WILNQsTJ2qCz2EPVSRvHU6QM2ymd7NR3DEtw2','QWENDYS JOY RIFE',NULL,'+63 9615214947','308','Deluxe Double','2026-07-19','2026-07-20',1,2,'Filipino',899.00,899.00,NULL,NULL,0.00,'checked_out','2026-07-19 21:22:00','2026-07-20 09:40:00','Walk-in',NULL,0.00,0,NULL,NULL,NULL,'2026-07-19 23:50:50','2026-07-20 09:41:05',NULL),
(424,NULL,351,35,'2026-07-000397','0UTzIOfQrjBFnJzfoKnXAzrewBaltGzhxUTDK8Vm','RYAN LOBRIGAS',NULL,'+63 9770986418','307','Deluxe Double','2026-07-19','2026-07-20',1,2,'Filipino',899.00,899.00,NULL,NULL,0.00,'checked_out','2026-07-19 23:01:00','2026-07-20 07:27:00','Walk-in',NULL,0.00,0,NULL,NULL,NULL,'2026-07-19 23:52:19','2026-07-20 07:27:59',NULL),
(425,NULL,352,35,'2026-07-000398','nTXaDnvISxHYYXYvnvtxxIzx8nyBf6ijLEWCFXN3','DENJERK LAGOD',NULL,'+63 9531032762','301','Deluxe Twin','2026-07-19','2026-07-20',1,2,'Filipino',899.00,899.00,NULL,NULL,0.00,'checked_out','2026-07-19 18:39:00','2026-07-20 09:17:00','Walk-in',NULL,0.00,0,NULL,NULL,NULL,'2026-07-20 00:03:44','2026-07-20 09:18:51',NULL),
(426,NULL,353,22,'2026-07-000399','4C1zbHfeSYDMpL6uv3mUTL2InhXb0BkXX80o6FWN','Abdul Rahman Palao',NULL,'+63 9269149064','104','Junior Deluxe','2026-07-20','2026-07-24',4,1,'Filipino',599.20,2396.80,NULL,NULL,0.00,'checked_out','2026-07-20 12:56:00','2026-07-24 07:54:00','Agoda','Property Collect',0.00,0,NULL,NULL,NULL,'2026-07-20 12:58:35','2026-07-24 11:07:37',NULL),
(427,NULL,354,35,'2026-07-000400','z2qLyhvTjGTmPfE8GdB69EZ9ZTTeXWP9FcabtSBX','RIZA MAE CALISO',NULL,'+63 9261594807','404','Standard Twin','2026-07-31','2026-08-03',3,2,'Filipino',849.00,2547.00,NULL,NULL,0.00,'confirmed',NULL,NULL,'Walk-in',NULL,0.00,0,NULL,NULL,NULL,'2026-07-20 19:16:56','2026-07-20 19:16:56',NULL),
(428,NULL,355,22,'2026-07-000401','S5akmNR9K4gYoBVlHj7px20v5qeRFUhT5Mh4L70W','ADRIANNE CHRISTIAN DENSING',NULL,'+63 9296403578','303','Deluxe Twin','2026-07-20','2026-07-24',4,2,'Filipino',799.20,3196.80,NULL,NULL,0.00,'checked_out','2026-07-20 15:00:00','2026-07-24 07:25:00','Agoda',NULL,0.00,0,NULL,NULL,NULL,'2026-07-20 19:18:54','2026-07-24 11:07:58',NULL),
(429,NULL,356,22,'2026-07-000402','eww7vsEcqgdXfKQ3OqQDQRiikBUmTdFya8QcYTFe','JEREMIAH LOMOLOY',NULL,'+63 9664733367','117','Junior Deluxe','2026-07-20','2026-07-24',4,1,'Filipino',599.20,2396.80,NULL,NULL,0.00,'checked_out','2026-07-20 15:06:00','2026-07-24 07:26:00','Agoda',NULL,0.00,0,NULL,NULL,NULL,'2026-07-20 19:20:34','2026-07-24 11:08:19',NULL),
(430,NULL,346,35,'2026-07-000403','OcDC2X4FYybY0dA5hKXAPvNrr6ejerOtP5hufyfs','DANICCA MARCE',NULL,'+63 9614598417','114','Superior Deluxe','2026-07-20','2026-07-21',1,2,'Filipino',849.00,849.00,NULL,NULL,0.00,'checked_out','2026-07-20 16:24:00','2026-07-21 07:03:00','Walk-in',NULL,0.00,0,NULL,NULL,NULL,'2026-07-20 19:32:38','2026-07-21 07:03:21',NULL),
(431,NULL,357,35,'2026-07-000404','JWomUnioushwKi0BzRZGIyDomPX72FXrcxjvmC6y','MATEO FRANCISCO',NULL,'+63 9924627141','410','Standard Twin','2026-07-20','2026-07-22',2,2,'Filipino',849.00,1698.00,NULL,NULL,0.00,'checked_out','2026-07-20 16:40:00','2026-07-22 09:10:00','Walk-in',NULL,0.00,0,NULL,NULL,NULL,'2026-07-20 19:33:57','2026-07-22 10:23:27',NULL),
(432,NULL,358,22,'2026-07-000405','cd9Igrnk5T0Xz0uejA20aM4tbUog70QrQHt5PvRS','MARK ARBOIZ',NULL,'+63 9471514771','318','Economy Double','2026-07-20','2026-07-21',1,2,'Filipino',599.20,599.20,NULL,NULL,0.00,'checked_out','2026-07-20 17:35:00','2026-07-21 12:02:00','Agoda',NULL,0.00,0,NULL,NULL,NULL,'2026-07-20 19:35:45','2026-07-21 12:02:52',NULL),
(433,NULL,359,35,'2026-07-000406','apS4vi6d2Svf7ipPNYfIvgiAEou8dazNEyWC7Tyf','ELDIE JAY MANZANARES',NULL,'+63 9206100047','407','Deluxe Twin','2026-07-20','2026-07-21',1,1,'Filipino',899.00,899.00,NULL,NULL,0.00,'checked_out','2026-07-20 18:36:00','2026-07-21 08:02:00','Walk-in',NULL,0.00,0,NULL,NULL,NULL,'2026-07-20 19:37:19','2026-07-21 08:02:08',NULL),
(434,NULL,360,23,'2026-07-000407','aqJIi2paRd7UAAsz06m5cm5c6I6mekKEvaqm3V9I','MARIE ANN PAYOT',NULL,'+63 9351123191','113','Superior Deluxe','2026-07-20','2026-07-21',1,1,'Filipino',674.25,674.25,NULL,NULL,0.00,'checked_out','2026-07-20 18:41:00','2026-07-21 08:06:00','Agoda',NULL,0.00,0,NULL,NULL,NULL,'2026-07-20 19:40:02','2026-07-21 08:06:12',NULL),
(435,NULL,361,35,'2026-07-000408','KvaodrMljXPOxf4c0DkQxEI5iUDDanNzVkIdLJ04','SHEILA LABAJO',NULL,'+63 9609009110','201','Deluxe Twin','2026-07-20','2026-07-22',2,2,'Filipino',899.00,1798.00,NULL,NULL,0.00,'checked_out','2026-07-20 19:27:00','2026-07-22 12:19:00','Walk-in',NULL,0.00,0,NULL,NULL,NULL,'2026-07-20 19:42:39','2026-07-22 12:36:59',NULL),
(436,NULL,362,35,'2026-07-000409','xmM7CXp1CmY1tr2oQtV3YWMHi4GRNTR8rbCE7RbB','AMAL TOLIA',NULL,'+63 9451743101','301','Deluxe Twin','2026-07-20','2026-07-21',1,2,'Filipino',899.00,899.00,NULL,NULL,0.00,'checked_out','2026-07-20 21:18:00','2026-07-21 11:42:00','Walk-in',NULL,0.00,0,NULL,NULL,NULL,'2026-07-20 23:34:04','2026-07-21 11:42:48',NULL),
(437,NULL,363,35,'2026-07-000410','H0KAD1FTpF9S1z969bMVL9LJSnhP66JgZNgCjOJA','ROY DARAL',NULL,'+63 9396140529','110','Superior Deluxe','2026-07-20','2026-07-21',1,2,'Filipino',849.00,849.00,NULL,NULL,0.00,'checked_out','2026-07-20 20:56:00','2026-07-21 11:36:00','Walk-in',NULL,0.00,0,NULL,NULL,NULL,'2026-07-20 23:35:11','2026-07-21 11:36:52',NULL),
(438,NULL,364,22,'2026-07-000411','zc0mBmblNNzsQel7ahedcLG5RG3bK2d4cn7oBcQ3','MARK PALLESCA',NULL,'+63 9185737019','307','Deluxe Double','2026-07-20','2026-07-21',1,1,'Filipino',799.20,799.20,NULL,NULL,0.00,'checked_out','2026-07-20 23:57:00','2026-07-21 10:56:00','Agoda',NULL,0.00,0,NULL,NULL,NULL,'2026-07-21 01:37:50','2026-07-21 10:56:26',NULL),
(439,NULL,365,35,'2026-07-000412','cF20znfgPMx4Sk2oxNj3U3YfwxfWSD3UJLtrQObp','RAPHAEL RENANTE',NULL,'+63 9774713105','413','Standard Double','2026-07-20','2026-07-21',1,2,'Filipino',849.00,849.00,NULL,NULL,0.00,'checked_out','2026-07-20 23:58:00','2026-07-21 08:22:00','Walk-in',NULL,0.00,0,NULL,NULL,NULL,'2026-07-21 01:41:43','2026-07-21 08:22:49',NULL),
(440,NULL,366,35,'2026-07-000413','8uQugkTe2gXscEro6l1NdaPIYneqY5X7MwH1EQSw','ALJON CAGAPE',NULL,'+63 9973071839','202','Economy Twin','2026-07-20','2026-07-21',1,2,'Filipino',699.00,699.00,NULL,NULL,0.00,'checked_out','2026-07-20 23:57:00','2026-07-21 08:30:00','Walk-in',NULL,0.00,0,NULL,NULL,NULL,'2026-07-21 05:24:21','2026-07-21 08:30:11',NULL),
(441,NULL,367,35,'2026-07-000414','TDzpTEYPe9djn5lv5EjP0Me1PJ9QX9I8ruZ6m76q','CATHERINE SORANIOG',NULL,'+63 9453980428','403','Deluxe Twin','2026-07-20','2026-07-21',1,2,'Filipino',899.00,899.00,NULL,NULL,0.00,'checked_out','2026-07-20 23:58:00','2026-07-21 10:57:00','Walk-in',NULL,0.00,0,NULL,NULL,NULL,'2026-07-21 05:26:33','2026-07-21 10:57:46',NULL),
(442,NULL,368,23,'2026-07-000415','VlaBXJFJVdKCysweb4uyf4EpHAZ2XS6wG3qaB0Pa','Gail Besiohan',NULL,'+63 9122910855','307','Deluxe Double','2026-07-21','2026-07-22',1,2,'Filipino',749.25,749.25,NULL,NULL,0.00,'checked_out','2026-07-21 08:40:00','2026-07-22 10:32:00','Agoda',NULL,0.00,0,NULL,NULL,NULL,'2026-07-21 08:42:12','2026-07-22 10:32:47',NULL),
(443,NULL,187,22,'2026-07-000416','U0969yjrHRLmCBi1vxGYoAlWn1YqJKyMmR9xXmxb','Rupam (Asliah) Banerjee',NULL,'+63 9260652937','113','Superior Deluxe','2026-07-21','2026-08-01',11,2,'Filipino',719.20,7911.20,NULL,NULL,0.00,'checked_in','2026-07-21 08:50:00',NULL,'Agoda','Property Collect',0.00,0,NULL,NULL,NULL,'2026-07-21 08:52:03','2026-07-21 08:52:32',NULL),
(444,NULL,369,23,'2026-07-000417','37Aug7iyB4ekkMDdIaxKyAEOSI679GZLuoGofLZE','JOSIE PAMPLONA',NULL,'+63 9359727108','401','Deluxe Trio','2026-07-21','2026-07-22',1,3,'Filipino',1011.75,1011.75,NULL,NULL,0.00,'checked_out','2026-07-21 14:01:00','2026-07-22 22:48:00','Agoda',NULL,0.00,0,NULL,NULL,NULL,'2026-07-21 20:15:50','2026-07-22 12:37:19',NULL),
(445,NULL,149,23,'2026-07-000418','M4rCcZPmsmfVgALblcgqosJ1b5ERS129bE6Jpb4S','JOEY VILLAHERMOSA',NULL,'+63 ','318','Economy Double','2026-07-21','2026-07-22',1,1,'Filipino',561.75,561.75,NULL,NULL,0.00,'checked_out','2026-07-21 15:06:00','2026-07-22 10:41:00','Agoda',NULL,0.00,0,NULL,NULL,NULL,'2026-07-21 20:18:10','2026-07-22 10:41:59',NULL),
(446,NULL,370,35,'2026-07-000419','nu1z2TW5c5izEso3iAjzBzCh2ktyAQu0ipt2FBzS','BADRIAH ACMAD',NULL,'+63 9176896403','206','Standard Twin','2026-07-21','2026-07-24',3,1,'Filipino',849.00,2547.00,NULL,NULL,0.00,'checked_out','2026-07-21 15:26:00','2026-07-24 07:43:00','Agoda',NULL,0.00,0,NULL,NULL,NULL,'2026-07-21 20:21:50','2026-07-24 11:08:37',NULL),
(447,NULL,363,35,'2026-07-000420','ELakrnXVrH5RzfIuQpwjm9fswiZsmMqUKalEjHvT','ROY DARAL',NULL,'+63 9396140529','314','Standard Twin','2026-07-21','2026-07-22',1,1,'Filipino',849.00,849.00,NULL,NULL,0.00,'checked_out','2026-07-21 17:18:00','2026-07-22 07:43:00','Walk-in',NULL,0.00,0,NULL,NULL,NULL,'2026-07-21 20:23:25','2026-07-22 10:23:58',NULL),
(448,NULL,371,35,'2026-07-000421','A9q6bqa61N7knB41ZLGEg3eR0OKTslqHZOsZDr5D','ROWELL TAGIOBON',NULL,'+63 9178166107','114','Superior Deluxe','2026-07-21','2026-07-27',6,2,'Filipino',849.00,5094.00,NULL,NULL,0.00,'checked_out','2026-07-21 17:18:00','2026-07-27 11:38:00','Walk-in',NULL,0.00,0,NULL,NULL,NULL,'2026-07-21 20:25:59','2026-07-27 11:39:29',NULL),
(449,NULL,149,35,'2026-07-000422','lX53t1Jwxux9Stzabx0IeL3QObyJx6G7cmE8HDnh','Allan Yap',NULL,'+63 ','301','Deluxe Twin','2026-07-21','2026-07-22',1,1,'Filipino',899.00,899.00,NULL,NULL,0.00,'checked_out','2026-07-21 19:33:00','2026-07-22 07:18:00','Walk-in',NULL,0.00,0,NULL,NULL,NULL,'2026-07-21 20:27:11','2026-07-22 12:59:12',NULL),
(450,NULL,372,35,'2026-07-000423','ohJqnmks9ccWwNyod6buYf61GEgBQtYklt4guOmb','MICHAEL FANLO',NULL,'+63 9355644409','207','Economy Twin','2026-07-21','2026-07-23',2,2,'Filipino',699.00,1398.00,NULL,NULL,0.00,'checked_out','2026-07-21 19:41:00','2026-07-23 10:04:00','Walk-in',NULL,0.00,0,NULL,NULL,NULL,'2026-07-21 20:28:18','2026-07-23 10:38:30',NULL),
(451,NULL,373,23,'2026-07-000424','bTXNAwlCNHamcZnHbjfDNQ0o9YBu6mEmMAkczMRg','DULCE AMOR MATONDO',NULL,'+63 9260423510','112','Superior Deluxe','2026-07-21','2026-07-22',1,1,'Filipino',674.25,674.25,NULL,NULL,0.00,'checked_out','2026-07-21 20:40:00','2026-07-22 05:12:00','Agoda',NULL,0.00,0,NULL,NULL,NULL,'2026-07-21 20:43:24','2026-07-22 10:39:45',NULL),
(452,NULL,374,35,'2026-07-000425','BPDHHXD0jYiNSYwcBzcnAXbskjVR0HyJsN29obsd','KURT Pacanza',NULL,'+63 9267553849','405','Deluxe Twin','2026-07-21','2026-07-22',1,2,'Filipino',899.00,899.00,NULL,NULL,0.00,'checked_out','2026-07-21 21:23:00','2026-07-21 23:43:00','Walk-in',NULL,0.00,0,NULL,NULL,NULL,'2026-07-21 22:11:10','2026-07-21 23:43:12',NULL),
(453,NULL,375,35,'2026-07-000426','RYQmCcLQiM8zs1t3YOlpsyD9E8zpvYurWKSo9WV5','JAN IAN DEPACAQUIVO',NULL,'+63 9661495848','202','Economy Twin','2026-07-21','2026-07-24',3,1,'Filipino',699.00,2097.00,NULL,NULL,0.00,'checked_out','2026-07-21 23:13:00','2026-07-24 07:44:00','Walk-in',NULL,0.00,0,NULL,NULL,NULL,'2026-07-21 23:13:32','2026-07-24 11:08:57',NULL),
(454,NULL,97,35,'2026-07-000427','X3m5PQmBu2x1xgIG2mlDIVI5j2a6DaVTLAQJ97n7','Olive Dumanig',NULL,'+63 9977431179','311','Standard Twin','2026-07-21','2026-07-22',1,1,'Filipino',849.00,849.00,NULL,NULL,0.00,'checked_out','2026-07-21 23:57:00','2026-07-22 12:38:00','Walk-in',NULL,0.00,0,NULL,NULL,NULL,'2026-07-22 01:18:10','2026-07-22 12:38:13',NULL),
(455,NULL,368,22,'2026-07-000428','NY0siAdnSkhnjMC3KaleT8nzCOCEJYDDynUCV0Jn','Gail Besiohan',NULL,'+63 9122910855','406','Deluxe Trio','2026-07-22','2026-07-24',2,3,'Filipino',1079.20,2158.40,NULL,NULL,0.00,'checked_out','2026-07-22 10:38:00','2026-07-24 08:48:00','Agoda',NULL,0.00,0,NULL,NULL,NULL,'2026-07-22 10:38:23','2026-07-24 11:09:17',NULL),
(456,NULL,376,35,'2026-07-000429','she6DZJtojQRFn76NnC2k8rvIjlmt9LVEB6FXFJg','Joey Villahermosa',NULL,'+63 9226016602','318','Economy Double','2026-07-22','2026-07-23',1,1,'Filipino',699.00,699.00,NULL,NULL,0.00,'checked_out','2026-07-22 10:52:00','2026-07-23 11:57:00','Walk-in',NULL,0.00,0,NULL,NULL,NULL,'2026-07-22 10:51:33','2026-07-23 11:57:20',NULL),
(457,NULL,97,23,'2026-07-000430','aiGL2OdEOB5q4y4h2p6psjECjd8TFMkLlrS6FuZ6','Olive Dumanig',NULL,'+63 997','311','Standard Twin','2026-07-22','2026-07-24',2,2,'Filipino',674.25,1348.50,NULL,NULL,0.00,'checked_out','2026-07-22 12:42:00','2026-07-24 11:22:00','Agoda',NULL,0.00,0,NULL,NULL,NULL,'2026-07-22 12:41:38','2026-07-24 11:39:02',NULL),
(458,NULL,377,22,'2026-07-000431','rq2QTi1rscCQ9mxIOSE71APJUHMfixtq7HiH1GBD','Rylle Sebastian Isaiah Zapanta',NULL,'+63 09940416785','205','Economy Double','2026-07-22','2026-07-23',1,1,'Filipino',599.20,599.20,NULL,NULL,0.00,'checked_out','2026-07-22 09:02:00','2026-07-22 14:05:00','Agoda',NULL,0.00,0,NULL,NULL,NULL,'2026-07-22 13:50:10','2026-07-22 14:06:59',NULL),
(459,8,378,35,'2026-07-000432','zWWM4VoHwhtqv3V4PAQODfEdxi9G7W0EtOZFbx44','RONALD NANQUIL',NULL,'+63 9096747282','301','Deluxe Twin','2026-07-22','2026-07-29',7,2,'Filipino',899.00,6293.00,NULL,NULL,0.00,'checked_in','2026-07-22 17:15:00',NULL,'Walk-in',NULL,0.00,0,NULL,NULL,NULL,'2026-07-22 20:26:09','2026-07-27 20:26:53',NULL),
(460,8,378,35,'2026-07-000433','nJSAqdl8s9KLjba3iXtvlJwXhIAojgO7APOqeDXR','RONALD NANQUIL',NULL,'+63 9096747282','315','Standard Twin','2026-07-22','2026-07-29',7,2,'Filipino',849.00,5943.00,NULL,NULL,0.00,'checked_in','2026-07-22 17:15:00',NULL,'Walk-in',NULL,0.00,0,NULL,NULL,NULL,'2026-07-22 20:26:09','2026-07-27 20:27:30',NULL),
(461,NULL,363,35,'2026-07-000434','Un1nm6RA4gvzH9zQFxkchYQ6LlXO6PgsqznXNRai','ROY DARAL',NULL,'+63 9396140529','112','Superior Deluxe','2026-07-22','2026-07-23',1,2,'Filipino',849.00,849.00,NULL,NULL,0.00,'checked_out','2026-07-22 17:28:00','2026-07-23 11:40:00','Walk-in',NULL,0.00,0,NULL,NULL,NULL,'2026-07-22 20:29:15','2026-07-23 11:49:38',NULL),
(462,NULL,379,35,'2026-07-000435','1VXPwAvkOlOcbKqvD65njf2v9GWJlzLxZkqNKaH3','NENETH TIU',NULL,'+63 9107474550','308','Deluxe Double','2026-07-22','2026-07-24',2,1,'Filipino',899.00,1798.00,NULL,NULL,0.00,'checked_out','2026-07-22 18:13:00','2026-07-24 10:40:00','Walk-in',NULL,0.00,0,NULL,NULL,NULL,'2026-07-22 20:30:40','2026-07-24 11:09:35',NULL),
(463,NULL,149,35,'2026-07-000436','kcqPeSlK7GeeNPwiFasqf9a21eB3UKN4guWoCqaf','ALEX SOLAR',NULL,'+63 ','201','Deluxe Twin','2026-07-22','2026-07-23',1,1,'Filipino',899.00,899.00,NULL,NULL,0.00,'checked_out','2026-07-22 18:16:00','2026-07-23 06:41:00','Walk-in',NULL,0.00,0,NULL,NULL,NULL,'2026-07-22 20:33:20','2026-07-23 07:38:59',NULL),
(464,NULL,361,35,'2026-07-000437','3NJRRxqjdPZo6kohz9OXzOlWLHWvc5OEe0maUevr','SHEILA LABAJO',NULL,'+63 9609009110','307','Deluxe Double','2026-07-22','2026-07-23',1,2,'Filipino',899.00,899.00,NULL,NULL,0.00,'checked_out','2026-07-22 19:41:00','2026-07-23 10:49:00','Walk-in',NULL,0.00,0,NULL,NULL,NULL,'2026-07-22 20:34:46','2026-07-23 10:49:21',NULL),
(465,NULL,380,35,'2026-07-000438','TCQetEGRHxZ9tNZt1EvEfvgcFunnjDs3Edvx9e1i','Frederick Gomez',NULL,'+63 9','117','Junior Deluxe','2026-07-23','2026-07-24',1,1,'Filipino',699.00,699.00,NULL,NULL,0.00,'checked_out','2026-07-23 06:00:00','2026-07-26 10:00:00','Walk-in',NULL,0.00,0,NULL,NULL,NULL,'2026-07-23 12:11:12','2026-07-26 10:08:56',NULL),
(466,NULL,381,35,'2026-07-000439','HxlFalUVnGgX4A8Jw4tbYIaYnmI8jmYFSZXn8WMk','Edsmir Jibal',NULL,'+63 09363915800','110','Superior Deluxe','2026-07-23','2026-07-26',3,2,'Filipino',849.00,2547.00,NULL,NULL,0.00,'checked_out','2026-07-23 10:05:00','2026-07-25 15:58:00','Walk-in',NULL,0.00,0,NULL,NULL,NULL,'2026-07-23 12:14:59','2026-07-25 15:59:49',NULL),
(467,NULL,382,35,'2026-07-000440','Yl5zOGeOaJHHXv5rXIgVQr7zNTvoM8GKmuyugtAG','Philip Michael Mapa',NULL,'+63 09152946902','104','Junior Deluxe','2026-07-27','2026-07-29',2,1,'Filipino',699.00,1398.00,NULL,NULL,0.00,'checked_out','2026-07-27 14:11:00','2026-07-29 11:24:00','Walk-in',NULL,0.00,0,NULL,NULL,NULL,'2026-07-23 16:16:21','2026-07-29 11:24:10',NULL),
(468,NULL,383,35,'2026-07-000441','Rq0cN2RzK2AfpQ3pWrq1u4sMbu1jhIa0KMc2hchC','ULYSIS AVILES',NULL,'+63 9350665520','404','Standard Twin','2026-07-23','2026-07-24',1,2,'Filipino',849.00,849.00,NULL,NULL,0.00,'checked_out','2026-07-23 15:51:00','2026-07-24 06:53:00','Walk-in',NULL,0.00,0,NULL,NULL,NULL,'2026-07-23 19:59:13','2026-07-24 11:10:08',NULL),
(469,NULL,384,35,'2026-07-000442','KzeGSCJtu4PkIw37yXlsing94frd6djkxjsw0r9z','MARK LOUISE MENDOZA',NULL,'+63 9985582916','405','Deluxe Twin','2026-07-23','2026-07-24',1,2,'Filipino',899.00,899.00,NULL,NULL,0.00,'checked_out','2026-07-23 19:14:00','2026-07-23 19:12:00','Walk-in',NULL,0.00,0,NULL,NULL,NULL,'2026-07-23 20:09:16','2026-07-24 11:10:58',NULL),
(470,NULL,385,35,'2026-07-000443','SxxKb989RuqIJeSOTaz4PnPJ8sT5NpWMwWzsKQVW','LORETO MARIS',NULL,'+63 9289035102','403','Deluxe Twin','2026-07-23','2026-07-24',1,1,'Filipino',899.00,899.00,NULL,NULL,0.00,'checked_out','2026-07-23 17:17:00','2026-07-24 08:25:00','Walk-in',NULL,0.00,0,NULL,NULL,NULL,'2026-07-23 20:10:19','2026-07-24 11:11:17',NULL),
(471,NULL,149,23,'2026-07-000444','k2pQZktTjBt9QlUEgT0WMdInOWpniQVGXLrufvvY','ROBERT CONCILLADO',NULL,'+63 ','314','Standard Twin','2026-07-23','2026-07-26',3,2,'Filipino',674.25,2022.75,NULL,NULL,0.00,'checked_out','2026-07-23 20:03:00','2026-07-26 11:55:00','Agoda',NULL,0.00,0,NULL,NULL,NULL,'2026-07-23 20:13:45','2026-07-26 12:17:44',NULL),
(472,NULL,386,23,'2026-07-000445','NUNnaeiq5RZ3L3yb7i6wVMOKuMd6bIHnhcaQd0Ax','Axel Launay',NULL,'+63 9671884288','201','Deluxe Twin','2026-07-23','2026-07-24',1,1,'Filipino',749.25,749.25,NULL,NULL,0.00,'checked_out','2026-07-23 21:08:00','2026-07-24 12:00:00','Agoda',NULL,0.00,0,NULL,NULL,NULL,'2026-07-23 23:08:05','2026-07-24 17:19:24',NULL),
(473,NULL,387,35,'2026-07-000446','kzknIDKQ2LVT0pUZTqeShc937T19bq2dTCk1dwm6','Hassanor Omar',NULL,'+63 9352172567','413','Standard Double','2026-07-23','2026-07-24',1,2,'Filipino',849.00,849.00,NULL,NULL,0.00,'checked_out','2026-07-23 22:04:00','2026-07-24 12:09:00','Walk-in',NULL,0.00,0,NULL,NULL,NULL,'2026-07-23 23:09:15','2026-07-24 12:10:20',NULL),
(474,NULL,388,22,'2026-07-000447','QpFaiZ8JEoWqj1n9FFEfpCoiNzIGmr5y7B9iVMU1','Prince Mangondaya',NULL,'+63 9171244073','112','Superior Deluxe','2026-07-23','2026-07-24',1,1,'Filipino',719.20,719.20,NULL,NULL,0.00,'checked_out','2026-07-23 22:32:00','2026-07-24 10:21:00','Agoda',NULL,0.00,0,NULL,NULL,NULL,'2026-07-23 23:10:13','2026-07-24 11:11:38',NULL),
(475,NULL,389,35,'2026-07-000448','RTldMGcNX5DPaagc4ZBXFzqKGnzE18tGppgs1ePj','Ann Gabriele Colipano',NULL,'+63 9624378068','407','Deluxe Twin','2026-07-23','2026-07-24',1,3,'Filipino',899.00,899.00,NULL,NULL,0.00,'checked_out','2026-07-23 22:50:00','2026-07-24 11:46:00','Walk-in',NULL,0.00,0,NULL,NULL,NULL,'2026-07-23 23:11:16','2026-07-24 11:47:33',NULL),
(476,NULL,390,22,'2026-07-000449','vXZjVyXBF2BdCFxJGgPal0m9yOEC3R6YhSsEALCP','Frencess Mie Torralba',NULL,'+63 9998825736','414','Standard Double','2026-07-23','2026-07-25',2,2,'Filipino',719.20,1438.40,NULL,NULL,0.00,'checked_out','2026-07-23 23:02:00','2026-07-25 08:34:00','Agoda',NULL,0.00,0,NULL,NULL,NULL,'2026-07-23 23:12:38','2026-07-25 08:48:26',NULL),
(477,NULL,391,35,'2026-07-000450','TWK736sAkOEI4zgT2JkGkRvnEb21QRUCTAqYDGga','Charlotte / Micole Isaga / Litang',NULL,'+63 9167751846','302','Family Room 2','2026-07-23','2026-07-24',1,6,'Filipino',1649.00,1649.00,NULL,NULL,0.00,'checked_out','2026-07-23 00:18:00','2026-07-24 09:50:00','Walk-in',NULL,0.00,0,NULL,NULL,NULL,'2026-07-24 00:28:18','2026-07-24 11:12:13',NULL),
(478,NULL,392,23,'2026-07-000451','F8WkVgYC4aSJIjMbEEzHSnzEgiXRZK1xcjcVykHG','Rose Ann Rojas',NULL,'+63 9274116618','408','Standard Double','2026-07-23','2026-07-25',2,2,'Filipino',674.25,1348.50,NULL,NULL,0.00,'checked_out','2026-07-23 03:19:00','2026-07-25 05:19:00','Agoda','Extend for July 24-25 is paid by cash ₱849.00',0.00,0,NULL,NULL,NULL,'2026-07-24 03:24:28','2026-07-25 05:20:36',NULL),
(479,NULL,393,35,'2026-07-000452','et4G8Vt0c6ZSh0IEKuGbaFrLMH7bQuznPqCbwWk3','Nicole Andrei Ching',NULL,'+63 09753313620','307','Deluxe Double','2026-07-24','2026-07-25',1,2,'Filipino',899.00,899.00,NULL,NULL,0.00,'checked_out','2026-07-24 09:27:00','2026-07-24 13:42:00','Walk-in',NULL,0.00,0,NULL,NULL,NULL,'2026-07-24 11:38:09','2026-07-24 13:43:54',NULL),
(480,NULL,379,35,'2026-07-000453','0txNaDpdM199jzOAVMb9UBJnOmuwity7LWH6u1qS','NENETH TIU',NULL,'+63 9107474550','303','Deluxe Twin','2026-07-24','2026-07-25',1,1,'Filipino',899.00,899.00,NULL,NULL,0.00,'checked_out','2026-07-24 11:52:00','2026-07-25 06:25:00','Walk-in',NULL,0.00,0,NULL,NULL,NULL,'2026-07-24 11:55:02','2026-07-25 07:23:31',NULL),
(481,NULL,394,35,'2026-07-000454','NBUJsqG3DZSe9Q5hw7She7B8wLu9Et1yfhrgM1jA','Mae Clavecilla',NULL,'+63 9','305','Ordinary Twin','2026-07-24','2026-07-25',1,1,'Filipino',549.00,549.00,NULL,NULL,0.00,'checked_out','2026-07-24 12:48:00','2026-07-25 09:41:00','Walk-in',NULL,0.00,0,NULL,NULL,NULL,'2026-07-24 12:58:54','2026-07-25 09:42:26',NULL),
(482,NULL,386,35,'2026-07-000455','Tiy0znSuqia0vRaACyiYYOuDuHEhxZtTefoeaRf0','Axel Launay Launay',NULL,'+63 9671884288','308','Deluxe Double','2026-07-24','2026-07-25',1,2,'Filipino',899.00,899.00,NULL,NULL,0.00,'checked_out','2026-07-24 14:00:00','2026-07-25 11:49:00','Walk-in',NULL,0.00,0,NULL,NULL,NULL,'2026-07-24 17:20:15','2026-07-25 12:04:47',NULL),
(483,NULL,395,35,'2026-07-000456','edpZzmyIqNmMhce7LawIVxyPnDad1MIBh0nmi7N2','AMERHUSSIEN ORANDING',NULL,'+63 9551254359','403','Deluxe Twin','2026-07-24','2026-07-25',1,2,'Filipino',899.00,899.00,NULL,NULL,0.00,'checked_out','2026-07-24 13:49:00','2026-07-25 12:00:00','Walk-in',NULL,0.00,0,NULL,NULL,NULL,'2026-07-24 20:34:39','2026-07-25 19:36:39',NULL),
(484,NULL,396,35,'2026-07-000457','1WRPMQYgRNLjl91iKGdusCsC04cXVqmfrDf5xtHB','VICTOR n/a',NULL,'+63 9044586994','204','Economy Twin','2026-07-24','2026-07-26',2,3,'Filipino',699.00,1398.00,NULL,NULL,0.00,'checked_out','2026-07-24 14:02:00','2026-07-26 07:40:00','Walk-in',NULL,0.00,0,NULL,NULL,NULL,'2026-07-24 20:35:36','2026-07-26 08:55:00',NULL),
(485,NULL,149,35,'2026-07-000458','0oH73yJQ3pEaIvj5BCYAzB1PqSe9mPHJDYL8EpGo','ALLAN YAP',NULL,'+63 ','201','Deluxe Twin','2026-07-24','2026-07-28',4,2,'Filipino',899.00,3596.00,NULL,NULL,0.00,'checked_out','2026-07-24 15:29:00','2026-07-28 12:00:00','Walk-in',NULL,0.00,0,NULL,NULL,NULL,'2026-07-24 20:37:26','2026-07-28 14:02:55',NULL),
(486,NULL,397,35,'2026-07-000459','DzWOAveDx4pMIVfEFROYPxKZ0kQSKlFb0aAyilte','NANETTE SORIANO',NULL,'+63 9512472530','311','Standard Twin','2026-07-24','2026-07-25',1,2,'Filipino',849.00,849.00,NULL,NULL,0.00,'checked_out','2026-07-24 18:09:00','2026-07-25 08:19:00','Walk-in',NULL,0.00,0,NULL,NULL,NULL,'2026-07-24 20:38:40','2026-07-25 08:46:45',NULL),
(487,NULL,398,22,'2026-07-000460','woR2iNB6pBQ8SFpAVugjXVCEhGC6GBeYFJke8YaI','KARL FORTUNA',NULL,'+63 9623033027','104','Junior Deluxe','2026-07-24','2026-07-25',1,1,'Filipino',599.20,599.20,NULL,NULL,0.00,'checked_out','2026-07-24 19:06:00','2026-07-25 08:56:00','Walk-in',NULL,0.00,0,NULL,NULL,NULL,'2026-07-24 20:39:49','2026-07-25 08:58:04',NULL),
(488,NULL,363,35,'2026-07-000461','e2M8xC6mAjLSOMIdDLrPP0GJ2t5Y8dQl6plcCD1Z','ROY DARAL',NULL,'+63 9396140529','410','Standard Twin','2026-07-24','2026-07-25',1,1,'Filipino',849.00,849.00,NULL,NULL,0.00,'checked_out','2026-07-24 19:33:00','2026-07-25 11:20:00','Walk-in',NULL,0.00,0,NULL,NULL,NULL,'2026-07-24 20:42:31','2026-07-25 12:05:32',NULL),
(489,NULL,399,35,'2026-07-000462','MSFV0HICwmTdrCEkXD1xZUSNVWnMhahPIHRWP0o0','JOSEPH LEGAYADA',NULL,'+63 9556188079','206','Standard Twin','2026-07-24','2026-07-25',1,2,'Filipino',849.00,849.00,NULL,NULL,0.00,'checked_out','2026-07-24 19:36:00','2026-07-25 15:02:00','Walk-in',NULL,0.00,0,NULL,NULL,NULL,'2026-07-24 20:43:53','2026-07-25 15:03:00',NULL),
(490,NULL,400,35,'2026-07-000463','kEHgRGobPJuvEeoovsKgD1Sxams1GaWsDz812WjG','LYNETTE GENIDA',NULL,'+63 9668110435','209','Economy Twin','2026-07-24','2026-07-25',1,2,'Filipino',699.00,699.00,NULL,NULL,0.00,'checked_out','2026-07-24 19:43:00','2026-07-25 12:00:00','Walk-in',NULL,0.00,0,NULL,NULL,NULL,'2026-07-24 20:44:48','2026-07-25 12:06:06',NULL),
(491,NULL,401,22,'2026-07-000464','5rtVD9Nj3bacH2MMAqnZvcIY07taBMhDI9IOm197','Elma Andilab',NULL,'+63 9542365830','207','Economy Twin','2026-07-24','2026-07-25',1,5,'Filipino',599.20,599.20,NULL,NULL,0.00,'checked_out','2026-07-24 20:53:00','2026-07-25 10:46:00','Agoda',NULL,0.00,0,NULL,NULL,NULL,'2026-07-25 02:45:19','2026-07-25 11:06:06',NULL),
(492,NULL,402,22,'2026-07-000465','6akfwiTCklCVtWqRKBSTjFk1k1aBqkJ0GgNglMKL','Evgenii Lavrov',NULL,'+63 9060490403','318','Economy Double','2026-07-24','2026-07-26',2,1,'Filipino',599.20,1198.40,NULL,NULL,0.00,'checked_out','2026-07-24 09:20:00','2026-07-26 12:04:00','Agoda',NULL,0.00,0,NULL,NULL,NULL,'2026-07-25 02:47:57','2026-07-26 12:10:57',NULL),
(493,NULL,403,22,'2026-07-000466','7p2CWcBubwXe0Nf6gt5XEeMQzCuPy6BpKy0a1Ga6','Jhonver Cambarihan',NULL,'+63 9392525328','405','Deluxe Twin','2026-07-24','2026-07-26',2,2,'Filipino',799.20,1598.40,NULL,NULL,0.00,'checked_out','2026-07-24 11:26:00','2026-07-26 05:47:00','Agoda',NULL,0.00,0,NULL,NULL,NULL,'2026-07-25 02:49:21','2026-07-26 05:47:49',NULL),
(494,NULL,404,22,'2026-07-000467','TugugBBUsc6mjlwqoeGIPhRgZCvCPryJST8EllBl','BERLET MONDOY',NULL,'+63 9757697512','413','Standard Double','2026-07-25','2026-07-26',1,2,'Filipino',719.20,719.20,NULL,NULL,0.00,'checked_out','2026-07-25 08:44:00','2026-07-26 12:01:00','Walk-in','EARLY CHECK-IN :  ₱200',0.00,0,NULL,NULL,NULL,'2026-07-25 08:50:30','2026-07-26 12:18:06',NULL),
(495,NULL,405,35,'2026-07-000468','MgxD6WdJS77HSNy2Njc4nZQLa7EiyWZ6dpfQxaK5','Joyce Abian',NULL,'+63 9754820400','107','Barkadahan','2026-07-25','2026-07-26',1,4,'Filipino',1449.00,1449.00,NULL,NULL,0.00,'checked_out','2026-07-25 13:40:00','2026-07-26 08:06:00','Walk-in',NULL,0.00,0,NULL,NULL,NULL,'2026-07-25 20:02:07','2026-07-26 08:55:32',NULL),
(496,NULL,406,22,'2026-07-000469','qTqnrsFOOQoght9m0NCU9tcXR3MhQe659HaT6FBN','Scott Henry Arinos',NULL,'+63 9662881702','110','Superior Deluxe','2026-07-25','2026-07-28',3,2,'Filipino',719.20,2157.60,NULL,NULL,0.00,'checked_out','2026-07-25 15:13:00','2026-07-28 12:57:00','Agoda',NULL,0.00,0,NULL,NULL,NULL,'2026-07-25 20:04:13','2026-07-28 13:04:42',NULL),
(497,NULL,407,22,'2026-07-000470','awOq9OjhrZdjMDLgIQSBcmZptLZqiKDNma2Vex7X','Julius Orong',NULL,'+63 9355960475','307','Deluxe Double','2026-07-25','2026-07-28',3,2,'Filipino',799.20,2397.60,NULL,NULL,0.00,'checked_out','2026-07-25 17:43:00','2026-07-28 09:34:00','Agoda',NULL,0.00,0,NULL,NULL,NULL,'2026-07-25 20:05:33','2026-07-28 09:34:36',NULL),
(498,NULL,408,22,'2026-07-000471','KYUIS5otA4iD5bEmoyQoVu2IjQQYomw8Urc1DADr','Rowel Llaca',NULL,'+63 9461698565','102','Junior Deluxe','2026-07-25','2026-07-26',1,1,'Filipino',599.20,599.20,NULL,NULL,0.00,'checked_out','2026-07-25 18:42:00','2026-07-26 10:50:00','Agoda','Property Collect',0.00,0,NULL,NULL,NULL,'2026-07-25 20:06:58','2026-07-26 16:53:14',NULL),
(499,NULL,276,35,'2026-07-000472','N39uAgfFK0lzZ3dLyGiHAiN0JTPe2TCKj0vRNhPQ','Allan Yap',NULL,'+63 9171031255','203','Family Room','2026-07-25','2026-07-28',3,4,'Filipino',1649.00,4947.00,NULL,NULL,0.00,'checked_out','2026-07-25 13:00:00','2026-07-28 09:00:00','Walk-in',NULL,0.00,0,NULL,NULL,NULL,'2026-07-25 20:09:08','2026-07-28 09:03:18',NULL),
(500,NULL,409,NULL,'2026-07-000473','mwtxB7FlTGiXlD9ACswyQj9wC3YGw96Z2ED9tFXV','JOJI BLISS TIBURCIO',NULL,'+63 9487772293','407','Deluxe Twin','2026-07-25','2026-07-26',1,2,'Filipino',749.00,749.00,NULL,NULL,0.00,'checked_out','2026-07-25 20:55:00','2026-07-26 08:12:00','Agoda',NULL,0.00,0,NULL,NULL,NULL,'2026-07-25 22:32:35','2026-07-26 08:56:04',NULL),
(501,NULL,387,35,'2026-07-000474','G33OavnTV7QQtjGDPrCzWw84gcC73mKhZSKJT1Gf','Hassanor Omar',NULL,'+63 9352172567','414','Standard Double','2026-07-25','2026-07-26',1,1,'Filipino',849.00,849.00,NULL,NULL,0.00,'checked_out','2026-07-25 21:03:00','2026-07-26 11:12:00','Walk-in',NULL,0.00,0,NULL,NULL,NULL,'2026-07-25 22:37:32','2026-07-26 12:21:05',NULL),
(502,NULL,410,35,'2026-07-000475','ok46iRzbVfjBjHLcRXbCGxGoOv8rrIkXJUl82LGE','CARPIL ESTOPIA',NULL,'+63 9103002232','311','Standard Twin','2026-07-25','2026-07-26',1,2,'Filipino',849.00,849.00,NULL,NULL,0.00,'checked_out','2026-07-25 23:58:00','2026-07-26 11:59:00','Walk-in',NULL,0.00,0,NULL,NULL,NULL,'2026-07-26 05:35:14','2026-07-27 11:31:00',NULL),
(503,NULL,411,35,'2026-07-000476','aYQXjsTuIbQll2sCYuOtBdZioia0Os9pFi1HJlSx','ILTYD SERBOL',NULL,'+63 9453419028','404','Standard Twin','2026-07-26','2026-07-30',4,2,'Filipino',849.00,3396.00,NULL,NULL,0.00,'checked_in','2026-07-26 07:40:00',NULL,'Walk-in','EARLY CHECK-IN :  ₱300',0.00,0,NULL,NULL,NULL,'2026-07-26 09:01:12','2026-07-29 11:40:57',NULL),
(504,NULL,142,22,'2026-07-000477','l8Ut3CSfQ7G3RB0anRiX0UkmO5q4ziwO38pF7PHV','CHARLENE TACANG',NULL,'+63 9562057981','103','Junior Deluxe','2026-07-26','2026-07-29',3,1,'Filipino',599.20,1797.60,NULL,NULL,0.00,'checked_out','2026-07-26 09:00:00','2026-07-29 11:46:00','Walk-in','EARLY CHECK-IN :  ₱150',0.00,0,NULL,NULL,NULL,'2026-07-26 09:04:26','2026-07-29 11:46:25',NULL),
(505,NULL,402,35,'2026-07-000478','hjS68inuhjiAVunPkA6hIYPF6lknAXbRSCTnMO0o','Evgenii Lavrov',NULL,'+63 9060490403','318','Economy Double','2026-07-26','2026-07-27',1,2,'Filipino',699.00,699.00,NULL,NULL,0.00,'checked_out','2026-07-26 12:41:00','2026-07-27 05:40:00','Walk-in',NULL,0.00,0,NULL,NULL,NULL,'2026-07-26 12:14:08','2026-07-27 05:40:22',NULL),
(506,NULL,412,23,'2026-07-000479','Ke9AyiIWmTscdcV44Pj9J1hPxRZsGPa2oDYh8XAV','ROLAND REMENTIZO',NULL,'+63 9677708431','410','Standard Twin','2026-07-26','2026-07-27',1,2,'Filipino',674.25,674.25,NULL,NULL,0.00,'checked_out','2026-07-26 13:49:00','2026-07-27 10:22:00','Agoda',NULL,0.00,0,NULL,NULL,NULL,'2026-07-26 20:04:07','2026-07-27 10:22:00',NULL),
(507,NULL,413,35,'2026-07-000480','OPlN1D4zeqndb5hRfhWbw3UQx0nB90THfnXOVQ9O','EXOPERIA IGAR',NULL,'+63 9171083185','308','Deluxe Double','2026-07-26','2026-07-27',1,2,'Filipino',899.00,899.00,NULL,NULL,0.00,'checked_out','2026-07-26 14:40:00','2026-07-27 05:40:00','Walk-in',NULL,0.00,0,NULL,NULL,NULL,'2026-07-26 20:06:42','2026-07-27 05:40:47',NULL),
(508,NULL,414,35,'2026-07-000481','JFoQCwqrj62Fx1dqJBZHDyGtJ2l5FJNA6fv2zhIX','GARY MERCADO',NULL,'+63 9281741212','112','Superior Deluxe','2026-07-26','2026-07-29',3,2,'Filipino',849.00,2547.00,NULL,NULL,0.00,'checked_out','2026-07-26 14:50:00','2026-07-29 11:04:00','Agoda',NULL,0.00,0,NULL,NULL,NULL,'2026-07-26 20:08:26','2026-07-29 11:12:30',NULL),
(509,NULL,415,NULL,'2026-07-000482','4arowqGF61ZOetxEOh6LDWnYvZoJz7BsjDUA0QAc','JORDAN LORENTE',NULL,'+63 9304844223','205','Economy Double','2026-07-26','2026-07-27',1,2,'Filipino',749.00,749.00,NULL,NULL,0.00,'checked_out','2026-07-26 15:32:00','2026-07-27 08:16:00','Agoda',NULL,0.00,0,NULL,NULL,NULL,'2026-07-26 20:10:00','2026-07-27 09:33:44',NULL),
(510,NULL,416,35,'2026-07-000483','ePI2GxaXVl32I9yHHpe5COA1FpBVCtnBfdwSxdca','RICA CALEJESAN',NULL,'+63 9856152819','107','Barkadahan','2026-07-26','2026-07-28',2,4,'Filipino',1449.00,2898.00,NULL,NULL,0.00,'checked_out','2026-07-26 17:03:00','2026-07-28 14:21:00','Walk-in',NULL,0.00,0,NULL,NULL,NULL,'2026-07-26 20:11:19','2026-07-28 19:33:38',NULL),
(511,NULL,417,32,'2026-07-000484','jJLJyPoQiE1eGmQ0Z5DxaxiUqmSrzK4gEh0K40Fj','JAYSON CAHILES',NULL,'+63 9171125992','104','Junior Deluxe','2026-07-26','2026-07-27',1,1,'Filipino',674.10,674.10,NULL,NULL,0.00,'checked_out','2026-07-26 17:16:00','2026-07-27 07:09:00','Booking.com',NULL,0.00,0,NULL,NULL,NULL,'2026-07-26 20:25:52','2026-07-27 07:09:28',NULL),
(512,NULL,418,35,'2026-07-000485','c7mTGQdnHS9DD5N4uTtiqXLwxfwO0X4m692e3D92','HENRY TE',NULL,'+63 9177102713','310','Barkadahan','2026-07-26','2026-07-27',1,4,'Filipino',1449.00,1449.00,NULL,NULL,0.00,'checked_out','2026-07-26 18:13:00','2026-07-27 05:40:00','Walk-in',NULL,0.00,0,NULL,NULL,NULL,'2026-07-26 20:26:58','2026-07-27 05:40:35',NULL),
(513,NULL,419,22,'2026-07-000486','HghmXypurm2ZcyP4ObuSG0nmusBh3ZxrwSv9VnGR','SHAIRA ABDUL',NULL,'+63 9158177288','414','Standard Double','2026-07-26','2026-07-27',1,2,'Filipino',719.20,719.20,NULL,NULL,0.00,'checked_out','2026-07-26 19:11:00','2026-07-27 11:24:00','Agoda',NULL,0.00,0,NULL,NULL,NULL,'2026-07-26 20:29:18','2026-07-27 11:24:52',NULL),
(514,NULL,420,22,'2026-07-000487','MPzonOFl4A43aSuOMQ1TOfoDl1kmlqZJNI26nTs5','LORAINE LEOPOLDO',NULL,'+63 9754910565','302','Family Room 2','2026-07-26','2026-07-27',1,4,'Filipino',1399.20,1399.20,NULL,NULL,0.00,'checked_out','2026-07-26 20:16:00','2026-07-27 11:09:00','Agoda',NULL,0.00,0,NULL,NULL,NULL,'2026-07-26 20:30:33','2026-07-27 11:10:00',NULL),
(515,NULL,421,23,'2026-07-000488','J1saXwlPwHh4ZB4fJ19EjZpchcEULSt2VVZRGZb9','RAFAEL ACTUB',NULL,'+63 9773701474','303','Deluxe Twin','2026-07-26','2026-07-27',1,2,'Filipino',749.25,749.25,NULL,NULL,0.00,'checked_out','2026-07-26 20:56:00','2026-07-27 06:29:00','Agoda',NULL,0.00,0,NULL,NULL,NULL,'2026-07-26 23:13:37','2026-07-27 06:30:24',NULL),
(516,NULL,422,23,'2026-07-000489','4jubBcnkbv895TVtpibcMni02DWlYkHL6Atc1v6f','BENJIE PEPITO',NULL,'+63 9068288173','406','Deluxe Trio','2026-07-26','2026-07-27',1,3,'Filipino',1011.75,1011.75,NULL,NULL,0.00,'checked_out','2026-07-26 23:15:00','2026-07-27 08:06:00','Agoda',NULL,0.00,0,NULL,NULL,NULL,'2026-07-26 23:14:58','2026-07-27 08:09:12',NULL),
(517,NULL,420,22,'2026-07-000490','DKGzj9zHVE07pe8Olraf3u6s5OadyWqhQIaxxa8O','LORAINE LEOPOLDO',NULL,'+63 9754910565','303','Deluxe Twin','2026-07-27','2026-07-28',1,3,'Filipino',599.20,599.20,NULL,NULL,0.00,'checked_out','2026-07-27 11:13:00','2026-07-28 09:18:00','Agoda',NULL,0.00,0,NULL,NULL,NULL,'2026-07-27 11:10:52','2026-07-28 09:18:26',NULL),
(518,NULL,171,35,'2026-07-000491','2ZhlqY5PbzZUflMtrE8ojtV8ErhV4tBPxp7dzpaF','Geovani Campano',NULL,'+63 9171161697','102','Junior Deluxe','2026-07-27','2026-07-28',1,1,'Filipino',699.00,699.00,NULL,NULL,0.00,'checked_in','2026-07-27 07:40:00',NULL,'Walk-in',NULL,0.00,0,NULL,NULL,NULL,'2026-07-27 11:23:14','2026-07-27 14:32:45',NULL),
(519,NULL,100,22,'2026-07-000492','ujVphhOgwi2pnLEbajhLfrdsKYoPL7kr8PjnK8be','Herbert Ramises',NULL,'+63 9695853706','114','Superior Deluxe','2026-07-27','2026-07-30',3,2,'Filipino',719.20,2157.60,NULL,NULL,0.00,'checked_in','2026-07-27 06:00:00',NULL,'Agoda','Property Collect',0.00,0,NULL,NULL,NULL,'2026-07-27 11:33:54','2026-07-27 12:22:46',NULL),
(520,NULL,424,22,'2026-07-000493','T9zjnNGxYxjp89tLGhjuH3bUMQXpDrsQGjX6pyRI','Aia Kay Salinding',NULL,'+63 9530379446','408','Standard Double','2026-07-27','2026-07-28',1,3,'Filipino',719.20,719.20,NULL,NULL,0.00,'checked_out','2026-07-27 12:07:00','2026-07-28 07:41:00','Agoda',NULL,0.00,0,NULL,NULL,NULL,'2026-07-27 12:10:44','2026-07-28 08:38:58',NULL),
(521,NULL,425,23,'2026-07-000494','NxiXu26KSNGhYp7e40vlpXbxCBClo9KAP0geWexm','JEY AR ELCANO',NULL,'+63 9469904092','403','Deluxe Twin','2026-07-27','2026-07-28',1,2,'Filipino',749.25,749.25,NULL,NULL,0.00,'checked_out','2026-07-27 13:58:00','2026-07-28 11:37:00','Agoda',NULL,0.00,0,NULL,NULL,NULL,'2026-07-27 19:39:53','2026-07-28 11:37:35',NULL),
(522,NULL,426,32,'2026-07-000495','CsWZeqDcKvKPPwoh23cEtfmiMb9LdPzPxY69Es4I','VINCENT MAGALLANES',NULL,'+63 92880709550','117','Junior Deluxe','2026-07-27','2026-07-29',2,1,'Filipino',674.10,1348.20,NULL,NULL,0.00,'checked_out','2026-07-27 14:40:00','2026-07-29 11:43:00','Booking.com',NULL,0.00,0,NULL,NULL,NULL,'2026-07-27 19:41:42','2026-07-29 11:43:17',NULL),
(523,NULL,427,35,'2026-07-000496','Z4C1tNm7ewFtmDhiiilGoqJypfvNtDAsivUtXlY2','JOELIX NILLAMA',NULL,'+63 93105242697','202','Economy Twin','2026-07-27','2026-07-29',2,1,'Filipino',699.00,1398.00,NULL,NULL,0.00,'checked_out','2026-07-27 14:50:00','2026-07-29 11:02:00','Walk-in',NULL,0.00,0,NULL,NULL,NULL,'2026-07-27 19:42:50','2026-07-29 11:12:53',NULL),
(524,NULL,428,35,'2026-07-000497','FTYnCpvCwalRENTxwKa1xNebODP3NBFmro1RWmbi','JERICHO MALIBAGO',NULL,'+63 9677104830','311','Standard Twin','2026-07-27','2026-07-28',1,2,'Filipino',849.00,849.00,NULL,NULL,0.00,'checked_out','2026-07-27 14:56:00','2026-07-28 08:25:00','Walk-in',NULL,0.00,0,NULL,NULL,NULL,'2026-07-27 19:44:11','2026-07-28 08:25:20',NULL),
(525,NULL,429,31,'2026-07-000498','ag46nAYbuZvtntIAOqmmoLZFT1QhpaUD3VodEY5o','JOHN PAUL CORNELIO',NULL,'+63 9098115404','414','Standard Double','2026-07-27','2026-08-01',5,1,'Filipino',807.00,4035.00,NULL,NULL,0.00,'checked_in','2026-07-27 16:36:00',NULL,'Walk-in',NULL,0.00,0,NULL,NULL,NULL,'2026-07-27 20:01:59','2026-07-27 20:02:34',NULL),
(526,NULL,430,35,'2026-07-000499','gsyEj0eTvZF2Gao7xcIhI2eFB3v5FGlmQvkI5eap','HARLOW DAGOOC',NULL,'+63 9526536155','410','Standard Twin','2026-07-27','2026-07-28',1,1,'Filipino',849.00,849.00,NULL,NULL,0.00,'checked_out','2026-07-27 17:44:00','2026-07-28 12:16:00','Walk-in',NULL,0.00,0,NULL,NULL,NULL,'2026-07-27 20:04:15','2026-07-28 12:16:54',NULL),
(527,NULL,431,35,'2026-07-000500','km6kfQCSuLtBBToCP2KfOyZV9ris8lncSG9WWvWR','JAYSON CAHILES',NULL,'+63 9121125992','405','Deluxe Twin','2026-07-27','2026-07-28',1,2,'Filipino',899.00,899.00,NULL,NULL,0.00,'checked_out','2026-07-27 18:19:00','2026-07-28 08:01:00','Walk-in',NULL,0.00,0,NULL,NULL,NULL,'2026-07-27 20:05:57','2026-07-28 08:17:11',NULL),
(528,NULL,432,23,'2026-07-000501','0IV9wNPijTBH6KBpUY63QDiXGin2zWaiPM3CCnwG','MARJORIE CONSON',NULL,'+63 9354357341','401','Deluxe Trio','2026-07-27','2026-07-28',1,3,'Filipino',1011.75,1011.75,NULL,NULL,0.00,'checked_out','2026-07-27 18:52:00','2026-07-28 11:52:00','Agoda',NULL,0.00,0,NULL,NULL,NULL,'2026-07-27 20:07:37','2026-07-28 11:52:26',NULL),
(529,NULL,433,35,'2026-07-000502','4gXFunkb3qwZEKgk4o2DrdjvsuzrP8PNK3OnJtyl','Cecilbern Bernabe',NULL,'+63 09634994496','309','Ordinary Twin','2026-07-27','2026-07-28',1,1,'Filipino',549.00,549.00,NULL,NULL,0.00,'checked_out','2026-07-27 23:37:00','2026-07-28 08:00:00','Walk-in',NULL,0.00,0,NULL,NULL,NULL,'2026-07-28 04:52:26','2026-07-28 08:17:34',NULL),
(530,NULL,434,35,'2026-07-000503','ckwzG304ZbRaykAIpbMZsqrK264QVbTWIItjoxV3','Francey Aisah Angcoo',NULL,'+63 09159202955','206','Standard Twin','2026-07-27','2026-07-28',1,1,'Filipino',849.00,849.00,NULL,NULL,0.00,'checked_out','2026-07-27 00:52:00','2026-07-28 08:11:00','Walk-in',NULL,0.00,0,NULL,NULL,NULL,'2026-07-28 04:55:14','2026-07-28 08:39:50',NULL),
(531,NULL,435,35,'2026-07-000504','BOna041Hy6UdWIXuAt12NM9fP9QJXfeZhfyxRaQ3','Elizabeth Marcella',NULL,'+63 9171475196','110','Superior Deluxe','2026-07-28','2026-07-31',3,1,'Filipino',849.00,2547.00,NULL,NULL,0.00,'checked_in','2026-07-28 08:51:00',NULL,'Walk-in',NULL,0.00,0,NULL,NULL,NULL,'2026-07-28 09:21:00','2026-07-28 13:07:03',NULL),
(532,NULL,230,35,'2026-07-000505','7IpIa31QzRTbokcgRImvxbWGAnIN9I2GMMBaPAYl','Edgar Paz',NULL,'+63 9184512465','411','Standard Double','2026-07-28','2026-07-29',1,2,'Filipino',849.00,849.00,NULL,NULL,0.00,'checked_out','2026-07-28 11:05:00','2026-07-28 14:50:00','Walk-in',NULL,0.00,0,NULL,NULL,NULL,'2026-07-28 11:09:14','2026-07-29 04:37:01',NULL),
(533,NULL,436,22,'2026-07-000506','CTsthC0eG5CF3zLAcyAquglpZtxX4SCtFtRljXQB','Judith Duran',NULL,'+63 9562412763','408','Standard Double','2026-07-28','2026-07-29',1,1,'Filipino',719.20,719.20,NULL,NULL,0.00,'checked_out','2026-07-28 13:01:00','2026-07-29 05:49:00','Agoda',NULL,0.00,0,NULL,NULL,NULL,'2026-07-28 13:06:04','2026-07-29 05:50:03',NULL),
(534,NULL,437,35,'2026-07-000507','wx3RTq6rQ2sVd2Diqswdo6Pv5yyOkhYWqEe4yu7H','RENNBRAN JUVENTUD',NULL,'+63 9559046633','205','Economy Double','2026-07-28','2026-07-30',2,1,'Filipino',699.00,1398.00,NULL,NULL,0.00,'checked_in','2026-07-28 13:53:00',NULL,'Walk-in',NULL,0.00,0,NULL,NULL,NULL,'2026-07-28 19:47:03','2026-07-29 11:26:18',NULL),
(535,NULL,438,23,'2026-07-000508','qrpaRCiX9Qu4SssfBrubeIRUA945WZx27cJAe97U','EDWIN OLAER',NULL,'+63 9760336921','407','Deluxe Twin','2026-07-28','2026-08-01',4,2,'Filipino',749.25,2997.00,NULL,NULL,0.00,'checked_in','2026-07-28 14:17:00',NULL,'Agoda',NULL,0.00,0,NULL,NULL,NULL,'2026-07-28 19:49:49','2026-07-28 19:50:23',NULL),
(536,NULL,439,35,'2026-07-000509','5I4T15U9ZMTNahMJNN4w43GWSIbmHFH80qi4idnJ','CECILBERN BERNABE',NULL,'+63 9634994496','311','Standard Twin','2026-07-28','2026-07-29',1,2,'Filipino',849.00,849.00,NULL,NULL,0.00,'checked_out','2026-07-28 14:37:00','2026-07-29 05:43:00','Walk-in',NULL,0.00,0,NULL,NULL,NULL,'2026-07-28 19:53:05','2026-07-29 05:47:57',NULL),
(537,NULL,440,22,'2026-07-000510',NULL,'ZAMANTHA ELIZABETH TIMOG',NULL,'+63 9977864213','401','Deluxe Trio','2026-07-28','2026-07-29',1,3,'Filipino',1079.20,1079.20,NULL,NULL,0.00,'checked_in','2026-07-28 15:54:00',NULL,'Walk-in',NULL,0.00,0,NULL,NULL,NULL,'2026-07-28 20:21:46','2026-07-28 20:22:09',NULL),
(538,NULL,441,35,'2026-07-000511',NULL,'JUNDY FORTEZA',NULL,'+63 9129247378','206','Standard Twin','2026-07-28','2026-07-29',1,1,'Filipino',849.00,849.00,NULL,NULL,0.00,'checked_out','2026-07-28 17:11:00','2026-07-29 08:57:00','Walk-in',NULL,0.00,0,NULL,NULL,NULL,'2026-07-28 20:26:23','2026-07-29 08:58:08',NULL),
(539,NULL,442,23,'2026-07-000512',NULL,'CJ AWA',NULL,'+63 9197518176','210','Economy Twin','2026-07-28','2026-07-29',1,2,'Filipino',561.75,561.75,NULL,NULL,0.00,'checked_out','2026-07-28 17:18:00','2026-07-29 11:09:00','Walk-in',NULL,0.00,0,NULL,NULL,NULL,'2026-07-28 20:31:46','2026-07-29 11:09:37',NULL),
(540,NULL,443,35,'2026-07-000513',NULL,'APRIL ROSE ONG',NULL,'+63 9060375982','303','Deluxe Twin','2026-07-28','2026-07-29',1,2,'Filipino',899.00,899.00,NULL,NULL,0.00,'checked_in','2026-07-28 18:49:00',NULL,'Walk-in',NULL,0.00,0,NULL,NULL,NULL,'2026-07-28 20:33:50','2026-07-28 20:34:06',NULL),
(541,NULL,444,35,'2026-07-000514',NULL,'CYRUS BAGON',NULL,'+63 9494935826','203','Family Room','2026-07-28','2026-07-29',1,2,'Filipino',1649.00,1649.00,NULL,NULL,0.00,'checked_out','2026-07-28 19:20:00','2026-07-29 10:04:00','Walk-in',NULL,0.00,0,NULL,NULL,NULL,'2026-07-28 20:36:43','2026-07-29 10:04:30',NULL),
(542,NULL,149,35,'2026-07-000515',NULL,'Allan Yap',NULL,'+63 ','318','Economy Double','2026-07-28','2026-07-30',2,1,'Filipino',699.00,1398.00,NULL,NULL,0.00,'checked_in','2026-07-28 14:00:00',NULL,'Walk-in',NULL,0.00,0,NULL,NULL,NULL,'2026-07-28 20:41:40','2026-07-29 11:10:31',NULL),
(543,NULL,445,23,'2026-07-000516',NULL,'Charles Ford Paraon',NULL,'+63 09150975051','310','Barkadahan','2026-07-28','2026-07-29',1,1,'Filipino',1086.75,1086.75,NULL,NULL,0.00,'confirmed',NULL,NULL,'Agoda',NULL,0.00,0,NULL,NULL,NULL,'2026-07-29 03:31:40','2026-07-29 03:50:45','2026-07-29 03:50:45'),
(544,NULL,446,35,'2026-07-000517',NULL,'Kurt Kristian Pacanza',NULL,'+63 09267553849','201','Deluxe Twin','2026-07-28','2026-07-29',1,1,'Filipino',899.00,899.00,NULL,NULL,0.00,'checked_out','2026-07-28 21:52:00','2026-07-29 05:37:00','Walk-in',NULL,0.00,0,NULL,NULL,NULL,'2026-07-29 03:38:40','2026-07-29 05:47:39',NULL),
(545,NULL,447,35,'2026-07-000518',NULL,'Cosme Carlo Lacang',NULL,'+63 09165117440','204','Economy Twin','2026-07-28','2026-07-29',1,1,'Filipino',699.00,699.00,NULL,NULL,0.00,'checked_out','2026-07-28 23:20:00','2026-07-29 05:42:00','Walk-in',NULL,0.00,0,NULL,NULL,NULL,'2026-07-29 03:42:39','2026-07-29 05:47:12',NULL),
(546,NULL,97,23,'2026-07-000519',NULL,'Olive Dumanig',NULL,'+63 9977431179','314','Standard Twin','2026-07-28','2026-07-29',1,2,'Filipino',749.25,749.25,NULL,NULL,0.00,'checked_out','2026-07-28 23:50:00','2026-07-29 11:35:00','Agoda',NULL,0.00,0,NULL,NULL,NULL,'2026-07-29 03:47:03','2026-07-29 11:35:33',NULL),
(547,NULL,445,23,'2026-07-000520',NULL,'Charles Ford Paraon',NULL,'+63 09150975051','310','Barkadahan','2026-07-28','2026-07-29',1,4,'Filipino',1086.75,1086.75,NULL,NULL,0.00,'checked_out','2026-07-28 20:26:00','2026-07-29 07:10:00','Agoda',NULL,0.00,0,NULL,NULL,NULL,'2026-07-29 03:52:06','2026-07-29 07:10:36',NULL),
(548,NULL,448,35,'2026-07-000521',NULL,'Alexander Ortiz',NULL,'+63 09664489272','211','Ordinary Double','2026-07-28','2026-07-29',1,1,'Filipino',549.00,549.00,NULL,NULL,0.00,'checked_in','2026-07-29 03:34:00',NULL,'Walk-in',NULL,0.00,0,NULL,NULL,NULL,'2026-07-29 04:00:23','2026-07-29 04:01:00',NULL),
(549,NULL,449,35,'2026-07-000522',NULL,'Cristobal Cenita',NULL,'+63 9776864811','406','Deluxe Trio','2026-07-29','2026-07-30',1,3,'Filipino',1249.00,1249.00,NULL,NULL,0.00,'checked_in','2026-07-29 06:15:00',NULL,'Walk-in',NULL,0.00,0,NULL,NULL,NULL,'2026-07-29 07:21:08','2026-07-29 07:22:00',NULL),
(550,NULL,100,35,'2026-07-000523',NULL,'Daylyn Quinday',NULL,'+63 9','201','Deluxe Twin','2026-07-29','2026-07-30',1,2,'Filipino',899.00,899.00,NULL,NULL,0.00,'checked_in','2026-07-29 07:58:00',NULL,'Walk-in',NULL,0.00,0,NULL,NULL,NULL,'2026-07-29 10:00:00','2026-07-29 10:00:38',NULL),
(551,NULL,382,32,'2026-07-000524',NULL,'Philip Michael Mapa',NULL,'+63 09152946902','408','Standard Double','2026-07-29','2026-07-30',1,1,'Filipino',809.10,809.10,NULL,NULL,0.00,'checked_in','2026-07-29 11:25:00',NULL,'Booking.com',NULL,0.00,0,NULL,NULL,NULL,'2026-07-29 11:24:51','2026-07-29 11:25:47',NULL),
(552,NULL,97,23,'2026-07-000525',NULL,'Olive Dumanig',NULL,'+63 9977431179','311','Standard Twin','2026-07-29','2026-07-30',1,1,'Filipino',674.25,674.25,NULL,NULL,0.00,'checked_in','2026-07-29 11:36:00',NULL,'Agoda',NULL,0.00,0,NULL,NULL,NULL,'2026-07-29 11:36:05','2026-07-29 11:36:45',NULL),
(553,NULL,142,22,'2026-07-000526',NULL,'Charlene Tacang',NULL,'+63 9562057981','308','Deluxe Double','2026-07-29','2026-08-03',5,1,'Filipino',799.20,3996.00,NULL,NULL,0.00,'checked_in','2026-07-29 11:48:00',NULL,'Agoda',NULL,0.00,0,NULL,NULL,NULL,'2026-07-29 11:48:34','2026-07-29 11:48:39',NULL);

--
-- Table structure for table `role_permission`
--

CREATE TABLE `role_permission` (
  `role_id` bigint(20) unsigned NOT NULL,
  `permission_id` bigint(20) unsigned NOT NULL,
  PRIMARY KEY (`role_id`,`permission_id`),
  KEY `role_permission_permission_id_foreign` (`permission_id`),
  CONSTRAINT `role_permission_permission_id_foreign` FOREIGN KEY (`permission_id`) REFERENCES `permissions` (`id`) ON DELETE CASCADE,
  CONSTRAINT `role_permission_role_id_foreign` FOREIGN KEY (`role_id`) REFERENCES `roles` (`id`) ON DELETE CASCADE
) ENGINE=InnoDB DEFAULT CHARSET=utf8mb4 COLLATE=utf8mb4_unicode_ci;

--
-- Dumping data for table `role_permission`
--

INSERT INTO `role_permission` VALUES
(1,1),
(2,1),
(3,1),
(4,1),
(5,1),
(6,1),
(1,2),
(2,2),
(5,2),
(1,3),
(1,4),
(2,4),
(1,5),
(2,5),
(3,5),
(6,5),
(1,6),
(2,6),
(3,6),
(1,7),
(2,7),
(3,7),
(1,8),
(2,8),
(3,8),
(1,9),
(2,9),
(3,9),
(1,10),
(2,10),
(1,11),
(2,11),
(3,11),
(6,11),
(1,12),
(2,12),
(3,12),
(1,13),
(2,13),
(3,13),
(4,13),
(1,14),
(2,14),
(4,14),
(1,15),
(2,15),
(4,15),
(5,15),
(1,16),
(2,16),
(4,16),
(5,16),
(1,17),
(2,17),
(5,17),
(1,18),
(2,18),
(1,19),
(2,19),
(1,20),
(2,20),
(1,21),
(2,21),
(1,22),
(2,22),
(3,22),
(1,23),
(2,23),
(6,23),
(1,24),
(2,24),
(6,24),
(1,25),
(2,25),
(6,25),
(1,26),
(2,26),
(3,26),
(6,26),
(1,27),
(2,27),
(3,27),
(1,28),
(2,28),
(6,28),
(1,29),
(2,29),
(6,29),
(1,30),
(2,30),
(1,31),
(2,31),
(3,31),
(6,31),
(1,32),
(2,32),
(1,33),
(2,33),
(1,34),
(2,34),
(1,35),
(1,36),
(2,36),
(1,37),
(1,38),
(2,38),
(1,39),
(2,39),
(3,39),
(4,39),
(5,39),
(6,39),
(1,40),
(2,40),
(6,40);

--
-- Table structure for table `roles`
--

CREATE TABLE `roles` (
  `id` bigint(20) unsigned NOT NULL AUTO_INCREMENT,
  `name` varchar(255) NOT NULL,
  `slug` varchar(255) NOT NULL,
  `description` varchar(255) DEFAULT NULL,
  `is_system` tinyint(1) NOT NULL DEFAULT 0,
  `created_at` timestamp NULL DEFAULT NULL,
  `updated_at` timestamp NULL DEFAULT NULL,
  PRIMARY KEY (`id`),
  UNIQUE KEY `roles_slug_unique` (`slug`)
) ENGINE=InnoDB AUTO_INCREMENT=7 DEFAULT CHARSET=utf8mb4 COLLATE=utf8mb4_unicode_ci;

--
-- Dumping data for table `roles`
--

INSERT INTO `roles` VALUES
(1,'Super Admin','super_admin','Full unrestricted access to all features.',1,'2026-06-17 23:03:36','2026-06-17 23:03:36'),
(2,'Manager','manager','All operational access except staff/role management.',1,'2026-06-17 23:03:36','2026-06-17 23:03:36'),
(3,'Front Desk','front_desk','Reservations, check-in/out, guest profiles.',1,'2026-06-17 23:03:36','2026-06-17 23:03:36'),
(4,'Housekeeping','housekeeping','Housekeeping tasks and room status updates.',1,'2026-06-17 23:03:36','2026-06-17 23:03:36'),
(5,'Maintenance','maintenance','Work order creation and resolution.',1,'2026-06-17 23:03:36','2026-06-17 23:03:36'),
(6,'Accountant','accountant','Reports, payments, and billing access.',1,'2026-06-17 23:03:36','2026-06-17 23:03:36');

--
-- Table structure for table `room_photos`
--

CREATE TABLE `room_photos` (
  `id` bigint(20) unsigned NOT NULL AUTO_INCREMENT,
  `room_no` varchar(10) DEFAULT NULL,
  `path` varchar(255) NOT NULL,
  `caption` varchar(255) DEFAULT NULL,
  `sort_order` smallint(5) unsigned NOT NULL DEFAULT 0,
  `created_at` timestamp NULL DEFAULT NULL,
  `updated_at` timestamp NULL DEFAULT NULL,
  PRIMARY KEY (`id`),
  KEY `room_photos_room_no_foreign` (`room_no`),
  CONSTRAINT `room_photos_room_no_foreign` FOREIGN KEY (`room_no`) REFERENCES `rooms` (`no`) ON DELETE CASCADE
) ENGINE=InnoDB DEFAULT CHARSET=utf8mb4 COLLATE=utf8mb4_unicode_ci;

--
-- Dumping data for table `room_photos`
--


--
-- Table structure for table `rooms`
--

CREATE TABLE `rooms` (
  `id` bigint(20) unsigned NOT NULL AUTO_INCREMENT,
  `no` varchar(10) NOT NULL,
  `name` varchar(255) NOT NULL,
  `floor` tinyint(3) unsigned NOT NULL,
  `wing` char(1) NOT NULL DEFAULT 'A',
  `type` varchar(255) NOT NULL,
  `beds` varchar(255) NOT NULL,
  `max_pax` tinyint(3) unsigned NOT NULL DEFAULT 2,
  `rate` int(10) unsigned NOT NULL,
  `sqm` tinyint(3) unsigned NOT NULL,
  `status` varchar(255) NOT NULL DEFAULT 'available',
  `notes` text DEFAULT NULL,
  `amenities` longtext CHARACTER SET utf8mb4 COLLATE utf8mb4_bin DEFAULT NULL CHECK (json_valid(`amenities`)),
  `created_at` timestamp NULL DEFAULT NULL,
  `updated_at` timestamp NULL DEFAULT NULL,
  PRIMARY KEY (`id`),
  UNIQUE KEY `rooms_no_unique` (`no`),
  KEY `idx_rooms_status` (`status`)
) ENGINE=InnoDB AUTO_INCREMENT=64 DEFAULT CHARSET=utf8mb4 COLLATE=utf8mb4_unicode_ci;

--
-- Dumping data for table `rooms`
--

INSERT INTO `rooms` VALUES
(1,'101','Junior Deluxe',1,'A','Junior Deluxe','1 Single Bed',1,749,18,'available',NULL,'[\"Free Wi-Fi\", \"Air Conditioning\"]','2026-06-17 23:03:35','2026-07-29 04:07:19'),
(2,'102','Junior Deluxe',1,'A','Junior Deluxe','1 Single Bed',1,749,18,'occupied',NULL,'[\"Free Wi-Fi\", \"Air Conditioning\"]','2026-06-17 23:03:35','2026-07-27 14:32:45'),
(3,'103','Junior Deluxe',1,'A','Junior Deluxe','1 Single Bed',1,749,18,'dirty',NULL,'[\"Free Wi-Fi\", \"Air Conditioning\"]','2026-06-17 23:03:35','2026-07-29 11:46:25'),
(4,'104','Junior Deluxe',1,'A','Junior Deluxe','1 Single Bed',1,749,18,'dirty',NULL,'[\"Free Wi-Fi\", \"Air Conditioning\"]','2026-06-17 23:03:35','2026-07-29 11:24:10'),
(5,'105','Superior Deluxe',1,'A','Superior Deluxe','1 Queen Bed',2,899,20,'out_of_order',NULL,'[\"Free Wi-Fi\", \"Air Conditioning\"]','2026-06-17 23:03:35','2026-07-28 19:39:30'),
(6,'106','Superior Deluxe',1,'A','Superior Deluxe','1 Queen Bed',2,899,20,'available',NULL,'[\"Free Wi-Fi\", \"Air Conditioning\"]','2026-06-17 23:03:35','2026-06-30 23:09:40'),
(7,'107','Barkadahan',1,'A','Barkadahan','2 Queen Beds',4,1449,35,'clean','Group / barkada room','[\"Free Wi-Fi\", \"Air Conditioning\"]','2026-06-17 23:03:35','2026-07-28 19:39:34'),
(8,'108','Superior Deluxe',1,'B','Superior Deluxe','1 Queen Bed',2,899,20,'maintenance',NULL,'[\"Free Wi-Fi\", \"Air Conditioning\"]','2026-06-17 23:03:35','2026-06-30 23:09:53'),
(9,'109','Superior Deluxe',1,'B','Superior Deluxe','1 Queen Bed',2,899,20,'out_of_order','Flagged — see management','[\"Free Wi-Fi\", \"Air Conditioning\"]','2026-06-17 23:03:35','2026-06-30 23:10:09'),
(10,'110','Superior Deluxe',1,'B','Superior Deluxe','1 Queen Bed',2,899,20,'occupied',NULL,'[\"Free Wi-Fi\", \"Air Conditioning\"]','2026-06-17 23:03:35','2026-07-28 13:07:03'),
(11,'111','Superior Deluxe',1,'B','Superior Deluxe','1 Queen Bed',2,899,20,'out_of_order','Need Set of Toilet Bowl','[\"Free Wi-Fi\", \"Air Conditioning\"]','2026-06-17 23:03:35','2026-06-30 23:10:38'),
(12,'112','Superior Deluxe',1,'B','Superior Deluxe','1 Queen Bed',2,899,20,'dirty',NULL,'[\"Free Wi-Fi\", \"Air Conditioning\"]','2026-06-17 23:03:35','2026-07-29 11:12:30'),
(13,'113','Superior Deluxe',1,'B','Superior Deluxe','1 Queen Bed',2,899,20,'occupied',NULL,'[\"Free Wi-Fi\", \"Air Conditioning\"]','2026-06-17 23:03:35','2026-07-21 08:52:32'),
(14,'114','Superior Deluxe',1,'B','Superior Deluxe','1 Queen Bed',2,899,20,'occupied',NULL,'[\"Free Wi-Fi\", \"Air Conditioning\"]','2026-06-17 23:03:35','2026-07-27 12:22:46'),
(15,'115','Superior Deluxe',1,'B','Superior Deluxe','1 Queen Bed',2,899,20,'out_of_order','Flagged — see management','[\"Free Wi-Fi\", \"Air Conditioning\"]','2026-06-17 23:03:35','2026-06-30 23:11:24'),
(16,'116','Junior Deluxe',1,'B','Junior Deluxe','1 Single Bed',1,749,18,'out_of_order','No Aircon, Need to Change AC Placement','[\"Free Wi-Fi\", \"Air Conditioning\"]','2026-06-17 23:03:35','2026-06-30 23:03:04'),
(17,'117','Junior Deluxe',1,'B','Junior Deluxe','1 Single Bed',1,749,18,'dirty',NULL,'[\"Free Wi-Fi\", \"Air Conditioning\"]','2026-06-17 23:03:35','2026-07-29 11:43:17'),
(18,'201','Deluxe Twin',2,'A','Deluxe Twin','2 Single Beds',2,999,22,'occupied',NULL,'[\"Free Wi-Fi\", \"Air Conditioning\"]','2026-06-17 23:03:35','2026-07-29 10:00:38'),
(19,'202','Economy Twin',2,'A','Economy Twin','2 Single Beds',2,749,16,'dirty',NULL,'[\"Free Wi-Fi\", \"Air Conditioning\"]','2026-06-17 23:03:35','2026-07-29 11:12:53'),
(20,'203','Family Room',2,'A','Family Room','2 Queen Beds',4,1749,30,'dirty',NULL,'[\"Free Wi-Fi\", \"Air Conditioning\"]','2026-06-17 23:03:35','2026-07-29 10:04:30'),
(21,'204','Economy Twin',2,'A','Economy Twin','2 Single Beds',2,749,16,'clean',NULL,'[\"Free Wi-Fi\", \"Air Conditioning\"]','2026-06-17 23:03:35','2026-07-29 09:50:33'),
(22,'205','Economy Double',2,'A','Economy Double','1 Queen Bed',2,749,16,'occupied',NULL,'[\"Free Wi-Fi\", \"Air Conditioning\"]','2026-06-17 23:03:35','2026-07-28 19:48:17'),
(23,'206','Standard Twin',2,'A','Standard Twin','2 Single Beds',2,899,18,'clean',NULL,'[\"Free Wi-Fi\", \"Air Conditioning\"]','2026-06-17 23:03:35','2026-07-29 09:52:28'),
(24,'207','Economy Twin',2,'B','Economy Twin','2 Single Beds',2,749,16,'clean',NULL,'[\"Free Wi-Fi\", \"Air Conditioning\"]','2026-06-17 23:03:35','2026-07-26 19:58:50'),
(25,'208','Ordinary Twin',2,'B','Ordinary Twin','2 Single Beds',2,549,16,'clean',NULL,'[\"Free Wi-Fi\",\"Fan (non air conditioned)\"]','2026-06-17 23:03:35','2026-07-09 18:31:18'),
(26,'209','Economy Twin',2,'B','Economy Twin','2 Single Beds',2,749,16,'clean',NULL,'[\"Free Wi-Fi\", \"Air Conditioning\"]','2026-06-17 23:03:35','2026-07-26 19:58:54'),
(27,'210','Economy Twin',2,'B','Economy Twin','2 Single Beds',2,749,16,'dirty',NULL,'[\"Free Wi-Fi\", \"Air Conditioning\"]','2026-06-17 23:03:35','2026-07-29 11:09:37'),
(28,'211','Ordinary Double',2,'B','Ordinary Double','1 Queen Bed',2,649,16,'occupied',NULL,'[\"Free Wi-Fi\",\"Fan (non air conditioned)\"]','2026-06-17 23:03:35','2026-07-29 04:01:00'),
(29,'212','Economy Double',2,'B','Economy Double','1 Queen Bed',2,699,16,'out_of_order','Flagged — see management','[\"Free Wi-Fi\", \"Air Conditioning\"]','2026-06-17 23:03:35','2026-06-30 17:05:56'),
(30,'213','Economy Junior',2,'B','Economy Junior','1 Single Bed',1,599,14,'available',NULL,'[\"Free Wi-Fi\", \"Air Conditioning\"]','2026-06-17 23:03:35','2026-06-30 16:53:59'),
(31,'214','Economy Double',2,'B','Economy Double','1 Queen Bed',2,749,16,'available',NULL,'[\"Free Wi-Fi\", \"Air Conditioning\"]','2026-06-17 23:03:35','2026-07-29 04:07:33'),
(32,'301','Deluxe Twin',3,'A','Deluxe Twin','2 Single Beds',2,999,22,'occupied',NULL,'[\"Free Wi-Fi\", \"Air Conditioning\"]','2026-06-17 23:03:35','2026-07-22 20:27:19'),
(33,'302','Family Room 2',3,'A','Family Room 2','2 Queen Beds',4,1749,30,'clean',NULL,'[\"Free Wi-Fi\", \"Air Conditioning\"]','2026-06-17 23:03:35','2026-07-27 19:13:07'),
(34,'303','Deluxe Twin',3,'A','Deluxe Twin','2 Single Beds',2,999,22,'occupied',NULL,'[\"Free Wi-Fi\", \"Air Conditioning\"]','2026-06-17 23:03:35','2026-07-28 20:34:06'),
(35,'304','Deluxe Twin',3,'A','Deluxe Twin','2 Single Beds',2,999,22,'out_of_order',NULL,'[\"Free Wi-Fi\", \"Air Conditioning\"]','2026-06-17 23:03:35','2026-06-30 16:55:28'),
(36,'305','Ordinary Twin',3,'A','Ordinary Twin','2 Single Beds',2,649,16,'clean',NULL,'[\"Free Wi-Fi\",\"Fan (non air conditioned)\"]','2026-06-17 23:03:35','2026-07-26 19:59:01'),
(37,'306','Ordinary Twin',3,'A','Ordinary Twin','2 Single Beds',2,649,16,'out_of_order','Flagged — see management','[\"Free Wi-Fi\",\"Fan (non air conditioned)\"]','2026-06-17 23:03:35','2026-06-30 17:17:05'),
(38,'307','Deluxe Double',3,'A','Deluxe Double','1 Queen Bed',2,999,22,'clean',NULL,'[\"Free Wi-Fi\", \"Air Conditioning\"]','2026-06-17 23:03:35','2026-07-28 19:39:54'),
(39,'308','Deluxe Double',3,'A','Deluxe Double','1 Queen Bed',2,999,22,'occupied',NULL,'[\"Free Wi-Fi\", \"Air Conditioning\"]','2026-06-17 23:03:35','2026-07-29 11:48:39'),
(40,'309','Ordinary Twin',3,'B','Ordinary Twin','2 Single Beds',2,649,16,'clean',NULL,'[\"Free Wi-Fi\",\"Fan (non air conditioned)\"]','2026-06-17 23:03:35','2026-07-28 19:39:58'),
(41,'310','Barkadahan',3,'B','Barkadahan','2 Queen Beds',4,1449,35,'clean','Group / barkada room','[\"Free Wi-Fi\", \"Air Conditioning\"]','2026-06-17 23:03:35','2026-07-29 09:50:48'),
(42,'311','Standard Twin',3,'B','Standard Twin','2 Single Beds',2,899,18,'occupied',NULL,'[\"Free Wi-Fi\", \"Air Conditioning\"]','2026-06-17 23:03:35','2026-07-29 11:36:45'),
(43,'312','Ordinary Twin',3,'B','Ordinary Twin','2 Single Beds',2,649,16,'clean',NULL,'[\"Free Wi-Fi\",\"Fan (non air conditioned)\"]','2026-06-17 23:03:35','2026-07-13 16:00:37'),
(44,'313','Ordinary Twin',3,'B','Ordinary Twin','2 Single Beds',2,649,16,'available',NULL,'[\"Free Wi-Fi\",\"Fan (non air conditioned)\"]','2026-06-17 23:03:35','2026-07-02 22:39:26'),
(45,'314','Standard Twin',3,'B','Standard Twin','2 Single Beds',2,899,18,'dirty',NULL,'[\"Free Wi-Fi\", \"Air Conditioning\"]','2026-06-17 23:03:35','2026-07-29 11:35:33'),
(46,'315','Standard Twin',3,'B','Standard Twin','2 Single Beds',2,899,18,'occupied',NULL,'[\"Free Wi-Fi\", \"Air Conditioning\"]','2026-06-17 23:03:35','2026-07-22 20:28:11'),
(47,'316','Ordinary Twin',3,'B','Ordinary Twin','2 Single Beds',2,649,16,'out_of_order','Flagged — see management','[\"Free Wi-Fi\",\"Fan (non air conditioned)\"]','2026-06-17 23:03:35','2026-06-30 17:12:27'),
(48,'317','Standard Twin',3,'B','Standard Twin','2 Single Beds',2,899,18,'out_of_order','Flagged — see management','[\"Free Wi-Fi\", \"Air Conditioning\"]','2026-06-17 23:03:35','2026-06-30 23:08:03'),
(49,'318','Economy Double',3,'B','Economy Double','1 Queen Bed',2,749,16,'occupied',NULL,'[\"Free Wi-Fi\", \"Air Conditioning\"]','2026-06-17 23:03:35','2026-07-28 20:41:47'),
(50,'401','Deluxe Trio',4,'A','Deluxe Trio','1 King + 1 Single',3,1349,26,'occupied',NULL,'[\"Free Wi-Fi\", \"Air Conditioning\"]','2026-06-17 23:03:35','2026-07-28 20:22:09'),
(51,'402','Executive Suite',4,'A','Executive Suite','1 King Bed',4,1999,45,'clean',NULL,'[\"Free Wi-Fi\", \"Air Conditioning\"]','2026-06-17 23:03:35','2026-07-18 02:00:03'),
(52,'403','Deluxe Twin',4,'A','Deluxe Twin','2 Single Beds',2,999,22,'clean',NULL,'[\"Free Wi-Fi\", \"Air Conditioning\"]','2026-06-17 23:03:35','2026-07-28 19:40:09'),
(53,'404','Standard Twin',4,'A','Standard Twin','2 Single Beds',2,899,18,'occupied',NULL,'[\"Free Wi-Fi\", \"Air Conditioning\"]','2026-06-17 23:03:35','2026-07-26 09:01:54'),
(54,'405','Deluxe Twin',4,'A','Deluxe Twin','2 Single Beds',2,999,22,'clean',NULL,'[\"Free Wi-Fi\", \"Air Conditioning\"]','2026-06-17 23:03:35','2026-07-28 19:40:13'),
(55,'406','Deluxe Trio',4,'A','Deluxe Trio','1 King + 1 Single',3,1349,26,'occupied',NULL,'[\"Free Wi-Fi\", \"Air Conditioning\"]','2026-06-17 23:03:35','2026-07-29 07:22:00'),
(56,'407','Deluxe Twin',4,'A','Deluxe Twin','2 Single Beds',2,999,22,'occupied',NULL,'[\"Free Wi-Fi\", \"Air Conditioning\"]','2026-06-17 23:03:35','2026-07-28 19:50:23'),
(57,'408','Standard Double',4,'B','Standard Double','1 Queen Bed',2,899,18,'occupied',NULL,'[\"Free Wi-Fi\", \"Air Conditioning\"]','2026-06-17 23:03:35','2026-07-29 11:25:47'),
(58,'409','Standard Double',4,'B','Standard Double','1 Queen Bed',2,899,18,'out_of_order',NULL,'[\"Free Wi-Fi\", \"Air Conditioning\"]','2026-06-17 23:03:35','2026-06-30 22:55:46'),
(59,'410','Standard Twin',4,'B','Standard Twin','2 Single Beds',2,899,18,'clean',NULL,'[\"Free Wi-Fi\", \"Air Conditioning\"]','2026-06-17 23:03:35','2026-07-28 19:40:16'),
(60,'411','Standard Double',4,'B','Standard Double','1 Queen Bed',2,899,18,'clean',NULL,'[\"Free Wi-Fi\", \"Air Conditioning\"]','2026-06-17 23:03:35','2026-07-29 09:52:33'),
(61,'412','Standard Double',4,'B','Standard Double','1 Queen Bed',2,899,18,'out_of_order',NULL,'[\"Free Wi-Fi\", \"Air Conditioning\"]','2026-06-17 23:03:35','2026-06-30 22:55:20'),
(62,'413','Standard Double',4,'B','Standard Double','1 Queen Bed',2,899,18,'clean',NULL,'[\"Free Wi-Fi\", \"Air Conditioning\"]','2026-06-17 23:03:35','2026-07-26 19:59:37'),
(63,'414','Standard Double',4,'B','Standard Double','1 Queen Bed',2,899,18,'occupied',NULL,'[\"Free Wi-Fi\", \"Air Conditioning\"]','2026-06-17 23:03:35','2026-07-27 20:02:34');

--
-- Table structure for table `sessions`
--

CREATE TABLE `sessions` (
  `id` varchar(255) NOT NULL,
  `user_id` bigint(20) unsigned DEFAULT NULL,
  `ip_address` varchar(45) DEFAULT NULL,
  `user_agent` text DEFAULT NULL,
  `payload` longtext NOT NULL,
  `last_activity` int(11) NOT NULL,
  PRIMARY KEY (`id`),
  KEY `sessions_user_id_index` (`user_id`),
  KEY `sessions_last_activity_index` (`last_activity`)
) ENGINE=InnoDB DEFAULT CHARSET=utf8mb4 COLLATE=utf8mb4_unicode_ci;

--
-- Dumping data for table `sessions`
--

INSERT INTO `sessions` VALUES
('KpzDrZryQxc0S81RxXipYxmRKDaHzKOIxKCLcni6',NULL,'37.27.59.176','Mozilla/5.0 (compatible; SERankingBacklinksBot/1.0; +https://seranking.com/backlinks-crawler)','eyJfdG9rZW4iOiJXM1ZqUlU5Um1BZTBDQTI3VjBsdHVRSDJMeGxTUGJQSkJXSDQ4YUduIiwiX3ByZXZpb3VzIjp7InVybCI6Imh0dHA6XC9cL3Bhcmt2aWV3aG90ZWwuY29tLnBoXC9jbGFya1wvcHZoLW1haW5cL3B1YmxpYyIsInJvdXRlIjoiZW4ucHVibGljLmhvbWUifSwiX2ZsYXNoIjp7Im9sZCI6W10sIm5ldyI6W119fQ==',1785288507),
('OpFW3As59EaKpW6rQRyugPAGHFRV8WyGAZJpiMuV',1,'2001:4455:6d7:b00:40d9:a20:59d1:ef4e','Mozilla/5.0 (Windows NT 10.0; Win64; x64) AppleWebKit/537.36 (KHTML, like Gecko) Chrome/150.0.0.0 Safari/537.36','eyJfdG9rZW4iOiJpRjFId3V4VTlKS1N2bmhtdndWTU82T3V3TVpjZlhSTVNWaHd0NG5QIiwiX3ByZXZpb3VzIjp7InVybCI6Imh0dHBzOlwvXC9lcG1zLnBhcmt2aWV3aG90ZWwuY29tLnBoXC9iYWNrdXBzIiwicm91dGUiOiJiYWNrdXBzLmluZGV4In0sIl9mbGFzaCI6eyJvbGQiOltdLCJuZXciOltdfSwibG9naW5fd2ViXzU5YmEzNmFkZGMyYjJmOTQwMTU4MGYwMTRjN2Y1OGVhNGUzMDk4OWQiOjEsInBtc190b3VyX3Nob3duIjp0cnVlfQ==',1785297174),
('OPR08yv8AXeuIzAZKx63M27ELLCdzeFku5gB9NjM',NULL,'17.241.75.146','Mozilla/5.0 (Macintosh; Intel Mac OS X 10_15_7) AppleWebKit/605.1.15 (KHTML, like Gecko) Version/17.4 Safari/605.1.15 (Applebot/0.1; +http://www.apple.com/go/applebot)','eyJfdG9rZW4iOiJZcVY4MHpJUlVUUHJVMlFQQzdham02RmF4aW1TMXBvYmdwVWdMRUlQIiwiX3ByZXZpb3VzIjp7InVybCI6Imh0dHBzOlwvXC9wYXJrdmlld2hvdGVsLmNvbS5waFwvY2xhcmtcL3B2aC1tYWluXC9wdWJsaWNcL3Jvb21zLW92ZXJ2aWV3XC9EZWx1eGUrVHdpbiIsInJvdXRlIjoiZW4ucHVibGljLnJvb20tZGV0YWlsIn0sIl9mbGFzaCI6eyJvbGQiOltdLCJuZXciOltdfX0=',1785289760),
('q5pGiWZGItElXbQbzDaawd0whQrI0YCZbbVOpw4m',1,'2001:4455:6eb:3e00:71ae:78b1:5c53:66cd','Mozilla/5.0 (Windows NT 10.0; Win64; x64) AppleWebKit/537.36 (KHTML, like Gecko) Chrome/150.0.0.0 Safari/537.36','eyJfdG9rZW4iOiJLZVFIOFdJUWxGWFNwUnlKdXNqMWZud2l0UVQ2SE13eTJXTnR5NmlGIiwiX3ByZXZpb3VzIjp7InVybCI6Imh0dHBzOlwvXC9lcG1zLnBhcmt2aWV3aG90ZWwuY29tLnBoXC9kYXNoYm9hcmQiLCJyb3V0ZSI6ImRhc2hib2FyZCJ9LCJfZmxhc2giOnsib2xkIjpbXSwibmV3IjpbXX0sImxvZ2luX3dlYl81OWJhMzZhZGRjMmIyZjk0MDE1ODBmMDE0YzdmNThlYTRlMzA5ODlkIjoxLCJwbXNfdG91cl9zaG93biI6dHJ1ZX0=',1785290053),
('QbMW0tuovrDdWuafLq1rScGOAAuhgEYy8AD4NV0d',NULL,'17.22.245.207','Mozilla/5.0 (Macintosh; Intel Mac OS X 10_15_7) AppleWebKit/605.1.15 (KHTML, like Gecko) Version/17.4 Safari/605.1.15 (Applebot/0.1; +http://www.apple.com/go/applebot)','eyJfdG9rZW4iOiJCOUppb0Q4NnNBUnVOVmduYXFBbXRDbGNNOVdtenpCcXczRURBVGhSIiwiX3ByZXZpb3VzIjp7InVybCI6Imh0dHBzOlwvXC9wYXJrdmlld2hvdGVsLmNvbS5waFwvY2xhcmtcL3B2aC1tYWluXC9wdWJsaWNcL3Jvb21zLW92ZXJ2aWV3XC9TdXBlcmlvcitEZWx1eGUiLCJyb3V0ZSI6ImVuLnB1YmxpYy5yb29tLWRldGFpbCJ9LCJfZmxhc2giOnsib2xkIjpbXSwibmV3IjpbXX19',1785292624),
('Zfh4hm6UV8mD6nUzyaqNsgxOUPo0FcJxhGiMLuXu',8,'2001:4455:6eb:3e00:71ae:78b1:5c53:66cd','Mozilla/5.0 (Windows NT 10.0; Win64; x64) AppleWebKit/537.36 (KHTML, like Gecko) Chrome/150.0.0.0 Safari/537.36','eyJfdG9rZW4iOiJrWlNBdGZWVlpMYnpOWmtPZGEwNTkwMjRYa3VORThpeDdUVDE3SjdEIiwiX3ByZXZpb3VzIjp7InVybCI6Imh0dHBzOlwvXC9lcG1zLnBhcmt2aWV3aG90ZWwuY29tLnBoXC9zaGlmdHNcLzk3XC9jbG9zZSIsInJvdXRlIjoic2hpZnRzLmNsb3NlIn0sIl9mbGFzaCI6eyJvbGQiOltdLCJuZXciOltdfSwibG9naW5fd2ViXzU5YmEzNmFkZGMyYjJmOTQwMTU4MGYwMTRjN2Y1OGVhNGUzMDk4OWQiOjgsInBtc190b3VyX3Nob3duIjp0cnVlfQ==',1785296962);

--
-- Table structure for table `settings`
--

CREATE TABLE `settings` (
  `id` bigint(20) unsigned NOT NULL AUTO_INCREMENT,
  `key` varchar(255) NOT NULL,
  `value` text DEFAULT NULL,
  `created_at` timestamp NULL DEFAULT NULL,
  `updated_at` timestamp NULL DEFAULT NULL,
  PRIMARY KEY (`id`),
  UNIQUE KEY `settings_key_unique` (`key`)
) ENGINE=InnoDB AUTO_INCREMENT=25 DEFAULT CHARSET=utf8mb4 COLLATE=utf8mb4_unicode_ci;

--
-- Dumping data for table `settings`
--

INSERT INTO `settings` VALUES
(1,'property_name','Parkview Hotel CDO','2026-06-17 23:03:35','2026-06-17 23:03:35'),
(2,'property_tagline','Premier Hotel in Cagayan de Oro','2026-06-17 23:03:35','2026-06-17 23:03:35'),
(3,'property_address','J.R. Borja St., Cor. Tiano Bros.','2026-06-17 23:03:35','2026-06-17 23:03:35'),
(4,'property_city','Cagayan de Oro City','2026-06-17 23:03:35','2026-06-17 23:03:35'),
(5,'property_province','Misamis Oriental','2026-06-17 23:03:35','2026-06-17 23:03:35'),
(6,'property_zip','9000','2026-06-17 23:03:35','2026-06-17 23:03:35'),
(7,'property_country','Philippines','2026-06-17 23:03:35','2026-06-17 23:03:35'),
(8,'property_phone','+63 88 123 4567','2026-06-17 23:03:35','2026-06-17 23:03:35'),
(9,'property_email','reservations@parkviewhotelcdo.com','2026-06-17 23:03:35','2026-06-17 23:03:35'),
(10,'property_website','www.parkviewhotelcdo.com','2026-06-17 23:03:35','2026-06-17 23:03:35'),
(11,'checkin_time','14:00','2026-06-17 23:03:35','2026-06-17 23:03:35'),
(12,'checkout_time','12:00','2026-06-17 23:03:35','2026-06-17 23:03:35'),
(13,'early_checkin_fee','500','2026-06-17 23:03:35','2026-06-17 23:03:35'),
(14,'late_checkout_fee','500','2026-06-17 23:03:35','2026-06-17 23:03:35'),
(15,'max_advance_booking_days','365','2026-06-17 23:03:35','2026-06-17 23:03:35'),
(16,'vat_rate','12','2026-06-17 23:03:35','2026-06-17 23:03:35'),
(17,'service_charge','0','2026-06-17 23:03:35','2026-06-17 23:03:35'),
(18,'tax_inclusive','0','2026-06-17 23:03:35','2026-06-17 23:03:35'),
(19,'bir_registered_name','Parkview Hotel Corporation','2026-06-17 23:03:35','2026-06-17 23:03:35'),
(20,'tin','123-456-789-000','2026-06-17 23:03:35','2026-06-17 23:03:35'),
(21,'or_prefix','PH','2026-06-17 23:03:35','2026-06-17 23:03:35'),
(22,'receipt_footer','Thank you for choosing Parkview Hotel CDO. We look forward to welcoming you again.','2026-06-17 23:03:35','2026-06-17 23:03:35'),
(23,'payment_methods','[\"Cash\",\"GCash\",\"Maya\",\"Credit Card\",\"Debit Card\",\"Bank Transfer\",\"Check\",\"Agoda Settlement\",\"Booking.com Settlement\"]','2026-07-01 00:10:48','2026-07-01 00:10:48'),
(24,'website_maintenance','1','2026-07-28 20:18:06','2026-07-29 11:49:45');

--
-- Table structure for table `shifts`
--

CREATE TABLE `shifts` (
  `id` bigint(20) unsigned NOT NULL AUTO_INCREMENT,
  `user_id` bigint(20) unsigned NOT NULL,
  `shift_type` enum('morning','afternoon','night','custom') NOT NULL DEFAULT 'custom',
  `started_at` datetime NOT NULL,
  `ended_at` datetime DEFAULT NULL,
  `status` enum('open','closed') NOT NULL DEFAULT 'open',
  `opening_cash` decimal(10,2) DEFAULT NULL,
  `closing_cash` decimal(10,2) DEFAULT NULL,
  `handover_notes` text DEFAULT NULL,
  `created_at` timestamp NULL DEFAULT NULL,
  `updated_at` timestamp NULL DEFAULT NULL,
  PRIMARY KEY (`id`),
  KEY `shifts_user_id_foreign` (`user_id`),
  CONSTRAINT `shifts_user_id_foreign` FOREIGN KEY (`user_id`) REFERENCES `users` (`id`) ON DELETE CASCADE
) ENGINE=InnoDB AUTO_INCREMENT=98 DEFAULT CHARSET=utf8mb4 COLLATE=utf8mb4_unicode_ci;

--
-- Dumping data for table `shifts`
--

INSERT INTO `shifts` VALUES
(1,1,'morning','2026-06-18 12:04:19','2026-06-18 12:06:11','closed',3000.00,NULL,NULL,'2026-06-18 12:04:19','2026-06-18 12:06:11'),
(2,1,'afternoon','2026-06-18 12:06:38','2026-06-18 12:25:22','closed',3000.00,NULL,NULL,'2026-06-18 12:06:38','2026-06-18 12:25:22'),
(3,1,'afternoon','2026-06-18 13:03:25','2026-06-18 13:31:56','closed',1000.00,3752.00,NULL,'2026-06-18 13:03:25','2026-06-18 13:31:56'),
(4,1,'afternoon','2026-06-18 13:53:48','2026-06-18 13:53:55','closed',1000.00,NULL,NULL,'2026-06-18 13:53:48','2026-06-18 13:53:55'),
(5,3,'afternoon','2026-06-18 13:54:45','2026-06-18 13:56:42','closed',1000.00,4886.00,NULL,'2026-06-18 13:54:45','2026-06-18 13:56:42'),
(6,3,'afternoon','2026-06-18 13:58:41','2026-06-18 19:11:32','closed',NULL,NULL,NULL,'2026-06-18 13:58:41','2026-06-18 19:11:32'),
(7,6,'afternoon','2026-06-18 19:12:13','2026-06-24 17:57:16','closed',1000.00,NULL,NULL,'2026-06-18 19:12:13','2026-06-24 17:57:16'),
(8,6,'morning','2026-06-29 13:00:26','2026-06-29 13:04:50','closed',1000.00,NULL,NULL,'2026-06-29 13:00:26','2026-06-29 13:04:50'),
(9,6,'afternoon','2026-06-30 17:51:22','2026-07-01 01:44:09','closed',1000.00,NULL,NULL,'2026-06-30 17:51:22','2026-07-01 01:44:09'),
(10,8,'night','2026-07-01 01:45:52','2026-07-01 05:43:23','closed',2100.00,NULL,NULL,'2026-07-01 01:45:52','2026-07-01 05:43:23'),
(11,6,'afternoon','2026-07-01 15:46:27','2026-07-01 15:46:46','closed',NULL,NULL,NULL,'2026-07-01 15:46:27','2026-07-01 15:46:46'),
(12,6,'afternoon','2026-07-01 15:48:36','2026-07-01 16:02:12','closed',1500.00,NULL,NULL,'2026-07-01 15:48:36','2026-07-01 16:02:12'),
(13,9,'morning','2026-07-01 16:04:34','2026-07-01 20:20:07','closed',NULL,5443.00,NULL,'2026-07-01 16:04:34','2026-07-01 20:20:07'),
(14,6,'afternoon','2026-07-01 20:23:02','2026-07-01 20:23:13','closed',NULL,NULL,NULL,'2026-07-01 20:23:02','2026-07-01 20:23:13'),
(15,6,'afternoon','2026-07-01 20:23:40','2026-07-01 21:59:24','closed',1500.00,10640.00,NULL,'2026-07-01 20:23:40','2026-07-01 21:59:24'),
(16,8,'night','2026-07-01 22:39:54','2026-07-02 06:04:26','closed',2000.00,NULL,NULL,'2026-07-01 22:39:54','2026-07-02 06:04:26'),
(17,9,'morning','2026-07-02 14:41:29','2026-07-02 20:12:06','closed',NULL,NULL,NULL,'2026-07-02 14:41:29','2026-07-02 20:12:06'),
(18,7,'afternoon','2026-07-02 20:12:25','2026-07-02 23:04:54','closed',NULL,6963.00,NULL,'2026-07-02 20:12:25','2026-07-02 23:04:54'),
(19,8,'night','2026-07-02 23:05:36','2026-07-03 05:34:36','closed',2600.00,4095.60,NULL,'2026-07-02 23:05:36','2026-07-03 05:34:36'),
(20,6,'morning','2026-07-03 06:15:29','2026-07-03 13:12:26','closed',2500.00,4394.00,NULL,'2026-07-03 06:15:29','2026-07-03 13:12:26'),
(21,9,'afternoon','2026-07-03 14:06:50','2026-07-03 20:57:51','closed',NULL,NULL,NULL,'2026-07-03 14:06:50','2026-07-03 20:57:51'),
(22,8,'night','2026-07-03 21:59:39','2026-07-04 05:33:45','closed',NULL,2850.00,NULL,'2026-07-03 21:59:39','2026-07-04 05:33:45'),
(23,7,'afternoon','2026-07-04 19:45:09','2026-07-04 21:57:47','closed',NULL,NULL,NULL,'2026-07-04 19:45:09','2026-07-04 21:57:47'),
(24,8,'night','2026-07-04 21:59:27','2026-07-05 05:25:19','closed',NULL,0.00,NULL,'2026-07-04 21:59:27','2026-07-05 05:25:19'),
(25,10,'morning','2026-07-05 06:26:21','2026-07-05 17:09:04','closed',NULL,NULL,NULL,'2026-07-05 06:26:21','2026-07-05 17:09:04'),
(26,7,'afternoon','2026-07-05 17:15:47','2026-07-05 21:59:37','closed',NULL,NULL,NULL,'2026-07-05 17:15:47','2026-07-05 21:59:37'),
(27,9,'night','2026-07-05 22:00:22','2026-07-06 05:15:49','closed',NULL,NULL,NULL,'2026-07-05 22:00:22','2026-07-06 05:15:49'),
(28,8,'morning','2026-07-06 06:20:42','2026-07-06 14:10:27','closed',NULL,NULL,NULL,'2026-07-06 06:20:42','2026-07-06 14:10:27'),
(29,7,'afternoon','2026-07-06 14:23:50','2026-07-06 22:14:07','closed',NULL,NULL,NULL,'2026-07-06 14:23:50','2026-07-06 22:14:07'),
(30,6,'night','2026-07-07 02:16:40','2026-07-07 05:13:18','closed',NULL,NULL,NULL,'2026-07-07 02:16:40','2026-07-07 05:13:18'),
(31,8,'morning','2026-07-07 05:38:48','2026-07-07 13:19:03','closed',NULL,NULL,NULL,'2026-07-07 05:38:48','2026-07-07 13:19:03'),
(32,7,'afternoon','2026-07-07 13:38:13','2026-07-07 22:24:51','closed',NULL,NULL,NULL,'2026-07-07 13:38:13','2026-07-07 22:24:51'),
(33,6,'night','2026-07-08 02:30:49','2026-07-08 05:55:20','closed',NULL,NULL,'113 - Borrow adapter','2026-07-08 02:30:49','2026-07-08 05:55:20'),
(34,8,'morning','2026-07-08 06:26:17','2026-07-08 13:27:54','closed',NULL,NULL,NULL,'2026-07-08 06:26:17','2026-07-08 13:27:54'),
(35,7,'afternoon','2026-07-08 14:07:42','2026-07-08 22:09:26','closed',NULL,NULL,NULL,'2026-07-08 14:07:42','2026-07-08 22:09:26'),
(36,9,'night','2026-07-08 22:11:54','2026-07-09 05:57:05','closed',NULL,NULL,NULL,'2026-07-08 22:11:54','2026-07-09 05:57:05'),
(37,8,'morning','2026-07-09 06:21:45','2026-07-09 13:17:22','closed',NULL,NULL,NULL,'2026-07-09 06:21:45','2026-07-09 13:17:22'),
(38,7,'afternoon','2026-07-09 14:31:33','2026-07-09 22:37:19','closed',NULL,NULL,NULL,'2026-07-09 14:31:33','2026-07-09 22:37:19'),
(39,9,'night','2026-07-09 22:39:00','2026-07-10 05:59:55','closed',NULL,NULL,NULL,'2026-07-09 22:39:00','2026-07-10 05:59:55'),
(40,8,'morning','2026-07-10 06:26:24','2026-07-10 14:42:18','closed',NULL,NULL,NULL,'2026-07-10 06:26:24','2026-07-10 14:42:18'),
(41,6,'afternoon','2026-07-10 16:02:11','2026-07-10 22:03:01','closed',NULL,NULL,NULL,'2026-07-10 16:02:11','2026-07-10 22:03:01'),
(42,9,'night','2026-07-10 22:06:50','2026-07-11 05:32:26','closed',NULL,NULL,'ROOM 402 - BORROWED ADAPTER','2026-07-10 22:06:50','2026-07-11 05:32:26'),
(43,10,'morning','2026-07-11 06:01:00','2026-07-11 14:56:13','closed',NULL,NULL,NULL,'2026-07-11 06:01:00','2026-07-11 14:56:13'),
(44,7,'afternoon','2026-07-11 14:56:52','2026-07-11 22:02:59','closed',NULL,NULL,NULL,'2026-07-11 14:56:52','2026-07-11 22:02:59'),
(45,8,'night','2026-07-11 22:04:02','2026-07-12 05:18:33','closed',NULL,NULL,NULL,'2026-07-11 22:04:02','2026-07-12 05:18:33'),
(46,10,'morning','2026-07-12 06:13:36','2026-07-12 15:04:00','closed',NULL,NULL,NULL,'2026-07-12 06:13:36','2026-07-12 15:04:00'),
(47,7,'afternoon','2026-07-12 15:04:34','2026-07-12 22:45:51','closed',NULL,NULL,NULL,'2026-07-12 15:04:34','2026-07-12 22:45:51'),
(48,9,'night','2026-07-12 22:47:13','2026-07-13 05:32:39','closed',NULL,NULL,'CARRIED BY ERIKA\'S SALES (JULY 12, 2026 - MORNING SHIFT)\r\nFORGOT TO SETTLED DURING HER SHIFT\r\n\r\n#411 - ₱849 (CASH)\r\n#206 - ₱1,698 (CASH)\r\n#408 - ₱899 with Early Check-In (CASH)\r\n#315 - ₱949 with Early Check-In (GCASH)\r\n\r\nBREAKDOWN:\r\n- CASH : ₱3,446\r\n- GCASH : ₱949\r\n\r\nTOTAL : ₱4,395\r\n\r\n\r\nPS: NOT INCLUDED IN HIDDEN\'S SALES/CHECK-IN','2026-07-12 22:47:13','2026-07-13 05:32:39'),
(49,7,'morning','2026-07-13 06:14:33','2026-07-13 14:21:13','closed',NULL,NULL,NULL,'2026-07-13 06:14:33','2026-07-13 14:21:13'),
(50,8,'afternoon','2026-07-13 14:21:53','2026-07-14 00:51:29','closed',NULL,NULL,NULL,'2026-07-13 14:21:53','2026-07-14 00:51:29'),
(51,6,'night','2026-07-14 00:52:15','2026-07-14 06:33:36','closed',NULL,NULL,NULL,'2026-07-14 00:52:15','2026-07-14 06:33:36'),
(52,8,'morning','2026-07-14 06:34:14','2026-07-14 14:03:43','closed',NULL,NULL,NULL,'2026-07-14 06:34:14','2026-07-14 14:03:43'),
(53,6,'afternoon','2026-07-14 16:50:56','2026-07-14 22:39:28','closed',NULL,NULL,NULL,'2026-07-14 16:50:56','2026-07-14 22:39:28'),
(54,9,'night','2026-07-14 22:41:08','2026-07-15 06:16:57','closed',NULL,NULL,NULL,'2026-07-14 22:41:08','2026-07-15 06:16:57'),
(55,7,'morning','2026-07-15 06:18:15','2026-07-15 14:03:08','closed',NULL,NULL,NULL,'2026-07-15 06:18:15','2026-07-15 14:03:08'),
(56,8,'afternoon','2026-07-15 14:03:51','2026-07-15 22:18:59','closed',NULL,NULL,NULL,'2026-07-15 14:03:51','2026-07-15 22:18:59'),
(57,9,'night','2026-07-15 22:19:28','2026-07-16 09:38:48','closed',NULL,NULL,NULL,'2026-07-15 22:19:28','2026-07-16 09:38:48'),
(58,7,'morning','2026-07-16 09:39:22','2026-07-16 14:08:49','closed',NULL,NULL,NULL,'2026-07-16 09:39:22','2026-07-16 14:08:49'),
(59,8,'afternoon','2026-07-16 14:09:19','2026-07-16 21:28:37','closed',NULL,NULL,NULL,'2026-07-16 14:09:19','2026-07-16 21:28:37'),
(60,9,'night','2026-07-16 23:00:45','2026-07-17 05:28:21','closed',NULL,NULL,NULL,'2026-07-16 23:00:45','2026-07-17 05:28:21'),
(61,7,'morning','2026-07-17 06:20:50','2026-07-17 14:14:51','closed',NULL,NULL,NULL,'2026-07-17 06:20:50','2026-07-17 14:14:51'),
(62,8,'afternoon','2026-07-17 14:15:21','2026-07-17 20:49:22','closed',NULL,NULL,NULL,'2026-07-17 14:15:21','2026-07-17 20:49:22'),
(63,6,'night','2026-07-18 01:31:59','2026-07-18 06:19:58','closed',NULL,NULL,'110 - Borrow adapter','2026-07-18 01:31:59','2026-07-18 06:19:58'),
(64,10,'morning','2026-07-18 06:34:16','2026-07-18 15:30:49','closed',NULL,NULL,NULL,'2026-07-18 06:34:16','2026-07-18 15:30:49'),
(65,7,'afternoon','2026-07-18 17:49:07','2026-07-18 22:12:15','closed',NULL,NULL,NULL,'2026-07-18 17:49:07','2026-07-18 22:12:15'),
(66,8,'night','2026-07-18 22:12:50','2026-07-19 06:03:26','closed',NULL,NULL,NULL,'2026-07-18 22:12:50','2026-07-19 06:03:26'),
(67,10,'morning','2026-07-19 06:21:26','2026-07-19 15:17:44','closed',NULL,NULL,NULL,'2026-07-19 06:21:26','2026-07-19 15:17:44'),
(68,7,'afternoon','2026-07-19 15:33:23','2026-07-19 23:43:59','closed',NULL,NULL,NULL,'2026-07-19 15:33:23','2026-07-19 23:43:59'),
(69,9,'night','2026-07-19 23:44:30','2026-07-20 06:23:06','closed',NULL,NULL,NULL,'2026-07-19 23:44:30','2026-07-20 06:23:06'),
(70,8,'morning','2026-07-20 06:24:15','2026-07-20 14:11:04','closed',NULL,NULL,NULL,'2026-07-20 06:24:15','2026-07-20 14:11:04'),
(71,7,'afternoon','2026-07-20 14:12:11','2026-07-20 23:32:50','closed',NULL,NULL,NULL,'2026-07-20 14:12:11','2026-07-20 23:32:50'),
(72,9,'night','2026-07-20 23:33:10','2026-07-21 05:48:11','closed',NULL,NULL,NULL,'2026-07-20 23:33:10','2026-07-21 05:48:11'),
(73,8,'morning','2026-07-21 06:26:24','2026-07-21 14:01:53','closed',NULL,NULL,NULL,'2026-07-21 06:26:24','2026-07-21 14:01:53'),
(74,7,'afternoon','2026-07-21 14:15:08','2026-07-21 22:10:08','closed',NULL,NULL,NULL,'2026-07-21 14:15:08','2026-07-21 22:10:08'),
(75,9,'night','2026-07-21 22:10:34','2026-07-22 05:56:44','closed',NULL,NULL,NULL,'2026-07-21 22:10:34','2026-07-22 05:56:44'),
(76,6,'morning','2026-07-22 09:13:31','2026-07-22 14:08:34','closed',NULL,NULL,NULL,'2026-07-22 09:13:31','2026-07-22 14:08:34'),
(77,7,'afternoon','2026-07-22 14:39:20','2026-07-22 22:22:55','closed',NULL,NULL,NULL,'2026-07-22 14:39:20','2026-07-22 22:22:55'),
(78,8,'night','2026-07-22 22:23:39','2026-07-23 05:29:01','closed',NULL,NULL,NULL,'2026-07-22 22:23:39','2026-07-23 05:29:01'),
(79,6,'morning','2026-07-23 07:38:36','2026-07-23 14:10:33','closed',NULL,NULL,'113 - adapter 07/21/2026','2026-07-23 07:38:36','2026-07-23 14:10:33'),
(80,7,'afternoon','2026-07-23 14:14:53','2026-07-23 22:09:12','closed',NULL,NULL,NULL,'2026-07-23 14:14:53','2026-07-23 22:09:12'),
(81,8,'night','2026-07-23 22:09:49','2026-07-24 06:13:49','closed',NULL,NULL,NULL,'2026-07-23 22:09:49','2026-07-24 06:13:49'),
(82,6,'morning','2026-07-24 11:07:12','2026-07-24 14:17:29','closed',NULL,NULL,NULL,'2026-07-24 11:07:12','2026-07-24 14:17:29'),
(83,7,'afternoon','2026-07-24 16:12:28','2026-07-24 22:33:10','closed',NULL,NULL,NULL,'2026-07-24 16:12:28','2026-07-24 22:33:10'),
(84,8,'night','2026-07-25 02:44:32','2026-07-25 05:20:45','closed',NULL,NULL,NULL,'2026-07-25 02:44:32','2026-07-25 05:20:45'),
(85,10,'morning','2026-07-25 06:33:57','2026-07-25 14:59:50','closed',NULL,NULL,NULL,'2026-07-25 06:33:57','2026-07-25 14:59:50'),
(86,8,'afternoon','2026-07-25 15:00:23','2026-07-25 22:19:34','closed',NULL,NULL,NULL,'2026-07-25 15:00:23','2026-07-25 22:19:34'),
(87,9,'night','2026-07-25 22:20:54','2026-07-26 06:01:30','closed',NULL,NULL,NULL,'2026-07-25 22:20:54','2026-07-26 06:01:30'),
(88,10,'morning','2026-07-26 06:15:27','2026-07-26 16:52:18','closed',NULL,NULL,NULL,'2026-07-26 06:15:27','2026-07-26 16:52:18'),
(89,7,'afternoon','2026-07-26 16:52:44','2026-07-26 23:12:02','closed',NULL,NULL,NULL,'2026-07-26 16:52:44','2026-07-26 23:12:02'),
(90,9,'night','2026-07-26 23:12:24','2026-07-27 05:40:58','closed',NULL,NULL,NULL,'2026-07-26 23:12:24','2026-07-27 05:40:58'),
(91,8,'morning','2026-07-27 06:15:03','2026-07-27 14:11:18','closed',NULL,NULL,NULL,'2026-07-27 06:15:03','2026-07-27 14:11:18'),
(92,7,'afternoon','2026-07-27 14:31:38','2026-07-28 00:51:10','closed',NULL,NULL,NULL,'2026-07-27 14:31:38','2026-07-28 00:51:10'),
(93,6,'night','2026-07-28 04:43:22','2026-07-28 06:09:36','closed',NULL,NULL,'113 - Borrow Adapter 07-21\r\n117 - Borrow Extension Wire 07-27','2026-07-28 04:43:22','2026-07-28 06:09:36'),
(94,8,'morning','2026-07-28 06:30:44','2026-07-28 13:21:00','closed',NULL,NULL,NULL,'2026-07-28 06:30:44','2026-07-28 13:21:00'),
(95,7,'afternoon','2026-07-28 14:02:42','2026-07-28 22:53:39','closed',NULL,NULL,NULL,'2026-07-28 14:02:42','2026-07-28 22:53:39'),
(96,6,'night','2026-07-29 01:39:40','2026-07-29 06:04:31','closed',NULL,NULL,NULL,'2026-07-29 01:39:40','2026-07-29 06:04:31'),
(97,8,'morning','2026-07-29 06:24:46',NULL,'open',NULL,NULL,NULL,'2026-07-29 06:24:46','2026-07-29 06:24:46');

--
-- Table structure for table `testimonials`
--

CREATE TABLE `testimonials` (
  `id` bigint(20) unsigned NOT NULL AUTO_INCREMENT,
  `guest_name` varchar(255) NOT NULL,
  `location` varchar(255) DEFAULT NULL,
  `stay_month` varchar(255) DEFAULT NULL,
  `rating` tinyint(3) unsigned NOT NULL DEFAULT 5,
  `quote` text NOT NULL,
  `avatar_path` varchar(255) DEFAULT NULL,
  `status` varchar(255) NOT NULL DEFAULT 'approved',
  `featured` tinyint(1) NOT NULL DEFAULT 0,
  `sort_order` int(11) NOT NULL DEFAULT 0,
  `created_at` timestamp NULL DEFAULT NULL,
  `updated_at` timestamp NULL DEFAULT NULL,
  PRIMARY KEY (`id`)
) ENGINE=InnoDB DEFAULT CHARSET=utf8mb4 COLLATE=utf8mb4_unicode_ci;

--
-- Dumping data for table `testimonials`
--


--
-- Table structure for table `translations`
--

CREATE TABLE `translations` (
  `id` bigint(20) unsigned NOT NULL AUTO_INCREMENT,
  `translatable_type` varchar(255) NOT NULL,
  `translatable_id` bigint(20) unsigned NOT NULL,
  `locale` varchar(8) NOT NULL,
  `field` varchar(60) NOT NULL,
  `value` text DEFAULT NULL,
  `created_at` timestamp NULL DEFAULT NULL,
  `updated_at` timestamp NULL DEFAULT NULL,
  PRIMARY KEY (`id`),
  UNIQUE KEY `translations_unique` (`translatable_type`,`translatable_id`,`field`,`locale`),
  KEY `translations_lookup` (`translatable_type`,`translatable_id`,`locale`)
) ENGINE=InnoDB DEFAULT CHARSET=utf8mb4 COLLATE=utf8mb4_unicode_ci;

--
-- Dumping data for table `translations`
--


--
-- Table structure for table `trust_badges`
--

CREATE TABLE `trust_badges` (
  `id` bigint(20) unsigned NOT NULL AUTO_INCREMENT,
  `label` varchar(255) NOT NULL,
  `subtitle` varchar(255) DEFAULT NULL,
  `number` varchar(255) DEFAULT NULL,
  `image_path` varchar(255) DEFAULT NULL,
  `link_url` varchar(255) DEFAULT NULL,
  `sort_order` int(11) NOT NULL DEFAULT 0,
  `active` tinyint(1) NOT NULL DEFAULT 1,
  `created_at` timestamp NULL DEFAULT NULL,
  `updated_at` timestamp NULL DEFAULT NULL,
  PRIMARY KEY (`id`)
) ENGINE=InnoDB DEFAULT CHARSET=utf8mb4 COLLATE=utf8mb4_unicode_ci;

--
-- Dumping data for table `trust_badges`
--


--
-- Table structure for table `users`
--

CREATE TABLE `users` (
  `id` bigint(20) unsigned NOT NULL AUTO_INCREMENT,
  `name` varchar(255) NOT NULL,
  `email` varchar(255) NOT NULL,
  `email_verified_at` timestamp NULL DEFAULT NULL,
  `password` varchar(255) NOT NULL,
  `active` tinyint(1) NOT NULL DEFAULT 1,
  `last_login_at` timestamp NULL DEFAULT NULL,
  `tutorial_completed_at` timestamp NULL DEFAULT NULL,
  `phone` varchar(255) DEFAULT NULL,
  `position` varchar(255) DEFAULT NULL,
  `remember_token` varchar(100) DEFAULT NULL,
  `created_at` timestamp NULL DEFAULT NULL,
  `updated_at` timestamp NULL DEFAULT NULL,
  `role_id` bigint(20) unsigned DEFAULT NULL,
  PRIMARY KEY (`id`),
  UNIQUE KEY `users_email_unique` (`email`),
  KEY `users_role_id_foreign` (`role_id`),
  CONSTRAINT `users_role_id_foreign` FOREIGN KEY (`role_id`) REFERENCES `roles` (`id`) ON DELETE SET NULL
) ENGINE=InnoDB AUTO_INCREMENT=12 DEFAULT CHARSET=utf8mb4 COLLATE=utf8mb4_unicode_ci;

--
-- Dumping data for table `users`
--

INSERT INTO `users` VALUES
(1,'System Administrator','admin@parkviewhotelcdo.com',NULL,'$2y$12$nQtwWE.IPNgOn7SZo6RGIuJ6bn/NEairPaQYCfGIqmvjPPJBRp5MC',1,'2026-07-29 11:42:04',NULL,NULL,'System Administrator','V4SIhiLvaGOuYWagrJTGDZD6hBnVwHSWiEX458CwZuYj8HdIBMmbPHp1klpp','2026-06-17 23:03:37','2026-07-29 11:42:04',1),
(2,'Maria Santos','manager@parkviewhotelcdo.com',NULL,'$2y$12$nbrAvOmjfgodZzOzQpjoK.cP3g/7CPKzfvEru2ZvJav5tD.vjlOkm',1,NULL,NULL,'+63 912 345 6789','Hotel Manager',NULL,'2026-06-17 23:03:37','2026-06-18 19:08:25',2),
(3,'Juan dela Cruz','frontdesk@parkviewhotelcdo.com',NULL,'$2y$12$da4ZvrOb/BHOtH0/H2.pfOgzHklgaVsp5wQs6kcEGvzIztMtbLk8m',1,'2026-07-03 18:07:25',NULL,'+63 917 234 5678','Front Desk Agent','uqBgwesxEWV02Z9f7ac4XjHir3WtStlK5SFi7g1VVz7jKBTvg2gM8PqCCkpN','2026-06-17 23:03:37','2026-07-03 18:07:25',3),
(4,'Ana Reyes','housekeeping@parkviewhotelcdo.com',NULL,'$2y$12$9HVVXfcw/X4FbLu4K8bfKOlBL5StQLdCaXUbmo9N/YDPP0ZP29ey.',1,NULL,NULL,NULL,'Housekeeping Supervisor',NULL,'2026-06-17 23:03:37','2026-06-18 19:08:07',4),
(5,'Roberto Mendoza','maintenance@parkviewhotelcdo.com',NULL,'$2y$12$WQHJpbMnSzm6aV8ptx.1nuHfs.VQRjffXOZ.683.vRjOgEyrvExj2',1,NULL,NULL,NULL,'Maintenance Technician',NULL,'2026-06-17 23:03:37','2026-06-18 19:08:36',5),
(6,'Resamie Reyes','r.reyes@parkviewhotelcdo.com',NULL,'$2y$12$Yf5RD4N91YvUS46r8bDWe.kLaL0vTQ.6n9Rq5JbTy0M8iIaKaWRcW',1,'2026-07-29 01:39:23',NULL,'+639282217330','Front Desk Officer',NULL,'2026-06-18 18:50:33','2026-07-29 01:39:23',3),
(7,'Veberly Tabuñar','v.tabunar@parkviewhotelcdo.com',NULL,'$2y$12$vrczn8OJO9lxl92REgMrU.3zb9dvQ4BScyI5LQodvZx0dDs9g7kSK',1,'2026-07-28 19:32:01',NULL,'+639069143927','Front Desk Officer','TM62rNWpGiWyQLmD5qR9gXGvOIrfbrUVLhBvt27TzYkcN84pt0tovwU0uzRx','2026-06-18 18:54:17','2026-07-28 19:32:01',3),
(8,'Mark Anthony Estrada','m.estrada@parkviewhotelcdo.com',NULL,'$2y$12$SShoZ3dYkCCjsE7K24PuheCV.tvSuOlOZz27iy6Nl.Ev.xLF.224G',1,'2026-07-29 06:40:09',NULL,'+639674571613','Front Desk Officer','hi5wxZ0UxNpmIlt8Ef1RwDQIeoVJcy5dTy36IrtCQ8kEBtsuh1XHxkKcGDcG','2026-06-18 18:57:52','2026-07-29 06:40:09',3),
(9,'Hiddenmae Rodrigo','h.rodrigo@parkviewhotelcdo.com',NULL,'$2y$12$zu3BgbFdDs1nQxVETEFbpe4/3cIcnNkNOxsQs6hSgoajWkhwMZv/G',1,'2026-07-27 05:26:24',NULL,'+639264124809','Front Desk Officer',NULL,'2026-06-18 19:00:19','2026-07-27 05:26:24',3),
(10,'Erika Galit','e.galit@parkviewhotelcdo.com',NULL,'$2y$12$9Gm991519XZqhWZyeqI0g.GYXfXzmhwqAlY/2YlPOE7zXl/6jd7tm',1,'2026-07-26 16:52:10',NULL,NULL,'Front Desk Officer','pAgJv2nHAFiRBLwLEavvLreiohGURBQylJjNEjTKKK3x7HwFvbMJtVLrh1pt','2026-06-18 19:02:59','2026-07-26 16:52:10',3),
(11,'Irish Santarita','irishsantarita@gmail.com',NULL,'$2y$12$5r/SRZGJCbbMpaHViHOxxe9HkkkHVSnQlim6Bzs1QqUoq23I7qZrW',1,NULL,NULL,NULL,'Housekeeping Head',NULL,'2026-06-18 19:05:45','2026-06-18 19:05:45',4);

--
-- Table structure for table `website_content_revisions`
--

CREATE TABLE `website_content_revisions` (
  `id` bigint(20) unsigned NOT NULL AUTO_INCREMENT,
  `section` varchar(255) NOT NULL,
  `key` varchar(255) NOT NULL,
  `locale` varchar(8) NOT NULL DEFAULT 'en',
  `old_value` text DEFAULT NULL,
  `new_value` text DEFAULT NULL,
  `user_id` bigint(20) unsigned DEFAULT NULL,
  `user_name` varchar(255) DEFAULT NULL,
  `created_at` timestamp NOT NULL,
  PRIMARY KEY (`id`),
  KEY `website_content_revisions_user_id_foreign` (`user_id`),
  KEY `website_content_revisions_section_key_index` (`section`,`key`),
  CONSTRAINT `website_content_revisions_user_id_foreign` FOREIGN KEY (`user_id`) REFERENCES `users` (`id`) ON DELETE SET NULL
) ENGINE=InnoDB DEFAULT CHARSET=utf8mb4 COLLATE=utf8mb4_unicode_ci;

--
-- Dumping data for table `website_content_revisions`
--


--
-- Table structure for table `website_contents`
--

CREATE TABLE `website_contents` (
  `id` bigint(20) unsigned NOT NULL AUTO_INCREMENT,
  `section` varchar(255) NOT NULL,
  `key` varchar(255) NOT NULL,
  `locale` varchar(8) NOT NULL DEFAULT 'en',
  `value` text DEFAULT NULL,
  `type` varchar(255) NOT NULL DEFAULT 'text',
  `created_at` timestamp NULL DEFAULT NULL,
  `updated_at` timestamp NULL DEFAULT NULL,
  PRIMARY KEY (`id`),
  UNIQUE KEY `website_contents_section_key_locale_unique` (`section`,`key`,`locale`)
) ENGINE=InnoDB AUTO_INCREMENT=39 DEFAULT CHARSET=utf8mb4 COLLATE=utf8mb4_unicode_ci;

--
-- Dumping data for table `website_contents`
--

INSERT INTO `website_contents` VALUES
(1,'homepage','hero_title','en','Welcome to Parkview Hotel CDO','text','2026-06-17 23:03:37','2026-06-17 23:03:37'),
(2,'homepage','hero_subtitle','en','Experience comfort and warm Filipino hospitality in the heart of Cagayan de Oro City.','text','2026-06-17 23:03:37','2026-06-17 23:03:37'),
(3,'homepage','hero_cta_text','en','Book Your Stay','text','2026-06-17 23:03:37','2026-06-17 23:03:37'),
(4,'homepage','hero_image','en',NULL,'image','2026-06-17 23:03:37','2026-06-17 23:03:37'),
(5,'homepage','about_title','en','Your Home Away From Home','text','2026-06-17 23:03:37','2026-06-17 23:03:37'),
(6,'homepage','about_text','en','Parkview Hotel CDO offers a refreshing retreat in the vibrant city of Cagayan de Oro. With 63 thoughtfully designed rooms across four floors, we combine modern comforts with attentive Filipino hospitality. Whether you\'re here for business or leisure, our dedicated team ensures every stay is memorable.','textarea','2026-06-17 23:03:37','2026-06-17 23:03:37'),
(7,'homepage','about_image','en',NULL,'image','2026-06-17 23:03:37','2026-06-17 23:03:37'),
(8,'homepage','amenities_title','en','Everything You Need','text','2026-06-17 23:03:37','2026-06-17 23:03:37'),
(9,'homepage','amenities_list','en','Free WiFi\nAir Conditioning\nHot & Cold Shower\n24/7 Front Desk\nHousekeeping\nRoom Service\nParking Area\nCCTV Security\nLaundry Service\nConference Room','textarea','2026-06-17 23:03:37','2026-06-17 23:03:37'),
(10,'homepage','slide_1_title','en','Welcome to Parkview Hotel CDO','text','2026-06-17 23:03:37','2026-06-17 23:03:37'),
(11,'homepage','slide_1_caption','en','Experience comfort and warm Filipino hospitality in the heart of Cagayan de Oro City.','textarea','2026-06-17 23:03:37','2026-06-17 23:03:37'),
(12,'homepage','slide_1_image','en',NULL,'image','2026-06-17 23:03:37','2026-06-17 23:03:37'),
(13,'homepage','slide_2_title','en','Modern Rooms for Every Need','text','2026-06-17 23:03:37','2026-06-17 23:03:37'),
(14,'homepage','slide_2_caption','en','Choose from 16 room types — from budget-friendly rooms to spacious executive suites.','textarea','2026-06-17 23:03:37','2026-06-17 23:03:37'),
(15,'homepage','slide_2_image','en',NULL,'image','2026-06-17 23:03:37','2026-06-17 23:03:37'),
(16,'homepage','slide_3_title','en','Your Gateway to CDO','text','2026-06-17 23:03:37','2026-06-17 23:03:37'),
(17,'homepage','slide_3_caption','en','Perfectly located near major attractions, shopping centers, and business districts in Cagayan de Oro.','textarea','2026-06-17 23:03:37','2026-06-17 23:03:37'),
(18,'homepage','slide_3_image','en',NULL,'image','2026-06-17 23:03:37','2026-06-17 23:03:37'),
(19,'about','title','en','About Parkview Hotel CDO','text','2026-06-17 23:03:37','2026-06-17 23:03:37'),
(20,'about','content','en','Parkview Hotel CDO has been a trusted accommodation choice in Cagayan de Oro for guests seeking comfort, value, and genuine hospitality. Conveniently located and staffed by a warm, professional team, we serve both business travelers and leisure guests with equal dedication. Our 63 rooms range from budget-friendly Economy rooms to spacious Family Rooms and the exclusive Executive Suite, catering to all types of guests. We take pride in maintaining high standards of cleanliness, security, and service — because to us, every guest is a valued visitor.','textarea','2026-06-17 23:03:37','2026-06-17 23:03:37'),
(21,'about','image','en',NULL,'image','2026-06-17 23:03:37','2026-06-17 23:03:37'),
(22,'about','vision','en','To be the leading hospitality establishment in Cagayan de Oro, known for exceptional service, comfort, and value.','textarea','2026-06-17 23:03:37','2026-06-17 23:03:37'),
(23,'about','mission','en','To provide every guest with a comfortable, safe, and memorable stay through warm Filipino hospitality, well-maintained facilities, and dedicated service.','textarea','2026-06-17 23:03:37','2026-06-17 23:03:37'),
(24,'contact','phone','en','(088) 880-1234','text','2026-06-17 23:03:37','2026-06-17 23:03:37'),
(25,'contact','email','en','info@parkviewhotelcdo.com','text','2026-06-17 23:03:37','2026-06-17 23:03:37'),
(26,'contact','address','en','Parkview Hotel CDO, Cagayan de Oro City, Misamis Oriental, Philippines','textarea','2026-06-17 23:03:37','2026-06-17 23:03:37'),
(27,'contact','hours','en','Open 24 hours, 7 days a week','text','2026-06-17 23:03:37','2026-06-17 23:03:37'),
(28,'contact','map_embed','en','','textarea','2026-06-17 23:03:37','2026-06-17 23:03:37'),
(29,'booking','enabled','en','1','boolean','2026-06-17 23:03:37','2026-06-17 23:03:37'),
(30,'booking','min_advance_hours','en','24','text','2026-06-17 23:03:37','2026-06-17 23:03:37'),
(31,'booking','max_advance_days','en','365','text','2026-06-17 23:03:37','2026-06-17 23:03:37'),
(32,'booking','deposit_message','en','A deposit may be required to confirm your booking. Our front desk will contact you within 24 hours to arrange payment details.','textarea','2026-06-17 23:03:37','2026-06-17 23:03:37'),
(33,'booking','confirmation_message','en','Thank you for booking with us! Your reservation is pending confirmation. We will contact you within 24 hours to confirm your stay. Please present your booking reference upon check-in.','textarea','2026-06-17 23:03:37','2026-06-17 23:03:37'),
(34,'booking','check_in_time','en','2:00 PM','text','2026-06-17 23:03:37','2026-06-17 23:03:37'),
(35,'booking','check_out_time','en','12:00 NN','text','2026-06-17 23:03:37','2026-06-17 23:03:37'),
(36,'seo','meta_title','en','Parkview Hotel CDO — Hotel in Cagayan de Oro','text','2026-06-17 23:03:37','2026-06-17 23:03:37'),
(37,'seo','meta_description','en','Parkview Hotel CDO offers comfortable rooms and warm Filipino hospitality in the heart of Cagayan de Oro City. Book online for the best rates.','textarea','2026-06-17 23:03:37','2026-06-17 23:03:37'),
(38,'seo','meta_keywords','en','hotel cdo, parkview hotel, cagayan de oro hotel, accommodation cdo, hotel misamis oriental','text','2026-06-17 23:03:37','2026-06-17 23:03:37');


